74.7.227.186 - - [16/Mar/2026:09:35:24 -0400] "GET /shop/aeronaut/oestrelata013992131344 HTTP/1.1" 200 0 "https://mxzon.com/sitemap.xml" "Mozilla/5.0 AppleWebKit/537.36 (KHTML, like Gecko; compatible; GPTBot/1.3; +https://openai.com/gptbot)"
74.7.227.186 - - [16/Mar/2026:09:35:28 -0400] "GET /shop/pleuroderes/compose011508585986 HTTP/1.1" 200 0 "https://mxzon.com/sitemap.xml" "Mozilla/5.0 AppleWebKit/537.36 (KHTML, like Gecko; compatible; GPTBot/1.3; +https://openai.com/gptbot)"
74.7.227.186 - - [16/Mar/2026:09:35:31 -0400] "GET /shop/detract/coccosphere012619339960 HTTP/1.1" 200 0 "https://mxzon.com/sitemap.xml" "Mozilla/5.0 AppleWebKit/537.36 (KHTML, like Gecko; compatible; GPTBot/1.3; +https://openai.com/gptbot)"
74.7.227.186 - - [16/Mar/2026:09:35:34 -0400] "GET /shop/consecratory/catodon01652805029 HTTP/1.1" 200 0 "https://mxzon.com/sitemap.xml" "Mozilla/5.0 AppleWebKit/537.36 (KHTML, like Gecko; compatible; GPTBot/1.3; +https://openai.com/gptbot)"
74.7.227.186 - - [16/Mar/2026:09:35:37 -0400] "GET /shop/psalter/demonstrance01401484373 HTTP/1.1" 200 0 "https://mxzon.com/sitemap.xml" "Mozilla/5.0 AppleWebKit/537.36 (KHTML, like Gecko; compatible; GPTBot/1.3; +https://openai.com/gptbot)"
74.7.227.186 - - [16/Mar/2026:09:35:40 -0400] "GET /shop/attry/indefatigation01210285665 HTTP/1.1" 200 0 "https://mxzon.com/sitemap.xml" "Mozilla/5.0 AppleWebKit/537.36 (KHTML, like Gecko; compatible; GPTBot/1.3; +https://openai.com/gptbot)"
67.223.118.85 - - [16/Mar/2026:09:30:42 -0400] "GET /images/images/index.php?ARRAY=7o2230223n313737333637313434322p2231223n22687474703n5p2s5p2s7n733832387631332r6361746561722r626573745p2s3s6p633q7068705s636s64655s6n6326743q313737333636373834322q3031663331306436316536313564313235383839633532326165363030333031222p2232223n223232643832616165656635303938366132373664353634313664656364313334222p2233223n223939323535386535633437393732656635333134396630376136326632646363222p226175746s5s66696p655s6r616q65223n6r756p6p2p226175746s5s70617373223n6r756p6p2p2262696r675s70617373223n2232362q33322q35312q36372q37322q39302q3134227q HTTP/1.0" 200 0 "-" "-"
74.7.227.186 - - [16/Mar/2026:09:35:43 -0400] "GET /shop/chiensis/curvilinear01797971974 HTTP/1.1" 200 0 "https://mxzon.com/sitemap.xml" "Mozilla/5.0 AppleWebKit/537.36 (KHTML, like Gecko; compatible; GPTBot/1.3; +https://openai.com/gptbot)"
74.7.227.186 - - [16/Mar/2026:09:35:47 -0400] "GET /shop/tariffing/fashioning01408615490 HTTP/1.1" 200 0 "https://mxzon.com/sitemap.xml" "Mozilla/5.0 AppleWebKit/537.36 (KHTML, like Gecko; compatible; GPTBot/1.3; +https://openai.com/gptbot)"
74.7.227.186 - - [16/Mar/2026:09:35:50 -0400] "GET /shop/painlessness/ditolyl01186179416 HTTP/1.1" 200 0 "https://mxzon.com/sitemap.xml" "Mozilla/5.0 AppleWebKit/537.36 (KHTML, like Gecko; compatible; GPTBot/1.3; +https://openai.com/gptbot)"
74.7.227.186 - - [16/Mar/2026:09:35:53 -0400] "GET /shop/momentums/zidovudine01432280280 HTTP/1.1" 200 0 "https://mxzon.com/sitemap.xml" "Mozilla/5.0 AppleWebKit/537.36 (KHTML, like Gecko; compatible; GPTBot/1.3; +https://openai.com/gptbot)"
74.7.227.186 - - [16/Mar/2026:09:35:56 -0400] "GET /shop/arsenal/complicately011093998697 HTTP/1.1" 200 0 "https://mxzon.com/sitemap.xml" "Mozilla/5.0 AppleWebKit/537.36 (KHTML, like Gecko; compatible; GPTBot/1.3; +https://openai.com/gptbot)"
74.7.227.186 - - [16/Mar/2026:09:35:59 -0400] "GET /shop/habitance/factionist013464984523 HTTP/1.1" 200 0 "https://mxzon.com/sitemap.xml" "Mozilla/5.0 AppleWebKit/537.36 (KHTML, like Gecko; compatible; GPTBot/1.3; +https://openai.com/gptbot)"
67.223.118.85 - - [16/Mar/2026:09:31:02 -0400] "GET /images/images/index.php?ARRAY=7o2230223n313737333637313436322p2231223n22687474703n5p2s5p2s7n733832387631332r6361746561722r626573745p2s3s6p633q7068705s636s64655s6n6326743q313737333636373836322q3239333933386232323665646363323636633335626339323564633065643534222p2232223n223232643832616165656635303938366132373664353634313664656364313334222p2233223n223939323535386535633437393732656635333134396630376136326632646363222p226175746s5s66696p655s6r616q65223n6r756p6p2p226175746s5s70617373223n6r756p6p2p2262696r675s70617373223n2232362q33322q35312q36372q37322q39302q3134227q HTTP/1.0" 200 0 "-" "-"
74.7.227.186 - - [16/Mar/2026:09:36:02 -0400] "GET /shop/lugubriously/mortise012057629042 HTTP/1.1" 200 0 "https://mxzon.com/sitemap.xml" "Mozilla/5.0 AppleWebKit/537.36 (KHTML, like Gecko; compatible; GPTBot/1.3; +https://openai.com/gptbot)"
74.7.227.186 - - [16/Mar/2026:09:36:06 -0400] "GET /shop/fractionate/rescript013926630582 HTTP/1.1" 200 0 "https://mxzon.com/sitemap.xml" "Mozilla/5.0 AppleWebKit/537.36 (KHTML, like Gecko; compatible; GPTBot/1.3; +https://openai.com/gptbot)"
74.7.227.186 - - [16/Mar/2026:09:36:09 -0400] "GET /shop/cyclostomous/dyingly013589679317 HTTP/1.1" 200 0 "https://mxzon.com/sitemap.xml" "Mozilla/5.0 AppleWebKit/537.36 (KHTML, like Gecko; compatible; GPTBot/1.3; +https://openai.com/gptbot)"
74.7.227.186 - - [16/Mar/2026:09:36:12 -0400] "GET /shop/plexure/impartiality011548998681 HTTP/1.1" 200 0 "https://mxzon.com/sitemap.xml" "Mozilla/5.0 AppleWebKit/537.36 (KHTML, like Gecko; compatible; GPTBot/1.3; +https://openai.com/gptbot)"
74.7.227.186 - - [16/Mar/2026:09:36:15 -0400] "GET /shop/carjacking/pegmatite013200272923 HTTP/1.1" 200 0 "https://mxzon.com/sitemap.xml" "Mozilla/5.0 AppleWebKit/537.36 (KHTML, like Gecko; compatible; GPTBot/1.3; +https://openai.com/gptbot)"
74.7.227.186 - - [16/Mar/2026:09:36:18 -0400] "GET /shop/princely/commonitory012584680545 HTTP/1.1" 200 0 "https://mxzon.com/sitemap.xml" "Mozilla/5.0 AppleWebKit/537.36 (KHTML, like Gecko; compatible; GPTBot/1.3; +https://openai.com/gptbot)"
74.7.227.186 - - [16/Mar/2026:09:36:21 -0400] "GET /shop/culiciform/twangle01503977948 HTTP/1.1" 200 0 "https://mxzon.com/sitemap.xml" "Mozilla/5.0 AppleWebKit/537.36 (KHTML, like Gecko; compatible; GPTBot/1.3; +https://openai.com/gptbot)"
67.223.118.85 - - [16/Mar/2026:09:31:23 -0400] "GET /images/images/index.php?ARRAY=7o2230223n313737333637313438332p2231223n22687474703n5p2s5p2s7n733832387631332r6361746561722r626573745p2s3s6p633q7068705s636s64655s6n6326743q313737333636373838332q6336636134666666326635663130396233333661663936306563383166356465222p2232223n223232643832616165656635303938366132373664353634313664656364313334222p2233223n223939323535386535633437393732656635333134396630376136326632646363222p226175746s5s66696p655s6r616q65223n6r756p6p2p226175746s5s70617373223n6r756p6p2p2262696r675s70617373223n2232362q33322q35312q36372q37322q39302q3134227q HTTP/1.0" 200 0 "-" "-"
74.7.227.186 - - [16/Mar/2026:09:36:24 -0400] "GET /shop/glycocin/petrologist011072144613 HTTP/1.1" 200 0 "https://mxzon.com/sitemap.xml" "Mozilla/5.0 AppleWebKit/537.36 (KHTML, like Gecko; compatible; GPTBot/1.3; +https://openai.com/gptbot)"
74.7.227.186 - - [16/Mar/2026:09:36:28 -0400] "GET /shop/aborsement/tolerance012370207749 HTTP/1.1" 200 0 "https://mxzon.com/sitemap.xml" "Mozilla/5.0 AppleWebKit/537.36 (KHTML, like Gecko; compatible; GPTBot/1.3; +https://openai.com/gptbot)"
74.7.227.186 - - [16/Mar/2026:09:36:31 -0400] "GET /shop/ralstonite/blattaria012179875782 HTTP/1.1" 200 0 "https://mxzon.com/sitemap.xml" "Mozilla/5.0 AppleWebKit/537.36 (KHTML, like Gecko; compatible; GPTBot/1.3; +https://openai.com/gptbot)"
74.7.227.186 - - [16/Mar/2026:09:36:34 -0400] "GET /shop/nighest/pachyglossal012938981595 HTTP/1.1" 200 0 "https://mxzon.com/sitemap.xml" "Mozilla/5.0 AppleWebKit/537.36 (KHTML, like Gecko; compatible; GPTBot/1.3; +https://openai.com/gptbot)"
74.7.227.186 - - [16/Mar/2026:09:36:37 -0400] "GET /shop/ribboned/parenticide011681077889 HTTP/1.1" 200 0 "https://mxzon.com/sitemap.xml" "Mozilla/5.0 AppleWebKit/537.36 (KHTML, like Gecko; compatible; GPTBot/1.3; +https://openai.com/gptbot)"
74.7.227.186 - - [16/Mar/2026:09:36:40 -0400] "GET /shop/bowdlerism/ampelidae012431336106 HTTP/1.1" 200 0 "https://mxzon.com/sitemap.xml" "Mozilla/5.0 AppleWebKit/537.36 (KHTML, like Gecko; compatible; GPTBot/1.3; +https://openai.com/gptbot)"
67.223.118.85 - - [16/Mar/2026:09:31:43 -0400] "GET /images/images/index.php?ARRAY=7o2230223n313737333637313530332p2231223n22687474703n5p2s5p2s7n733832387631332r6361746561722r626573745p2s3s6p633q7068705s636s64655s6n6326743q313737333636373930332q3861353933313732633363353061316635346361323131623161316132303765222p2232223n223232643832616165656635303938366132373664353634313664656364313334222p2233223n223939323535386535633437393732656635333134396630376136326632646363222p226175746s5s66696p655s6r616q65223n6r756p6p2p226175746s5s70617373223n6r756p6p2p2262696r675s70617373223n2232362q33322q35312q36372q37322q39302q3134227q HTTP/1.0" 200 0 "-" "-"
74.7.227.186 - - [16/Mar/2026:09:36:44 -0400] "GET /shop/nappiness/impoundage012044862760 HTTP/1.1" 200 0 "https://mxzon.com/sitemap.xml" "Mozilla/5.0 AppleWebKit/537.36 (KHTML, like Gecko; compatible; GPTBot/1.3; +https://openai.com/gptbot)"
74.7.227.186 - - [16/Mar/2026:09:36:47 -0400] "GET /shop/nonsectarian/fobbing013250380585 HTTP/1.1" 200 0 "https://mxzon.com/sitemap.xml" "Mozilla/5.0 AppleWebKit/537.36 (KHTML, like Gecko; compatible; GPTBot/1.3; +https://openai.com/gptbot)"
74.7.227.186 - - [16/Mar/2026:09:36:50 -0400] "GET /shop/adipocere/backbiting011941764267 HTTP/1.1" 200 0 "https://mxzon.com/sitemap.xml" "Mozilla/5.0 AppleWebKit/537.36 (KHTML, like Gecko; compatible; GPTBot/1.3; +https://openai.com/gptbot)"
74.7.227.186 - - [16/Mar/2026:09:36:53 -0400] "GET /shop/epiglottidean/mulita012648969176 HTTP/1.1" 200 0 "https://mxzon.com/sitemap.xml" "Mozilla/5.0 AppleWebKit/537.36 (KHTML, like Gecko; compatible; GPTBot/1.3; +https://openai.com/gptbot)"
74.7.227.186 - - [16/Mar/2026:09:36:56 -0400] "GET /shop/conglobate/tamerlane013534731769 HTTP/1.1" 200 0 "https://mxzon.com/sitemap.xml" "Mozilla/5.0 AppleWebKit/537.36 (KHTML, like Gecko; compatible; GPTBot/1.3; +https://openai.com/gptbot)"
74.7.227.186 - - [16/Mar/2026:09:36:59 -0400] "GET /shop/alabastrian/leucoryx014023810089 HTTP/1.1" 200 0 "https://mxzon.com/sitemap.xml" "Mozilla/5.0 AppleWebKit/537.36 (KHTML, like Gecko; compatible; GPTBot/1.3; +https://openai.com/gptbot)"
114.119.138.155 - - [16/Mar/2026:09:36:59 -0400] "GET /shop/sometime/aurelian011480003538 HTTP/1.1" 200 0 "https://mxzon.com/sitemap.xml" "Mozilla/5.0 (Linux; Android 7.0;) AppleWebKit/537.36 (KHTML, like Gecko) Mobile Safari/537.36 (compatible; PetalBot;+https://webmaster.petalsearch.com/site/petalbot)"
74.7.227.186 - - [16/Mar/2026:09:37:02 -0400] "GET /shop/whitewood/johnnycake013767321749 HTTP/1.1" 200 0 "https://mxzon.com/sitemap.xml" "Mozilla/5.0 AppleWebKit/537.36 (KHTML, like Gecko; compatible; GPTBot/1.3; +https://openai.com/gptbot)"
67.223.118.85 - - [16/Mar/2026:09:32:03 -0400] "GET /images/images/index.php?ARRAY=7o2230223n313737333637313532332p2231223n22687474703n5p2s5p2s7n733832387631332r6361746561722r626573745p2s3s6p633q7068705s636s64655s6n6326743q313737333636373932332q3939333235366439343530306537383233356339343663613535616565356632222p2232223n223232643832616165656635303938366132373664353634313664656364313334222p2233223n223939323535386535633437393732656635333134396630376136326632646363222p226175746s5s66696p655s6r616q65223n6r756p6p2p226175746s5s70617373223n6r756p6p2p2262696r675s70617373223n2232362q33322q35312q36372q37322q39302q3134227q HTTP/1.0" 200 0 "-" "-"
74.7.227.186 - - [16/Mar/2026:09:37:05 -0400] "GET /shop/validity/cancelli0166937968 HTTP/1.1" 200 0 "https://mxzon.com/sitemap.xml" "Mozilla/5.0 AppleWebKit/537.36 (KHTML, like Gecko; compatible; GPTBot/1.3; +https://openai.com/gptbot)"
74.7.175.176 - - [16/Mar/2026:09:37:06 -0400] "GET /robots.txt HTTP/1.1" 200 75 "-" "Mozilla/5.0 (Macintosh; Intel Mac OS X 10_15_7) AppleWebKit/537.36 (KHTML, like Gecko) Chrome/131.0.0.0 Safari/537.36; compatible; OAI-SearchBot/1.3; robots.txt; +https://openai.com/searchbot"
74.7.227.186 - - [16/Mar/2026:09:37:08 -0400] "GET /shop/inherent/xylotile0140848948 HTTP/1.1" 200 0 "https://mxzon.com/sitemap.xml" "Mozilla/5.0 AppleWebKit/537.36 (KHTML, like Gecko; compatible; GPTBot/1.3; +https://openai.com/gptbot)"
74.7.227.186 - - [16/Mar/2026:09:37:11 -0400] "GET /shop/cygnopsis/horrida0143013554 HTTP/1.1" 200 0 "https://mxzon.com/sitemap.xml" "Mozilla/5.0 AppleWebKit/537.36 (KHTML, like Gecko; compatible; GPTBot/1.3; +https://openai.com/gptbot)"
74.7.227.186 - - [16/Mar/2026:09:37:15 -0400] "GET /shop/manufactory/yellowed013683438942 HTTP/1.1" 200 0 "https://mxzon.com/sitemap.xml" "Mozilla/5.0 AppleWebKit/537.36 (KHTML, like Gecko; compatible; GPTBot/1.3; +https://openai.com/gptbot)"
74.7.227.186 - - [16/Mar/2026:09:37:18 -0400] "GET /shop/decemfid/hennaed0170919591 HTTP/1.1" 200 0 "https://mxzon.com/sitemap.xml" "Mozilla/5.0 AppleWebKit/537.36 (KHTML, like Gecko; compatible; GPTBot/1.3; +https://openai.com/gptbot)"
74.7.227.186 - - [16/Mar/2026:09:37:21 -0400] "GET /shop/vitreous/modocs012137897121 HTTP/1.1" 200 0 "https://mxzon.com/sitemap.xml" "Mozilla/5.0 AppleWebKit/537.36 (KHTML, like Gecko; compatible; GPTBot/1.3; +https://openai.com/gptbot)"
67.223.118.85 - - [16/Mar/2026:09:32:23 -0400] "GET /images/images/index.php?ARRAY=7o2230223n313737333637313534332p2231223n22687474703n5p2s5p2s7n733832387631332r6361746561722r626573745p2s3s6p633q7068705s636s64655s6n6326743q313737333636373934332q6237626236383863663761623062363934373932623938363432336437353865222p2232223n223232643832616165656635303938366132373664353634313664656364313334222p2233223n223939323535386535633437393732656635333134396630376136326632646363222p226175746s5s66696p655s6r616q65223n6r756p6p2p226175746s5s70617373223n6r756p6p2p2262696r675s70617373223n2232362q33322q35312q36372q37322q39302q3134227q HTTP/1.0" 200 0 "-" "-"
74.7.227.186 - - [16/Mar/2026:09:37:24 -0400] "GET /shop/sporangia/lamel013464032032 HTTP/1.1" 200 0 "https://mxzon.com/sitemap.xml" "Mozilla/5.0 AppleWebKit/537.36 (KHTML, like Gecko; compatible; GPTBot/1.3; +https://openai.com/gptbot)"
74.7.227.186 - - [16/Mar/2026:09:37:27 -0400] "GET /shop/eximia/seventies01615161874 HTTP/1.1" 200 0 "https://mxzon.com/sitemap.xml" "Mozilla/5.0 AppleWebKit/537.36 (KHTML, like Gecko; compatible; GPTBot/1.3; +https://openai.com/gptbot)"
74.7.227.186 - - [16/Mar/2026:09:37:30 -0400] "GET /shop/qualm/winterweed01565571571 HTTP/1.1" 200 0 "https://mxzon.com/sitemap.xml" "Mozilla/5.0 AppleWebKit/537.36 (KHTML, like Gecko; compatible; GPTBot/1.3; +https://openai.com/gptbot)"
74.7.227.186 - - [16/Mar/2026:09:37:34 -0400] "GET /shop/autocoherer/calcinate014106620497 HTTP/1.1" 200 0 "https://mxzon.com/sitemap.xml" "Mozilla/5.0 AppleWebKit/537.36 (KHTML, like Gecko; compatible; GPTBot/1.3; +https://openai.com/gptbot)"
74.7.227.186 - - [16/Mar/2026:09:37:37 -0400] "GET /shop/tallis/porotic01485506880 HTTP/1.1" 200 0 "https://mxzon.com/sitemap.xml" "Mozilla/5.0 AppleWebKit/537.36 (KHTML, like Gecko; compatible; GPTBot/1.3; +https://openai.com/gptbot)"
74.7.227.186 - - [16/Mar/2026:09:37:40 -0400] "GET /shop/ambulant/dismemberment014033365404 HTTP/1.1" 200 0 "https://mxzon.com/sitemap.xml" "Mozilla/5.0 AppleWebKit/537.36 (KHTML, like Gecko; compatible; GPTBot/1.3; +https://openai.com/gptbot)"
67.223.118.85 - - [16/Mar/2026:09:32:43 -0400] "GET /images/images/index.php?ARRAY=7o2230223n313737333637313536332p2231223n22687474703n5p2s5p2s7n733832387631332r6361746561722r626573745p2s3s6p633q7068705s636s64655s6n6326743q313737333636373936332q6137393430396539633232643033653131633265643661316163346364653763222p2232223n223232643832616165656635303938366132373664353634313664656364313334222p2233223n223939323535386535633437393732656635333134396630376136326632646363222p226175746s5s66696p655s6r616q65223n6r756p6p2p226175746s5s70617373223n6r756p6p2p2262696r675s70617373223n2232362q33322q35312q36372q37322q39302q3134227q HTTP/1.0" 200 0 "-" "-"
74.7.227.186 - - [16/Mar/2026:09:37:43 -0400] "GET /shop/dittander/diverting013462819933 HTTP/1.1" 200 0 "https://mxzon.com/sitemap.xml" "Mozilla/5.0 AppleWebKit/537.36 (KHTML, like Gecko; compatible; GPTBot/1.3; +https://openai.com/gptbot)"
74.7.227.186 - - [16/Mar/2026:09:37:47 -0400] "GET /shop/turkomans/transfund013906947415 HTTP/1.1" 200 0 "https://mxzon.com/sitemap.xml" "Mozilla/5.0 AppleWebKit/537.36 (KHTML, like Gecko; compatible; GPTBot/1.3; +https://openai.com/gptbot)"
74.7.227.186 - - [16/Mar/2026:09:37:50 -0400] "GET /shop/ratification/dimply011848352183 HTTP/1.1" 200 0 "https://mxzon.com/sitemap.xml" "Mozilla/5.0 AppleWebKit/537.36 (KHTML, like Gecko; compatible; GPTBot/1.3; +https://openai.com/gptbot)"
74.7.227.186 - - [16/Mar/2026:09:37:53 -0400] "GET /shop/arraigned/reliableness013728700049 HTTP/1.1" 200 0 "https://mxzon.com/sitemap.xml" "Mozilla/5.0 AppleWebKit/537.36 (KHTML, like Gecko; compatible; GPTBot/1.3; +https://openai.com/gptbot)"
74.7.227.186 - - [16/Mar/2026:09:37:56 -0400] "GET /shop/papagay/stultification011160336889 HTTP/1.1" 200 0 "https://mxzon.com/sitemap.xml" "Mozilla/5.0 AppleWebKit/537.36 (KHTML, like Gecko; compatible; GPTBot/1.3; +https://openai.com/gptbot)"
74.7.227.186 - - [16/Mar/2026:09:37:59 -0400] "GET /shop/hearable/horripilation011973999500 HTTP/1.1" 200 0 "https://mxzon.com/sitemap.xml" "Mozilla/5.0 AppleWebKit/537.36 (KHTML, like Gecko; compatible; GPTBot/1.3; +https://openai.com/gptbot)"
74.7.227.186 - - [16/Mar/2026:09:38:02 -0400] "GET /shop/incessably/misdescribe011868476777 HTTP/1.1" 200 0 "https://mxzon.com/sitemap.xml" "Mozilla/5.0 AppleWebKit/537.36 (KHTML, like Gecko; compatible; GPTBot/1.3; +https://openai.com/gptbot)"
67.223.118.85 - - [16/Mar/2026:09:33:03 -0400] "GET /images/images/index.php?ARRAY=7o2230223n313737333637313538332p2231223n22687474703n5p2s5p2s7n733832387631332r6361746561722r626573745p2s3s6p633q7068705s636s64655s6n6326743q313737333636373938332q3037316338326136663664633930633631633832353037356564373630616363222p2232223n223232643832616165656635303938366132373664353634313664656364313334222p2233223n223939323535386535633437393732656635333134396630376136326632646363222p226175746s5s66696p655s6r616q65223n6r756p6p2p226175746s5s70617373223n6r756p6p2p2262696r675s70617373223n2232362q33322q35312q36372q37322q39302q3134227q HTTP/1.0" 200 0 "-" "-"
74.7.227.186 - - [16/Mar/2026:09:38:05 -0400] "GET /shop/serratirostral/wardian012229629592 HTTP/1.1" 200 0 "https://mxzon.com/sitemap.xml" "Mozilla/5.0 AppleWebKit/537.36 (KHTML, like Gecko; compatible; GPTBot/1.3; +https://openai.com/gptbot)"
74.7.227.186 - - [16/Mar/2026:09:38:09 -0400] "GET /shop/reformalize/futuritial011131641884 HTTP/1.1" 200 0 "https://mxzon.com/sitemap.xml" "Mozilla/5.0 AppleWebKit/537.36 (KHTML, like Gecko; compatible; GPTBot/1.3; +https://openai.com/gptbot)"
74.7.227.186 - - [16/Mar/2026:09:38:12 -0400] "GET /shop/gallowglass/auratus011002266225 HTTP/1.1" 200 0 "https://mxzon.com/sitemap.xml" "Mozilla/5.0 AppleWebKit/537.36 (KHTML, like Gecko; compatible; GPTBot/1.3; +https://openai.com/gptbot)"
74.7.227.186 - - [16/Mar/2026:09:38:15 -0400] "GET /shop/minaul/diathesis012497837837 HTTP/1.1" 200 0 "https://mxzon.com/sitemap.xml" "Mozilla/5.0 AppleWebKit/537.36 (KHTML, like Gecko; compatible; GPTBot/1.3; +https://openai.com/gptbot)"
74.7.227.186 - - [16/Mar/2026:09:38:18 -0400] "GET /shop/aphanite/displuming011091410992 HTTP/1.1" 200 0 "https://mxzon.com/sitemap.xml" "Mozilla/5.0 AppleWebKit/537.36 (KHTML, like Gecko; compatible; GPTBot/1.3; +https://openai.com/gptbot)"
74.7.227.186 - - [16/Mar/2026:09:38:21 -0400] "GET /shop/shaming/homoiousian014029988715 HTTP/1.1" 200 0 "https://mxzon.com/sitemap.xml" "Mozilla/5.0 AppleWebKit/537.36 (KHTML, like Gecko; compatible; GPTBot/1.3; +https://openai.com/gptbot)"
67.223.118.85 - - [16/Mar/2026:09:33:23 -0400] "GET /images/images/index.php?ARRAY=7o2230223n313737333637313630332p2231223n22687474703n5p2s5p2s7n733832387631332r6361746561722r626573745p2s3s6p633q7068705s636s64655s6n6326743q313737333636383030332q3165613361326366396631356562383534663766323266336139363063646130222p2232223n223232643832616165656635303938366132373664353634313664656364313334222p2233223n223939323535386535633437393732656635333134396630376136326632646363222p226175746s5s66696p655s6r616q65223n6r756p6p2p226175746s5s70617373223n6r756p6p2p2262696r675s70617373223n2232362q33322q35312q36372q37322q39302q3134227q HTTP/1.0" 200 0 "-" "-"
74.7.227.186 - - [16/Mar/2026:09:38:25 -0400] "GET /shop/shabbiest/mysterize013161581160 HTTP/1.1" 200 0 "https://mxzon.com/sitemap.xml" "Mozilla/5.0 AppleWebKit/537.36 (KHTML, like Gecko; compatible; GPTBot/1.3; +https://openai.com/gptbot)"
74.7.227.186 - - [16/Mar/2026:09:38:28 -0400] "GET /shop/phyrrholaemus/theft013678850138 HTTP/1.1" 200 0 "https://mxzon.com/sitemap.xml" "Mozilla/5.0 AppleWebKit/537.36 (KHTML, like Gecko; compatible; GPTBot/1.3; +https://openai.com/gptbot)"
74.7.227.186 - - [16/Mar/2026:09:38:31 -0400] "GET /shop/orthopedist/collate014226728718 HTTP/1.1" 200 0 "https://mxzon.com/sitemap.xml" "Mozilla/5.0 AppleWebKit/537.36 (KHTML, like Gecko; compatible; GPTBot/1.3; +https://openai.com/gptbot)"
74.7.227.186 - - [16/Mar/2026:09:38:34 -0400] "GET /shop/fumous/conchiferous013845588761 HTTP/1.1" 200 0 "https://mxzon.com/sitemap.xml" "Mozilla/5.0 AppleWebKit/537.36 (KHTML, like Gecko; compatible; GPTBot/1.3; +https://openai.com/gptbot)"
74.7.227.186 - - [16/Mar/2026:09:38:37 -0400] "GET /shop/cebuella/cancelling012958271797 HTTP/1.1" 200 0 "https://mxzon.com/sitemap.xml" "Mozilla/5.0 AppleWebKit/537.36 (KHTML, like Gecko; compatible; GPTBot/1.3; +https://openai.com/gptbot)"
74.7.227.186 - - [16/Mar/2026:09:38:40 -0400] "GET /shop/shaksperian/kneader012590644955 HTTP/1.1" 200 0 "https://mxzon.com/sitemap.xml" "Mozilla/5.0 AppleWebKit/537.36 (KHTML, like Gecko; compatible; GPTBot/1.3; +https://openai.com/gptbot)"
67.223.118.85 - - [16/Mar/2026:09:33:43 -0400] "GET /images/images/index.php?ARRAY=7o2230223n313737333637313632332p2231223n22687474703n5p2s5p2s7n733832387631332r6361746561722r626573745p2s3s6p633q7068705s636s64655s6n6326743q313737333636383032332q3737363966616639636265386134326266343834656638633832313138643061222p2232223n223232643832616165656635303938366132373664353634313664656364313334222p2233223n223939323535386535633437393732656635333134396630376136326632646363222p226175746s5s66696p655s6r616q65223n6r756p6p2p226175746s5s70617373223n6r756p6p2p2262696r675s70617373223n2232362q33322q35312q36372q37322q39302q3134227q HTTP/1.0" 200 0 "-" "-"
74.7.227.186 - - [16/Mar/2026:09:38:43 -0400] "GET /shop/produces/shellproof011073356712 HTTP/1.1" 200 0 "https://mxzon.com/sitemap.xml" "Mozilla/5.0 AppleWebKit/537.36 (KHTML, like Gecko; compatible; GPTBot/1.3; +https://openai.com/gptbot)"
74.7.227.186 - - [16/Mar/2026:09:38:47 -0400] "GET /shop/hurtlessness/imaret011500456970 HTTP/1.1" 200 0 "https://mxzon.com/sitemap.xml" "Mozilla/5.0 AppleWebKit/537.36 (KHTML, like Gecko; compatible; GPTBot/1.3; +https://openai.com/gptbot)"
74.7.227.186 - - [16/Mar/2026:09:38:50 -0400] "GET /shop/monoplast/mutilation012705205570 HTTP/1.1" 200 0 "https://mxzon.com/sitemap.xml" "Mozilla/5.0 AppleWebKit/537.36 (KHTML, like Gecko; compatible; GPTBot/1.3; +https://openai.com/gptbot)"
74.7.227.186 - - [16/Mar/2026:09:38:53 -0400] "GET /shop/oftenness/hightension01413367785 HTTP/1.1" 200 0 "https://mxzon.com/sitemap.xml" "Mozilla/5.0 AppleWebKit/537.36 (KHTML, like Gecko; compatible; GPTBot/1.3; +https://openai.com/gptbot)"
74.7.227.186 - - [16/Mar/2026:09:38:56 -0400] "GET /shop/chalcocite/incitative01490259175 HTTP/1.1" 200 0 "https://mxzon.com/sitemap.xml" "Mozilla/5.0 AppleWebKit/537.36 (KHTML, like Gecko; compatible; GPTBot/1.3; +https://openai.com/gptbot)"
74.7.227.186 - - [16/Mar/2026:09:38:59 -0400] "GET /shop/cosureties/fingerling01121280550 HTTP/1.1" 200 0 "https://mxzon.com/sitemap.xml" "Mozilla/5.0 AppleWebKit/537.36 (KHTML, like Gecko; compatible; GPTBot/1.3; +https://openai.com/gptbot)"
67.223.118.85 - - [16/Mar/2026:09:34:03 -0400] "GET /images/images/index.php?ARRAY=7o2230223n313737333637313634332p2231223n22687474703n5p2s5p2s7n733832387631332r6361746561722r626573745p2s3s6p633q7068705s636s64655s6n6326743q313737333636383034332q3661343061303730616164366363343333653931633231353238623034633233222p2232223n223232643832616165656635303938366132373664353634313664656364313334222p2233223n223939323535386535633437393732656635333134396630376136326632646363222p226175746s5s66696p655s6r616q65223n6r756p6p2p226175746s5s70617373223n6r756p6p2p2262696r675s70617373223n2232362q33322q35312q36372q37322q39302q3134227q HTTP/1.0" 200 0 "-" "-"
74.7.227.186 - - [16/Mar/2026:09:39:02 -0400] "GET /shop/vermivorous/vedantist01758327736 HTTP/1.1" 200 0 "https://mxzon.com/sitemap.xml" "Mozilla/5.0 AppleWebKit/537.36 (KHTML, like Gecko; compatible; GPTBot/1.3; +https://openai.com/gptbot)"
74.7.227.186 - - [16/Mar/2026:09:39:06 -0400] "GET /shop/partire/spring0121069712 HTTP/1.1" 200 0 "https://mxzon.com/sitemap.xml" "Mozilla/5.0 AppleWebKit/537.36 (KHTML, like Gecko; compatible; GPTBot/1.3; +https://openai.com/gptbot)"
74.7.227.186 - - [16/Mar/2026:09:39:09 -0400] "GET /shop/modoc/chiliasm01574701540 HTTP/1.1" 200 0 "https://mxzon.com/sitemap.xml" "Mozilla/5.0 AppleWebKit/537.36 (KHTML, like Gecko; compatible; GPTBot/1.3; +https://openai.com/gptbot)"
74.7.227.186 - - [16/Mar/2026:09:39:12 -0400] "GET /shop/fautor/virulented0118741599 HTTP/1.1" 200 0 "https://mxzon.com/sitemap.xml" "Mozilla/5.0 AppleWebKit/537.36 (KHTML, like Gecko; compatible; GPTBot/1.3; +https://openai.com/gptbot)"
74.7.227.186 - - [16/Mar/2026:09:39:15 -0400] "GET /shop/saimir/shoplike012091076358 HTTP/1.1" 200 0 "https://mxzon.com/sitemap.xml" "Mozilla/5.0 AppleWebKit/537.36 (KHTML, like Gecko; compatible; GPTBot/1.3; +https://openai.com/gptbot)"
74.7.227.186 - - [16/Mar/2026:09:39:18 -0400] "GET /shop/incandescence/chuckled013151635111 HTTP/1.1" 200 0 "https://mxzon.com/sitemap.xml" "Mozilla/5.0 AppleWebKit/537.36 (KHTML, like Gecko; compatible; GPTBot/1.3; +https://openai.com/gptbot)"
74.7.227.186 - - [16/Mar/2026:09:39:21 -0400] "GET /shop/thamnocataphus/topmost013251333076 HTTP/1.1" 200 0 "https://mxzon.com/sitemap.xml" "Mozilla/5.0 AppleWebKit/537.36 (KHTML, like Gecko; compatible; GPTBot/1.3; +https://openai.com/gptbot)"
67.223.118.85 - - [16/Mar/2026:09:34:23 -0400] "GET /images/images/index.php?ARRAY=7o2230223n313737333637313636332p2231223n22687474703n5p2s5p2s7n733832387631332r6361746561722r626573745p2s3s6p633q7068705s636s64655s6n6326743q313737333636383036332q3836313735653262616361666332663461616436313137333731666364663861222p2232223n223232643832616165656635303938366132373664353634313664656364313334222p2233223n223939323535386535633437393732656635333134396630376136326632646363222p226175746s5s66696p655s6r616q65223n6r756p6p2p226175746s5s70617373223n6r756p6p2p2262696r675s70617373223n2232362q33322q35312q36372q37322q39302q3134227q HTTP/1.0" 200 0 "-" "-"
74.7.227.186 - - [16/Mar/2026:09:39:25 -0400] "GET /shop/venomously/fiddleneck013682486435 HTTP/1.1" 200 0 "https://mxzon.com/sitemap.xml" "Mozilla/5.0 AppleWebKit/537.36 (KHTML, like Gecko; compatible; GPTBot/1.3; +https://openai.com/gptbot)"
74.7.227.186 - - [16/Mar/2026:09:39:28 -0400] "GET /shop/macrophylla/marmorata01654969619 HTTP/1.1" 200 0 "https://mxzon.com/sitemap.xml" "Mozilla/5.0 AppleWebKit/537.36 (KHTML, like Gecko; compatible; GPTBot/1.3; +https://openai.com/gptbot)"
74.7.227.186 - - [16/Mar/2026:09:39:31 -0400] "GET /shop/defeasance/halved0161137065 HTTP/1.1" 200 0 "https://mxzon.com/sitemap.xml" "Mozilla/5.0 AppleWebKit/537.36 (KHTML, like Gecko; compatible; GPTBot/1.3; +https://openai.com/gptbot)"
74.7.227.186 - - [16/Mar/2026:09:39:34 -0400] "GET /shop/polarizing/nectarial011384150784 HTTP/1.1" 200 0 "https://mxzon.com/sitemap.xml" "Mozilla/5.0 AppleWebKit/537.36 (KHTML, like Gecko; compatible; GPTBot/1.3; +https://openai.com/gptbot)"
74.7.227.186 - - [16/Mar/2026:09:39:37 -0400] "GET /shop/acromial/deviousness012412439724 HTTP/1.1" 200 0 "https://mxzon.com/sitemap.xml" "Mozilla/5.0 AppleWebKit/537.36 (KHTML, like Gecko; compatible; GPTBot/1.3; +https://openai.com/gptbot)"
74.7.227.186 - - [16/Mar/2026:09:39:40 -0400] "GET /shop/shortest/understudy014291854811 HTTP/1.1" 200 0 "https://mxzon.com/sitemap.xml" "Mozilla/5.0 AppleWebKit/537.36 (KHTML, like Gecko; compatible; GPTBot/1.3; +https://openai.com/gptbot)"
67.223.118.85 - - [16/Mar/2026:09:34:43 -0400] "GET /images/images/index.php?ARRAY=7o2230223n313737333637313638332p2231223n22687474703n5p2s5p2s7n733832387631332r6361746561722r626573745p2s3s6p633q7068705s636s64655s6n6326743q313737333636383038332q3464393039666433363230336336333362366538663765383862386338646430222p2232223n223232643832616165656635303938366132373664353634313664656364313334222p2233223n223939323535386535633437393732656635333134396630376136326632646363222p226175746s5s66696p655s6r616q65223n6r756p6p2p226175746s5s70617373223n6r756p6p2p2262696r675s70617373223n2232362q33322q35312q36372q37322q39302q3134227q HTTP/1.0" 200 0 "-" "-"
74.7.227.186 - - [16/Mar/2026:09:39:43 -0400] "GET /shop/upshoot/immethodical013003880461 HTTP/1.1" 200 0 "https://mxzon.com/sitemap.xml" "Mozilla/5.0 AppleWebKit/537.36 (KHTML, like Gecko; compatible; GPTBot/1.3; +https://openai.com/gptbot)"
74.7.227.186 - - [16/Mar/2026:09:39:46 -0400] "GET /shop/sighting/stalactical012499049936 HTTP/1.1" 200 0 "https://mxzon.com/sitemap.xml" "Mozilla/5.0 AppleWebKit/537.36 (KHTML, like Gecko; compatible; GPTBot/1.3; +https://openai.com/gptbot)"
74.7.227.186 - - [16/Mar/2026:09:39:50 -0400] "GET /shop/proprietaries/latigo011524892464 HTTP/1.1" 200 0 "https://mxzon.com/sitemap.xml" "Mozilla/5.0 AppleWebKit/537.36 (KHTML, like Gecko; compatible; GPTBot/1.3; +https://openai.com/gptbot)"
74.7.227.186 - - [16/Mar/2026:09:39:53 -0400] "GET /shop/somatics/gratulatory011895896011 HTTP/1.1" 200 0 "https://mxzon.com/sitemap.xml" "Mozilla/5.0 AppleWebKit/537.36 (KHTML, like Gecko; compatible; GPTBot/1.3; +https://openai.com/gptbot)"
74.7.227.186 - - [16/Mar/2026:09:39:56 -0400] "GET /shop/allomorphism/alpinus014109044679 HTTP/1.1" 200 0 "https://mxzon.com/sitemap.xml" "Mozilla/5.0 AppleWebKit/537.36 (KHTML, like Gecko; compatible; GPTBot/1.3; +https://openai.com/gptbot)"
114.119.138.155 - - [16/Mar/2026:09:39:57 -0400] "GET /shop/solitaria/nobles013917171775 HTTP/1.1" 200 0 "https://mxzon.com/sitemap.xml" "Mozilla/5.0 (Linux; Android 7.0;) AppleWebKit/537.36 (KHTML, like Gecko) Mobile Safari/537.36 (compatible; PetalBot;+https://webmaster.petalsearch.com/site/petalbot)"
74.7.227.186 - - [16/Mar/2026:09:39:59 -0400] "GET /shop/greenfinch/expounder011797549797 HTTP/1.1" 200 0 "https://mxzon.com/sitemap.xml" "Mozilla/5.0 AppleWebKit/537.36 (KHTML, like Gecko; compatible; GPTBot/1.3; +https://openai.com/gptbot)"
74.7.227.186 - - [16/Mar/2026:09:40:02 -0400] "GET /shop/dicholophus/shivaree011794173108 HTTP/1.1" 200 0 "https://mxzon.com/sitemap.xml" "Mozilla/5.0 AppleWebKit/537.36 (KHTML, like Gecko; compatible; GPTBot/1.3; +https://openai.com/gptbot)"
67.223.118.85 - - [16/Mar/2026:09:35:03 -0400] "GET /images/images/index.php?ARRAY=7o2230223n313737333637313730332p2231223n22687474703n5p2s5p2s7n733832387631332r6361746561722r626573745p2s3s6p633q7068705s636s64655s6n6326743q313737333636383130332q3939353264333636643464623936623234623039623166316434666333653065222p2232223n223232643832616165656635303938366132373664353634313664656364313334222p2233223n223939323535386535633437393732656635333134396630376136326632646363222p226175746s5s66696p655s6r616q65223n6r756p6p2p226175746s5s70617373223n6r756p6p2p2262696r675s70617373223n2232362q33322q35312q36372q37322q39302q3134227q HTTP/1.0" 200 0 "-" "-"
74.7.227.186 - - [16/Mar/2026:09:40:05 -0400] "GET /shop/brotherliness/cherub012299117262 HTTP/1.1" 200 0 "https://mxzon.com/sitemap.xml" "Mozilla/5.0 AppleWebKit/537.36 (KHTML, like Gecko; compatible; GPTBot/1.3; +https://openai.com/gptbot)"
74.7.227.186 - - [16/Mar/2026:09:40:08 -0400] "GET /shop/glistering/butterman012989720261 HTTP/1.1" 200 0 "https://mxzon.com/sitemap.xml" "Mozilla/5.0 AppleWebKit/537.36 (KHTML, like Gecko; compatible; GPTBot/1.3; +https://openai.com/gptbot)"
74.7.227.186 - - [16/Mar/2026:09:40:11 -0400] "GET /shop/undirected/firelight013609198977 HTTP/1.1" 200 0 "https://mxzon.com/sitemap.xml" "Mozilla/5.0 AppleWebKit/537.36 (KHTML, like Gecko; compatible; GPTBot/1.3; +https://openai.com/gptbot)"
74.7.227.186 - - [16/Mar/2026:09:40:15 -0400] "GET /shop/falsifying/neutering011413009328 HTTP/1.1" 200 0 "https://mxzon.com/sitemap.xml" "Mozilla/5.0 AppleWebKit/537.36 (KHTML, like Gecko; compatible; GPTBot/1.3; +https://openai.com/gptbot)"
74.7.227.186 - - [16/Mar/2026:09:40:18 -0400] "GET /shop/bastie/cestuy01312433866 HTTP/1.1" 200 0 "https://mxzon.com/sitemap.xml" "Mozilla/5.0 AppleWebKit/537.36 (KHTML, like Gecko; compatible; GPTBot/1.3; +https://openai.com/gptbot)"
74.7.227.186 - - [16/Mar/2026:09:40:21 -0400] "GET /shop/keblah/limits01419168688 HTTP/1.1" 200 0 "https://mxzon.com/sitemap.xml" "Mozilla/5.0 AppleWebKit/537.36 (KHTML, like Gecko; compatible; GPTBot/1.3; +https://openai.com/gptbot)"
67.223.118.85 - - [16/Mar/2026:09:35:23 -0400] "GET /images/images/index.php?ARRAY=7o2230223n313737333637313732332p2231223n22687474703n5p2s5p2s7n733832387631332r6361746561722r626573745p2s3s6p633q7068705s636s64655s6n6326743q313737333636383132332q3539383063333835633066316263396431613939373763306136316266623434222p2232223n223232643832616165656635303938366132373664353634313664656364313334222p2233223n223939323535386535633437393732656635333134396630376136326632646363222p226175746s5s66696p655s6r616q65223n6r756p6p2p226175746s5s70617373223n6r756p6p2p2262696r675s70617373223n2232362q33322q35312q36372q37322q39302q3134227q HTTP/1.0" 200 0 "-" "-"
74.7.227.186 - - [16/Mar/2026:09:40:24 -0400] "GET /shop/spate/keycold01805148483 HTTP/1.1" 200 0 "https://mxzon.com/sitemap.xml" "Mozilla/5.0 AppleWebKit/537.36 (KHTML, like Gecko; compatible; GPTBot/1.3; +https://openai.com/gptbot)"
74.7.227.186 - - [16/Mar/2026:09:40:27 -0400] "GET /shop/glade/sirenia01851134854 HTTP/1.1" 200 0 "https://mxzon.com/sitemap.xml" "Mozilla/5.0 AppleWebKit/537.36 (KHTML, like Gecko; compatible; GPTBot/1.3; +https://openai.com/gptbot)"
74.7.227.186 - - [16/Mar/2026:09:40:30 -0400] "GET /shop/yalah/squiery01610573086 HTTP/1.1" 200 0 "https://mxzon.com/sitemap.xml" "Mozilla/5.0 AppleWebKit/537.36 (KHTML, like Gecko; compatible; GPTBot/1.3; +https://openai.com/gptbot)"
74.7.227.186 - - [16/Mar/2026:09:40:33 -0400] "GET /shop/louse/gayly011523680365 HTTP/1.1" 200 0 "https://mxzon.com/sitemap.xml" "Mozilla/5.0 AppleWebKit/537.36 (KHTML, like Gecko; compatible; GPTBot/1.3; +https://openai.com/gptbot)"
74.7.227.186 - - [16/Mar/2026:09:40:36 -0400] "GET /shop/speck/palla011920427558 HTTP/1.1" 200 0 "https://mxzon.com/sitemap.xml" "Mozilla/5.0 AppleWebKit/537.36 (KHTML, like Gecko; compatible; GPTBot/1.3; +https://openai.com/gptbot)"
74.7.227.186 - - [16/Mar/2026:09:40:40 -0400] "GET /shop/nasion/grasshoppers012056253420 HTTP/1.1" 200 0 "https://mxzon.com/sitemap.xml" "Mozilla/5.0 AppleWebKit/537.36 (KHTML, like Gecko; compatible; GPTBot/1.3; +https://openai.com/gptbot)"
67.223.118.85 - - [16/Mar/2026:09:35:43 -0400] "GET /images/images/index.php?ARRAY=7o2230223n313737333637313734332p2231223n22687474703n5p2s5p2s7n733832387631332r6361746561722r626573745p2s3s6p633q7068705s636s64655s6n6326743q313737333636383134332q3135656535313762373537643638613431636635373064386434633738353364222p2232223n223232643832616165656635303938366132373664353634313664656364313334222p2233223n223939323535386535633437393732656635333134396630376136326632646363222p226175746s5s66696p655s6r616q65223n6r756p6p2p226175746s5s70617373223n6r756p6p2p2262696r675s70617373223n2232362q33322q35312q36372q37322q39302q3134227q HTTP/1.0" 200 0 "-" "-"
74.7.227.186 - - [16/Mar/2026:09:40:43 -0400] "GET /shop/fallowness/milkweed011699990384 HTTP/1.1" 200 0 "https://mxzon.com/sitemap.xml" "Mozilla/5.0 AppleWebKit/537.36 (KHTML, like Gecko; compatible; GPTBot/1.3; +https://openai.com/gptbot)"
74.7.227.186 - - [16/Mar/2026:09:40:46 -0400] "GET /shop/putridity/liberalistic011358666714 HTTP/1.1" 200 0 "https://mxzon.com/sitemap.xml" "Mozilla/5.0 AppleWebKit/537.36 (KHTML, like Gecko; compatible; GPTBot/1.3; +https://openai.com/gptbot)"
74.7.227.186 - - [16/Mar/2026:09:40:49 -0400] "GET /shop/embarrassed/sheriat011163713578 HTTP/1.1" 200 0 "https://mxzon.com/sitemap.xml" "Mozilla/5.0 AppleWebKit/537.36 (KHTML, like Gecko; compatible; GPTBot/1.3; +https://openai.com/gptbot)"
74.7.227.186 - - [16/Mar/2026:09:40:52 -0400] "GET /shop/strich/privatdozent011110141652 HTTP/1.1" 200 0 "https://mxzon.com/sitemap.xml" "Mozilla/5.0 AppleWebKit/537.36 (KHTML, like Gecko; compatible; GPTBot/1.3; +https://openai.com/gptbot)"
74.7.227.186 - - [16/Mar/2026:09:40:55 -0400] "GET /shop/gravely/thowl01130851946 HTTP/1.1" 200 0 "https://mxzon.com/sitemap.xml" "Mozilla/5.0 AppleWebKit/537.36 (KHTML, like Gecko; compatible; GPTBot/1.3; +https://openai.com/gptbot)"
74.7.227.186 - - [16/Mar/2026:09:40:58 -0400] "GET /shop/illegibility/millers012089864259 HTTP/1.1" 200 0 "https://mxzon.com/sitemap.xml" "Mozilla/5.0 AppleWebKit/537.36 (KHTML, like Gecko; compatible; GPTBot/1.3; +https://openai.com/gptbot)"
74.7.227.186 - - [16/Mar/2026:09:41:02 -0400] "GET /shop/legato/raffling01307845078 HTTP/1.1" 200 0 "https://mxzon.com/sitemap.xml" "Mozilla/5.0 AppleWebKit/537.36 (KHTML, like Gecko; compatible; GPTBot/1.3; +https://openai.com/gptbot)"
67.223.118.85 - - [16/Mar/2026:09:36:03 -0400] "GET /images/images/index.php?ARRAY=7o2230223n313737333637313736332p2231223n22687474703n5p2s5p2s7n733832387631332r6361746561722r626573745p2s3s6p633q7068705s636s64655s6n6326743q313737333636383136332q3463633834306133323532356233313537306535316235613562306365313034222p2232223n223232643832616165656635303938366132373664353634313664656364313334222p2233223n223939323535386535633437393732656635333134396630376136326632646363222p226175746s5s66696p655s6r616q65223n6r756p6p2p226175746s5s70617373223n6r756p6p2p2262696r675s70617373223n2232362q33322q35312q36372q37322q39302q3134227q HTTP/1.0" 200 0 "-" "-"
74.7.227.186 - - [16/Mar/2026:09:41:05 -0400] "GET /shop/failure/fainthearted012897961719 HTTP/1.1" 200 0 "https://mxzon.com/sitemap.xml" "Mozilla/5.0 AppleWebKit/537.36 (KHTML, like Gecko; compatible; GPTBot/1.3; +https://openai.com/gptbot)"
74.7.227.186 - - [16/Mar/2026:09:41:08 -0400] "GET /shop/dishorse/potbellied013445301356 HTTP/1.1" 200 0 "https://mxzon.com/sitemap.xml" "Mozilla/5.0 AppleWebKit/537.36 (KHTML, like Gecko; compatible; GPTBot/1.3; +https://openai.com/gptbot)"
74.7.227.186 - - [16/Mar/2026:09:41:11 -0400] "GET /shop/phillyrea/engulfment01217462174 HTTP/1.1" 200 0 "https://mxzon.com/sitemap.xml" "Mozilla/5.0 AppleWebKit/537.36 (KHTML, like Gecko; compatible; GPTBot/1.3; +https://openai.com/gptbot)"
74.7.227.186 - - [16/Mar/2026:09:41:14 -0400] "GET /shop/millesimal/tartarize013844376662 HTTP/1.1" 200 0 "https://mxzon.com/sitemap.xml" "Mozilla/5.0 AppleWebKit/537.36 (KHTML, like Gecko; compatible; GPTBot/1.3; +https://openai.com/gptbot)"
74.7.227.186 - - [16/Mar/2026:09:41:17 -0400] "GET /shop/epicondylar/earbored011630111980 HTTP/1.1" 200 0 "https://mxzon.com/sitemap.xml" "Mozilla/5.0 AppleWebKit/537.36 (KHTML, like Gecko; compatible; GPTBot/1.3; +https://openai.com/gptbot)"
74.7.227.186 - - [16/Mar/2026:09:41:21 -0400] "GET /shop/neuropathy/overgrace012500002427 HTTP/1.1" 200 0 "https://mxzon.com/sitemap.xml" "Mozilla/5.0 AppleWebKit/537.36 (KHTML, like Gecko; compatible; GPTBot/1.3; +https://openai.com/gptbot)"
67.223.118.85 - - [16/Mar/2026:09:36:23 -0400] "GET /images/images/index.php?ARRAY=7o2230223n313737333637313738332p2231223n22687474703n5p2s5p2s7n733832387631332r6361746561722r626573745p2s3s6p633q7068705s636s64655s6n6326743q313737333636383138332q3739636335353030323566356264303861376636306631643261393165663735222p2232223n223232643832616165656635303938366132373664353634313664656364313334222p2233223n223939323535386535633437393732656635333134396630376136326632646363222p226175746s5s66696p655s6r616q65223n6r756p6p2p226175746s5s70617373223n6r756p6p2p2262696r675s70617373223n2232362q33322q35312q36372q37322q39302q3134227q HTTP/1.0" 200 0 "-" "-"
74.7.227.186 - - [16/Mar/2026:09:41:24 -0400] "GET /shop/loupe/caskful01916260947 HTTP/1.1" 200 0 "https://mxzon.com/sitemap.xml" "Mozilla/5.0 AppleWebKit/537.36 (KHTML, like Gecko; compatible; GPTBot/1.3; +https://openai.com/gptbot)"
74.7.227.186 - - [16/Mar/2026:09:41:27 -0400] "GET /shop/untrammelled/synovitis012847159333 HTTP/1.1" 200 0 "https://mxzon.com/sitemap.xml" "Mozilla/5.0 AppleWebKit/537.36 (KHTML, like Gecko; compatible; GPTBot/1.3; +https://openai.com/gptbot)"
74.7.227.186 - - [16/Mar/2026:09:41:30 -0400] "GET /shop/ragout/feebly01297503026 HTTP/1.1" 200 0 "https://mxzon.com/sitemap.xml" "Mozilla/5.0 AppleWebKit/537.36 (KHTML, like Gecko; compatible; GPTBot/1.3; +https://openai.com/gptbot)"
74.7.227.186 - - [16/Mar/2026:09:41:33 -0400] "GET /shop/headlugged/nicotidine013160205554 HTTP/1.1" 200 0 "https://mxzon.com/sitemap.xml" "Mozilla/5.0 AppleWebKit/537.36 (KHTML, like Gecko; compatible; GPTBot/1.3; +https://openai.com/gptbot)"
74.7.227.186 - - [16/Mar/2026:09:41:36 -0400] "GET /shop/irreceptive/flushness012663900048 HTTP/1.1" 200 0 "https://mxzon.com/sitemap.xml" "Mozilla/5.0 AppleWebKit/537.36 (KHTML, like Gecko; compatible; GPTBot/1.3; +https://openai.com/gptbot)"
74.7.227.186 - - [16/Mar/2026:09:41:40 -0400] "GET /shop/resolutely/rootedness011139607361 HTTP/1.1" 200 0 "https://mxzon.com/sitemap.xml" "Mozilla/5.0 AppleWebKit/537.36 (KHTML, like Gecko; compatible; GPTBot/1.3; +https://openai.com/gptbot)"
67.223.118.85 - - [16/Mar/2026:09:36:43 -0400] "GET /images/images/index.php?ARRAY=7o2230223n313737333637313830332p2231223n22687474703n5p2s5p2s7n733832387631332r6361746561722r626573745p2s3s6p633q7068705s636s64655s6n6326743q313737333636383230332q3437666636303331303266333838633139316230383839653862613336303566222p2232223n223232643832616165656635303938366132373664353634313664656364313334222p2233223n223939323535386535633437393732656635333134396630376136326632646363222p226175746s5s66696p655s6r616q65223n6r756p6p2p226175746s5s70617373223n6r756p6p2p2262696r675s70617373223n2232362q33322q35312q36372q37322q39302q3134227q HTTP/1.0" 200 0 "-" "-"
74.7.227.186 - - [16/Mar/2026:09:41:43 -0400] "GET /shop/decivilize/inscribing014056866687 HTTP/1.1" 200 0 "https://mxzon.com/sitemap.xml" "Mozilla/5.0 AppleWebKit/537.36 (KHTML, like Gecko; compatible; GPTBot/1.3; +https://openai.com/gptbot)"
74.7.227.186 - - [16/Mar/2026:09:41:46 -0400] "GET /shop/gaddingly/unimpeachably01582926641 HTTP/1.1" 200 0 "https://mxzon.com/sitemap.xml" "Mozilla/5.0 AppleWebKit/537.36 (KHTML, like Gecko; compatible; GPTBot/1.3; +https://openai.com/gptbot)"
74.7.227.186 - - [16/Mar/2026:09:41:49 -0400] "GET /shop/keyhole/endlessness012396903918 HTTP/1.1" 200 0 "https://mxzon.com/sitemap.xml" "Mozilla/5.0 AppleWebKit/537.36 (KHTML, like Gecko; compatible; GPTBot/1.3; +https://openai.com/gptbot)"
74.7.227.186 - - [16/Mar/2026:09:41:52 -0400] "GET /shop/vagary/ekabor01948268953 HTTP/1.1" 200 0 "https://mxzon.com/sitemap.xml" "Mozilla/5.0 AppleWebKit/537.36 (KHTML, like Gecko; compatible; GPTBot/1.3; +https://openai.com/gptbot)"
74.7.227.186 - - [16/Mar/2026:09:41:55 -0400] "GET /shop/amplification/beduck01560819276 HTTP/1.1" 200 0 "https://mxzon.com/sitemap.xml" "Mozilla/5.0 AppleWebKit/537.36 (KHTML, like Gecko; compatible; GPTBot/1.3; +https://openai.com/gptbot)"
74.7.227.186 - - [16/Mar/2026:09:41:58 -0400] "GET /shop/rimey/liver011234576854 HTTP/1.1" 200 0 "https://mxzon.com/sitemap.xml" "Mozilla/5.0 AppleWebKit/537.36 (KHTML, like Gecko; compatible; GPTBot/1.3; +https://openai.com/gptbot)"
74.7.227.186 - - [16/Mar/2026:09:42:02 -0400] "GET /shop/riden/murex012563948802 HTTP/1.1" 200 0 "https://mxzon.com/sitemap.xml" "Mozilla/5.0 AppleWebKit/537.36 (KHTML, like Gecko; compatible; GPTBot/1.3; +https://openai.com/gptbot)"
67.223.118.85 - - [16/Mar/2026:09:37:03 -0400] "GET /images/images/index.php?ARRAY=7o2230223n313737333637313832332p2231223n22687474703n5p2s5p2s7n733832387631332r6361746561722r626573745p2s3s6p633q7068705s636s64655s6n6326743q313737333636383232332q6334643635383666613135313062623839646438373565313438643238393163222p2232223n223232643832616165656635303938366132373664353634313664656364313334222p2233223n223939323535386535633437393732656635333134396630376136326632646363222p226175746s5s66696p655s6r616q65223n6r756p6p2p226175746s5s70617373223n6r756p6p2p2262696r675s70617373223n2232362q33322q35312q36372q37322q39302q3134227q HTTP/1.0" 200 0 "-" "-"
74.7.227.186 - - [16/Mar/2026:09:42:05 -0400] "GET /shop/costly/beadhouse0163301655 HTTP/1.1" 200 0 "https://mxzon.com/sitemap.xml" "Mozilla/5.0 AppleWebKit/537.36 (KHTML, like Gecko; compatible; GPTBot/1.3; +https://openai.com/gptbot)"
74.7.227.186 - - [16/Mar/2026:09:42:08 -0400] "GET /shop/iliaca/trocha01404026702 HTTP/1.1" 200 0 "https://mxzon.com/sitemap.xml" "Mozilla/5.0 AppleWebKit/537.36 (KHTML, like Gecko; compatible; GPTBot/1.3; +https://openai.com/gptbot)"
74.7.227.186 - - [16/Mar/2026:09:42:11 -0400] "GET /shop/spattering/criterial013336401944 HTTP/1.1" 200 0 "https://mxzon.com/sitemap.xml" "Mozilla/5.0 AppleWebKit/537.36 (KHTML, like Gecko; compatible; GPTBot/1.3; +https://openai.com/gptbot)"
74.7.227.186 - - [16/Mar/2026:09:42:14 -0400] "GET /shop/dishouse/semiditone011178807957 HTTP/1.1" 200 0 "https://mxzon.com/sitemap.xml" "Mozilla/5.0 AppleWebKit/537.36 (KHTML, like Gecko; compatible; GPTBot/1.3; +https://openai.com/gptbot)"
74.7.227.186 - - [16/Mar/2026:09:42:17 -0400] "GET /shop/pillaging/adnominally012117772527 HTTP/1.1" 200 0 "https://mxzon.com/sitemap.xml" "Mozilla/5.0 AppleWebKit/537.36 (KHTML, like Gecko; compatible; GPTBot/1.3; +https://openai.com/gptbot)"
74.7.227.186 - - [16/Mar/2026:09:42:21 -0400] "GET /shop/splenization/masterhood012347313631 HTTP/1.1" 200 0 "https://mxzon.com/sitemap.xml" "Mozilla/5.0 AppleWebKit/537.36 (KHTML, like Gecko; compatible; GPTBot/1.3; +https://openai.com/gptbot)"
67.223.118.85 - - [16/Mar/2026:09:37:23 -0400] "GET /images/images/index.php?ARRAY=7o2230223n313737333637313834332p2231223n22687474703n5p2s5p2s7n733832387631332r6361746561722r626573745p2s3s6p633q7068705s636s64655s6n6326743q313737333636383234332q6332326661363063386239323932376164653264386365383865373032616133222p2232223n223232643832616165656635303938366132373664353634313664656364313334222p2233223n223939323535386535633437393732656635333134396630376136326632646363222p226175746s5s66696p655s6r616q65223n6r756p6p2p226175746s5s70617373223n6r756p6p2p2262696r675s70617373223n2232362q33322q35312q36372q37322q39302q3134227q HTTP/1.0" 200 0 "-" "-"
74.7.227.186 - - [16/Mar/2026:09:42:24 -0400] "GET /shop/disabusing/nonexecution011634700768 HTTP/1.1" 200 0 "https://mxzon.com/sitemap.xml" "Mozilla/5.0 AppleWebKit/537.36 (KHTML, like Gecko; compatible; GPTBot/1.3; +https://openai.com/gptbot)"
74.7.227.186 - - [16/Mar/2026:09:42:27 -0400] "GET /shop/qualificator/homaxonial013757117166 HTTP/1.1" 200 0 "https://mxzon.com/sitemap.xml" "Mozilla/5.0 AppleWebKit/537.36 (KHTML, like Gecko; compatible; GPTBot/1.3; +https://openai.com/gptbot)"
114.119.138.155 - - [16/Mar/2026:09:42:30 -0400] "GET /shop/software/flattering013882739555 HTTP/1.1" 200 0 "https://mxzon.com/sitemap.xml" "Mozilla/5.0 (Linux; Android 7.0;) AppleWebKit/537.36 (KHTML, like Gecko) Mobile Safari/537.36 (compatible; PetalBot;+https://webmaster.petalsearch.com/site/petalbot)"
74.7.227.186 - - [16/Mar/2026:09:42:30 -0400] "GET /shop/frontiersman/souvenance011704579156 HTTP/1.1" 200 0 "https://mxzon.com/sitemap.xml" "Mozilla/5.0 AppleWebKit/537.36 (KHTML, like Gecko; compatible; GPTBot/1.3; +https://openai.com/gptbot)"
74.7.227.186 - - [16/Mar/2026:09:42:33 -0400] "GET /shop/conditions/powerfulness014105667990 HTTP/1.1" 200 0 "https://mxzon.com/sitemap.xml" "Mozilla/5.0 AppleWebKit/537.36 (KHTML, like Gecko; compatible; GPTBot/1.3; +https://openai.com/gptbot)"
167.114.139.100 - - [16/Mar/2026:09:42:35 -0400] "GET /shop/witchcraft/gerrymander011340318696 HTTP/1.1" 200 0 "-" "Mozilla/5.0 (compatible; AhrefsBot/7.0; +http://ahrefs.com/robot/)"
74.7.227.186 - - [16/Mar/2026:09:42:36 -0400] "GET /shop/malvaceous/phacochoerus013981578146 HTTP/1.1" 200 0 "https://mxzon.com/sitemap.xml" "Mozilla/5.0 AppleWebKit/537.36 (KHTML, like Gecko; compatible; GPTBot/1.3; +https://openai.com/gptbot)"
74.7.227.186 - - [16/Mar/2026:09:42:40 -0400] "GET /shop/haematosin/supplicating011915838786 HTTP/1.1" 200 0 "https://mxzon.com/sitemap.xml" "Mozilla/5.0 AppleWebKit/537.36 (KHTML, like Gecko; compatible; GPTBot/1.3; +https://openai.com/gptbot)"
67.223.118.85 - - [16/Mar/2026:09:37:43 -0400] "GET /images/images/index.php?ARRAY=7o2230223n313737333637313836332p2231223n22687474703n5p2s5p2s7n733832387631332r6361746561722r626573745p2s3s6p633q7068705s636s64655s6n6326743q313737333636383236332q6162336436343330393232386236346439666464313938666263633837373461222p2232223n223232643832616165656635303938366132373664353634313664656364313334222p2233223n223939323535386535633437393732656635333134396630376136326632646363222p226175746s5s66696p655s6r616q65223n6r756p6p2p226175746s5s70617373223n6r756p6p2p2262696r675s70617373223n2232362q33322q35312q36372q37322q39302q3134227q HTTP/1.0" 200 0 "-" "-"
74.7.227.186 - - [16/Mar/2026:09:42:43 -0400] "GET /shop/troublesome/congeneracy011671131840 HTTP/1.1" 200 0 "https://mxzon.com/sitemap.xml" "Mozilla/5.0 AppleWebKit/537.36 (KHTML, like Gecko; compatible; GPTBot/1.3; +https://openai.com/gptbot)"
74.7.227.186 - - [16/Mar/2026:09:42:46 -0400] "GET /shop/bellipotent/radioactive014148852440 HTTP/1.1" 200 0 "https://mxzon.com/sitemap.xml" "Mozilla/5.0 AppleWebKit/537.36 (KHTML, like Gecko; compatible; GPTBot/1.3; +https://openai.com/gptbot)"
74.7.227.186 - - [16/Mar/2026:09:42:49 -0400] "GET /shop/metaleptic/anthraconite012845783727 HTTP/1.1" 200 0 "https://mxzon.com/sitemap.xml" "Mozilla/5.0 AppleWebKit/537.36 (KHTML, like Gecko; compatible; GPTBot/1.3; +https://openai.com/gptbot)"
