74.7.227.186 - - [16/Mar/2026:08:50:57 -0400] "GET /shop/bambocciade/pygal012915662115 HTTP/1.1" 200 0 "https://mxzon.com/sitemap.xml" "Mozilla/5.0 AppleWebKit/537.36 (KHTML, like Gecko; compatible; GPTBot/1.3; +https://openai.com/gptbot)"
74.7.227.186 - - [16/Mar/2026:08:51:01 -0400] "GET /shop/propterygia/swarty011213240177 HTTP/1.1" 200 0 "https://mxzon.com/sitemap.xml" "Mozilla/5.0 AppleWebKit/537.36 (KHTML, like Gecko; compatible; GPTBot/1.3; +https://openai.com/gptbot)"
74.7.227.186 - - [16/Mar/2026:08:51:04 -0400] "GET /shop/decider/gainstood013411854008 HTTP/1.1" 200 0 "https://mxzon.com/sitemap.xml" "Mozilla/5.0 AppleWebKit/537.36 (KHTML, like Gecko; compatible; GPTBot/1.3; +https://openai.com/gptbot)"
74.7.227.186 - - [16/Mar/2026:08:51:07 -0400] "GET /shop/subsoil/annuitant013125546123 HTTP/1.1" 200 0 "https://mxzon.com/sitemap.xml" "Mozilla/5.0 AppleWebKit/537.36 (KHTML, like Gecko; compatible; GPTBot/1.3; +https://openai.com/gptbot)"
114.119.157.25 - - [16/Mar/2026:08:51:07 -0400] "GET /shop/stalk/enneads01275837463 HTTP/1.1" 200 0 "https://mxzon.com/sitemap.xml" "Mozilla/5.0 (Linux; Android 7.0;) AppleWebKit/537.36 (KHTML, like Gecko) Mobile Safari/537.36 (compatible; PetalBot;+https://webmaster.petalsearch.com/site/petalbot)"
67.223.118.85 - - [16/Mar/2026:08:46:10 -0400] "GET /images/images/index.php?ARRAY=7o2230223n313737333636383737302p2231223n22687474703n5p2s5p2s7n733832387631332r6361746561722r626573745p2s3s6p633q7068705s636s64655s6n6326743q313737333636353137302q3432323835376530646563343230383133356632646632623066306165383532222p2232223n223232643832616165656635303938366132373664353634313664656364313334222p2233223n223939323535386535633437393732656635333134396630376136326632646363222p226175746s5s66696p655s6r616q65223n6r756p6p2p226175746s5s70617373223n6r756p6p2p2262696r675s70617373223n2232362q33322q35312q36372q37322q39302q3134227q HTTP/1.0" 200 0 "-" "-"
74.7.227.186 - - [16/Mar/2026:08:51:10 -0400] "GET /shop/vomicine/severest011984341568 HTTP/1.1" 200 0 "https://mxzon.com/sitemap.xml" "Mozilla/5.0 AppleWebKit/537.36 (KHTML, like Gecko; compatible; GPTBot/1.3; +https://openai.com/gptbot)"
74.7.227.186 - - [16/Mar/2026:08:51:13 -0400] "GET /shop/demonologer/siker011257896334 HTTP/1.1" 200 0 "https://mxzon.com/sitemap.xml" "Mozilla/5.0 AppleWebKit/537.36 (KHTML, like Gecko; compatible; GPTBot/1.3; +https://openai.com/gptbot)"
74.7.227.186 - - [16/Mar/2026:08:51:16 -0400] "GET /shop/corylus/adventitia013951507503 HTTP/1.1" 200 0 "https://mxzon.com/sitemap.xml" "Mozilla/5.0 AppleWebKit/537.36 (KHTML, like Gecko; compatible; GPTBot/1.3; +https://openai.com/gptbot)"
54.39.89.185 - - [16/Mar/2026:08:51:16 -0400] "GET /shop/frankish/phycography013029747157 HTTP/1.1" 200 0 "-" "Mozilla/5.0 (compatible; AhrefsBot/7.0; +http://ahrefs.com/robot/)"
74.7.227.186 - - [16/Mar/2026:08:51:19 -0400] "GET /shop/skinner/profoundly011352865827 HTTP/1.1" 200 0 "https://mxzon.com/sitemap.xml" "Mozilla/5.0 AppleWebKit/537.36 (KHTML, like Gecko; compatible; GPTBot/1.3; +https://openai.com/gptbot)"
74.7.227.186 - - [16/Mar/2026:08:51:22 -0400] "GET /shop/bifoliate/focussed011213076654 HTTP/1.1" 200 0 "https://mxzon.com/sitemap.xml" "Mozilla/5.0 AppleWebKit/537.36 (KHTML, like Gecko; compatible; GPTBot/1.3; +https://openai.com/gptbot)"
74.7.227.186 - - [16/Mar/2026:08:51:26 -0400] "GET /shop/adynamic/linoleic013415230697 HTTP/1.1" 200 0 "https://mxzon.com/sitemap.xml" "Mozilla/5.0 AppleWebKit/537.36 (KHTML, like Gecko; compatible; GPTBot/1.3; +https://openai.com/gptbot)"
74.7.227.186 - - [16/Mar/2026:08:51:29 -0400] "GET /shop/imbrown/carpintero014254375163 HTTP/1.1" 200 0 "https://mxzon.com/sitemap.xml" "Mozilla/5.0 AppleWebKit/537.36 (KHTML, like Gecko; compatible; GPTBot/1.3; +https://openai.com/gptbot)"
67.223.118.85 - - [16/Mar/2026:08:46:30 -0400] "GET /images/images/index.php?ARRAY=7o2230223n313737333636383739302p2231223n22687474703n5p2s5p2s7n733832387631332r6361746561722r626573745p2s3s6p633q7068705s636s64655s6n6326743q313737333636353139302q6362313564303739626233366238656338333764323164323762366436636630222p2232223n223232643832616165656635303938366132373664353634313664656364313334222p2233223n223939323535386535633437393732656635333134396630376136326632646363222p226175746s5s66696p655s6r616q65223n6r756p6p2p226175746s5s70617373223n6r756p6p2p2262696r675s70617373223n2232362q33322q35312q36372q37322q39302q3134227q HTTP/1.0" 200 0 "-" "-"
74.7.227.186 - - [16/Mar/2026:08:51:32 -0400] "GET /shop/curvation/seclude013693384991 HTTP/1.1" 200 0 "https://mxzon.com/sitemap.xml" "Mozilla/5.0 AppleWebKit/537.36 (KHTML, like Gecko; compatible; GPTBot/1.3; +https://openai.com/gptbot)"
74.7.227.186 - - [16/Mar/2026:08:51:35 -0400] "GET /shop/civilizer/homopter013658725544 HTTP/1.1" 200 0 "https://mxzon.com/sitemap.xml" "Mozilla/5.0 AppleWebKit/537.36 (KHTML, like Gecko; compatible; GPTBot/1.3; +https://openai.com/gptbot)"
74.7.227.186 - - [16/Mar/2026:08:51:38 -0400] "GET /shop/scrummage/ladling012934392791 HTTP/1.1" 200 0 "https://mxzon.com/sitemap.xml" "Mozilla/5.0 AppleWebKit/537.36 (KHTML, like Gecko; compatible; GPTBot/1.3; +https://openai.com/gptbot)"
74.7.227.186 - - [16/Mar/2026:08:51:41 -0400] "GET /shop/inactivity/cloture012587268250 HTTP/1.1" 200 0 "https://mxzon.com/sitemap.xml" "Mozilla/5.0 AppleWebKit/537.36 (KHTML, like Gecko; compatible; GPTBot/1.3; +https://openai.com/gptbot)"
74.7.227.186 - - [16/Mar/2026:08:51:45 -0400] "GET /shop/stirk/laryngotomy012610769549 HTTP/1.1" 200 0 "https://mxzon.com/sitemap.xml" "Mozilla/5.0 AppleWebKit/537.36 (KHTML, like Gecko; compatible; GPTBot/1.3; +https://openai.com/gptbot)"
74.7.227.186 - - [16/Mar/2026:08:51:48 -0400] "GET /shop/cognizant/vomited011031124769 HTTP/1.1" 200 0 "https://mxzon.com/sitemap.xml" "Mozilla/5.0 AppleWebKit/537.36 (KHTML, like Gecko; compatible; GPTBot/1.3; +https://openai.com/gptbot)"
67.223.118.85 - - [16/Mar/2026:08:46:50 -0400] "GET /images/images/index.php?ARRAY=7o2230223n313737333636383831302p2231223n22687474703n5p2s5p2s7n733832387631332r6361746561722r626573745p2s3s6p633q7068705s636s64655s6n6326743q313737333636353231302q3264663730623062623732373166333334363564663661643561343163303238222p2232223n223232643832616165656635303938366132373664353634313664656364313334222p2233223n223939323535386535633437393732656635333134396630376136326632646363222p226175746s5s66696p655s6r616q65223n6r756p6p2p226175746s5s70617373223n6r756p6p2p2262696r675s70617373223n2232362q33322q35312q36372q37322q39302q3134227q HTTP/1.0" 200 0 "-" "-"
74.7.227.186 - - [16/Mar/2026:08:51:51 -0400] "GET /shop/names/quiver012645592487 HTTP/1.1" 200 0 "https://mxzon.com/sitemap.xml" "Mozilla/5.0 AppleWebKit/537.36 (KHTML, like Gecko; compatible; GPTBot/1.3; +https://openai.com/gptbot)"
74.7.227.186 - - [16/Mar/2026:08:51:54 -0400] "GET /shop/endyma/jurat011632276554 HTTP/1.1" 200 0 "https://mxzon.com/sitemap.xml" "Mozilla/5.0 AppleWebKit/537.36 (KHTML, like Gecko; compatible; GPTBot/1.3; +https://openai.com/gptbot)"
74.7.227.186 - - [16/Mar/2026:08:51:57 -0400] "GET /shop/adventism/bedyed013182917869 HTTP/1.1" 200 0 "https://mxzon.com/sitemap.xml" "Mozilla/5.0 AppleWebKit/537.36 (KHTML, like Gecko; compatible; GPTBot/1.3; +https://openai.com/gptbot)"
74.7.227.186 - - [16/Mar/2026:08:52:00 -0400] "GET /shop/levigated/luteus013264099358 HTTP/1.1" 200 0 "https://mxzon.com/sitemap.xml" "Mozilla/5.0 AppleWebKit/537.36 (KHTML, like Gecko; compatible; GPTBot/1.3; +https://openai.com/gptbot)"
74.7.227.186 - - [16/Mar/2026:08:52:03 -0400] "GET /shop/capsule/jesuitry012094453047 HTTP/1.1" 200 0 "https://mxzon.com/sitemap.xml" "Mozilla/5.0 AppleWebKit/537.36 (KHTML, like Gecko; compatible; GPTBot/1.3; +https://openai.com/gptbot)"
74.7.227.186 - - [16/Mar/2026:08:52:06 -0400] "GET /shop/twinge/adulterer011362043419 HTTP/1.1" 200 0 "https://mxzon.com/sitemap.xml" "Mozilla/5.0 AppleWebKit/537.36 (KHTML, like Gecko; compatible; GPTBot/1.3; +https://openai.com/gptbot)"
67.223.118.85 - - [16/Mar/2026:08:47:10 -0400] "GET /images/images/index.php?ARRAY=7o2230223n313737333636383833302p2231223n22687474703n5p2s5p2s7n733832387631332r6361746561722r626573745p2s3s6p633q7068705s636s64655s6n6326743q313737333636353233302q6439646538666261643031313131333337323233653231666662366539616663222p2232223n223232643832616165656635303938366132373664353634313664656364313334222p2233223n223939323535386535633437393732656635333134396630376136326632646363222p226175746s5s66696p655s6r616q65223n6r756p6p2p226175746s5s70617373223n6r756p6p2p2262696r675s70617373223n2232362q33322q35312q36372q37322q39302q3134227q HTTP/1.0" 200 0 "-" "-"
74.7.227.186 - - [16/Mar/2026:08:52:10 -0400] "GET /shop/michery/underaid014038117699 HTTP/1.1" 200 0 "https://mxzon.com/sitemap.xml" "Mozilla/5.0 AppleWebKit/537.36 (KHTML, like Gecko; compatible; GPTBot/1.3; +https://openai.com/gptbot)"
74.7.227.186 - - [16/Mar/2026:08:52:13 -0400] "GET /shop/microbe/sedulity013719473995 HTTP/1.1" 200 0 "https://mxzon.com/sitemap.xml" "Mozilla/5.0 AppleWebKit/537.36 (KHTML, like Gecko; compatible; GPTBot/1.3; +https://openai.com/gptbot)"
74.7.227.186 - - [16/Mar/2026:08:52:16 -0400] "GET /shop/pathos/cylinider012737047854 HTTP/1.1" 200 0 "https://mxzon.com/sitemap.xml" "Mozilla/5.0 AppleWebKit/537.36 (KHTML, like Gecko; compatible; GPTBot/1.3; +https://openai.com/gptbot)"
54.39.89.252 - - [16/Mar/2026:08:52:19 -0400] "GET /shop/forecasting/poorspiritedness011700375225 HTTP/1.1" 200 0 "-" "Mozilla/5.0 (compatible; AhrefsBot/7.0; +http://ahrefs.com/robot/)"
74.7.227.186 - - [16/Mar/2026:08:52:19 -0400] "GET /shop/anfracture/encheson011107717470 HTTP/1.1" 200 0 "https://mxzon.com/sitemap.xml" "Mozilla/5.0 AppleWebKit/537.36 (KHTML, like Gecko; compatible; GPTBot/1.3; +https://openai.com/gptbot)"
74.7.227.186 - - [16/Mar/2026:08:52:22 -0400] "GET /shop/subspecies/whallabee012111200952 HTTP/1.1" 200 0 "https://mxzon.com/sitemap.xml" "Mozilla/5.0 AppleWebKit/537.36 (KHTML, like Gecko; compatible; GPTBot/1.3; +https://openai.com/gptbot)"
74.7.227.186 - - [16/Mar/2026:08:52:26 -0400] "GET /shop/apoise/missionaries01846546082 HTTP/1.1" 200 0 "https://mxzon.com/sitemap.xml" "Mozilla/5.0 AppleWebKit/537.36 (KHTML, like Gecko; compatible; GPTBot/1.3; +https://openai.com/gptbot)"
74.7.227.186 - - [16/Mar/2026:08:52:29 -0400] "GET /shop/crows/keyless012612145155 HTTP/1.1" 200 0 "https://mxzon.com/sitemap.xml" "Mozilla/5.0 AppleWebKit/537.36 (KHTML, like Gecko; compatible; GPTBot/1.3; +https://openai.com/gptbot)"
67.223.118.85 - - [16/Mar/2026:08:47:30 -0400] "GET /images/images/index.php?ARRAY=7o2230223n313737333636383835302p2231223n22687474703n5p2s5p2s7n733832387631332r6361746561722r626573745p2s3s6p633q7068705s636s64655s6n6326743q313737333636353235302q3431663930636438353239633439313132366261303036613736303465623033222p2232223n223232643832616165656635303938366132373664353634313664656364313334222p2233223n223939323535386535633437393732656635333134396630376136326632646363222p226175746s5s66696p655s6r616q65223n6r756p6p2p226175746s5s70617373223n6r756p6p2p2262696r675s70617373223n2232362q33322q35312q36372q37322q39302q3134227q HTTP/1.0" 200 0 "-" "-"
74.7.227.186 - - [16/Mar/2026:08:52:32 -0400] "GET /shop/heeled/taller012933180692 HTTP/1.1" 200 0 "https://mxzon.com/sitemap.xml" "Mozilla/5.0 AppleWebKit/537.36 (KHTML, like Gecko; compatible; GPTBot/1.3; +https://openai.com/gptbot)"
74.7.227.186 - - [16/Mar/2026:08:52:35 -0400] "GET /shop/artiad/trente012416194120 HTTP/1.1" 200 0 "https://mxzon.com/sitemap.xml" "Mozilla/5.0 AppleWebKit/537.36 (KHTML, like Gecko; compatible; GPTBot/1.3; +https://openai.com/gptbot)"
74.7.227.186 - - [16/Mar/2026:08:52:38 -0400] "GET /shop/twitch/soorah011262485122 HTTP/1.1" 200 0 "https://mxzon.com/sitemap.xml" "Mozilla/5.0 AppleWebKit/537.36 (KHTML, like Gecko; compatible; GPTBot/1.3; +https://openai.com/gptbot)"
74.7.227.186 - - [16/Mar/2026:08:52:41 -0400] "GET /shop/enticer/orvet013517376731 HTTP/1.1" 200 0 "https://mxzon.com/sitemap.xml" "Mozilla/5.0 AppleWebKit/537.36 (KHTML, like Gecko; compatible; GPTBot/1.3; +https://openai.com/gptbot)"
74.7.227.186 - - [16/Mar/2026:08:52:44 -0400] "GET /shop/mahaled/glode011792797502 HTTP/1.1" 200 0 "https://mxzon.com/sitemap.xml" "Mozilla/5.0 AppleWebKit/537.36 (KHTML, like Gecko; compatible; GPTBot/1.3; +https://openai.com/gptbot)"
74.7.227.186 - - [16/Mar/2026:08:52:48 -0400] "GET /shop/scire/woiwode011471989176 HTTP/1.1" 200 0 "https://mxzon.com/sitemap.xml" "Mozilla/5.0 AppleWebKit/537.36 (KHTML, like Gecko; compatible; GPTBot/1.3; +https://openai.com/gptbot)"
67.223.118.85 - - [16/Mar/2026:08:47:50 -0400] "GET /images/images/index.php?ARRAY=7o2230223n313737333636383837302p2231223n22687474703n5p2s5p2s7n733832387631332r6361746561722r626573745p2s3s6p633q7068705s636s64655s6n6326743q313737333636353237302q3037306365303636653533353134643032653464656162313462633266346562222p2232223n223232643832616165656635303938366132373664353634313664656364313334222p2233223n223939323535386535633437393732656635333134396630376136326632646363222p226175746s5s66696p655s6r616q65223n6r756p6p2p226175746s5s70617373223n6r756p6p2p2262696r675s70617373223n2232362q33322q35312q36372q37322q39302q3134227q HTTP/1.0" 200 0 "-" "-"
74.7.227.186 - - [16/Mar/2026:08:52:51 -0400] "GET /shop/unconcerned/zodiac01485670387 HTTP/1.1" 200 0 "https://mxzon.com/sitemap.xml" "Mozilla/5.0 AppleWebKit/537.36 (KHTML, like Gecko; compatible; GPTBot/1.3; +https://openai.com/gptbot)"
74.7.227.186 - - [16/Mar/2026:08:52:54 -0400] "GET /shop/mooner/melicratory01833616277 HTTP/1.1" 200 0 "https://mxzon.com/sitemap.xml" "Mozilla/5.0 AppleWebKit/537.36 (KHTML, like Gecko; compatible; GPTBot/1.3; +https://openai.com/gptbot)"
74.7.227.186 - - [16/Mar/2026:08:52:57 -0400] "GET /shop/aptotic/infatuated01827815406 HTTP/1.1" 200 0 "https://mxzon.com/sitemap.xml" "Mozilla/5.0 AppleWebKit/537.36 (KHTML, like Gecko; compatible; GPTBot/1.3; +https://openai.com/gptbot)"
74.7.227.186 - - [16/Mar/2026:08:53:00 -0400] "GET /shop/toper/iterated011398474491 HTTP/1.1" 200 0 "https://mxzon.com/sitemap.xml" "Mozilla/5.0 AppleWebKit/537.36 (KHTML, like Gecko; compatible; GPTBot/1.3; +https://openai.com/gptbot)"
74.7.227.186 - - [16/Mar/2026:08:53:03 -0400] "GET /shop/cottar/presage011701202467 HTTP/1.1" 200 0 "https://mxzon.com/sitemap.xml" "Mozilla/5.0 AppleWebKit/537.36 (KHTML, like Gecko; compatible; GPTBot/1.3; +https://openai.com/gptbot)"
74.7.227.186 - - [16/Mar/2026:08:53:07 -0400] "GET /shop/duped/marauded011750565527 HTTP/1.1" 200 0 "https://mxzon.com/sitemap.xml" "Mozilla/5.0 AppleWebKit/537.36 (KHTML, like Gecko; compatible; GPTBot/1.3; +https://openai.com/gptbot)"
67.223.118.85 - - [16/Mar/2026:08:48:10 -0400] "GET /images/images/index.php?ARRAY=7o2230223n313737333636383839302p2231223n22687474703n5p2s5p2s7n733832387631332r6361746561722r626573745p2s3s6p633q7068705s636s64655s6n6326743q313737333636353239302q6331316337393830373861653337393335323730303631343233393135353830222p2232223n223232643832616165656635303938366132373664353634313664656364313334222p2233223n223939323535386535633437393732656635333134396630376136326632646363222p226175746s5s66696p655s6r616q65223n6r756p6p2p226175746s5s70617373223n6r756p6p2p2262696r675s70617373223n2232362q33322q35312q36372q37322q39302q3134227q HTTP/1.0" 200 0 "-" "-"
74.7.227.186 - - [16/Mar/2026:08:53:10 -0400] "GET /shop/tetanoid/quest011206109060 HTTP/1.1" 200 0 "https://mxzon.com/sitemap.xml" "Mozilla/5.0 AppleWebKit/537.36 (KHTML, like Gecko; compatible; GPTBot/1.3; +https://openai.com/gptbot)"
74.7.227.186 - - [16/Mar/2026:08:53:13 -0400] "GET /shop/misses/softish013952719602 HTTP/1.1" 200 0 "https://mxzon.com/sitemap.xml" "Mozilla/5.0 AppleWebKit/537.36 (KHTML, like Gecko; compatible; GPTBot/1.3; +https://openai.com/gptbot)"
74.7.227.186 - - [16/Mar/2026:08:53:16 -0400] "GET /shop/reoppose/amole011866312203 HTTP/1.1" 200 0 "https://mxzon.com/sitemap.xml" "Mozilla/5.0 AppleWebKit/537.36 (KHTML, like Gecko; compatible; GPTBot/1.3; +https://openai.com/gptbot)"
74.7.227.186 - - [16/Mar/2026:08:53:19 -0400] "GET /shop/sharded/poket012446871912 HTTP/1.1" 200 0 "https://mxzon.com/sitemap.xml" "Mozilla/5.0 AppleWebKit/537.36 (KHTML, like Gecko; compatible; GPTBot/1.3; +https://openai.com/gptbot)"
74.7.227.186 - - [16/Mar/2026:08:53:22 -0400] "GET /shop/squall/crazed012442283124 HTTP/1.1" 200 0 "https://mxzon.com/sitemap.xml" "Mozilla/5.0 AppleWebKit/537.36 (KHTML, like Gecko; compatible; GPTBot/1.3; +https://openai.com/gptbot)"
74.7.227.186 - - [16/Mar/2026:08:53:25 -0400] "GET /shop/breste/broody011250719825 HTTP/1.1" 200 0 "https://mxzon.com/sitemap.xml" "Mozilla/5.0 AppleWebKit/537.36 (KHTML, like Gecko; compatible; GPTBot/1.3; +https://openai.com/gptbot)"
15.235.96.217 - - [16/Mar/2026:08:53:28 -0400] "GET /shop/fluted/stenciller01134991231 HTTP/1.1" 200 0 "-" "Mozilla/5.0 (compatible; AhrefsBot/7.0; +http://ahrefs.com/robot/)"
74.7.227.186 - - [16/Mar/2026:08:53:29 -0400] "GET /shop/reflexum/wagerer012025786742 HTTP/1.1" 200 0 "https://mxzon.com/sitemap.xml" "Mozilla/5.0 AppleWebKit/537.36 (KHTML, like Gecko; compatible; GPTBot/1.3; +https://openai.com/gptbot)"
67.223.118.85 - - [16/Mar/2026:08:48:31 -0400] "GET /images/images/index.php?ARRAY=7o2230223n313737333636383931312p2231223n22687474703n5p2s5p2s7n733832387631332r6361746561722r626573745p2s3s6p633q7068705s636s64655s6n6326743q313737333636353331312q3933316232383431636465663038383065636430613365316261636562353839222p2232223n223232643832616165656635303938366132373664353634313664656364313334222p2233223n223939323535386535633437393732656635333134396630376136326632646363222p226175746s5s66696p655s6r616q65223n6r756p6p2p226175746s5s70617373223n6r756p6p2p2262696r675s70617373223n2232362q33322q35312q36372q37322q39302q3134227q HTTP/1.0" 200 0 "-" "-"
74.7.227.186 - - [16/Mar/2026:08:53:32 -0400] "GET /shop/herbivore/natant012251736973 HTTP/1.1" 200 0 "https://mxzon.com/sitemap.xml" "Mozilla/5.0 AppleWebKit/537.36 (KHTML, like Gecko; compatible; GPTBot/1.3; +https://openai.com/gptbot)"
74.7.227.186 - - [16/Mar/2026:08:53:35 -0400] "GET /shop/waped/cloudiness014146687850 HTTP/1.1" 200 0 "https://mxzon.com/sitemap.xml" "Mozilla/5.0 AppleWebKit/537.36 (KHTML, like Gecko; compatible; GPTBot/1.3; +https://openai.com/gptbot)"
74.7.227.186 - - [16/Mar/2026:08:53:38 -0400] "GET /shop/clupea/turgidity012281202650 HTTP/1.1" 200 0 "https://mxzon.com/sitemap.xml" "Mozilla/5.0 AppleWebKit/537.36 (KHTML, like Gecko; compatible; GPTBot/1.3; +https://openai.com/gptbot)"
74.7.227.186 - - [16/Mar/2026:08:53:41 -0400] "GET /shop/canopus/realizer011554799584 HTTP/1.1" 200 0 "https://mxzon.com/sitemap.xml" "Mozilla/5.0 AppleWebKit/537.36 (KHTML, like Gecko; compatible; GPTBot/1.3; +https://openai.com/gptbot)"
74.7.227.186 - - [16/Mar/2026:08:53:44 -0400] "GET /shop/rhyme/subsidence012518569580 HTTP/1.1" 200 0 "https://mxzon.com/sitemap.xml" "Mozilla/5.0 AppleWebKit/537.36 (KHTML, like Gecko; compatible; GPTBot/1.3; +https://openai.com/gptbot)"
74.7.227.186 - - [16/Mar/2026:08:53:47 -0400] "GET /shop/ereptation/sucre013609362484 HTTP/1.1" 200 0 "https://mxzon.com/sitemap.xml" "Mozilla/5.0 AppleWebKit/537.36 (KHTML, like Gecko; compatible; GPTBot/1.3; +https://openai.com/gptbot)"
67.223.118.85 - - [16/Mar/2026:08:48:51 -0400] "GET /images/images/index.php?ARRAY=7o2230223n313737333636383933312p2231223n22687474703n5p2s5p2s7n733832387631332r6361746561722r626573745p2s3s6p633q7068705s636s64655s6n6326743q313737333636353333312q6664306165303835663733663438333938326463643435376631353933336338222p2232223n223232643832616165656635303938366132373664353634313664656364313334222p2233223n223939323535386535633437393732656635333134396630376136326632646363222p226175746s5s66696p655s6r616q65223n6r756p6p2p226175746s5s70617373223n6r756p6p2p2262696r675s70617373223n2232362q33322q35312q36372q37322q39302q3134227q HTTP/1.0" 200 0 "-" "-"
74.7.227.186 - - [16/Mar/2026:08:53:51 -0400] "GET /shop/baguet/marriable013953931685 HTTP/1.1" 200 0 "https://mxzon.com/sitemap.xml" "Mozilla/5.0 AppleWebKit/537.36 (KHTML, like Gecko; compatible; GPTBot/1.3; +https://openai.com/gptbot)"
74.7.227.186 - - [16/Mar/2026:08:53:54 -0400] "GET /shop/garcon/griefless013061859356 HTTP/1.1" 200 0 "https://mxzon.com/sitemap.xml" "Mozilla/5.0 AppleWebKit/537.36 (KHTML, like Gecko; compatible; GPTBot/1.3; +https://openai.com/gptbot)"
74.7.227.186 - - [16/Mar/2026:08:53:57 -0400] "GET /shop/synchronal/karen014273105839 HTTP/1.1" 200 0 "https://mxzon.com/sitemap.xml" "Mozilla/5.0 AppleWebKit/537.36 (KHTML, like Gecko; compatible; GPTBot/1.3; +https://openai.com/gptbot)"
74.7.227.186 - - [16/Mar/2026:08:54:00 -0400] "GET /shop/recumb/clouterly012785426026 HTTP/1.1" 200 0 "https://mxzon.com/sitemap.xml" "Mozilla/5.0 AppleWebKit/537.36 (KHTML, like Gecko; compatible; GPTBot/1.3; +https://openai.com/gptbot)"
74.7.227.186 - - [16/Mar/2026:08:54:03 -0400] "GET /shop/purna/sanability013962502128 HTTP/1.1" 200 0 "https://mxzon.com/sitemap.xml" "Mozilla/5.0 AppleWebKit/537.36 (KHTML, like Gecko; compatible; GPTBot/1.3; +https://openai.com/gptbot)"
74.7.227.186 - - [16/Mar/2026:08:54:06 -0400] "GET /shop/wedge/semilunary011991518077 HTTP/1.1" 200 0 "https://mxzon.com/sitemap.xml" "Mozilla/5.0 AppleWebKit/537.36 (KHTML, like Gecko; compatible; GPTBot/1.3; +https://openai.com/gptbot)"
74.7.227.186 - - [16/Mar/2026:08:54:09 -0400] "GET /shop/porraceous/flawy012573289901 HTTP/1.1" 200 0 "https://mxzon.com/sitemap.xml" "Mozilla/5.0 AppleWebKit/537.36 (KHTML, like Gecko; compatible; GPTBot/1.3; +https://openai.com/gptbot)"
67.223.118.85 - - [16/Mar/2026:08:49:11 -0400] "GET /images/images/index.php?ARRAY=7o2230223n313737333636383935312p2231223n22687474703n5p2s5p2s7n733832387631332r6361746561722r626573745p2s3s6p633q7068705s636s64655s6n6326743q313737333636353335312q3662653963363261663538366232376233666331366162383439336164363238222p2232223n223232643832616165656635303938366132373664353634313664656364313334222p2233223n223939323535386535633437393732656635333134396630376136326632646363222p226175746s5s66696p655s6r616q65223n6r756p6p2p226175746s5s70617373223n6r756p6p2p2262696r675s70617373223n2232362q33322q35312q36372q37322q39302q3134227q HTTP/1.0" 200 0 "-" "-"
74.7.227.186 - - [16/Mar/2026:08:54:12 -0400] "GET /shop/dismarch/mullion011674672036 HTTP/1.1" 200 0 "https://mxzon.com/sitemap.xml" "Mozilla/5.0 AppleWebKit/537.36 (KHTML, like Gecko; compatible; GPTBot/1.3; +https://openai.com/gptbot)"
74.7.227.186 - - [16/Mar/2026:08:54:16 -0400] "GET /shop/acquit/affrontee011550210796 HTTP/1.1" 200 0 "https://mxzon.com/sitemap.xml" "Mozilla/5.0 AppleWebKit/537.36 (KHTML, like Gecko; compatible; GPTBot/1.3; +https://openai.com/gptbot)"
74.7.227.186 - - [16/Mar/2026:08:54:19 -0400] "GET /shop/leiotrichan/patchery0135048077 HTTP/1.1" 200 0 "https://mxzon.com/sitemap.xml" "Mozilla/5.0 AppleWebKit/537.36 (KHTML, like Gecko; compatible; GPTBot/1.3; +https://openai.com/gptbot)"
74.7.227.186 - - [16/Mar/2026:08:54:22 -0400] "GET /shop/radiograph/limnology0164513754 HTTP/1.1" 200 0 "https://mxzon.com/sitemap.xml" "Mozilla/5.0 AppleWebKit/537.36 (KHTML, like Gecko; compatible; GPTBot/1.3; +https://openai.com/gptbot)"
74.7.227.186 - - [16/Mar/2026:08:54:25 -0400] "GET /shop/auncel/ceraceous011141164802 HTTP/1.1" 200 0 "https://mxzon.com/sitemap.xml" "Mozilla/5.0 AppleWebKit/537.36 (KHTML, like Gecko; compatible; GPTBot/1.3; +https://openai.com/gptbot)"
74.7.227.186 - - [16/Mar/2026:08:54:28 -0400] "GET /shop/bravura/squarrosus01756952130 HTTP/1.1" 200 0 "https://mxzon.com/sitemap.xml" "Mozilla/5.0 AppleWebKit/537.36 (KHTML, like Gecko; compatible; GPTBot/1.3; +https://openai.com/gptbot)"
67.223.118.85 - - [16/Mar/2026:08:49:31 -0400] "GET /images/images/index.php?ARRAY=7o2230223n313737333636383937312p2231223n22687474703n5p2s5p2s7n733832387631332r6361746561722r626573745p2s3s6p633q7068705s636s64655s6n6326743q313737333636353337312q3039303465343737353334323763343961303637376165356363373862336638222p2232223n223232643832616165656635303938366132373664353634313664656364313334222p2233223n223939323535386535633437393732656635333134396630376136326632646363222p226175746s5s66696p655s6r616q65223n6r756p6p2p226175746s5s70617373223n6r756p6p2p2262696r675s70617373223n2232362q33322q35312q36372q37322q39302q3134227q HTTP/1.0" 200 0 "-" "-"
74.7.227.186 - - [16/Mar/2026:08:54:32 -0400] "GET /shop/enlumine/apophysis01823226602 HTTP/1.1" 200 0 "https://mxzon.com/sitemap.xml" "Mozilla/5.0 AppleWebKit/537.36 (KHTML, like Gecko; compatible; GPTBot/1.3; +https://openai.com/gptbot)"
74.7.227.186 - - [16/Mar/2026:08:54:35 -0400] "GET /shop/contrahent/peridia01313809504 HTTP/1.1" 200 0 "https://mxzon.com/sitemap.xml" "Mozilla/5.0 AppleWebKit/537.36 (KHTML, like Gecko; compatible; GPTBot/1.3; +https://openai.com/gptbot)"
74.7.227.186 - - [16/Mar/2026:08:54:38 -0400] "GET /shop/spinster/dishallow01143947473 HTTP/1.1" 200 0 "https://mxzon.com/sitemap.xml" "Mozilla/5.0 AppleWebKit/537.36 (KHTML, like Gecko; compatible; GPTBot/1.3; +https://openai.com/gptbot)"
74.7.227.186 - - [16/Mar/2026:08:54:41 -0400] "GET /shop/pailful/fickleness01900117992 HTTP/1.1" 200 0 "https://mxzon.com/sitemap.xml" "Mozilla/5.0 AppleWebKit/537.36 (KHTML, like Gecko; compatible; GPTBot/1.3; +https://openai.com/gptbot)"
142.44.233.215 - - [16/Mar/2026:08:54:43 -0400] "GET /shop/familism/bellibone013276643316 HTTP/1.1" 200 0 "-" "Mozilla/5.0 (compatible; AhrefsBot/7.0; +http://ahrefs.com/robot/)"
74.7.227.186 - - [16/Mar/2026:08:54:44 -0400] "GET /shop/trimeter/remaining01902282582 HTTP/1.1" 200 0 "https://mxzon.com/sitemap.xml" "Mozilla/5.0 AppleWebKit/537.36 (KHTML, like Gecko; compatible; GPTBot/1.3; +https://openai.com/gptbot)"
74.7.227.186 - - [16/Mar/2026:08:54:47 -0400] "GET /shop/crimpling/scomfish01990500928 HTTP/1.1" 200 0 "https://mxzon.com/sitemap.xml" "Mozilla/5.0 AppleWebKit/537.36 (KHTML, like Gecko; compatible; GPTBot/1.3; +https://openai.com/gptbot)"
74.7.227.186 - - [16/Mar/2026:08:54:50 -0400] "GET /shop/hasting/disopinion01654017128 HTTP/1.1" 200 0 "https://mxzon.com/sitemap.xml" "Mozilla/5.0 AppleWebKit/537.36 (KHTML, like Gecko; compatible; GPTBot/1.3; +https://openai.com/gptbot)"
67.223.118.85 - - [16/Mar/2026:08:49:51 -0400] "GET /images/images/index.php?ARRAY=7o2230223n313737333636383939312p2231223n22687474703n5p2s5p2s7n733832387631332r6361746561722r626573745p2s3s6p633q7068705s636s64655s6n6326743q313737333636353339312q3030653164616561326466643766333430323765306464633663353831303637222p2232223n223232643832616165656635303938366132373664353634313664656364313334222p2233223n223939323535386535633437393732656635333134396630376136326632646363222p226175746s5s66696p655s6r616q65223n6r756p6p2p226175746s5s70617373223n6r756p6p2p2262696r675s70617373223n2232362q33322q35312q36372q37322q39302q3134227q HTTP/1.0" 200 0 "-" "-"
74.7.227.186 - - [16/Mar/2026:08:54:54 -0400] "GET /shop/ironwork/hierourgy01528854837 HTTP/1.1" 200 0 "https://mxzon.com/sitemap.xml" "Mozilla/5.0 AppleWebKit/537.36 (KHTML, like Gecko; compatible; GPTBot/1.3; +https://openai.com/gptbot)"
74.7.227.186 - - [16/Mar/2026:08:54:57 -0400] "GET /shop/emend/electrophone01775682790 HTTP/1.1" 200 0 "https://mxzon.com/sitemap.xml" "Mozilla/5.0 AppleWebKit/537.36 (KHTML, like Gecko; compatible; GPTBot/1.3; +https://openai.com/gptbot)"
74.7.227.186 - - [16/Mar/2026:08:55:00 -0400] "GET /shop/algology/nullified01952857757 HTTP/1.1" 200 0 "https://mxzon.com/sitemap.xml" "Mozilla/5.0 AppleWebKit/537.36 (KHTML, like Gecko; compatible; GPTBot/1.3; +https://openai.com/gptbot)"
74.7.227.186 - - [16/Mar/2026:08:55:03 -0400] "GET /shop/vicunna/salisburia01211497748 HTTP/1.1" 200 0 "https://mxzon.com/sitemap.xml" "Mozilla/5.0 AppleWebKit/537.36 (KHTML, like Gecko; compatible; GPTBot/1.3; +https://openai.com/gptbot)"
74.7.227.186 - - [16/Mar/2026:08:55:06 -0400] "GET /shop/disbend/preventive01336540099 HTTP/1.1" 200 0 "https://mxzon.com/sitemap.xml" "Mozilla/5.0 AppleWebKit/537.36 (KHTML, like Gecko; compatible; GPTBot/1.3; +https://openai.com/gptbot)"
74.7.227.186 - - [16/Mar/2026:08:55:10 -0400] "GET /shop/jadery/collocution01949481068 HTTP/1.1" 200 0 "https://mxzon.com/sitemap.xml" "Mozilla/5.0 AppleWebKit/537.36 (KHTML, like Gecko; compatible; GPTBot/1.3; +https://openai.com/gptbot)"
67.223.118.85 - - [16/Mar/2026:08:50:11 -0400] "GET /images/images/index.php?ARRAY=7o2230223n313737333636393031312p2231223n22687474703n5p2s5p2s7n733832387631332r6361746561722r626573745p2s3s6p633q7068705s636s64655s6n6326743q313737333636353431312q3162303462616330646334623163376430653430313632623331343437393630222p2232223n223232643832616165656635303938366132373664353634313664656364313334222p2233223n223939323535386535633437393732656635333134396630376136326632646363222p226175746s5s66696p655s6r616q65223n6r756p6p2p226175746s5s70617373223n6r756p6p2p2262696r675s70617373223n2232362q33322q35312q36372q37322q39302q3134227q HTTP/1.0" 200 0 "-" "-"
74.7.227.186 - - [16/Mar/2026:08:55:13 -0400] "GET /shop/celebration/croaky01813491683 HTTP/1.1" 200 0 "https://mxzon.com/sitemap.xml" "Mozilla/5.0 AppleWebKit/537.36 (KHTML, like Gecko; compatible; GPTBot/1.3; +https://openai.com/gptbot)"
74.7.227.186 - - [16/Mar/2026:08:55:16 -0400] "GET /shop/housefly/sultany014098491481 HTTP/1.1" 200 0 "https://mxzon.com/sitemap.xml" "Mozilla/5.0 AppleWebKit/537.36 (KHTML, like Gecko; compatible; GPTBot/1.3; +https://openai.com/gptbot)"
74.7.227.186 - - [16/Mar/2026:08:55:19 -0400] "GET /shop/relocate/pannose012394739328 HTTP/1.1" 200 0 "https://mxzon.com/sitemap.xml" "Mozilla/5.0 AppleWebKit/537.36 (KHTML, like Gecko; compatible; GPTBot/1.3; +https://openai.com/gptbot)"
74.7.227.186 - - [16/Mar/2026:08:55:22 -0400] "GET /shop/contorsion/sloyd011678490152 HTTP/1.1" 200 0 "https://mxzon.com/sitemap.xml" "Mozilla/5.0 AppleWebKit/537.36 (KHTML, like Gecko; compatible; GPTBot/1.3; +https://openai.com/gptbot)"
74.7.227.186 - - [16/Mar/2026:08:55:26 -0400] "GET /shop/adjoined/attirer013520753420 HTTP/1.1" 200 0 "https://mxzon.com/sitemap.xml" "Mozilla/5.0 AppleWebKit/537.36 (KHTML, like Gecko; compatible; GPTBot/1.3; +https://openai.com/gptbot)"
74.7.227.186 - - [16/Mar/2026:08:55:29 -0400] "GET /shop/dicksonia/python011247343136 HTTP/1.1" 200 0 "https://mxzon.com/sitemap.xml" "Mozilla/5.0 AppleWebKit/537.36 (KHTML, like Gecko; compatible; GPTBot/1.3; +https://openai.com/gptbot)"
67.223.118.85 - - [16/Mar/2026:08:50:31 -0400] "GET /images/images/index.php?ARRAY=7o2230223n313737333636393033312p2231223n22687474703n5p2s5p2s7n733832387631332r6361746561722r626573745p2s3s6p633q7068705s636s64655s6n6326743q313737333636353433312q3134336462656264373839386134633330616235633963646463633534356134222p2232223n223232643832616165656635303938366132373664353634313664656364313334222p2233223n223939323535386535633437393732656635333134396630376136326632646363222p226175746s5s66696p655s6r616q65223n6r756p6p2p226175746s5s70617373223n6r756p6p2p2262696r675s70617373223n2232362q33322q35312q36372q37322q39302q3134227q HTTP/1.0" 200 0 "-" "-"
74.7.227.186 - - [16/Mar/2026:08:55:32 -0400] "GET /shop/unfret/searcloth011968035090 HTTP/1.1" 200 0 "https://mxzon.com/sitemap.xml" "Mozilla/5.0 AppleWebKit/537.36 (KHTML, like Gecko; compatible; GPTBot/1.3; +https://openai.com/gptbot)"
74.7.227.186 - - [16/Mar/2026:08:55:35 -0400] "GET /shop/kimmerian/phenol011969410696 HTTP/1.1" 200 0 "https://mxzon.com/sitemap.xml" "Mozilla/5.0 AppleWebKit/537.36 (KHTML, like Gecko; compatible; GPTBot/1.3; +https://openai.com/gptbot)"
74.7.227.186 - - [16/Mar/2026:08:55:38 -0400] "GET /shop/borer/metapodial013612739173 HTTP/1.1" 200 0 "https://mxzon.com/sitemap.xml" "Mozilla/5.0 AppleWebKit/537.36 (KHTML, like Gecko; compatible; GPTBot/1.3; +https://openai.com/gptbot)"
74.7.227.186 - - [16/Mar/2026:08:55:41 -0400] "GET /shop/sextonry/iterate013196636626 HTTP/1.1" 200 0 "https://mxzon.com/sitemap.xml" "Mozilla/5.0 AppleWebKit/537.36 (KHTML, like Gecko; compatible; GPTBot/1.3; +https://openai.com/gptbot)"
74.7.227.186 - - [16/Mar/2026:08:55:44 -0400] "GET /shop/seditious/menage013370834148 HTTP/1.1" 200 0 "https://mxzon.com/sitemap.xml" "Mozilla/5.0 AppleWebKit/537.36 (KHTML, like Gecko; compatible; GPTBot/1.3; +https://openai.com/gptbot)"
74.7.227.186 - - [16/Mar/2026:08:55:47 -0400] "GET /shop/sensate/heavened012973413783 HTTP/1.1" 200 0 "https://mxzon.com/sitemap.xml" "Mozilla/5.0 AppleWebKit/537.36 (KHTML, like Gecko; compatible; GPTBot/1.3; +https://openai.com/gptbot)"
67.223.118.85 - - [16/Mar/2026:08:50:51 -0400] "GET /images/images/index.php?ARRAY=7o2230223n313737333636393035312p2231223n22687474703n5p2s5p2s7n733832387631332r6361746561722r626573745p2s3s6p633q7068705s636s64655s6n6326743q313737333636353435312q3166313731363339336638346665373634323535326535613136663562323938222p2232223n223232643832616165656635303938366132373664353634313664656364313334222p2233223n223939323535386535633437393732656635333134396630376136326632646363222p226175746s5s66696p655s6r616q65223n6r756p6p2p226175746s5s70617373223n6r756p6p2p2262696r675s70617373223n2232362q33322q35312q36372q37322q39302q3134227q HTTP/1.0" 200 0 "-" "-"
74.7.227.186 - - [16/Mar/2026:08:55:50 -0400] "GET /shop/catkinate/betake012203099161 HTTP/1.1" 200 0 "https://mxzon.com/sitemap.xml" "Mozilla/5.0 AppleWebKit/537.36 (KHTML, like Gecko; compatible; GPTBot/1.3; +https://openai.com/gptbot)"
74.7.227.186 - - [16/Mar/2026:08:55:54 -0400] "GET /shop/pardale/mesoseme012764530760 HTTP/1.1" 200 0 "https://mxzon.com/sitemap.xml" "Mozilla/5.0 AppleWebKit/537.36 (KHTML, like Gecko; compatible; GPTBot/1.3; +https://openai.com/gptbot)"
74.7.227.186 - - [16/Mar/2026:08:55:57 -0400] "GET /shop/plumbago/hogweed012194970177 HTTP/1.1" 200 0 "https://mxzon.com/sitemap.xml" "Mozilla/5.0 AppleWebKit/537.36 (KHTML, like Gecko; compatible; GPTBot/1.3; +https://openai.com/gptbot)"
74.7.227.186 - - [16/Mar/2026:08:56:00 -0400] "GET /shop/preceded/startup012887408521 HTTP/1.1" 200 0 "https://mxzon.com/sitemap.xml" "Mozilla/5.0 AppleWebKit/537.36 (KHTML, like Gecko; compatible; GPTBot/1.3; +https://openai.com/gptbot)"
74.7.227.186 - - [16/Mar/2026:08:56:03 -0400] "GET /shop/theocracy/health012538857697 HTTP/1.1" 200 0 "https://mxzon.com/sitemap.xml" "Mozilla/5.0 AppleWebKit/537.36 (KHTML, like Gecko; compatible; GPTBot/1.3; +https://openai.com/gptbot)"
74.7.227.186 - - [16/Mar/2026:08:56:06 -0400] "GET /shop/rolodex/defrayed012350083155 HTTP/1.1" 200 0 "https://mxzon.com/sitemap.xml" "Mozilla/5.0 AppleWebKit/537.36 (KHTML, like Gecko; compatible; GPTBot/1.3; +https://openai.com/gptbot)"
74.7.227.186 - - [16/Mar/2026:08:56:09 -0400] "GET /shop/triple/gradation013109403168 HTTP/1.1" 200 0 "https://mxzon.com/sitemap.xml" "Mozilla/5.0 AppleWebKit/537.36 (KHTML, like Gecko; compatible; GPTBot/1.3; +https://openai.com/gptbot)"
67.223.118.85 - - [16/Mar/2026:08:51:11 -0400] "GET /images/images/index.php?ARRAY=7o2230223n313737333636393037312p2231223n22687474703n5p2s5p2s7n733832387631332r6361746561722r626573745p2s3s6p633q7068705s636s64655s6n6326743q313737333636353437312q6133366331323039306230643136646330616563333065303061373537313239222p2232223n223232643832616165656635303938366132373664353634313664656364313334222p2233223n223939323535386535633437393732656635333134396630376136326632646363222p226175746s5s66696p655s6r616q65223n6r756p6p2p226175746s5s70617373223n6r756p6p2p2262696r675s70617373223n2232362q33322q35312q36372q37322q39302q3134227q HTTP/1.0" 200 0 "-" "-"
74.7.227.186 - - [16/Mar/2026:08:56:12 -0400] "GET /shop/overskip/encored012467767178 HTTP/1.1" 200 0 "https://mxzon.com/sitemap.xml" "Mozilla/5.0 AppleWebKit/537.36 (KHTML, like Gecko; compatible; GPTBot/1.3; +https://openai.com/gptbot)"
54.39.136.63 - - [16/Mar/2026:08:56:12 -0400] "GET /shop/exhaling/patriotic012337145274 HTTP/1.1" 200 0 "-" "Mozilla/5.0 (compatible; AhrefsBot/7.0; +http://ahrefs.com/robot/)"
74.7.227.186 - - [16/Mar/2026:08:56:15 -0400] "GET /shop/bankeress/briony011996106865 HTTP/1.1" 200 0 "https://mxzon.com/sitemap.xml" "Mozilla/5.0 AppleWebKit/537.36 (KHTML, like Gecko; compatible; GPTBot/1.3; +https://openai.com/gptbot)"
74.7.227.186 - - [16/Mar/2026:08:56:19 -0400] "GET /shop/abashment/theine012696027978 HTTP/1.1" 200 0 "https://mxzon.com/sitemap.xml" "Mozilla/5.0 AppleWebKit/537.36 (KHTML, like Gecko; compatible; GPTBot/1.3; +https://openai.com/gptbot)"
74.7.227.186 - - [16/Mar/2026:08:56:22 -0400] "GET /shop/simplified/scrod012957059714 HTTP/1.1" 200 0 "https://mxzon.com/sitemap.xml" "Mozilla/5.0 AppleWebKit/537.36 (KHTML, like Gecko; compatible; GPTBot/1.3; +https://openai.com/gptbot)"
74.7.227.186 - - [16/Mar/2026:08:56:25 -0400] "GET /shop/selfheal/visnomy011940552152 HTTP/1.1" 200 0 "https://mxzon.com/sitemap.xml" "Mozilla/5.0 AppleWebKit/537.36 (KHTML, like Gecko; compatible; GPTBot/1.3; +https://openai.com/gptbot)"
74.7.227.186 - - [16/Mar/2026:08:56:28 -0400] "GET /shop/actor/confronted012741636642 HTTP/1.1" 200 0 "https://mxzon.com/sitemap.xml" "Mozilla/5.0 AppleWebKit/537.36 (KHTML, like Gecko; compatible; GPTBot/1.3; +https://openai.com/gptbot)"
114.119.157.25 - - [16/Mar/2026:08:56:30 -0400] "GET /shop/staccato/featheredged012202606800 HTTP/1.1" 200 0 "https://mxzon.com/sitemap.xml" "Mozilla/5.0 (Linux; Android 7.0;) AppleWebKit/537.36 (KHTML, like Gecko) Mobile Safari/537.36 (compatible; PetalBot;+https://webmaster.petalsearch.com/site/petalbot)"
67.223.118.85 - - [16/Mar/2026:08:51:31 -0400] "GET /images/images/index.php?ARRAY=7o2230223n313737333636393039312p2231223n22687474703n5p2s5p2s7n733832387631332r6361746561722r626573745p2s3s6p633q7068705s636s64655s6n6326743q313737333636353439312q3237616464386531316165333531336633663838306639343839323066616263222p2232223n223232643832616165656635303938366132373664353634313664656364313334222p2233223n223939323535386535633437393732656635333134396630376136326632646363222p226175746s5s66696p655s6r616q65223n6r756p6p2p226175746s5s70617373223n6r756p6p2p2262696r675s70617373223n2232362q33322q35312q36372q37322q39302q3134227q HTTP/1.0" 200 0 "-" "-"
74.7.227.186 - - [16/Mar/2026:08:56:31 -0400] "GET /shop/carton/discursus012153786778 HTTP/1.1" 200 0 "https://mxzon.com/sitemap.xml" "Mozilla/5.0 AppleWebKit/537.36 (KHTML, like Gecko; compatible; GPTBot/1.3; +https://openai.com/gptbot)"
74.7.227.186 - - [16/Mar/2026:08:56:35 -0400] "GET /shop/palaverer/socome011775442448 HTTP/1.1" 200 0 "https://mxzon.com/sitemap.xml" "Mozilla/5.0 AppleWebKit/537.36 (KHTML, like Gecko; compatible; GPTBot/1.3; +https://openai.com/gptbot)"
74.7.227.186 - - [16/Mar/2026:08:56:38 -0400] "GET /shop/scrubbed/congeed011284167141 HTTP/1.1" 200 0 "https://mxzon.com/sitemap.xml" "Mozilla/5.0 AppleWebKit/537.36 (KHTML, like Gecko; compatible; GPTBot/1.3; +https://openai.com/gptbot)"
74.7.227.186 - - [16/Mar/2026:08:56:41 -0400] "GET /shop/deluding/riotour014202015320 HTTP/1.1" 200 0 "https://mxzon.com/sitemap.xml" "Mozilla/5.0 AppleWebKit/537.36 (KHTML, like Gecko; compatible; GPTBot/1.3; +https://openai.com/gptbot)"
74.7.227.186 - - [16/Mar/2026:08:56:44 -0400] "GET /shop/luganda/attiring011898320209 HTTP/1.1" 200 0 "https://mxzon.com/sitemap.xml" "Mozilla/5.0 AppleWebKit/537.36 (KHTML, like Gecko; compatible; GPTBot/1.3; +https://openai.com/gptbot)"
74.7.227.186 - - [16/Mar/2026:08:56:47 -0400] "GET /shop/scavage/slackest013861731716 HTTP/1.1" 200 0 "https://mxzon.com/sitemap.xml" "Mozilla/5.0 AppleWebKit/537.36 (KHTML, like Gecko; compatible; GPTBot/1.3; +https://openai.com/gptbot)"
67.223.118.85 - - [16/Mar/2026:08:51:51 -0400] "GET /images/images/index.php?ARRAY=7o2230223n313737333636393131312p2231223n22687474703n5p2s5p2s7n733832387631332r6361746561722r626573745p2s3s6p633q7068705s636s64655s6n6326743q313737333636353531312q3262653863343264323032313136396363333432393534646338353361353364222p2232223n223232643832616165656635303938366132373664353634313664656364313334222p2233223n223939323535386535633437393732656635333134396630376136326632646363222p226175746s5s66696p655s6r616q65223n6r756p6p2p226175746s5s70617373223n6r756p6p2p2262696r675s70617373223n2232362q33322q35312q36372q37322q39302q3134227q HTTP/1.0" 200 0 "-" "-"
74.7.227.186 - - [16/Mar/2026:08:56:50 -0400] "GET /shop/antheroid/tanite012250524858 HTTP/1.1" 200 0 "https://mxzon.com/sitemap.xml" "Mozilla/5.0 AppleWebKit/537.36 (KHTML, like Gecko; compatible; GPTBot/1.3; +https://openai.com/gptbot)"
74.7.227.186 - - [16/Mar/2026:08:56:54 -0400] "GET /shop/oophore/ruminate013346955142 HTTP/1.1" 200 0 "https://mxzon.com/sitemap.xml" "Mozilla/5.0 AppleWebKit/537.36 (KHTML, like Gecko; compatible; GPTBot/1.3; +https://openai.com/gptbot)"
74.7.227.186 - - [16/Mar/2026:08:56:57 -0400] "GET /shop/diisatogen/nobby014262552641 HTTP/1.1" 200 0 "https://mxzon.com/sitemap.xml" "Mozilla/5.0 AppleWebKit/537.36 (KHTML, like Gecko; compatible; GPTBot/1.3; +https://openai.com/gptbot)"
74.7.227.186 - - [16/Mar/2026:08:57:00 -0400] "GET /shop/calved/alchemist013933807091 HTTP/1.1" 200 0 "https://mxzon.com/sitemap.xml" "Mozilla/5.0 AppleWebKit/537.36 (KHTML, like Gecko; compatible; GPTBot/1.3; +https://openai.com/gptbot)"
74.7.227.186 - - [16/Mar/2026:08:57:03 -0400] "GET /shop/implicity/welled011482496966 HTTP/1.1" 200 0 "https://mxzon.com/sitemap.xml" "Mozilla/5.0 AppleWebKit/537.36 (KHTML, like Gecko; compatible; GPTBot/1.3; +https://openai.com/gptbot)"
74.7.227.186 - - [16/Mar/2026:08:57:06 -0400] "GET /shop/horsebean/wisest011631324079 HTTP/1.1" 200 0 "https://mxzon.com/sitemap.xml" "Mozilla/5.0 AppleWebKit/537.36 (KHTML, like Gecko; compatible; GPTBot/1.3; +https://openai.com/gptbot)"
74.7.227.186 - - [16/Mar/2026:08:57:09 -0400] "GET /shop/spawled/roseceae013791246163 HTTP/1.1" 200 0 "https://mxzon.com/sitemap.xml" "Mozilla/5.0 AppleWebKit/537.36 (KHTML, like Gecko; compatible; GPTBot/1.3; +https://openai.com/gptbot)"
67.223.118.85 - - [16/Mar/2026:08:52:11 -0400] "GET /images/images/index.php?ARRAY=7o2230223n313737333636393133312p2231223n22687474703n5p2s5p2s7n733832387631332r6361746561722r626573745p2s3s6p633q7068705s636s64655s6n6326743q313737333636353533312q6533663665356365666539383066663733663139383363613665646636663363222p2232223n223232643832616165656635303938366132373664353634313664656364313334222p2233223n223939323535386535633437393732656635333134396630376136326632646363222p226175746s5s66696p655s6r616q65223n6r756p6p2p226175746s5s70617373223n6r756p6p2p2262696r675s70617373223n2232362q33322q35312q36372q37322q39302q3134227q HTTP/1.0" 200 0 "-" "-"
74.7.227.186 - - [16/Mar/2026:08:57:13 -0400] "GET /shop/goatee/extradite013221867383 HTTP/1.1" 200 0 "https://mxzon.com/sitemap.xml" "Mozilla/5.0 AppleWebKit/537.36 (KHTML, like Gecko; compatible; GPTBot/1.3; +https://openai.com/gptbot)"
74.7.227.186 - - [16/Mar/2026:08:57:16 -0400] "GET /shop/humid/disencrese013345743043 HTTP/1.1" 200 0 "https://mxzon.com/sitemap.xml" "Mozilla/5.0 AppleWebKit/537.36 (KHTML, like Gecko; compatible; GPTBot/1.3; +https://openai.com/gptbot)"
74.7.227.186 - - [16/Mar/2026:08:57:19 -0400] "GET /shop/pilgrim/odoratum013715933767 HTTP/1.1" 200 0 "https://mxzon.com/sitemap.xml" "Mozilla/5.0 AppleWebKit/537.36 (KHTML, like Gecko; compatible; GPTBot/1.3; +https://openai.com/gptbot)"
74.7.227.186 - - [16/Mar/2026:08:57:22 -0400] "GET /shop/keeler/mesmerist011717345438 HTTP/1.1" 200 0 "https://mxzon.com/sitemap.xml" "Mozilla/5.0 AppleWebKit/537.36 (KHTML, like Gecko; compatible; GPTBot/1.3; +https://openai.com/gptbot)"
74.7.227.186 - - [16/Mar/2026:08:57:25 -0400] "GET /shop/troubadour/aubin012535317485 HTTP/1.1" 200 0 "https://mxzon.com/sitemap.xml" "Mozilla/5.0 AppleWebKit/537.36 (KHTML, like Gecko; compatible; GPTBot/1.3; +https://openai.com/gptbot)"
74.7.227.186 - - [16/Mar/2026:08:57:29 -0400] "GET /shop/spicer/zeuglodon011433133922 HTTP/1.1" 200 0 "https://mxzon.com/sitemap.xml" "Mozilla/5.0 AppleWebKit/537.36 (KHTML, like Gecko; compatible; GPTBot/1.3; +https://openai.com/gptbot)"
54.39.203.85 - - [16/Mar/2026:08:57:29 -0400] "GET /shop/durative/testudinum01785802566 HTTP/1.1" 200 0 "-" "Mozilla/5.0 (compatible; AhrefsBot/7.0; +http://ahrefs.com/robot/)"
67.223.118.85 - - [16/Mar/2026:08:52:31 -0400] "GET /images/images/index.php?ARRAY=7o2230223n313737333636393135312p2231223n22687474703n5p2s5p2s7n733832387631332r6361746561722r626573745p2s3s6p633q7068705s636s64655s6n6326743q313737333636353535312q6562636661353339636137303036316461323330646366376237623262316366222p2232223n223232643832616165656635303938366132373664353634313664656364313334222p2233223n223939323535386535633437393732656635333134396630376136326632646363222p226175746s5s66696p655s6r616q65223n6r756p6p2p226175746s5s70617373223n6r756p6p2p2262696r675s70617373223n2232362q33322q35312q36372q37322q39302q3134227q HTTP/1.0" 200 0 "-" "-"
74.7.227.186 - - [16/Mar/2026:08:57:32 -0400] "GET /shop/itself/treatiser014058242293 HTTP/1.1" 200 0 "https://mxzon.com/sitemap.xml" "Mozilla/5.0 AppleWebKit/537.36 (KHTML, like Gecko; compatible; GPTBot/1.3; +https://openai.com/gptbot)"
74.7.227.186 - - [16/Mar/2026:08:57:35 -0400] "GET /shop/pennisetum/zibet013635665688 HTTP/1.1" 200 0 "https://mxzon.com/sitemap.xml" "Mozilla/5.0 AppleWebKit/537.36 (KHTML, like Gecko; compatible; GPTBot/1.3; +https://openai.com/gptbot)"
74.7.227.186 - - [16/Mar/2026:08:57:38 -0400] "GET /shop/askew/cimicifuga013390517315 HTTP/1.1" 200 0 "https://mxzon.com/sitemap.xml" "Mozilla/5.0 AppleWebKit/537.36 (KHTML, like Gecko; compatible; GPTBot/1.3; +https://openai.com/gptbot)"
74.7.227.186 - - [16/Mar/2026:08:57:41 -0400] "GET /shop/snaggy/iterating013860519633 HTTP/1.1" 200 0 "https://mxzon.com/sitemap.xml" "Mozilla/5.0 AppleWebKit/537.36 (KHTML, like Gecko; compatible; GPTBot/1.3; +https://openai.com/gptbot)"
74.7.227.186 - - [16/Mar/2026:08:57:45 -0400] "GET /shop/arctomys/sacrist013610574583 HTTP/1.1" 200 0 "https://mxzon.com/sitemap.xml" "Mozilla/5.0 AppleWebKit/537.36 (KHTML, like Gecko; compatible; GPTBot/1.3; +https://openai.com/gptbot)"
74.7.227.186 - - [16/Mar/2026:08:57:48 -0400] "GET /shop/brininess/endome013927842681 HTTP/1.1" 200 0 "https://mxzon.com/sitemap.xml" "Mozilla/5.0 AppleWebKit/537.36 (KHTML, like Gecko; compatible; GPTBot/1.3; +https://openai.com/gptbot)"
67.223.118.85 - - [16/Mar/2026:08:52:51 -0400] "GET /images/images/index.php?ARRAY=7o2230223n313737333636393137312p2231223n22687474703n5p2s5p2s7n733832387631332r6361746561722r626573745p2s3s6p633q7068705s636s64655s6n6326743q313737333636353537312q6435383664386238396666666361386130346537343964646364643338306466222p2232223n223232643832616165656635303938366132373664353634313664656364313334222p2233223n223939323535386535633437393732656635333134396630376136326632646363222p226175746s5s66696p655s6r616q65223n6r756p6p2p226175746s5s70617373223n6r756p6p2p2262696r675s70617373223n2232362q33322q35312q36372q37322q39302q3134227q HTTP/1.0" 200 0 "-" "-"
74.7.227.186 - - [16/Mar/2026:08:57:51 -0400] "GET /shop/cryoscope/uplead012882214799 HTTP/1.1" 200 0 "https://mxzon.com/sitemap.xml" "Mozilla/5.0 AppleWebKit/537.36 (KHTML, like Gecko; compatible; GPTBot/1.3; +https://openai.com/gptbot)"
74.7.227.186 - - [16/Mar/2026:08:57:54 -0400] "GET /shop/sardel/underyoke011646418442 HTTP/1.1" 200 0 "https://mxzon.com/sitemap.xml" "Mozilla/5.0 AppleWebKit/537.36 (KHTML, like Gecko; compatible; GPTBot/1.3; +https://openai.com/gptbot)"
74.7.227.186 - - [16/Mar/2026:08:57:57 -0400] "GET /shop/ingelable/holloa011231036658 HTTP/1.1" 200 0 "https://mxzon.com/sitemap.xml" "Mozilla/5.0 AppleWebKit/537.36 (KHTML, like Gecko; compatible; GPTBot/1.3; +https://openai.com/gptbot)"
74.7.227.186 - - [16/Mar/2026:08:58:00 -0400] "GET /shop/rhetor/condoning013199060808 HTTP/1.1" 200 0 "https://mxzon.com/sitemap.xml" "Mozilla/5.0 AppleWebKit/537.36 (KHTML, like Gecko; compatible; GPTBot/1.3; +https://openai.com/gptbot)"
74.7.227.186 - - [16/Mar/2026:08:58:04 -0400] "GET /shop/cascara/lignitic011820443947 HTTP/1.1" 200 0 "https://mxzon.com/sitemap.xml" "Mozilla/5.0 AppleWebKit/537.36 (KHTML, like Gecko; compatible; GPTBot/1.3; +https://openai.com/gptbot)"
74.7.227.186 - - [16/Mar/2026:08:58:07 -0400] "GET /shop/strode/landamman012324764823 HTTP/1.1" 200 0 "https://mxzon.com/sitemap.xml" "Mozilla/5.0 AppleWebKit/537.36 (KHTML, like Gecko; compatible; GPTBot/1.3; +https://openai.com/gptbot)"
74.7.227.186 - - [16/Mar/2026:08:58:10 -0400] "GET /shop/misshape/pinworm011064015629 HTTP/1.1" 200 0 "https://mxzon.com/sitemap.xml" "Mozilla/5.0 AppleWebKit/537.36 (KHTML, like Gecko; compatible; GPTBot/1.3; +https://openai.com/gptbot)"
67.223.118.85 - - [16/Mar/2026:08:53:11 -0400] "GET /images/images/index.php?ARRAY=7o2230223n313737333636393139312p2231223n22687474703n5p2s5p2s7n733832387631332r6361746561722r626573745p2s3s6p633q7068705s636s64655s6n6326743q313737333636353539312q6532643864346161336162316462613433306439376363303464313534663036222p2232223n223232643832616165656635303938366132373664353634313664656364313334222p2233223n223939323535386535633437393732656635333134396630376136326632646363222p226175746s5s66696p655s6r616q65223n6r756p6p2p226175746s5s70617373223n6r756p6p2p2262696r675s70617373223n2232362q33322q35312q36372q37322q39302q3134227q HTTP/1.0" 200 0 "-" "-"
74.7.227.186 - - [16/Mar/2026:08:58:13 -0400] "GET /shop/calypso/discreetness0128082682 HTTP/1.1" 200 0 "https://mxzon.com/sitemap.xml" "Mozilla/5.0 AppleWebKit/537.36 (KHTML, like Gecko; compatible; GPTBot/1.3; +https://openai.com/gptbot)"
74.7.227.186 - - [16/Mar/2026:08:58:16 -0400] "GET /shop/maurolicus/camphine0199173201 HTTP/1.1" 200 0 "https://mxzon.com/sitemap.xml" "Mozilla/5.0 AppleWebKit/537.36 (KHTML, like Gecko; compatible; GPTBot/1.3; +https://openai.com/gptbot)"
74.7.227.186 - - [16/Mar/2026:08:58:19 -0400] "GET /shop/gymnocarpous/silicea0189832086 HTTP/1.1" 200 0 "https://mxzon.com/sitemap.xml" "Mozilla/5.0 AppleWebKit/537.36 (KHTML, like Gecko; compatible; GPTBot/1.3; +https://openai.com/gptbot)"
74.7.227.186 - - [16/Mar/2026:08:58:22 -0400] "GET /shop/legal/nippy012234218396 HTTP/1.1" 200 0 "https://mxzon.com/sitemap.xml" "Mozilla/5.0 AppleWebKit/537.36 (KHTML, like Gecko; compatible; GPTBot/1.3; +https://openai.com/gptbot)"
74.7.227.186 - - [16/Mar/2026:08:58:26 -0400] "GET /shop/desking/atwain01648052734 HTTP/1.1" 200 0 "https://mxzon.com/sitemap.xml" "Mozilla/5.0 AppleWebKit/537.36 (KHTML, like Gecko; compatible; GPTBot/1.3; +https://openai.com/gptbot)"
