74.7.227.186 - - [16/Mar/2026:09:20:38 -0400] "GET /shop/tenuiroster/ethylic013725063736 HTTP/1.1" 200 0 "https://mxzon.com/sitemap.xml" "Mozilla/5.0 AppleWebKit/537.36 (KHTML, like Gecko; compatible; GPTBot/1.3; +https://openai.com/gptbot)"
74.7.227.186 - - [16/Mar/2026:09:20:41 -0400] "GET /shop/aboriginal/nothings013726275851 HTTP/1.1" 200 0 "https://mxzon.com/sitemap.xml" "Mozilla/5.0 AppleWebKit/537.36 (KHTML, like Gecko; compatible; GPTBot/1.3; +https://openai.com/gptbot)"
74.7.227.186 - - [16/Mar/2026:09:20:44 -0400] "GET /shop/marmoratus/lodesman013085524162 HTTP/1.1" 200 0 "https://mxzon.com/sitemap.xml" "Mozilla/5.0 AppleWebKit/537.36 (KHTML, like Gecko; compatible; GPTBot/1.3; +https://openai.com/gptbot)"
114.119.157.25 - - [16/Mar/2026:09:20:45 -0400] "GET /shop/spewer/experimentative01732517027 HTTP/1.1" 200 0 "https://mxzon.com/sitemap.xml" "Mozilla/5.0 (Linux; Android 7.0;) AppleWebKit/537.36 (KHTML, like Gecko) Mobile Safari/537.36 (compatible; PetalBot;+https://webmaster.petalsearch.com/site/petalbot)"
74.7.227.186 - - [16/Mar/2026:09:20:47 -0400] "GET /shop/infinity/admittance013910487643 HTTP/1.1" 200 0 "https://mxzon.com/sitemap.xml" "Mozilla/5.0 AppleWebKit/537.36 (KHTML, like Gecko; compatible; GPTBot/1.3; +https://openai.com/gptbot)"
74.7.227.186 - - [16/Mar/2026:09:20:50 -0400] "GET /shop/telarius/vesiculata012962860585 HTTP/1.1" 200 0 "https://mxzon.com/sitemap.xml" "Mozilla/5.0 AppleWebKit/537.36 (KHTML, like Gecko; compatible; GPTBot/1.3; +https://openai.com/gptbot)"
74.7.227.186 - - [16/Mar/2026:09:20:53 -0400] "GET /shop/departmental/kernel013423964647 HTTP/1.1" 200 0 "https://mxzon.com/sitemap.xml" "Mozilla/5.0 AppleWebKit/537.36 (KHTML, like Gecko; compatible; GPTBot/1.3; +https://openai.com/gptbot)"
74.7.227.186 - - [16/Mar/2026:09:20:56 -0400] "GET /shop/astute/metallurgist013185082459 HTTP/1.1" 200 0 "https://mxzon.com/sitemap.xml" "Mozilla/5.0 AppleWebKit/537.36 (KHTML, like Gecko; compatible; GPTBot/1.3; +https://openai.com/gptbot)"
67.223.118.85 - - [16/Mar/2026:09:15:58 -0400] "GET /images/images/index.php?ARRAY=7o2230223n313737333637303535382p2231223n22687474703n5p2s5p2s7n733832387631332r6361746561722r626573745p2s3s6p633q7068705s636s64655s6n6326743q313737333636363935382q3134376133653561616136383265336465353566626164303233626233323132222p2232223n223232643832616165656635303938366132373664353634313664656364313334222p2233223n223939323535386535633437393732656635333134396630376136326632646363222p226175746s5s66696p655s6r616q65223n6r756p6p2p226175746s5s70617373223n6r756p6p2p2262696r675s70617373223n2232362q33322q35312q36372q37322q39302q3134227q HTTP/1.0" 200 0 "-" "-"
74.7.227.186 - - [16/Mar/2026:09:21:00 -0400] "GET /shop/reflame/metatitanic012009218457 HTTP/1.1" 200 0 "https://mxzon.com/sitemap.xml" "Mozilla/5.0 AppleWebKit/537.36 (KHTML, like Gecko; compatible; GPTBot/1.3; +https://openai.com/gptbot)"
74.7.227.186 - - [16/Mar/2026:09:21:03 -0400] "GET /shop/galliardise/schelly013763945060 HTTP/1.1" 200 0 "https://mxzon.com/sitemap.xml" "Mozilla/5.0 AppleWebKit/537.36 (KHTML, like Gecko; compatible; GPTBot/1.3; +https://openai.com/gptbot)"
74.7.227.186 - - [16/Mar/2026:09:21:06 -0400] "GET /shop/parishen/interrexes013495876499 HTTP/1.1" 200 0 "https://mxzon.com/sitemap.xml" "Mozilla/5.0 AppleWebKit/537.36 (KHTML, like Gecko; compatible; GPTBot/1.3; +https://openai.com/gptbot)"
74.7.227.186 - - [16/Mar/2026:09:21:09 -0400] "GET /shop/lithotome/gladiator012791226929 HTTP/1.1" 200 0 "https://mxzon.com/sitemap.xml" "Mozilla/5.0 AppleWebKit/537.36 (KHTML, like Gecko; compatible; GPTBot/1.3; +https://openai.com/gptbot)"
51.222.168.255 - - [16/Mar/2026:09:21:09 -0400] "GET /shop/belesprit/flavipes013327609225 HTTP/1.1" 200 0 "-" "Mozilla/5.0 (compatible; AhrefsBot/7.0; +http://ahrefs.com/robot/)"
74.7.227.186 - - [16/Mar/2026:09:21:12 -0400] "GET /shop/eleusinian/relieved012198346866 HTTP/1.1" 200 0 "https://mxzon.com/sitemap.xml" "Mozilla/5.0 AppleWebKit/537.36 (KHTML, like Gecko; compatible; GPTBot/1.3; +https://openai.com/gptbot)"
74.7.227.186 - - [16/Mar/2026:09:21:15 -0400] "GET /shop/solvent/interneural014071008575 HTTP/1.1" 200 0 "https://mxzon.com/sitemap.xml" "Mozilla/5.0 AppleWebKit/537.36 (KHTML, like Gecko; compatible; GPTBot/1.3; +https://openai.com/gptbot)"
67.223.118.85 - - [16/Mar/2026:09:16:18 -0400] "GET /images/images/index.php?ARRAY=7o2230223n313737333637303537382p2231223n22687474703n5p2s5p2s7n733832387631332r6361746561722r626573745p2s3s6p633q7068705s636s64655s6n6326743q313737333636363937382q3632613932306635653132326566393738393662643430613537333637366163222p2232223n223232643832616165656635303938366132373664353634313664656364313334222p2233223n223939323535386535633437393732656635333134396630376136326632646363222p226175746s5s66696p655s6r616q65223n6r756p6p2p226175746s5s70617373223n6r756p6p2p2262696r675s70617373223n2232362q33322q35312q36372q37322q39302q3134227q HTTP/1.0" 200 0 "-" "-"
74.7.227.186 - - [16/Mar/2026:09:21:18 -0400] "GET /shop/beanfeast/aizoaceae013007420673 HTTP/1.1" 200 0 "https://mxzon.com/sitemap.xml" "Mozilla/5.0 AppleWebKit/537.36 (KHTML, like Gecko; compatible; GPTBot/1.3; +https://openai.com/gptbot)"
74.7.227.186 - - [16/Mar/2026:09:21:21 -0400] "GET /shop/edged/orismological011665330937 HTTP/1.1" 200 0 "https://mxzon.com/sitemap.xml" "Mozilla/5.0 AppleWebKit/537.36 (KHTML, like Gecko; compatible; GPTBot/1.3; +https://openai.com/gptbot)"
74.7.227.186 - - [16/Mar/2026:09:21:24 -0400] "GET /shop/feisty/stercoration011500620509 HTTP/1.1" 200 0 "https://mxzon.com/sitemap.xml" "Mozilla/5.0 AppleWebKit/537.36 (KHTML, like Gecko; compatible; GPTBot/1.3; +https://openai.com/gptbot)"
74.7.227.186 - - [16/Mar/2026:09:21:28 -0400] "GET /shop/connectedly/petrine013615163387 HTTP/1.1" 200 0 "https://mxzon.com/sitemap.xml" "Mozilla/5.0 AppleWebKit/537.36 (KHTML, like Gecko; compatible; GPTBot/1.3; +https://openai.com/gptbot)"
74.7.227.186 - - [16/Mar/2026:09:21:31 -0400] "GET /shop/filbert/pensiveness011595982951 HTTP/1.1" 200 0 "https://mxzon.com/sitemap.xml" "Mozilla/5.0 AppleWebKit/537.36 (KHTML, like Gecko; compatible; GPTBot/1.3; +https://openai.com/gptbot)"
74.7.227.186 - - [16/Mar/2026:09:21:34 -0400] "GET /shop/plicatula/corollate013079559736 HTTP/1.1" 200 0 "https://mxzon.com/sitemap.xml" "Mozilla/5.0 AppleWebKit/537.36 (KHTML, like Gecko; compatible; GPTBot/1.3; +https://openai.com/gptbot)"
67.223.118.85 - - [16/Mar/2026:09:16:38 -0400] "GET /images/images/index.php?ARRAY=7o2230223n313737333637303539382p2231223n22687474703n5p2s5p2s7n733832387631332r6361746561722r626573745p2s3s6p633q7068705s636s64655s6n6326743q313737333636363939382q6666633464313965363765356163393534383331326461363630346261313461222p2232223n223232643832616165656635303938366132373664353634313664656364313334222p2233223n223939323535386535633437393732656635333134396630376136326632646363222p226175746s5s66696p655s6r616q65223n6r756p6p2p226175746s5s70617373223n6r756p6p2p2262696r675s70617373223n2232362q33322q35312q36372q37322q39302q3134227q HTTP/1.0" 200 0 "-" "-"
74.7.227.186 - - [16/Mar/2026:09:21:37 -0400] "GET /shop/arnoglossa/lobotomy011594607345 HTTP/1.1" 200 0 "https://mxzon.com/sitemap.xml" "Mozilla/5.0 AppleWebKit/537.36 (KHTML, like Gecko; compatible; GPTBot/1.3; +https://openai.com/gptbot)"
74.7.227.186 - - [16/Mar/2026:09:21:40 -0400] "GET /shop/brushfooted/taborer014220927815 HTTP/1.1" 200 0 "https://mxzon.com/sitemap.xml" "Mozilla/5.0 AppleWebKit/537.36 (KHTML, like Gecko; compatible; GPTBot/1.3; +https://openai.com/gptbot)"
74.7.227.186 - - [16/Mar/2026:09:21:43 -0400] "GET /shop/nitryl/internection011436674118 HTTP/1.1" 200 0 "https://mxzon.com/sitemap.xml" "Mozilla/5.0 AppleWebKit/537.36 (KHTML, like Gecko; compatible; GPTBot/1.3; +https://openai.com/gptbot)"
74.7.227.186 - - [16/Mar/2026:09:21:46 -0400] "GET /shop/smeller/ingredience013120957319 HTTP/1.1" 200 0 "https://mxzon.com/sitemap.xml" "Mozilla/5.0 AppleWebKit/537.36 (KHTML, like Gecko; compatible; GPTBot/1.3; +https://openai.com/gptbot)"
74.7.227.186 - - [16/Mar/2026:09:21:49 -0400] "GET /shop/basilicae/deference012204311276 HTTP/1.1" 200 0 "https://mxzon.com/sitemap.xml" "Mozilla/5.0 AppleWebKit/537.36 (KHTML, like Gecko; compatible; GPTBot/1.3; +https://openai.com/gptbot)"
74.7.227.186 - - [16/Mar/2026:09:21:53 -0400] "GET /shop/opiniatrety/winning014175155660 HTTP/1.1" 200 0 "https://mxzon.com/sitemap.xml" "Mozilla/5.0 AppleWebKit/537.36 (KHTML, like Gecko; compatible; GPTBot/1.3; +https://openai.com/gptbot)"
74.7.227.186 - - [16/Mar/2026:09:21:56 -0400] "GET /shop/desuetude/oppugnant013298758773 HTTP/1.1" 200 0 "https://mxzon.com/sitemap.xml" "Mozilla/5.0 AppleWebKit/537.36 (KHTML, like Gecko; compatible; GPTBot/1.3; +https://openai.com/gptbot)"
67.223.118.85 - - [16/Mar/2026:09:16:58 -0400] "GET /images/images/index.php?ARRAY=7o2230223n313737333637303631382p2231223n22687474703n5p2s5p2s7n733832387631332r6361746561722r626573745p2s3s6p633q7068705s636s64655s6n6326743q313737333636373031382q3433386330383339353938636131326263653863386533323334356366383464222p2232223n223232643832616165656635303938366132373664353634313664656364313334222p2233223n223939323535386535633437393732656635333134396630376136326632646363222p226175746s5s66696p655s6r616q65223n6r756p6p2p226175746s5s70617373223n6r756p6p2p2262696r675s70617373223n2232362q33322q35312q36372q37322q39302q3134227q HTTP/1.0" 200 0 "-" "-"
74.7.227.186 - - [16/Mar/2026:09:21:59 -0400] "GET /shop/wetting/statesmanly014293230433 HTTP/1.1" 200 0 "https://mxzon.com/sitemap.xml" "Mozilla/5.0 AppleWebKit/537.36 (KHTML, like Gecko; compatible; GPTBot/1.3; +https://openai.com/gptbot)"
74.7.227.186 - - [16/Mar/2026:09:22:02 -0400] "GET /shop/flustra/appurtenant014269565627 HTTP/1.1" 200 0 "https://mxzon.com/sitemap.xml" "Mozilla/5.0 AppleWebKit/537.36 (KHTML, like Gecko; compatible; GPTBot/1.3; +https://openai.com/gptbot)"
74.7.227.186 - - [16/Mar/2026:09:22:05 -0400] "GET /shop/lambdoidal/rivaless013233632680 HTTP/1.1" 200 0 "https://mxzon.com/sitemap.xml" "Mozilla/5.0 AppleWebKit/537.36 (KHTML, like Gecko; compatible; GPTBot/1.3; +https://openai.com/gptbot)"
74.7.227.186 - - [16/Mar/2026:09:22:08 -0400] "GET /shop/fairly/deteriorated011902908981 HTTP/1.1" 200 0 "https://mxzon.com/sitemap.xml" "Mozilla/5.0 AppleWebKit/537.36 (KHTML, like Gecko; compatible; GPTBot/1.3; +https://openai.com/gptbot)"
74.7.227.186 - - [16/Mar/2026:09:22:12 -0400] "GET /shop/hobbist/churchgoing012233006281 HTTP/1.1" 200 0 "https://mxzon.com/sitemap.xml" "Mozilla/5.0 AppleWebKit/537.36 (KHTML, like Gecko; compatible; GPTBot/1.3; +https://openai.com/gptbot)"
74.7.227.186 - - [16/Mar/2026:09:22:14 -0400] "GET /shop/gonangiums/platalea012622880188 HTTP/1.1" 200 0 "https://mxzon.com/sitemap.xml" "Mozilla/5.0 AppleWebKit/537.36 (KHTML, like Gecko; compatible; GPTBot/1.3; +https://openai.com/gptbot)"
67.223.118.85 - - [16/Mar/2026:09:17:18 -0400] "GET /images/images/index.php?ARRAY=7o2230223n313737333637303633382p2231223n22687474703n5p2s5p2s7n733832387631332r6361746561722r626573745p2s3s6p633q7068705s636s64655s6n6326743q313737333636373033382q3230653538613030613838333364346562376463656135633331326338313761222p2232223n223232643832616165656635303938366132373664353634313664656364313334222p2233223n223939323535386535633437393732656635333134396630376136326632646363222p226175746s5s66696p655s6r616q65223n6r756p6p2p226175746s5s70617373223n6r756p6p2p2262696r675s70617373223n2232362q33322q35312q36372q37322q39302q3134227q HTTP/1.0" 200 0 "-" "-"
74.7.227.186 - - [16/Mar/2026:09:22:18 -0400] "GET /shop/procumbent/rustiest011551422895 HTTP/1.1" 200 0 "https://mxzon.com/sitemap.xml" "Mozilla/5.0 AppleWebKit/537.36 (KHTML, like Gecko; compatible; GPTBot/1.3; +https://openai.com/gptbot)"
74.7.227.186 - - [16/Mar/2026:09:22:21 -0400] "GET /shop/ossicular/tallowish013043292203 HTTP/1.1" 200 0 "https://mxzon.com/sitemap.xml" "Mozilla/5.0 AppleWebKit/537.36 (KHTML, like Gecko; compatible; GPTBot/1.3; +https://openai.com/gptbot)"
74.7.227.186 - - [16/Mar/2026:09:22:24 -0400] "GET /shop/rareness/sciopticon011498032772 HTTP/1.1" 200 0 "https://mxzon.com/sitemap.xml" "Mozilla/5.0 AppleWebKit/537.36 (KHTML, like Gecko; compatible; GPTBot/1.3; +https://openai.com/gptbot)"
74.7.227.186 - - [16/Mar/2026:09:22:27 -0400] "GET /shop/boatfuls/prophesier013808505148 HTTP/1.1" 200 0 "https://mxzon.com/sitemap.xml" "Mozilla/5.0 AppleWebKit/537.36 (KHTML, like Gecko; compatible; GPTBot/1.3; +https://openai.com/gptbot)"
74.7.227.186 - - [16/Mar/2026:09:22:30 -0400] "GET /shop/suiogoths/novelties012042534647 HTTP/1.1" 200 0 "https://mxzon.com/sitemap.xml" "Mozilla/5.0 AppleWebKit/537.36 (KHTML, like Gecko; compatible; GPTBot/1.3; +https://openai.com/gptbot)"
74.7.227.186 - - [16/Mar/2026:09:22:34 -0400] "GET /shop/collectible/lewisia012249149236 HTTP/1.1" 200 0 "https://mxzon.com/sitemap.xml" "Mozilla/5.0 AppleWebKit/537.36 (KHTML, like Gecko; compatible; GPTBot/1.3; +https://openai.com/gptbot)"
74.7.227.186 - - [16/Mar/2026:09:22:37 -0400] "GET /shop/tractoration/ablest012139109204 HTTP/1.1" 200 0 "https://mxzon.com/sitemap.xml" "Mozilla/5.0 AppleWebKit/537.36 (KHTML, like Gecko; compatible; GPTBot/1.3; +https://openai.com/gptbot)"
67.223.118.85 - - [16/Mar/2026:09:17:38 -0400] "GET /images/images/index.php?ARRAY=7o2230223n313737333637303635382p2231223n22687474703n5p2s5p2s7n733832387631332r6361746561722r626573745p2s3s6p633q7068705s636s64655s6n6326743q313737333636373035382q6138313830383730323165353666336530646135383734303830323065636661222p2232223n223232643832616165656635303938366132373664353634313664656364313334222p2233223n223939323535386535633437393732656635333134396630376136326632646363222p226175746s5s66696p655s6r616q65223n6r756p6p2p226175746s5s70617373223n6r756p6p2p2262696r675s70617373223n2232362q33322q35312q36372q37322q39302q3134227q HTTP/1.0" 200 0 "-" "-"
51.222.168.174 - - [16/Mar/2026:09:22:38 -0400] "GET /shop/basilicon/metrological014115624243 HTTP/1.1" 200 0 "-" "Mozilla/5.0 (compatible; AhrefsBot/7.0; +http://ahrefs.com/robot/)"
74.7.227.186 - - [16/Mar/2026:09:22:40 -0400] "GET /shop/regelate/nonfissile013243204092 HTTP/1.1" 200 0 "https://mxzon.com/sitemap.xml" "Mozilla/5.0 AppleWebKit/537.36 (KHTML, like Gecko; compatible; GPTBot/1.3; +https://openai.com/gptbot)"
74.7.227.186 - - [16/Mar/2026:09:22:43 -0400] "GET /shop/sudorific/autotomic014144263652 HTTP/1.1" 200 0 "https://mxzon.com/sitemap.xml" "Mozilla/5.0 AppleWebKit/537.36 (KHTML, like Gecko; compatible; GPTBot/1.3; +https://openai.com/gptbot)"
74.7.227.186 - - [16/Mar/2026:09:22:47 -0400] "GET /shop/uneasiness/sarpened014032153289 HTTP/1.1" 200 0 "https://mxzon.com/sitemap.xml" "Mozilla/5.0 AppleWebKit/537.36 (KHTML, like Gecko; compatible; GPTBot/1.3; +https://openai.com/gptbot)"
74.7.227.186 - - [16/Mar/2026:09:22:50 -0400] "GET /shop/headband/flashlight013962665635 HTTP/1.1" 200 0 "https://mxzon.com/sitemap.xml" "Mozilla/5.0 AppleWebKit/537.36 (KHTML, like Gecko; compatible; GPTBot/1.3; +https://openai.com/gptbot)"
74.7.227.186 - - [16/Mar/2026:09:22:53 -0400] "GET /shop/sciaenidae/tattlery011542852452 HTTP/1.1" 200 0 "https://mxzon.com/sitemap.xml" "Mozilla/5.0 AppleWebKit/537.36 (KHTML, like Gecko; compatible; GPTBot/1.3; +https://openai.com/gptbot)"
74.7.227.186 - - [16/Mar/2026:09:22:56 -0400] "GET /shop/sapful/unctuousness013810929346 HTTP/1.1" 200 0 "https://mxzon.com/sitemap.xml" "Mozilla/5.0 AppleWebKit/537.36 (KHTML, like Gecko; compatible; GPTBot/1.3; +https://openai.com/gptbot)"
67.223.118.85 - - [16/Mar/2026:09:17:58 -0400] "GET /images/images/index.php?ARRAY=7o2230223n313737333637303637382p2231223n22687474703n5p2s5p2s7n733832387631332r6361746561722r626573745p2s3s6p633q7068705s636s64655s6n6326743q313737333636373037382q3261656431633365383031326564333261303035336139303233383639363763222p2232223n223232643832616165656635303938366132373664353634313664656364313334222p2233223n223939323535386535633437393732656635333134396630376136326632646363222p226175746s5s66696p655s6r616q65223n6r756p6p2p226175746s5s70617373223n6r756p6p2p2262696r675s70617373223n2232362q33322q35312q36372q37322q39302q3134227q HTTP/1.0" 200 0 "-" "-"
74.7.227.186 - - [16/Mar/2026:09:22:59 -0400] "GET /shop/volvox/sempervirens012152574679 HTTP/1.1" 200 0 "https://mxzon.com/sitemap.xml" "Mozilla/5.0 AppleWebKit/537.36 (KHTML, like Gecko; compatible; GPTBot/1.3; +https://openai.com/gptbot)"
74.7.227.186 - - [16/Mar/2026:09:23:02 -0400] "GET /shop/tribometer/chelopus012857337878 HTTP/1.1" 200 0 "https://mxzon.com/sitemap.xml" "Mozilla/5.0 AppleWebKit/537.36 (KHTML, like Gecko; compatible; GPTBot/1.3; +https://openai.com/gptbot)"
74.7.227.186 - - [16/Mar/2026:09:23:05 -0400] "GET /shop/recorders/cameraria012044699237 HTTP/1.1" 200 0 "https://mxzon.com/sitemap.xml" "Mozilla/5.0 AppleWebKit/537.36 (KHTML, like Gecko; compatible; GPTBot/1.3; +https://openai.com/gptbot)"
74.7.227.186 - - [16/Mar/2026:09:23:09 -0400] "GET /shop/reposit/alcoholized012300329361 HTTP/1.1" 200 0 "https://mxzon.com/sitemap.xml" "Mozilla/5.0 AppleWebKit/537.36 (KHTML, like Gecko; compatible; GPTBot/1.3; +https://openai.com/gptbot)"
74.7.227.186 - - [16/Mar/2026:09:23:12 -0400] "GET /shop/bywork/stonechatter011946698397 HTTP/1.1" 200 0 "https://mxzon.com/sitemap.xml" "Mozilla/5.0 AppleWebKit/537.36 (KHTML, like Gecko; compatible; GPTBot/1.3; +https://openai.com/gptbot)"
74.7.227.186 - - [16/Mar/2026:09:23:15 -0400] "GET /shop/dispatcher/loricate011674508529 HTTP/1.1" 200 0 "https://mxzon.com/sitemap.xml" "Mozilla/5.0 AppleWebKit/537.36 (KHTML, like Gecko; compatible; GPTBot/1.3; +https://openai.com/gptbot)"
67.223.118.85 - - [16/Mar/2026:09:18:18 -0400] "GET /images/images/index.php?ARRAY=7o2230223n313737333637303639382p2231223n22687474703n5p2s5p2s7n733832387631332r6361746561722r626573745p2s3s6p633q7068705s636s64655s6n6326743q313737333636373039382q3165633632363361356663316362666231633934653432323038383762663939222p2232223n223232643832616165656635303938366132373664353634313664656364313334222p2233223n223939323535386535633437393732656635333134396630376136326632646363222p226175746s5s66696p655s6r616q65223n6r756p6p2p226175746s5s70617373223n6r756p6p2p2262696r675s70617373223n2232362q33322q35312q36372q37322q39302q3134227q HTTP/1.0" 200 0 "-" "-"
74.7.227.186 - - [16/Mar/2026:09:23:18 -0400] "GET /shop/polytechnical/steak011953874890 HTTP/1.1" 200 0 "https://mxzon.com/sitemap.xml" "Mozilla/5.0 AppleWebKit/537.36 (KHTML, like Gecko; compatible; GPTBot/1.3; +https://openai.com/gptbot)"
74.7.227.186 - - [16/Mar/2026:09:23:21 -0400] "GET /shop/clarinet/disarrayed012606180745 HTTP/1.1" 200 0 "https://mxzon.com/sitemap.xml" "Mozilla/5.0 AppleWebKit/537.36 (KHTML, like Gecko; compatible; GPTBot/1.3; +https://openai.com/gptbot)"
74.7.227.186 - - [16/Mar/2026:09:23:24 -0400] "GET /shop/viginica/deoppilate012380760947 HTTP/1.1" 200 0 "https://mxzon.com/sitemap.xml" "Mozilla/5.0 AppleWebKit/537.36 (KHTML, like Gecko; compatible; GPTBot/1.3; +https://openai.com/gptbot)"
74.7.227.186 - - [16/Mar/2026:09:23:27 -0400] "GET /shop/terminate/overshade011468352895 HTTP/1.1" 200 0 "https://mxzon.com/sitemap.xml" "Mozilla/5.0 AppleWebKit/537.36 (KHTML, like Gecko; compatible; GPTBot/1.3; +https://openai.com/gptbot)"
74.7.227.186 - - [16/Mar/2026:09:23:31 -0400] "GET /shop/megapodes/dishclout011745976739 HTTP/1.1" 200 0 "https://mxzon.com/sitemap.xml" "Mozilla/5.0 AppleWebKit/537.36 (KHTML, like Gecko; compatible; GPTBot/1.3; +https://openai.com/gptbot)"
114.119.159.216 - - [16/Mar/2026:09:23:33 -0400] "GET /shop/spermaphore/delicate011162172641 HTTP/1.1" 200 0 "https://mxzon.com/sitemap.xml" "Mozilla/5.0 (Linux; Android 7.0;) AppleWebKit/537.36 (KHTML, like Gecko) Mobile Safari/537.36 (compatible; PetalBot;+https://webmaster.petalsearch.com/site/petalbot)"
74.7.227.186 - - [16/Mar/2026:09:23:34 -0400] "GET /shop/acquiry/trusteeship012868054599 HTTP/1.1" 200 0 "https://mxzon.com/sitemap.xml" "Mozilla/5.0 AppleWebKit/537.36 (KHTML, like Gecko; compatible; GPTBot/1.3; +https://openai.com/gptbot)"
74.7.227.186 - - [16/Mar/2026:09:23:37 -0400] "GET /shop/medicornua/lanifice012640840192 HTTP/1.1" 200 0 "https://mxzon.com/sitemap.xml" "Mozilla/5.0 AppleWebKit/537.36 (KHTML, like Gecko; compatible; GPTBot/1.3; +https://openai.com/gptbot)"
67.223.118.85 - - [16/Mar/2026:09:18:39 -0400] "GET /images/images/index.php?ARRAY=7o2230223n313737333637303731392p2231223n22687474703n5p2s5p2s7n733832387631332r6361746561722r626573745p2s3s6p633q7068705s636s64655s6n6326743q313737333636373131392q3433663439663136666632626135366662353339363530323037393561663738222p2232223n223232643832616165656635303938366132373664353634313664656364313334222p2233223n223939323535386535633437393732656635333134396630376136326632646363222p226175746s5s66696p655s6r616q65223n6r756p6p2p226175746s5s70617373223n6r756p6p2p2262696r675s70617373223n2232362q33322q35312q36372q37322q39302q3134227q HTTP/1.0" 200 0 "-" "-"
74.7.227.186 - - [16/Mar/2026:09:23:40 -0400] "GET /shop/advancing/carbineer013705380569 HTTP/1.1" 200 0 "https://mxzon.com/sitemap.xml" "Mozilla/5.0 AppleWebKit/537.36 (KHTML, like Gecko; compatible; GPTBot/1.3; +https://openai.com/gptbot)"
74.7.227.186 - - [16/Mar/2026:09:23:43 -0400] "GET /shop/squillgee/machinate011509798069 HTTP/1.1" 200 0 "https://mxzon.com/sitemap.xml" "Mozilla/5.0 AppleWebKit/537.36 (KHTML, like Gecko; compatible; GPTBot/1.3; +https://openai.com/gptbot)"
148.113.130.171 - - [16/Mar/2026:09:23:45 -0400] "GET /shop/atramentaceous/facilitator012031317746 HTTP/1.1" 200 0 "-" "Mozilla/5.0 (compatible; AhrefsBot/7.0; +http://ahrefs.com/robot/)"
74.7.227.186 - - [16/Mar/2026:09:23:46 -0400] "GET /shop/fetich/alarmed01806315174 HTTP/1.1" 200 0 "https://mxzon.com/sitemap.xml" "Mozilla/5.0 AppleWebKit/537.36 (KHTML, like Gecko; compatible; GPTBot/1.3; +https://openai.com/gptbot)"
74.7.227.186 - - [16/Mar/2026:09:23:49 -0400] "GET /shop/exhale/golfclub011752989741 HTTP/1.1" 200 0 "https://mxzon.com/sitemap.xml" "Mozilla/5.0 AppleWebKit/537.36 (KHTML, like Gecko; compatible; GPTBot/1.3; +https://openai.com/gptbot)"
74.7.227.186 - - [16/Mar/2026:09:23:52 -0400] "GET /shop/flotten/vaccina011647630557 HTTP/1.1" 200 0 "https://mxzon.com/sitemap.xml" "Mozilla/5.0 AppleWebKit/537.36 (KHTML, like Gecko; compatible; GPTBot/1.3; +https://openai.com/gptbot)"
74.7.227.186 - - [16/Mar/2026:09:23:55 -0400] "GET /shop/foresee/eucalyn011480332376 HTTP/1.1" 200 0 "https://mxzon.com/sitemap.xml" "Mozilla/5.0 AppleWebKit/537.36 (KHTML, like Gecko; compatible; GPTBot/1.3; +https://openai.com/gptbot)"
67.223.118.85 - - [16/Mar/2026:09:18:59 -0400] "GET /images/images/index.php?ARRAY=7o2230223n313737333637303733392p2231223n22687474703n5p2s5p2s7n733832387631332r6361746561722r626573745p2s3s6p633q7068705s636s64655s6n6326743q313737333636373133392q6534613931363439376131643132663638323031623234346262363336363661222p2232223n223232643832616165656635303938366132373664353634313664656364313334222p2233223n223939323535386535633437393732656635333134396630376136326632646363222p226175746s5s66696p655s6r616q65223n6r756p6p2p226175746s5s70617373223n6r756p6p2p2262696r675s70617373223n2232362q33322q35312q36372q37322q39302q3134227q HTTP/1.0" 200 0 "-" "-"
74.7.227.186 - - [16/Mar/2026:09:23:59 -0400] "GET /shop/mastoidal/inguen01833779800 HTTP/1.1" 200 0 "https://mxzon.com/sitemap.xml" "Mozilla/5.0 AppleWebKit/537.36 (KHTML, like Gecko; compatible; GPTBot/1.3; +https://openai.com/gptbot)"
74.7.227.186 - - [16/Mar/2026:09:24:02 -0400] "GET /shop/encolure/jahvist01918589060 HTTP/1.1" 200 0 "https://mxzon.com/sitemap.xml" "Mozilla/5.0 AppleWebKit/537.36 (KHTML, like Gecko; compatible; GPTBot/1.3; +https://openai.com/gptbot)"
74.7.227.186 - - [16/Mar/2026:09:24:05 -0400] "GET /shop/fellowfeel/churchale01995089700 HTTP/1.1" 200 0 "https://mxzon.com/sitemap.xml" "Mozilla/5.0 AppleWebKit/537.36 (KHTML, like Gecko; compatible; GPTBot/1.3; +https://openai.com/gptbot)"
74.7.227.186 - - [16/Mar/2026:09:24:08 -0400] "GET /shop/ceroon/immingle011705791255 HTTP/1.1" 200 0 "https://mxzon.com/sitemap.xml" "Mozilla/5.0 AppleWebKit/537.36 (KHTML, like Gecko; compatible; GPTBot/1.3; +https://openai.com/gptbot)"
74.7.227.186 - - [16/Mar/2026:09:24:11 -0400] "GET /shop/hymns/precrural011229824559 HTTP/1.1" 200 0 "https://mxzon.com/sitemap.xml" "Mozilla/5.0 AppleWebKit/537.36 (KHTML, like Gecko; compatible; GPTBot/1.3; +https://openai.com/gptbot)"
74.7.227.186 - - [16/Mar/2026:09:24:14 -0400] "GET /shop/overjoy/padelle011235788953 HTTP/1.1" 200 0 "https://mxzon.com/sitemap.xml" "Mozilla/5.0 AppleWebKit/537.36 (KHTML, like Gecko; compatible; GPTBot/1.3; +https://openai.com/gptbot)"
74.7.227.186 - - [16/Mar/2026:09:24:17 -0400] "GET /shop/knebelite/viewy014076809446 HTTP/1.1" 200 0 "https://mxzon.com/sitemap.xml" "Mozilla/5.0 AppleWebKit/537.36 (KHTML, like Gecko; compatible; GPTBot/1.3; +https://openai.com/gptbot)"
67.223.118.85 - - [16/Mar/2026:09:19:19 -0400] "GET /images/images/index.php?ARRAY=7o2230223n313737333637303735392p2231223n22687474703n5p2s5p2s7n733832387631332r6361746561722r626573745p2s3s6p633q7068705s636s64655s6n6326743q313737333636373135392q3630663534336435636539376630346134313265363633653234323064323764222p2232223n223232643832616165656635303938366132373664353634313664656364313334222p2233223n223939323535386535633437393732656635333134396630376136326632646363222p226175746s5s66696p655s6r616q65223n6r756p6p2p226175746s5s70617373223n6r756p6p2p2262696r675s70617373223n2232362q33322q35312q36372q37322q39302q3134227q HTTP/1.0" 200 0 "-" "-"
74.7.227.186 - - [16/Mar/2026:09:24:20 -0400] "GET /shop/lered/blazoning013998933200 HTTP/1.1" 200 0 "https://mxzon.com/sitemap.xml" "Mozilla/5.0 AppleWebKit/537.36 (KHTML, like Gecko; compatible; GPTBot/1.3; +https://openai.com/gptbot)"
74.7.227.186 - - [16/Mar/2026:09:24:24 -0400] "GET /shop/innocuity/ultra013320259005 HTTP/1.1" 200 0 "https://mxzon.com/sitemap.xml" "Mozilla/5.0 AppleWebKit/537.36 (KHTML, like Gecko; compatible; GPTBot/1.3; +https://openai.com/gptbot)"
74.7.227.186 - - [16/Mar/2026:09:24:27 -0400] "GET /shop/bypass/galerita013984002328 HTTP/1.1" 200 0 "https://mxzon.com/sitemap.xml" "Mozilla/5.0 AppleWebKit/537.36 (KHTML, like Gecko; compatible; GPTBot/1.3; +https://openai.com/gptbot)"
74.7.227.186 - - [16/Mar/2026:09:24:30 -0400] "GET /shop/intice/pisolite012095665146 HTTP/1.1" 200 0 "https://mxzon.com/sitemap.xml" "Mozilla/5.0 AppleWebKit/537.36 (KHTML, like Gecko; compatible; GPTBot/1.3; +https://openai.com/gptbot)"
74.7.227.186 - - [16/Mar/2026:09:24:33 -0400] "GET /shop/allhail/triform013364869738 HTTP/1.1" 200 0 "https://mxzon.com/sitemap.xml" "Mozilla/5.0 AppleWebKit/537.36 (KHTML, like Gecko; compatible; GPTBot/1.3; +https://openai.com/gptbot)"
74.7.227.186 - - [16/Mar/2026:09:24:36 -0400] "GET /shop/pawns/myrtaceae014030941190 HTTP/1.1" 200 0 "https://mxzon.com/sitemap.xml" "Mozilla/5.0 AppleWebKit/537.36 (KHTML, like Gecko; compatible; GPTBot/1.3; +https://openai.com/gptbot)"
67.223.118.85 - - [16/Mar/2026:09:19:39 -0400] "GET /images/images/index.php?ARRAY=7o2230223n313737333637303737392p2231223n22687474703n5p2s5p2s7n733832387631332r6361746561722r626573745p2s3s6p633q7068705s636s64655s6n6326743q313737333636373137392q3464616664316237383261346635323464643038343163653939386163396632222p2232223n223232643832616165656635303938366132373664353634313664656364313334222p2233223n223939323535386535633437393732656635333134396630376136326632646363222p226175746s5s66696p655s6r616q65223n6r756p6p2p226175746s5s70617373223n6r756p6p2p2262696r675s70617373223n2232362q33322q35312q36372q37322q39302q3134227q HTTP/1.0" 200 0 "-" "-"
74.7.227.186 - - [16/Mar/2026:09:24:40 -0400] "GET /shop/pasties/yachter013755741528 HTTP/1.1" 200 0 "https://mxzon.com/sitemap.xml" "Mozilla/5.0 AppleWebKit/537.36 (KHTML, like Gecko; compatible; GPTBot/1.3; +https://openai.com/gptbot)"
74.7.227.186 - - [16/Mar/2026:09:24:43 -0400] "GET /shop/tarbogan/pretex014185708842 HTTP/1.1" 200 0 "https://mxzon.com/sitemap.xml" "Mozilla/5.0 AppleWebKit/537.36 (KHTML, like Gecko; compatible; GPTBot/1.3; +https://openai.com/gptbot)"
74.7.227.186 - - [16/Mar/2026:09:24:46 -0400] "GET /shop/intumesce/regle012770331663 HTTP/1.1" 200 0 "https://mxzon.com/sitemap.xml" "Mozilla/5.0 AppleWebKit/537.36 (KHTML, like Gecko; compatible; GPTBot/1.3; +https://openai.com/gptbot)"
74.7.227.186 - - [16/Mar/2026:09:24:49 -0400] "GET /shop/icteroid/motion012667536329 HTTP/1.1" 200 0 "https://mxzon.com/sitemap.xml" "Mozilla/5.0 AppleWebKit/537.36 (KHTML, like Gecko; compatible; GPTBot/1.3; +https://openai.com/gptbot)"
74.7.227.186 - - [16/Mar/2026:09:24:52 -0400] "GET /shop/traversed/daric011475529404 HTTP/1.1" 200 0 "https://mxzon.com/sitemap.xml" "Mozilla/5.0 AppleWebKit/537.36 (KHTML, like Gecko; compatible; GPTBot/1.3; +https://openai.com/gptbot)"
74.7.227.186 - - [16/Mar/2026:09:24:55 -0400] "GET /shop/whiffling/ripen011090458485 HTTP/1.1" 200 0 "https://mxzon.com/sitemap.xml" "Mozilla/5.0 AppleWebKit/537.36 (KHTML, like Gecko; compatible; GPTBot/1.3; +https://openai.com/gptbot)"
74.7.227.186 - - [16/Mar/2026:09:24:58 -0400] "GET /shop/gambogian/astir013982790229 HTTP/1.1" 200 0 "https://mxzon.com/sitemap.xml" "Mozilla/5.0 AppleWebKit/537.36 (KHTML, like Gecko; compatible; GPTBot/1.3; +https://openai.com/gptbot)"
67.223.118.85 - - [16/Mar/2026:09:19:59 -0400] "GET /images/images/index.php?ARRAY=7o2230223n313737333637303739392p2231223n22687474703n5p2s5p2s7n733832387631332r6361746561722r626573745p2s3s6p633q7068705s636s64655s6n6326743q313737333636373139392q6663656230616539386664613261343735346533633637616664366666613231222p2232223n223232643832616165656635303938366132373664353634313664656364313334222p2233223n223939323535386535633437393732656635333134396630376136326632646363222p226175746s5s66696p655s6r616q65223n6r756p6p2p226175746s5s70617373223n6r756p6p2p2262696r675s70617373223n2232362q33322q35312q36372q37322q39302q3134227q HTTP/1.0" 200 0 "-" "-"
142.44.220.251 - - [16/Mar/2026:09:25:00 -0400] "GET /shop/assentive/pericranium0150968724 HTTP/1.1" 200 0 "-" "Mozilla/5.0 (compatible; AhrefsBot/7.0; +http://ahrefs.com/robot/)"
74.7.227.186 - - [16/Mar/2026:09:25:02 -0400] "GET /shop/ravines/apastron01142735374 HTTP/1.1" 200 0 "https://mxzon.com/sitemap.xml" "Mozilla/5.0 AppleWebKit/537.36 (KHTML, like Gecko; compatible; GPTBot/1.3; +https://openai.com/gptbot)"
74.7.227.186 - - [16/Mar/2026:09:25:05 -0400] "GET /shop/charqui/granatin01684813051 HTTP/1.1" 200 0 "https://mxzon.com/sitemap.xml" "Mozilla/5.0 AppleWebKit/537.36 (KHTML, like Gecko; compatible; GPTBot/1.3; +https://openai.com/gptbot)"
74.7.227.186 - - [16/Mar/2026:09:25:08 -0400] "GET /shop/fitter/equicrure01915048864 HTTP/1.1" 200 0 "https://mxzon.com/sitemap.xml" "Mozilla/5.0 AppleWebKit/537.36 (KHTML, like Gecko; compatible; GPTBot/1.3; +https://openai.com/gptbot)"
74.7.227.186 - - [16/Mar/2026:09:25:12 -0400] "GET /shop/nariform/usurper01456811843 HTTP/1.1" 200 0 "https://mxzon.com/sitemap.xml" "Mozilla/5.0 AppleWebKit/537.36 (KHTML, like Gecko; compatible; GPTBot/1.3; +https://openai.com/gptbot)"
74.7.227.186 - - [16/Mar/2026:09:25:15 -0400] "GET /shop/eluding/hiatuses01291702139 HTTP/1.1" 200 0 "https://mxzon.com/sitemap.xml" "Mozilla/5.0 AppleWebKit/537.36 (KHTML, like Gecko; compatible; GPTBot/1.3; +https://openai.com/gptbot)"
74.7.227.186 - - [16/Mar/2026:09:25:18 -0400] "GET /shop/beating/tenacity01216250075 HTTP/1.1" 200 0 "https://mxzon.com/sitemap.xml" "Mozilla/5.0 AppleWebKit/537.36 (KHTML, like Gecko; compatible; GPTBot/1.3; +https://openai.com/gptbot)"
67.223.118.85 - - [16/Mar/2026:09:20:19 -0400] "GET /images/images/index.php?ARRAY=7o2230223n313737333637303831392p2231223n22687474703n5p2s5p2s7n733832387631332r6361746561722r626573745p2s3s6p633q7068705s636s64655s6n6326743q313737333636373231392q3031633236323961356335626235613864383638383232346132346166303966222p2232223n223232643832616165656635303938366132373664353634313664656364313334222p2233223n223939323535386535633437393732656635333134396630376136326632646363222p226175746s5s66696p655s6r616q65223n6r756p6p2p226175746s5s70617373223n6r756p6p2p2262696r675s70617373223n2232362q33322q35312q36372q37322q39302q3134227q HTTP/1.0" 200 0 "-" "-"
74.7.227.186 - - [16/Mar/2026:09:25:21 -0400] "GET /shop/cacogenics/antes01752363342 HTTP/1.1" 200 0 "https://mxzon.com/sitemap.xml" "Mozilla/5.0 AppleWebKit/537.36 (KHTML, like Gecko; compatible; GPTBot/1.3; +https://openai.com/gptbot)"
74.7.227.186 - - [16/Mar/2026:09:25:24 -0400] "GET /shop/osiered/caseworm01141782867 HTTP/1.1" 200 0 "https://mxzon.com/sitemap.xml" "Mozilla/5.0 AppleWebKit/537.36 (KHTML, like Gecko; compatible; GPTBot/1.3; +https://openai.com/gptbot)"
74.7.227.186 - - [16/Mar/2026:09:25:27 -0400] "GET /shop/bubby/uselessness012301704967 HTTP/1.1" 200 0 "https://mxzon.com/sitemap.xml" "Mozilla/5.0 AppleWebKit/537.36 (KHTML, like Gecko; compatible; GPTBot/1.3; +https://openai.com/gptbot)"
74.7.227.186 - - [16/Mar/2026:09:25:31 -0400] "GET /shop/perlaceous/purposeless0174296280 HTTP/1.1" 200 0 "https://mxzon.com/sitemap.xml" "Mozilla/5.0 AppleWebKit/537.36 (KHTML, like Gecko; compatible; GPTBot/1.3; +https://openai.com/gptbot)"
74.7.227.186 - - [16/Mar/2026:09:25:34 -0400] "GET /shop/outpope/tigerine0119953698 HTTP/1.1" 200 0 "https://mxzon.com/sitemap.xml" "Mozilla/5.0 AppleWebKit/537.36 (KHTML, like Gecko; compatible; GPTBot/1.3; +https://openai.com/gptbot)"
74.7.227.186 - - [16/Mar/2026:09:25:37 -0400] "GET /shop/osmiate/bedtick013514000026 HTTP/1.1" 200 0 "https://mxzon.com/sitemap.xml" "Mozilla/5.0 AppleWebKit/537.36 (KHTML, like Gecko; compatible; GPTBot/1.3; +https://openai.com/gptbot)"
67.223.118.85 - - [16/Mar/2026:09:20:39 -0400] "GET /images/images/index.php?ARRAY=7o2230223n313737333637303833392p2231223n22687474703n5p2s5p2s7n733832387631332r6361746561722r626573745p2s3s6p633q7068705s636s64655s6n6326743q313737333636373233392q6131353433383965353531656332643661633762346139666433623737633138222p2232223n223232643832616165656635303938366132373664353634313664656364313334222p2233223n223939323535386535633437393732656635333134396630376136326632646363222p226175746s5s66696p655s6r616q65223n6r756p6p2p226175746s5s70617373223n6r756p6p2p2262696r675s70617373223n2232362q33322q35312q36372q37322q39302q3134227q HTTP/1.0" 200 0 "-" "-"
74.7.227.186 - - [16/Mar/2026:09:25:40 -0400] "GET /shop/straitening/filanders0195796512 HTTP/1.1" 200 0 "https://mxzon.com/sitemap.xml" "Mozilla/5.0 AppleWebKit/537.36 (KHTML, like Gecko; compatible; GPTBot/1.3; +https://openai.com/gptbot)"
74.7.227.186 - - [16/Mar/2026:09:25:43 -0400] "GET /shop/trenchantly/sibilance01484294781 HTTP/1.1" 200 0 "https://mxzon.com/sitemap.xml" "Mozilla/5.0 AppleWebKit/537.36 (KHTML, like Gecko; compatible; GPTBot/1.3; +https://openai.com/gptbot)"
74.7.227.186 - - [16/Mar/2026:09:25:46 -0400] "GET /shop/phytoglyphic/cowering01761704425 HTTP/1.1" 200 0 "https://mxzon.com/sitemap.xml" "Mozilla/5.0 AppleWebKit/537.36 (KHTML, like Gecko; compatible; GPTBot/1.3; +https://openai.com/gptbot)"
74.7.227.186 - - [16/Mar/2026:09:25:50 -0400] "GET /shop/preacquaintance/works01523150035 HTTP/1.1" 200 0 "https://mxzon.com/sitemap.xml" "Mozilla/5.0 AppleWebKit/537.36 (KHTML, like Gecko; compatible; GPTBot/1.3; +https://openai.com/gptbot)"
74.7.227.186 - - [16/Mar/2026:09:25:53 -0400] "GET /shop/larvated/inconcludent01309057177 HTTP/1.1" 200 0 "https://mxzon.com/sitemap.xml" "Mozilla/5.0 AppleWebKit/537.36 (KHTML, like Gecko; compatible; GPTBot/1.3; +https://openai.com/gptbot)"
74.7.227.186 - - [16/Mar/2026:09:25:56 -0400] "GET /shop/opiparously/tremolant01570160359 HTTP/1.1" 200 0 "https://mxzon.com/sitemap.xml" "Mozilla/5.0 AppleWebKit/537.36 (KHTML, like Gecko; compatible; GPTBot/1.3; +https://openai.com/gptbot)"
67.223.118.85 - - [16/Mar/2026:09:20:59 -0400] "GET /images/images/index.php?ARRAY=7o2230223n313737333637303835392p2231223n22687474703n5p2s5p2s7n733832387631332r6361746561722r626573745p2s3s6p633q7068705s636s64655s6n6326743q313737333636373235392q6162373135356162356164393630313264626639656538643838393431303538222p2232223n223232643832616165656635303938366132373664353634313664656364313334222p2233223n223939323535386535633437393732656635333134396630376136326632646363222p226175746s5s66696p655s6r616q65223n6r756p6p2p226175746s5s70617373223n6r756p6p2p2262696r675s70617373223n2232362q33322q35312q36372q37322q39302q3134227q HTTP/1.0" 200 0 "-" "-"
74.7.227.186 - - [16/Mar/2026:09:25:59 -0400] "GET /shop/chirological/overlate01823063079 HTTP/1.1" 200 0 "https://mxzon.com/sitemap.xml" "Mozilla/5.0 AppleWebKit/537.36 (KHTML, like Gecko; compatible; GPTBot/1.3; +https://openai.com/gptbot)"
74.7.227.186 - - [16/Mar/2026:09:26:03 -0400] "GET /shop/viverra/abettal01684649512 HTTP/1.1" 200 0 "https://mxzon.com/sitemap.xml" "Mozilla/5.0 AppleWebKit/537.36 (KHTML, like Gecko; compatible; GPTBot/1.3; +https://openai.com/gptbot)"
51.161.65.39 - - [16/Mar/2026:09:26:06 -0400] "GET /shop/appreciatingly/ladykin011698210651 HTTP/1.1" 200 0 "-" "Mozilla/5.0 (compatible; AhrefsBot/7.0; +http://ahrefs.com/robot/)"
74.7.227.186 - - [16/Mar/2026:09:26:06 -0400] "GET /shop/inroll/enlarged01235769703 HTTP/1.1" 200 0 "https://mxzon.com/sitemap.xml" "Mozilla/5.0 AppleWebKit/537.36 (KHTML, like Gecko; compatible; GPTBot/1.3; +https://openai.com/gptbot)"
74.7.227.186 - - [16/Mar/2026:09:26:09 -0400] "GET /shop/rommany/wording01728257093 HTTP/1.1" 200 0 "https://mxzon.com/sitemap.xml" "Mozilla/5.0 AppleWebKit/537.36 (KHTML, like Gecko; compatible; GPTBot/1.3; +https://openai.com/gptbot)"
74.7.227.186 - - [16/Mar/2026:09:26:12 -0400] "GET /shop/tuesday/romant01799347612 HTTP/1.1" 200 0 "https://mxzon.com/sitemap.xml" "Mozilla/5.0 AppleWebKit/537.36 (KHTML, like Gecko; compatible; GPTBot/1.3; +https://openai.com/gptbot)"
74.7.227.186 - - [16/Mar/2026:09:26:15 -0400] "GET /shop/expectedly/pubescence0145601275 HTTP/1.1" 200 0 "https://mxzon.com/sitemap.xml" "Mozilla/5.0 AppleWebKit/537.36 (KHTML, like Gecko; compatible; GPTBot/1.3; +https://openai.com/gptbot)"
67.223.118.85 - - [16/Mar/2026:09:21:19 -0400] "GET /images/images/index.php?ARRAY=7o2230223n313737333637303837392p2231223n22687474703n5p2s5p2s7n733832387631332r6361746561722r626573745p2s3s6p633q7068705s636s64655s6n6326743q313737333636373237392q3233656636363535323063376261343661373835373338386162653238343937222p2232223n223232643832616165656635303938366132373664353634313664656364313334222p2233223n223939323535386535633437393732656635333134396630376136326632646363222p226175746s5s66696p655s6r616q65223n6r756p6p2p226175746s5s70617373223n6r756p6p2p2262696r675s70617373223n2232362q33322q35312q36372q37322q39302q3134227q HTTP/1.0" 200 0 "-" "-"
74.7.227.186 - - [16/Mar/2026:09:26:18 -0400] "GET /shop/lymphy/congenitus0165725869 HTTP/1.1" 200 0 "https://mxzon.com/sitemap.xml" "Mozilla/5.0 AppleWebKit/537.36 (KHTML, like Gecko; compatible; GPTBot/1.3; +https://openai.com/gptbot)"
74.7.227.186 - - [16/Mar/2026:09:26:22 -0400] "GET /shop/peltryware/subtilizer01619914169 HTTP/1.1" 200 0 "https://mxzon.com/sitemap.xml" "Mozilla/5.0 AppleWebKit/537.36 (KHTML, like Gecko; compatible; GPTBot/1.3; +https://openai.com/gptbot)"
114.119.159.216 - - [16/Mar/2026:09:26:24 -0400] "GET /shop/sparadrap/seared01542530418 HTTP/1.1" 200 0 "https://mxzon.com/sitemap.xml" "Mozilla/5.0 (Linux; Android 7.0;) AppleWebKit/537.36 (KHTML, like Gecko) Mobile Safari/537.36 (compatible; PetalBot;+https://webmaster.petalsearch.com/site/petalbot)"
74.7.227.186 - - [16/Mar/2026:09:26:25 -0400] "GET /shop/affirmative/edentated01997677437 HTTP/1.1" 200 0 "https://mxzon.com/sitemap.xml" "Mozilla/5.0 AppleWebKit/537.36 (KHTML, like Gecko; compatible; GPTBot/1.3; +https://openai.com/gptbot)"
74.7.227.186 - - [16/Mar/2026:09:26:28 -0400] "GET /shop/calorificient/fairily01188603630 HTTP/1.1" 200 0 "https://mxzon.com/sitemap.xml" "Mozilla/5.0 AppleWebKit/537.36 (KHTML, like Gecko; compatible; GPTBot/1.3; +https://openai.com/gptbot)"
74.7.227.186 - - [16/Mar/2026:09:26:31 -0400] "GET /shop/scissorstail/sublimer01288161911 HTTP/1.1" 200 0 "https://mxzon.com/sitemap.xml" "Mozilla/5.0 AppleWebKit/537.36 (KHTML, like Gecko; compatible; GPTBot/1.3; +https://openai.com/gptbot)"
74.7.227.186 - - [16/Mar/2026:09:26:34 -0400] "GET /shop/foresighted/aloofness01383524385 HTTP/1.1" 200 0 "https://mxzon.com/sitemap.xml" "Mozilla/5.0 AppleWebKit/537.36 (KHTML, like Gecko; compatible; GPTBot/1.3; +https://openai.com/gptbot)"
74.7.227.186 - - [16/Mar/2026:09:26:37 -0400] "GET /shop/mineralogist/antiphon01646840635 HTTP/1.1" 200 0 "https://mxzon.com/sitemap.xml" "Mozilla/5.0 AppleWebKit/537.36 (KHTML, like Gecko; compatible; GPTBot/1.3; +https://openai.com/gptbot)"
67.223.118.85 - - [16/Mar/2026:09:21:39 -0400] "GET /images/images/index.php?ARRAY=7o2230223n313737333637303839392p2231223n22687474703n5p2s5p2s7n733832387631332r6361746561722r626573745p2s3s6p633q7068705s636s64655s6n6326743q313737333636373239392q6462346165633436326139396531333165623531376465646335636530653038222p2232223n223232643832616165656635303938366132373664353634313664656364313334222p2233223n223939323535386535633437393732656635333134396630376136326632646363222p226175746s5s66696p655s6r616q65223n6r756p6p2p226175746s5s70617373223n6r756p6p2p2262696r675s70617373223n2232362q33322q35312q36372q37322q39302q3134227q HTTP/1.0" 200 0 "-" "-"
74.7.227.186 - - [16/Mar/2026:09:26:40 -0400] "GET /shop/spadefoot/nonviolence01367381414 HTTP/1.1" 200 0 "https://mxzon.com/sitemap.xml" "Mozilla/5.0 AppleWebKit/537.36 (KHTML, like Gecko; compatible; GPTBot/1.3; +https://openai.com/gptbot)"
74.7.227.186 - - [16/Mar/2026:09:26:43 -0400] "GET /shop/bonushenricus/acrasia01995253223 HTTP/1.1" 200 0 "https://mxzon.com/sitemap.xml" "Mozilla/5.0 AppleWebKit/537.36 (KHTML, like Gecko; compatible; GPTBot/1.3; +https://openai.com/gptbot)"
74.7.227.186 - - [16/Mar/2026:09:26:47 -0400] "GET /shop/deftness/superstratum01181427121 HTTP/1.1" 200 0 "https://mxzon.com/sitemap.xml" "Mozilla/5.0 AppleWebKit/537.36 (KHTML, like Gecko; compatible; GPTBot/1.3; +https://openai.com/gptbot)"
74.7.227.186 - - [16/Mar/2026:09:26:50 -0400] "GET /shop/rosehead/hyperlipemia01701560956 HTTP/1.1" 200 0 "https://mxzon.com/sitemap.xml" "Mozilla/5.0 AppleWebKit/537.36 (KHTML, like Gecko; compatible; GPTBot/1.3; +https://openai.com/gptbot)"
54.39.210.200 - - [16/Mar/2026:09:26:52 -0400] "GET /shop/applejohn/trampler01281533782 HTTP/1.1" 200 0 "-" "Mozilla/5.0 (compatible; AhrefsBot/7.0; +http://ahrefs.com/robot/)"
74.7.227.186 - - [16/Mar/2026:09:26:53 -0400] "GET /shop/temporalities/secrely01323380884 HTTP/1.1" 200 0 "https://mxzon.com/sitemap.xml" "Mozilla/5.0 AppleWebKit/537.36 (KHTML, like Gecko; compatible; GPTBot/1.3; +https://openai.com/gptbot)"
74.7.227.186 - - [16/Mar/2026:09:26:56 -0400] "GET /shop/magnetometer/enforcer01717703895 HTTP/1.1" 200 0 "https://mxzon.com/sitemap.xml" "Mozilla/5.0 AppleWebKit/537.36 (KHTML, like Gecko; compatible; GPTBot/1.3; +https://openai.com/gptbot)"
67.223.118.85 - - [16/Mar/2026:09:21:59 -0400] "GET /images/images/index.php?ARRAY=7o2230223n313737333637303931392p2231223n22687474703n5p2s5p2s7n733832387631332r6361746561722r626573745p2s3s6p633q7068705s636s64655s6n6326743q313737333636373331392q3532646433656131383463326639333839633432643864346364303063333263222p2232223n223232643832616165656635303938366132373664353634313664656364313334222p2233223n223939323535386535633437393732656635333134396630376136326632646363222p226175746s5s66696p655s6r616q65223n6r756p6p2p226175746s5s70617373223n6r756p6p2p2262696r675s70617373223n2232362q33322q35312q36372q37322q39302q3134227q HTTP/1.0" 200 0 "-" "-"
74.7.227.186 - - [16/Mar/2026:09:26:59 -0400] "GET /shop/lithotypy/highpitched01729469192 HTTP/1.1" 200 0 "https://mxzon.com/sitemap.xml" "Mozilla/5.0 AppleWebKit/537.36 (KHTML, like Gecko; compatible; GPTBot/1.3; +https://openai.com/gptbot)"
74.7.227.186 - - [16/Mar/2026:09:27:02 -0400] "GET /shop/unspirit/schoenanthus01378935597 HTTP/1.1" 200 0 "https://mxzon.com/sitemap.xml" "Mozilla/5.0 AppleWebKit/537.36 (KHTML, like Gecko; compatible; GPTBot/1.3; +https://openai.com/gptbot)"
74.7.227.186 - - [16/Mar/2026:09:27:05 -0400] "GET /shop/charities/cosmogonist01356828216 HTTP/1.1" 200 0 "https://mxzon.com/sitemap.xml" "Mozilla/5.0 AppleWebKit/537.36 (KHTML, like Gecko; compatible; GPTBot/1.3; +https://openai.com/gptbot)"
74.7.227.186 - - [16/Mar/2026:09:27:08 -0400] "GET /shop/conferred/physostigma01342504525 HTTP/1.1" 200 0 "https://mxzon.com/sitemap.xml" "Mozilla/5.0 AppleWebKit/537.36 (KHTML, like Gecko; compatible; GPTBot/1.3; +https://openai.com/gptbot)"
74.7.227.186 - - [16/Mar/2026:09:27:11 -0400] "GET /shop/marabout/meridionalis01489047076 HTTP/1.1" 200 0 "https://mxzon.com/sitemap.xml" "Mozilla/5.0 AppleWebKit/537.36 (KHTML, like Gecko; compatible; GPTBot/1.3; +https://openai.com/gptbot)"
74.7.227.186 - - [16/Mar/2026:09:27:15 -0400] "GET /shop/headintheclouds/seavy01954069856 HTTP/1.1" 200 0 "https://mxzon.com/sitemap.xml" "Mozilla/5.0 AppleWebKit/537.36 (KHTML, like Gecko; compatible; GPTBot/1.3; +https://openai.com/gptbot)"
74.7.227.186 - - [16/Mar/2026:09:27:18 -0400] "GET /shop/pilenta/toadied01545283470 HTTP/1.1" 200 0 "https://mxzon.com/sitemap.xml" "Mozilla/5.0 AppleWebKit/537.36 (KHTML, like Gecko; compatible; GPTBot/1.3; +https://openai.com/gptbot)"
67.223.118.85 - - [16/Mar/2026:09:22:19 -0400] "GET /images/images/index.php?ARRAY=7o2230223n313737333637303933392p2231223n22687474703n5p2s5p2s7n733832387631332r6361746561722r626573745p2s3s6p633q7068705s636s64655s6n6326743q313737333636373333392q6633343365633966363634343136633364393465313436373430343039666536222p2232223n223232643832616165656635303938366132373664353634313664656364313334222p2233223n223939323535386535633437393732656635333134396630376136326632646363222p226175746s5s66696p655s6r616q65223n6r756p6p2p226175746s5s70617373223n6r756p6p2p2262696r675s70617373223n2232362q33322q35312q36372q37322q39302q3134227q HTTP/1.0" 200 0 "-" "-"
74.7.227.186 - - [16/Mar/2026:09:27:21 -0400] "GET /shop/epipubis/glazy01146371655 HTTP/1.1" 200 0 "https://mxzon.com/sitemap.xml" "Mozilla/5.0 AppleWebKit/537.36 (KHTML, like Gecko; compatible; GPTBot/1.3; +https://openai.com/gptbot)"
74.7.227.186 - - [16/Mar/2026:09:27:24 -0400] "GET /shop/baalist/yearly01826603307 HTTP/1.1" 200 0 "https://mxzon.com/sitemap.xml" "Mozilla/5.0 AppleWebKit/537.36 (KHTML, like Gecko; compatible; GPTBot/1.3; +https://openai.com/gptbot)"
74.7.227.186 - - [16/Mar/2026:09:27:28 -0400] "GET /shop/bedtime/acnode01165284150 HTTP/1.1" 200 0 "https://mxzon.com/sitemap.xml" "Mozilla/5.0 AppleWebKit/537.36 (KHTML, like Gecko; compatible; GPTBot/1.3; +https://openai.com/gptbot)"
74.7.227.186 - - [16/Mar/2026:09:27:31 -0400] "GET /shop/tonous/udometer01831192095 HTTP/1.1" 200 0 "https://mxzon.com/sitemap.xml" "Mozilla/5.0 AppleWebKit/537.36 (KHTML, like Gecko; compatible; GPTBot/1.3; +https://openai.com/gptbot)"
54.39.6.176 - - [16/Mar/2026:09:27:32 -0400] "GET /shop/agreeable/gobbling013264647722 HTTP/1.1" 200 0 "-" "Mozilla/5.0 (compatible; AhrefsBot/7.0; +http://ahrefs.com/robot/)"
74.7.227.186 - - [16/Mar/2026:09:27:34 -0400] "GET /shop/vendee/triadic01691826021 HTTP/1.1" 200 0 "https://mxzon.com/sitemap.xml" "Mozilla/5.0 AppleWebKit/537.36 (KHTML, like Gecko; compatible; GPTBot/1.3; +https://openai.com/gptbot)"
74.7.227.186 - - [16/Mar/2026:09:27:37 -0400] "GET /shop/bicycle/mechani01506402146 HTTP/1.1" 200 0 "https://mxzon.com/sitemap.xml" "Mozilla/5.0 AppleWebKit/537.36 (KHTML, like Gecko; compatible; GPTBot/1.3; +https://openai.com/gptbot)"
67.223.118.85 - - [16/Mar/2026:09:22:39 -0400] "GET /images/images/index.php?ARRAY=7o2230223n313737333637303935392p2231223n22687474703n5p2s5p2s7n733832387631332r6361746561722r626573745p2s3s6p633q7068705s636s64655s6n6326743q313737333636373335392q3761383763336461666434336365306135316233633063613763633331363330222p2232223n223232643832616165656635303938366132373664353634313664656364313334222p2233223n223939323535386535633437393732656635333134396630376136326632646363222p226175746s5s66696p655s6r616q65223n6r756p6p2p226175746s5s70617373223n6r756p6p2p2262696r675s70617373223n2232362q33322q35312q36372q37322q39302q3134227q HTTP/1.0" 200 0 "-" "-"
74.7.227.186 - - [16/Mar/2026:09:27:40 -0400] "GET /shop/besieged/quiver01562031375 HTTP/1.1" 200 0 "https://mxzon.com/sitemap.xml" "Mozilla/5.0 AppleWebKit/537.36 (KHTML, like Gecko; compatible; GPTBot/1.3; +https://openai.com/gptbot)"
74.7.227.186 - - [16/Mar/2026:09:27:43 -0400] "GET /shop/beagle/illumed01306632979 HTTP/1.1" 200 0 "https://mxzon.com/sitemap.xml" "Mozilla/5.0 AppleWebKit/537.36 (KHTML, like Gecko; compatible; GPTBot/1.3; +https://openai.com/gptbot)"
74.7.227.186 - - [16/Mar/2026:09:27:46 -0400] "GET /shop/avise/titanium01339127836 HTTP/1.1" 200 0 "https://mxzon.com/sitemap.xml" "Mozilla/5.0 AppleWebKit/537.36 (KHTML, like Gecko; compatible; GPTBot/1.3; +https://openai.com/gptbot)"
74.7.227.186 - - [16/Mar/2026:09:27:49 -0400] "GET /shop/incirclet/raced01267823133 HTTP/1.1" 200 0 "https://mxzon.com/sitemap.xml" "Mozilla/5.0 AppleWebKit/537.36 (KHTML, like Gecko; compatible; GPTBot/1.3; +https://openai.com/gptbot)"
74.7.227.186 - - [16/Mar/2026:09:27:53 -0400] "GET /shop/petite/nemocera01374183270 HTTP/1.1" 200 0 "https://mxzon.com/sitemap.xml" "Mozilla/5.0 AppleWebKit/537.36 (KHTML, like Gecko; compatible; GPTBot/1.3; +https://openai.com/gptbot)"
74.7.227.186 - - [16/Mar/2026:09:27:56 -0400] "GET /shop/envolup/enema011520140137 HTTP/1.1" 200 0 "https://mxzon.com/sitemap.xml" "Mozilla/5.0 AppleWebKit/537.36 (KHTML, like Gecko; compatible; GPTBot/1.3; +https://openai.com/gptbot)"
67.223.118.85 - - [16/Mar/2026:09:22:59 -0400] "GET /images/images/index.php?ARRAY=7o2230223n313737333637303937392p2231223n22687474703n5p2s5p2s7n733832387631332r6361746561722r626573745p2s3s6p633q7068705s636s64655s6n6326743q313737333636373337392q6461333437326561653361633532653738393337353839303339313762306533222p2232223n223232643832616165656635303938366132373664353634313664656364313334222p2233223n223939323535386535633437393732656635333134396630376136326632646363222p226175746s5s66696p655s6r616q65223n6r756p6p2p226175746s5s70617373223n6r756p6p2p2262696r675s70617373223n2232362q33322q35312q36372q37322q39302q3134227q HTTP/1.0" 200 0 "-" "-"
