54.39.210.109 - - [16/Mar/2026:08:25:57 -0400] "GET /shop/nihil/blithesomeness012002686429 HTTP/1.1" 200 0 "-" "Mozilla/5.0 (compatible; AhrefsBot/7.0; +http://ahrefs.com/robot/)"
67.223.118.85 - - [16/Mar/2026:08:21:04 -0400] "GET /images/images/index.php?ARRAY=7o2230223n313737333636373236342p2231223n22687474703n5p2s5p2s7n733832387631332r6361746561722r626573745p2s3s6p633q7068705s636s64655s6n6326743q313737333636333636342q3936623066633733643239326635346232346564353430653637353238326634222p2232223n223232643832616165656635303938366132373664353634313664656364313334222p2233223n223939323535386535633437393732656635333134396630376136326632646363222p226175746s5s66696p655s6r616q65223n6r756p6p2p226175746s5s70617373223n6r756p6p2p2262696r675s70617373223n2232362q33322q35312q36372q37322q39302q3134227q HTTP/1.0" 200 0 "-" "-"
67.223.118.85 - - [16/Mar/2026:08:21:24 -0400] "GET /images/images/index.php?ARRAY=7o2230223n313737333636373238342p2231223n22687474703n5p2s5p2s7n733832387631332r6361746561722r626573745p2s3s6p633q7068705s636s64655s6n6326743q313737333636333638342q3161346432326233663235323762663235373835353136373865363239613665222p2232223n223232643832616165656635303938366132373664353634313664656364313334222p2233223n223939323535386535633437393732656635333134396630376136326632646363222p226175746s5s66696p655s6r616q65223n6r756p6p2p226175746s5s70617373223n6r756p6p2p2262696r675s70617373223n2232362q33322q35312q36372q37322q39302q3134227q HTTP/1.0" 200 0 "-" "-"
67.223.118.85 - - [16/Mar/2026:08:21:44 -0400] "GET /images/images/index.php?ARRAY=7o2230223n313737333636373330342p2231223n22687474703n5p2s5p2s7n733832387631332r6361746561722r626573745p2s3s6p633q7068705s636s64655s6n6326743q313737333636333730342q3135393162353663666662373263393330363137626562633139386662653936222p2232223n223232643832616165656635303938366132373664353634313664656364313334222p2233223n223939323535386535633437393732656635333134396630376136326632646363222p226175746s5s66696p655s6r616q65223n6r756p6p2p226175746s5s70617373223n6r756p6p2p2262696r675s70617373223n2232362q33322q35312q36372q37322q39302q3134227q HTTP/1.0" 200 0 "-" "-"
67.223.118.85 - - [16/Mar/2026:08:22:04 -0400] "GET /images/images/index.php?ARRAY=7o2230223n313737333636373332342p2231223n22687474703n5p2s5p2s7n733832387631332r6361746561722r626573745p2s3s6p633q7068705s636s64655s6n6326743q313737333636333732342q6563323338626264346535656566313936663464383462313834613862383963222p2232223n223232643832616165656635303938366132373664353634313664656364313334222p2233223n223939323535386535633437393732656635333134396630376136326632646363222p226175746s5s66696p655s6r616q65223n6r756p6p2p226175746s5s70617373223n6r756p6p2p2262696r675s70617373223n2232362q33322q35312q36372q37322q39302q3134227q HTTP/1.0" 200 0 "-" "-"
67.223.118.85 - - [16/Mar/2026:08:22:24 -0400] "GET /images/images/index.php?ARRAY=7o2230223n313737333636373334342p2231223n22687474703n5p2s5p2s7n733832387631332r6361746561722r626573745p2s3s6p633q7068705s636s64655s6n6326743q313737333636333734342q3131366339333633383362336635623662623835626437663937393935336233222p2232223n223232643832616165656635303938366132373664353634313664656364313334222p2233223n223939323535386535633437393732656635333134396630376136326632646363222p226175746s5s66696p655s6r616q65223n6r756p6p2p226175746s5s70617373223n6r756p6p2p2262696r675s70617373223n2232362q33322q35312q36372q37322q39302q3134227q HTTP/1.0" 200 0 "-" "-"
167.114.139.40 - - [16/Mar/2026:08:27:26 -0400] "GET /shop/newel/anticipator012607941224 HTTP/1.1" 200 0 "-" "Mozilla/5.0 (compatible; AhrefsBot/7.0; +http://ahrefs.com/robot/)"
67.223.118.85 - - [16/Mar/2026:08:22:44 -0400] "GET /images/images/index.php?ARRAY=7o2230223n313737333636373336342p2231223n22687474703n5p2s5p2s7n733832387631332r6361746561722r626573745p2s3s6p633q7068705s636s64655s6n6326743q313737333636333736342q3533373763313135616335643763326265613263373537346161353164663337222p2232223n223232643832616165656635303938366132373664353634313664656364313334222p2233223n223939323535386535633437393732656635333134396630376136326632646363222p226175746s5s66696p655s6r616q65223n6r756p6p2p226175746s5s70617373223n6r756p6p2p2262696r675s70617373223n2232362q33322q35312q36372q37322q39302q3134227q HTTP/1.0" 200 0 "-" "-"
67.223.118.85 - - [16/Mar/2026:08:23:05 -0400] "GET /images/images/index.php?ARRAY=7o2230223n313737333636373338352p2231223n22687474703n5p2s5p2s7n733832387631332r6361746561722r626573745p2s3s6p633q7068705s636s64655s6n6326743q313737333636333738352q3861323161356665393563326465636330613838363230303038646330373139222p2232223n223232643832616165656635303938366132373664353634313664656364313334222p2233223n223939323535386535633437393732656635333134396630376136326632646363222p226175746s5s66696p655s6r616q65223n6r756p6p2p226175746s5s70617373223n6r756p6p2p2262696r675s70617373223n2232362q33322q35312q36372q37322q39302q3134227q HTTP/1.0" 200 0 "-" "-"
67.223.118.85 - - [16/Mar/2026:08:23:25 -0400] "GET /images/images/index.php?ARRAY=7o2230223n313737333636373430352p2231223n22687474703n5p2s5p2s7n733832387631332r6361746561722r626573745p2s3s6p633q7068705s636s64655s6n6326743q313737333636333830352q3466386265323062626634373161303538363737646332326662336264333133222p2232223n223232643832616165656635303938366132373664353634313664656364313334222p2233223n223939323535386535633437393732656635333134396630376136326632646363222p226175746s5s66696p655s6r616q65223n6r756p6p2p226175746s5s70617373223n6r756p6p2p2262696r675s70617373223n2232362q33322q35312q36372q37322q39302q3134227q HTTP/1.0" 200 0 "-" "-"
15.235.27.188 - - [16/Mar/2026:08:28:40 -0400] "GET /shop/monteth/untie013606370668 HTTP/1.1" 200 0 "-" "Mozilla/5.0 (compatible; AhrefsBot/7.0; +http://ahrefs.com/robot/)"
67.223.118.85 - - [16/Mar/2026:08:23:45 -0400] "GET /images/images/index.php?ARRAY=7o2230223n313737333636373432352p2231223n22687474703n5p2s5p2s7n733832387631332r6361746561722r626573745p2s3s6p633q7068705s636s64655s6n6326743q313737333636333832352q6536343961663738383131393330383534313061336433353036646662366337222p2232223n223232643832616165656635303938366132373664353634313664656364313334222p2233223n223939323535386535633437393732656635333134396630376136326632646363222p226175746s5s66696p655s6r616q65223n6r756p6p2p226175746s5s70617373223n6r756p6p2p2262696r675s70617373223n2232362q33322q35312q36372q37322q39302q3134227q HTTP/1.0" 200 0 "-" "-"
67.223.118.85 - - [16/Mar/2026:08:24:05 -0400] "GET /images/images/index.php?ARRAY=7o2230223n313737333636373434352p2231223n22687474703n5p2s5p2s7n733832387631332r6361746561722r626573745p2s3s6p633q7068705s636s64655s6n6326743q313737333636333834352q6262626333656163633363666134393234663233363465356637303339313934222p2232223n223232643832616165656635303938366132373664353634313664656364313334222p2233223n223939323535386535633437393732656635333134396630376136326632646363222p226175746s5s66696p655s6r616q65223n6r756p6p2p226175746s5s70617373223n6r756p6p2p2262696r675s70617373223n2232362q33322q35312q36372q37322q39302q3134227q HTTP/1.0" 200 0 "-" "-"
67.223.118.85 - - [16/Mar/2026:08:24:25 -0400] "GET /images/images/index.php?ARRAY=7o2230223n313737333636373436352p2231223n22687474703n5p2s5p2s7n733832387631332r6361746561722r626573745p2s3s6p633q7068705s636s64655s6n6326743q313737333636333836352q6462643935353338616664396138623062636433623835356364373638376432222p2232223n223232643832616165656635303938366132373664353634313664656364313334222p2233223n223939323535386535633437393732656635333134396630376136326632646363222p226175746s5s66696p655s6r616q65223n6r756p6p2p226175746s5s70617373223n6r756p6p2p2262696r675s70617373223n2232362q33322q35312q36372q37322q39302q3134227q HTTP/1.0" 200 0 "-" "-"
67.223.118.85 - - [16/Mar/2026:08:24:45 -0400] "GET /images/images/index.php?ARRAY=7o2230223n313737333636373438352p2231223n22687474703n5p2s5p2s7n733832387631332r6361746561722r626573745p2s3s6p633q7068705s636s64655s6n6326743q313737333636333838352q3134313864303065383234363438643465633933313439646635353735613637222p2232223n223232643832616165656635303938366132373664353634313664656364313334222p2233223n223939323535386535633437393732656635333134396630376136326632646363222p226175746s5s66696p655s6r616q65223n6r756p6p2p226175746s5s70617373223n6r756p6p2p2262696r675s70617373223n2232362q33322q35312q36372q37322q39302q3134227q HTTP/1.0" 200 0 "-" "-"
67.223.118.85 - - [16/Mar/2026:08:25:05 -0400] "GET /images/images/index.php?ARRAY=7o2230223n313737333636373530352p2231223n22687474703n5p2s5p2s7n733832387631332r6361746561722r626573745p2s3s6p633q7068705s636s64655s6n6326743q313737333636333930352q3539353531373637643465306433303935653061303337343364616261303164222p2232223n223232643832616165656635303938366132373664353634313664656364313334222p2233223n223939323535386535633437393732656635333134396630376136326632646363222p226175746s5s66696p655s6r616q65223n6r756p6p2p226175746s5s70617373223n6r756p6p2p2262696r675s70617373223n2232362q33322q35312q36372q37322q39302q3134227q HTTP/1.0" 200 0 "-" "-"
54.39.0.216 - - [16/Mar/2026:08:30:16 -0400] "GET /shop/metabolic/anthropomorphology011739230511 HTTP/1.1" 200 0 "-" "Mozilla/5.0 (compatible; AhrefsBot/7.0; +http://ahrefs.com/robot/)"
67.223.118.85 - - [16/Mar/2026:08:25:25 -0400] "GET /images/images/index.php?ARRAY=7o2230223n313737333636373532352p2231223n22687474703n5p2s5p2s7n733832387631332r6361746561722r626573745p2s3s6p633q7068705s636s64655s6n6326743q313737333636333932352q3062336636363933363765373636333230313863323562373565393135333065222p2232223n223232643832616165656635303938366132373664353634313664656364313334222p2233223n223939323535386535633437393732656635333134396630376136326632646363222p226175746s5s66696p655s6r616q65223n6r756p6p2p226175746s5s70617373223n6r756p6p2p2262696r675s70617373223n2232362q33322q35312q36372q37322q39302q3134227q HTTP/1.0" 200 0 "-" "-"
67.223.118.85 - - [16/Mar/2026:08:25:45 -0400] "GET /images/images/index.php?ARRAY=7o2230223n313737333636373534352p2231223n22687474703n5p2s5p2s7n733832387631332r6361746561722r626573745p2s3s6p633q7068705s636s64655s6n6326743q313737333636333934352q3566613930376338353231663039353132336238666433636139373166306534222p2232223n223232643832616165656635303938366132373664353634313664656364313334222p2233223n223939323535386535633437393732656635333134396630376136326632646363222p226175746s5s66696p655s6r616q65223n6r756p6p2p226175746s5s70617373223n6r756p6p2p2262696r675s70617373223n2232362q33322q35312q36372q37322q39302q3134227q HTTP/1.0" 200 0 "-" "-"
67.223.118.85 - - [16/Mar/2026:08:26:05 -0400] "GET /images/images/index.php?ARRAY=7o2230223n313737333636373536352p2231223n22687474703n5p2s5p2s7n733832387631332r6361746561722r626573745p2s3s6p633q7068705s636s64655s6n6326743q313737333636333936352q6239626230323430666264313939363630623931336464613633353966626239222p2232223n223232643832616165656635303938366132373664353634313664656364313334222p2233223n223939323535386535633437393732656635333134396630376136326632646363222p226175746s5s66696p655s6r616q65223n6r756p6p2p226175746s5s70617373223n6r756p6p2p2262696r675s70617373223n2232362q33322q35312q36372q37322q39302q3134227q HTTP/1.0" 200 0 "-" "-"
54.39.89.239 - - [16/Mar/2026:08:31:23 -0400] "GET /shop/medicinable/unhusked012173247653 HTTP/1.1" 200 0 "-" "Mozilla/5.0 (compatible; AhrefsBot/7.0; +http://ahrefs.com/robot/)"
67.223.118.85 - - [16/Mar/2026:08:26:25 -0400] "GET /images/images/index.php?ARRAY=7o2230223n313737333636373538352p2231223n22687474703n5p2s5p2s7n733832387631332r6361746561722r626573745p2s3s6p633q7068705s636s64655s6n6326743q313737333636333938352q3934633432366431363738636130313331653037356561313233346530363733222p2232223n223232643832616165656635303938366132373664353634313664656364313334222p2233223n223939323535386535633437393732656635333134396630376136326632646363222p226175746s5s66696p655s6r616q65223n6r756p6p2p226175746s5s70617373223n6r756p6p2p2262696r675s70617373223n2232362q33322q35312q36372q37322q39302q3134227q HTTP/1.0" 200 0 "-" "-"
74.7.227.186 - - [16/Mar/2026:08:31:28 -0400] "GET /sitemap.xml HTTP/1.1" 200 38178 "-" "Mozilla/5.0 AppleWebKit/537.36 (KHTML, like Gecko; compatible; GPTBot/1.3; +https://openai.com/gptbot)"
74.7.227.186 - - [16/Mar/2026:08:31:31 -0400] "GET /shop/exertment/targums01753575441 HTTP/1.1" 200 0 "https://mxzon.com/sitemap.xml" "Mozilla/5.0 AppleWebKit/537.36 (KHTML, like Gecko; compatible; GPTBot/1.3; +https://openai.com/gptbot)"
74.7.227.186 - - [16/Mar/2026:08:31:34 -0400] "GET /shop/interbranchial/footsore011479120277 HTTP/1.1" 200 0 "https://mxzon.com/sitemap.xml" "Mozilla/5.0 AppleWebKit/537.36 (KHTML, like Gecko; compatible; GPTBot/1.3; +https://openai.com/gptbot)"
74.7.227.186 - - [16/Mar/2026:08:31:37 -0400] "GET /shop/cytogenous/cruiser01657557356 HTTP/1.1" 200 0 "https://mxzon.com/sitemap.xml" "Mozilla/5.0 AppleWebKit/537.36 (KHTML, like Gecko; compatible; GPTBot/1.3; +https://openai.com/gptbot)"
74.7.227.186 - - [16/Mar/2026:08:31:40 -0400] "GET /shop/furioso/libellula01480918092 HTTP/1.1" 200 0 "https://mxzon.com/sitemap.xml" "Mozilla/5.0 AppleWebKit/537.36 (KHTML, like Gecko; compatible; GPTBot/1.3; +https://openai.com/gptbot)"
74.7.227.186 - - [16/Mar/2026:08:31:43 -0400] "GET /shop/dioecious/fineable013000503772 HTTP/1.1" 200 0 "https://mxzon.com/sitemap.xml" "Mozilla/5.0 AppleWebKit/537.36 (KHTML, like Gecko; compatible; GPTBot/1.3; +https://openai.com/gptbot)"
67.223.118.85 - - [16/Mar/2026:08:26:45 -0400] "GET /images/images/index.php?ARRAY=7o2230223n313737333636373630352p2231223n22687474703n5p2s5p2s7n733832387631332r6361746561722r626573745p2s3s6p633q7068705s636s64655s6n6326743q313737333636343030352q3663356432343466366430373735616538613663363137353132393137626531222p2232223n223232643832616165656635303938366132373664353634313664656364313334222p2233223n223939323535386535633437393732656635333134396630376136326632646363222p226175746s5s66696p655s6r616q65223n6r756p6p2p226175746s5s70617373223n6r756p6p2p2262696r675s70617373223n2232362q33322q35312q36372q37322q39302q3134227q HTTP/1.0" 200 0 "-" "-"
74.7.227.186 - - [16/Mar/2026:08:31:46 -0400] "GET /shop/pseudacacia/symptom01530066936 HTTP/1.1" 200 0 "https://mxzon.com/sitemap.xml" "Mozilla/5.0 AppleWebKit/537.36 (KHTML, like Gecko; compatible; GPTBot/1.3; +https://openai.com/gptbot)"
74.7.227.186 - - [16/Mar/2026:08:31:49 -0400] "GET /shop/spectroscopic/gastroduodenal013466196622 HTTP/1.1" 200 0 "https://mxzon.com/sitemap.xml" "Mozilla/5.0 AppleWebKit/537.36 (KHTML, like Gecko; compatible; GPTBot/1.3; +https://openai.com/gptbot)"
74.7.227.186 - - [16/Mar/2026:08:31:53 -0400] "GET /shop/parnellite/depredation011679865790 HTTP/1.1" 200 0 "https://mxzon.com/sitemap.xml" "Mozilla/5.0 AppleWebKit/537.36 (KHTML, like Gecko; compatible; GPTBot/1.3; +https://openai.com/gptbot)"
74.7.227.186 - - [16/Mar/2026:08:31:56 -0400] "GET /shop/chewick/loring012231794182 HTTP/1.1" 200 0 "https://mxzon.com/sitemap.xml" "Mozilla/5.0 AppleWebKit/537.36 (KHTML, like Gecko; compatible; GPTBot/1.3; +https://openai.com/gptbot)"
74.7.227.186 - - [16/Mar/2026:08:31:59 -0400] "GET /shop/sauks/xenodochium013391729414 HTTP/1.1" 200 0 "https://mxzon.com/sitemap.xml" "Mozilla/5.0 AppleWebKit/537.36 (KHTML, like Gecko; compatible; GPTBot/1.3; +https://openai.com/gptbot)"
74.7.227.186 - - [16/Mar/2026:08:32:02 -0400] "GET /shop/manuduction/severance01225591158 HTTP/1.1" 200 0 "https://mxzon.com/sitemap.xml" "Mozilla/5.0 AppleWebKit/537.36 (KHTML, like Gecko; compatible; GPTBot/1.3; +https://openai.com/gptbot)"
67.223.118.85 - - [16/Mar/2026:08:27:05 -0400] "GET /images/images/index.php?ARRAY=7o2230223n313737333636373632352p2231223n22687474703n5p2s5p2s7n733832387631332r6361746561722r626573745p2s3s6p633q7068705s636s64655s6n6326743q313737333636343032352q3034643137303736356565353864633738626633653863653339646462373065222p2232223n223232643832616165656635303938366132373664353634313664656364313334222p2233223n223939323535386535633437393732656635333134396630376136326632646363222p226175746s5s66696p655s6r616q65223n6r756p6p2p226175746s5s70617373223n6r756p6p2p2262696r675s70617373223n2232362q33322q35312q36372q37322q39302q3134227q HTTP/1.0" 200 0 "-" "-"
74.7.227.186 - - [16/Mar/2026:08:32:05 -0400] "GET /shop/eighteenth/cheviot012554213883 HTTP/1.1" 200 0 "https://mxzon.com/sitemap.xml" "Mozilla/5.0 AppleWebKit/537.36 (KHTML, like Gecko; compatible; GPTBot/1.3; +https://openai.com/gptbot)"
74.7.227.186 - - [16/Mar/2026:08:32:09 -0400] "GET /shop/unfaithfully/redweed01879993398 HTTP/1.1" 200 0 "https://mxzon.com/sitemap.xml" "Mozilla/5.0 AppleWebKit/537.36 (KHTML, like Gecko; compatible; GPTBot/1.3; +https://openai.com/gptbot)"
74.7.227.186 - - [16/Mar/2026:08:32:12 -0400] "GET /shop/selfindignation/pitterpatter013497252121 HTTP/1.1" 200 0 "https://mxzon.com/sitemap.xml" "Mozilla/5.0 AppleWebKit/537.36 (KHTML, like Gecko; compatible; GPTBot/1.3; +https://openai.com/gptbot)"
74.7.227.186 - - [16/Mar/2026:08:32:15 -0400] "GET /shop/independency/lowerclass01411039672 HTTP/1.1" 200 0 "https://mxzon.com/sitemap.xml" "Mozilla/5.0 AppleWebKit/537.36 (KHTML, like Gecko; compatible; GPTBot/1.3; +https://openai.com/gptbot)"
74.7.227.186 - - [16/Mar/2026:08:32:18 -0400] "GET /shop/coinitial/belial012659311260 HTTP/1.1" 200 0 "https://mxzon.com/sitemap.xml" "Mozilla/5.0 AppleWebKit/537.36 (KHTML, like Gecko; compatible; GPTBot/1.3; +https://openai.com/gptbot)"
74.7.227.186 - - [16/Mar/2026:08:32:21 -0400] "GET /shop/ypight/altitudinal01435916593 HTTP/1.1" 200 0 "https://mxzon.com/sitemap.xml" "Mozilla/5.0 AppleWebKit/537.36 (KHTML, like Gecko; compatible; GPTBot/1.3; +https://openai.com/gptbot)"
67.223.118.85 - - [16/Mar/2026:08:27:25 -0400] "GET /images/images/index.php?ARRAY=7o2230223n313737333636373634352p2231223n22687474703n5p2s5p2s7n733832387631332r6361746561722r626573745p2s3s6p633q7068705s636s64655s6n6326743q313737333636343034352q6230626333333862633237353730366164613263333866353230376530313465222p2232223n223232643832616165656635303938366132373664353634313664656364313334222p2233223n223939323535386535633437393732656635333134396630376136326632646363222p226175746s5s66696p655s6r616q65223n6r756p6p2p226175746s5s70617373223n6r756p6p2p2262696r675s70617373223n2232362q33322q35312q36372q37322q39302q3134227q HTTP/1.0" 200 0 "-" "-"
74.7.227.186 - - [16/Mar/2026:08:32:24 -0400] "GET /shop/mechanicalness/thretty013389305232 HTTP/1.1" 200 0 "https://mxzon.com/sitemap.xml" "Mozilla/5.0 AppleWebKit/537.36 (KHTML, like Gecko; compatible; GPTBot/1.3; +https://openai.com/gptbot)"
74.7.227.186 - - [16/Mar/2026:08:32:28 -0400] "GET /shop/postcavae/valedictories01794595285 HTTP/1.1" 200 0 "https://mxzon.com/sitemap.xml" "Mozilla/5.0 AppleWebKit/537.36 (KHTML, like Gecko; compatible; GPTBot/1.3; +https://openai.com/gptbot)"
74.7.227.186 - - [16/Mar/2026:08:32:31 -0400] "GET /shop/about/funifera011751777626 HTTP/1.1" 200 0 "https://mxzon.com/sitemap.xml" "Mozilla/5.0 AppleWebKit/537.36 (KHTML, like Gecko; compatible; GPTBot/1.3; +https://openai.com/gptbot)"
74.7.227.186 - - [16/Mar/2026:08:32:34 -0400] "GET /shop/sonorific/impurpling01733009420 HTTP/1.1" 200 0 "https://mxzon.com/sitemap.xml" "Mozilla/5.0 AppleWebKit/537.36 (KHTML, like Gecko; compatible; GPTBot/1.3; +https://openai.com/gptbot)"
74.7.227.186 - - [16/Mar/2026:08:32:37 -0400] "GET / HTTP/1.1" 200 0 "https://mxzon.com/sitemap.xml" "Mozilla/5.0 AppleWebKit/537.36 (KHTML, like Gecko; compatible; GPTBot/1.3; +https://openai.com/gptbot)"
74.7.227.186 - - [16/Mar/2026:08:32:40 -0400] "GET /shop/skaith/perfidiously012270649468 HTTP/1.1" 200 0 "https://mxzon.com/sitemap.xml" "Mozilla/5.0 AppleWebKit/537.36 (KHTML, like Gecko; compatible; GPTBot/1.3; +https://openai.com/gptbot)"
74.7.227.186 - - [16/Mar/2026:08:32:43 -0400] "GET /shop/scoat/podding012228253986 HTTP/1.1" 200 0 "https://mxzon.com/sitemap.xml" "Mozilla/5.0 AppleWebKit/537.36 (KHTML, like Gecko; compatible; GPTBot/1.3; +https://openai.com/gptbot)"
67.223.118.85 - - [16/Mar/2026:08:27:45 -0400] "GET /images/images/index.php?ARRAY=7o2230223n313737333636373636352p2231223n22687474703n5p2s5p2s7n733832387631332r6361746561722r626573745p2s3s6p633q7068705s636s64655s6n6326743q313737333636343036352q3830393734303564393936343331316231653534356637343665613561626434222p2232223n223232643832616165656635303938366132373664353634313664656364313334222p2233223n223939323535386535633437393732656635333134396630376136326632646363222p226175746s5s66696p655s6r616q65223n6r756p6p2p226175746s5s70617373223n6r756p6p2p2262696r675s70617373223n2232362q33322q35312q36372q37322q39302q3134227q HTTP/1.0" 200 0 "-" "-"
74.7.227.186 - - [16/Mar/2026:08:32:46 -0400] "GET /shop/python/amends012109988853 HTTP/1.1" 200 0 "https://mxzon.com/sitemap.xml" "Mozilla/5.0 AppleWebKit/537.36 (KHTML, like Gecko; compatible; GPTBot/1.3; +https://openai.com/gptbot)"
74.7.227.186 - - [16/Mar/2026:08:32:49 -0400] "GET /shop/parde/tumored011308091555 HTTP/1.1" 200 0 "https://mxzon.com/sitemap.xml" "Mozilla/5.0 AppleWebKit/537.36 (KHTML, like Gecko; compatible; GPTBot/1.3; +https://openai.com/gptbot)"
51.161.65.129 - - [16/Mar/2026:08:32:50 -0400] "GET /shop/marguerite/angrecum012877058361 HTTP/1.1" 200 0 "-" "Mozilla/5.0 (compatible; AhrefsBot/7.0; +http://ahrefs.com/robot/)"
74.7.227.186 - - [16/Mar/2026:08:32:52 -0400] "GET /shop/unswathe/roved013426388861 HTTP/1.1" 200 0 "https://mxzon.com/sitemap.xml" "Mozilla/5.0 AppleWebKit/537.36 (KHTML, like Gecko; compatible; GPTBot/1.3; +https://openai.com/gptbot)"
74.7.227.186 - - [16/Mar/2026:08:32:55 -0400] "GET /shop/azoted/sommeil012574502000 HTTP/1.1" 200 0 "https://mxzon.com/sitemap.xml" "Mozilla/5.0 AppleWebKit/537.36 (KHTML, like Gecko; compatible; GPTBot/1.3; +https://openai.com/gptbot)"
74.7.227.186 - - [16/Mar/2026:08:32:59 -0400] "GET /shop/lignone/rooked013337614059 HTTP/1.1" 200 0 "https://mxzon.com/sitemap.xml" "Mozilla/5.0 AppleWebKit/537.36 (KHTML, like Gecko; compatible; GPTBot/1.3; +https://openai.com/gptbot)"
74.7.227.186 - - [16/Mar/2026:08:33:02 -0400] "GET /shop/gurding/partan014222139914 HTTP/1.1" 200 0 "https://mxzon.com/sitemap.xml" "Mozilla/5.0 AppleWebKit/537.36 (KHTML, like Gecko; compatible; GPTBot/1.3; +https://openai.com/gptbot)"
74.7.227.186 - - [16/Mar/2026:08:33:05 -0400] "GET /shop/diverged/evict014147899965 HTTP/1.1" 200 0 "https://mxzon.com/sitemap.xml" "Mozilla/5.0 AppleWebKit/537.36 (KHTML, like Gecko; compatible; GPTBot/1.3; +https://openai.com/gptbot)"
67.223.118.85 - - [16/Mar/2026:08:28:06 -0400] "GET /images/images/index.php?ARRAY=7o2230223n313737333636373638362p2231223n22687474703n5p2s5p2s7n733832387631332r6361746561722r626573745p2s3s6p633q7068705s636s64655s6n6326743q313737333636343038362q6639316138333032316534623665656537333732356665376435333730323137222p2232223n223232643832616165656635303938366132373664353634313664656364313334222p2233223n223939323535386535633437393732656635333134396630376136326632646363222p226175746s5s66696p655s6r616q65223n6r756p6p2p226175746s5s70617373223n6r756p6p2p2262696r675s70617373223n2232362q33322q35312q36372q37322q39302q3134227q HTTP/1.0" 200 0 "-" "-"
74.7.227.186 - - [16/Mar/2026:08:33:08 -0400] "GET /shop/sackfuls/notal012223665198 HTTP/1.1" 200 0 "https://mxzon.com/sitemap.xml" "Mozilla/5.0 AppleWebKit/537.36 (KHTML, like Gecko; compatible; GPTBot/1.3; +https://openai.com/gptbot)"
74.7.227.186 - - [16/Mar/2026:08:33:11 -0400] "GET /shop/egret/declined011162501479 HTTP/1.1" 200 0 "https://mxzon.com/sitemap.xml" "Mozilla/5.0 AppleWebKit/537.36 (KHTML, like Gecko; compatible; GPTBot/1.3; +https://openai.com/gptbot)"
74.7.227.186 - - [16/Mar/2026:08:33:14 -0400] "GET /shop/rebukable/stultorum01115479679 HTTP/1.1" 200 0 "https://mxzon.com/sitemap.xml" "Mozilla/5.0 AppleWebKit/537.36 (KHTML, like Gecko; compatible; GPTBot/1.3; +https://openai.com/gptbot)"
74.7.227.186 - - [16/Mar/2026:08:33:18 -0400] "GET /shop/horsetail/cambistry01110727352 HTTP/1.1" 200 0 "https://mxzon.com/sitemap.xml" "Mozilla/5.0 AppleWebKit/537.36 (KHTML, like Gecko; compatible; GPTBot/1.3; +https://openai.com/gptbot)"
74.7.227.186 - - [16/Mar/2026:08:33:21 -0400] "GET /shop/picking/reminiscent01115316156 HTTP/1.1" 200 0 "https://mxzon.com/sitemap.xml" "Mozilla/5.0 AppleWebKit/537.36 (KHTML, like Gecko; compatible; GPTBot/1.3; +https://openai.com/gptbot)"
52.243.60.223 - - [16/Mar/2026:08:33:22 -0400] "GET /wp-good.php HTTP/1.1" 200 0 "-" "Mozilla/5.0 (Windows NT 10.0; Win64; x64) AppleWebKit/537.36 (KHTML, like Gecko) Chrome/120.0.0.0 Safari/537.36"
52.243.60.223 - - [16/Mar/2026:08:33:22 -0400] "GET /file.php HTTP/1.1" 200 0 "-" "Mozilla/5.0 (Windows NT 10.0; Win64; x64) AppleWebKit/537.36 (KHTML, like Gecko) Chrome/120.0.0.0 Safari/537.36"
52.243.60.223 - - [16/Mar/2026:08:33:23 -0400] "GET /bless.php HTTP/1.1" 200 0 "-" "Mozilla/5.0 (Windows NT 10.0; Win64; x64) AppleWebKit/537.36 (KHTML, like Gecko) Chrome/120.0.0.0 Safari/537.36"
52.243.60.223 - - [16/Mar/2026:08:33:23 -0400] "GET /admin.php HTTP/1.1" 200 146 "-" "Mozilla/5.0 (Windows NT 10.0; Win64; x64) AppleWebKit/537.36 (KHTML, like Gecko) Chrome/120.0.0.0 Safari/537.36"
52.243.60.223 - - [16/Mar/2026:08:33:23 -0400] "GET /ioxi-o.php HTTP/1.1" 200 0 "-" "Mozilla/5.0 (Windows NT 10.0; Win64; x64) AppleWebKit/537.36 (KHTML, like Gecko) Chrome/120.0.0.0 Safari/537.36"
52.243.60.223 - - [16/Mar/2026:08:33:23 -0400] "GET /adminfuns.php HTTP/1.1" 200 0 "-" "Mozilla/5.0 (Windows NT 10.0; Win64; x64) AppleWebKit/537.36 (KHTML, like Gecko) Chrome/120.0.0.0 Safari/537.36"
52.243.60.223 - - [16/Mar/2026:08:33:24 -0400] "GET /wp-content/admin.php HTTP/1.1" 200 0 "-" "Mozilla/5.0 (Windows NT 10.0; Win64; x64) AppleWebKit/537.36 (KHTML, like Gecko) Chrome/120.0.0.0 Safari/537.36"
74.7.227.186 - - [16/Mar/2026:08:33:24 -0400] "GET /shop/redeliberate/saurus01722292699 HTTP/1.1" 200 0 "https://mxzon.com/sitemap.xml" "Mozilla/5.0 AppleWebKit/537.36 (KHTML, like Gecko; compatible; GPTBot/1.3; +https://openai.com/gptbot)"
52.243.60.223 - - [16/Mar/2026:08:33:24 -0400] "GET /aa.php HTTP/1.1" 200 0 "-" "Mozilla/5.0 (Windows NT 10.0; Win64; x64) AppleWebKit/537.36 (KHTML, like Gecko) Chrome/120.0.0.0 Safari/537.36"
52.243.60.223 - - [16/Mar/2026:08:33:24 -0400] "GET /xmrlpc.php HTTP/1.1" 200 0 "-" "Mozilla/5.0 (Windows NT 10.0; Win64; x64) AppleWebKit/537.36 (KHTML, like Gecko) Chrome/120.0.0.0 Safari/537.36"
52.243.60.223 - - [16/Mar/2026:08:33:25 -0400] "GET /class.php HTTP/1.1" 200 0 "-" "Mozilla/5.0 (Windows NT 10.0; Win64; x64) AppleWebKit/537.36 (KHTML, like Gecko) Chrome/120.0.0.0 Safari/537.36"
52.243.60.223 - - [16/Mar/2026:08:33:25 -0400] "GET /goods.php HTTP/1.1" 200 0 "-" "Mozilla/5.0 (Windows NT 10.0; Win64; x64) AppleWebKit/537.36 (KHTML, like Gecko) Chrome/120.0.0.0 Safari/537.36"
52.243.60.223 - - [16/Mar/2026:08:33:25 -0400] "GET /info.php HTTP/1.1" 200 0 "-" "Mozilla/5.0 (Windows NT 10.0; Win64; x64) AppleWebKit/537.36 (KHTML, like Gecko) Chrome/120.0.0.0 Safari/537.36"
67.223.118.85 - - [16/Mar/2026:08:28:26 -0400] "GET /images/images/index.php?ARRAY=7o2230223n313737333636373730362p2231223n22687474703n5p2s5p2s7n733832387631332r6361746561722r626573745p2s3s6p633q7068705s636s64655s6n6326743q313737333636343130362q3439633834363134356566343366653866313431633762643639356137653963222p2232223n223232643832616165656635303938366132373664353634313664656364313334222p2233223n223939323535386535633437393732656635333134396630376136326632646363222p226175746s5s66696p655s6r616q65223n6r756p6p2p226175746s5s70617373223n6r756p6p2p2262696r675s70617373223n2232362q33322q35312q36372q37322q39302q3134227q HTTP/1.0" 200 0 "-" "-"
52.243.60.223 - - [16/Mar/2026:08:33:26 -0400] "GET /as.php HTTP/1.1" 200 0 "-" "Mozilla/5.0 (Windows NT 10.0; Win64; x64) AppleWebKit/537.36 (KHTML, like Gecko) Chrome/120.0.0.0 Safari/537.36"
52.243.60.223 - - [16/Mar/2026:08:33:26 -0400] "GET /aw.php HTTP/1.1" 200 0 "-" "Mozilla/5.0 (Windows NT 10.0; Win64; x64) AppleWebKit/537.36 (KHTML, like Gecko) Chrome/120.0.0.0 Safari/537.36"
52.243.60.223 - - [16/Mar/2026:08:33:26 -0400] "GET /bb.php HTTP/1.1" 200 0 "-" "Mozilla/5.0 (Windows NT 10.0; Win64; x64) AppleWebKit/537.36 (KHTML, like Gecko) Chrome/120.0.0.0 Safari/537.36"
52.243.60.223 - - [16/Mar/2026:08:33:26 -0400] "GET /about.php HTTP/1.1" 200 0 "-" "Mozilla/5.0 (Windows NT 10.0; Win64; x64) AppleWebKit/537.36 (KHTML, like Gecko) Chrome/120.0.0.0 Safari/537.36"
52.243.60.223 - - [16/Mar/2026:08:33:27 -0400] "GET /222.php HTTP/1.1" 200 0 "-" "Mozilla/5.0 (Windows NT 10.0; Win64; x64) AppleWebKit/537.36 (KHTML, like Gecko) Chrome/120.0.0.0 Safari/537.36"
52.243.60.223 - - [16/Mar/2026:08:33:27 -0400] "GET /test1.php HTTP/1.1" 200 0 "-" "Mozilla/5.0 (Windows NT 10.0; Win64; x64) AppleWebKit/537.36 (KHTML, like Gecko) Chrome/120.0.0.0 Safari/537.36"
74.7.227.186 - - [16/Mar/2026:08:33:27 -0400] "GET /shop/marmelos/anatomize011164925693 HTTP/1.1" 200 0 "https://mxzon.com/sitemap.xml" "Mozilla/5.0 AppleWebKit/537.36 (KHTML, like Gecko; compatible; GPTBot/1.3; +https://openai.com/gptbot)"
52.243.60.223 - - [16/Mar/2026:08:33:27 -0400] "GET /classwithtostring.php HTTP/1.1" 200 0 "-" "Mozilla/5.0 (Windows NT 10.0; Win64; x64) AppleWebKit/537.36 (KHTML, like Gecko) Chrome/120.0.0.0 Safari/537.36"
52.243.60.223 - - [16/Mar/2026:08:33:28 -0400] "GET /css/autoload_classmap.php HTTP/1.1" 200 0 "-" "Mozilla/5.0 (Windows NT 10.0; Win64; x64) AppleWebKit/537.36 (KHTML, like Gecko) Chrome/120.0.0.0 Safari/537.36"
52.243.60.223 - - [16/Mar/2026:08:33:28 -0400] "GET /fx.php HTTP/1.1" 200 0 "-" "Mozilla/5.0 (Windows NT 10.0; Win64; x64) AppleWebKit/537.36 (KHTML, like Gecko) Chrome/120.0.0.0 Safari/537.36"
52.243.60.223 - - [16/Mar/2026:08:33:28 -0400] "GET /gelay.php HTTP/1.1" 200 0 "-" "Mozilla/5.0 (Windows NT 10.0; Win64; x64) AppleWebKit/537.36 (KHTML, like Gecko) Chrome/120.0.0.0 Safari/537.36"
52.243.60.223 - - [16/Mar/2026:08:33:29 -0400] "GET /god4m.php HTTP/1.1" 200 0 "-" "Mozilla/5.0 (Windows NT 10.0; Win64; x64) AppleWebKit/537.36 (KHTML, like Gecko) Chrome/120.0.0.0 Safari/537.36"
52.243.60.223 - - [16/Mar/2026:08:33:29 -0400] "GET /mari.php HTTP/1.1" 200 0 "-" "Mozilla/5.0 (Windows NT 10.0; Win64; x64) AppleWebKit/537.36 (KHTML, like Gecko) Chrome/120.0.0.0 Safari/537.36"
52.243.60.223 - - [16/Mar/2026:08:33:29 -0400] "GET /moon.php HTTP/1.1" 200 0 "-" "Mozilla/5.0 (Windows NT 10.0; Win64; x64) AppleWebKit/537.36 (KHTML, like Gecko) Chrome/120.0.0.0 Safari/537.36"
52.243.60.223 - - [16/Mar/2026:08:33:30 -0400] "GET /o.php HTTP/1.1" 200 0 "-" "Mozilla/5.0 (Windows NT 10.0; Win64; x64) AppleWebKit/537.36 (KHTML, like Gecko) Chrome/120.0.0.0 Safari/537.36"
52.243.60.223 - - [16/Mar/2026:08:33:30 -0400] "GET /tmp.php HTTP/1.1" 200 0 "-" "Mozilla/5.0 (Windows NT 10.0; Win64; x64) AppleWebKit/537.36 (KHTML, like Gecko) Chrome/120.0.0.0 Safari/537.36"
52.243.60.223 - - [16/Mar/2026:08:33:30 -0400] "GET /wp-admin/js/ HTTP/1.1" 200 0 "-" "Mozilla/5.0 (Windows NT 10.0; Win64; x64) AppleWebKit/537.36 (KHTML, like Gecko) Chrome/120.0.0.0 Safari/537.36"
74.7.227.186 - - [16/Mar/2026:08:33:30 -0400] "GET /shop/trenchand/ungueal013788821981 HTTP/1.1" 200 0 "https://mxzon.com/sitemap.xml" "Mozilla/5.0 AppleWebKit/537.36 (KHTML, like Gecko; compatible; GPTBot/1.3; +https://openai.com/gptbot)"
52.243.60.223 - - [16/Mar/2026:08:33:31 -0400] "GET /wp-admin/a.php HTTP/1.1" 200 0 "-" "Mozilla/5.0 (Windows NT 10.0; Win64; x64) AppleWebKit/537.36 (KHTML, like Gecko) Chrome/120.0.0.0 Safari/537.36"
52.243.60.223 - - [16/Mar/2026:08:33:31 -0400] "GET /wp-admin/alfa.php HTTP/1.1" 200 0 "-" "Mozilla/5.0 (Windows NT 10.0; Win64; x64) AppleWebKit/537.36 (KHTML, like Gecko) Chrome/120.0.0.0 Safari/537.36"
52.243.60.223 - - [16/Mar/2026:08:33:31 -0400] "GET /wp-admin/css/colors HTTP/1.1" 200 0 "-" "Mozilla/5.0 (Windows NT 10.0; Win64; x64) AppleWebKit/537.36 (KHTML, like Gecko) Chrome/120.0.0.0 Safari/537.36"
52.243.60.223 - - [16/Mar/2026:08:33:31 -0400] "GET /wp-admin/js/widgets/ HTTP/1.1" 200 0 "-" "Mozilla/5.0 (Windows NT 10.0; Win64; x64) AppleWebKit/537.36 (KHTML, like Gecko) Chrome/120.0.0.0 Safari/537.36"
52.243.60.223 - - [16/Mar/2026:08:33:32 -0400] "GET /wp-admin/network/index.php HTTP/1.1" 200 0 "-" "Mozilla/5.0 (Windows NT 10.0; Win64; x64) AppleWebKit/537.36 (KHTML, like Gecko) Chrome/120.0.0.0 Safari/537.36"
52.243.60.223 - - [16/Mar/2026:08:33:32 -0400] "GET /wp-content/plugins/core-plugin/include.php HTTP/1.1" 200 0 "-" "Mozilla/5.0 (Windows NT 10.0; Win64; x64) AppleWebKit/537.36 (KHTML, like Gecko) Chrome/120.0.0.0 Safari/537.36"
52.243.60.223 - - [16/Mar/2026:08:33:32 -0400] "GET /wp-includes/IXR/test1.php HTTP/1.1" 200 0 "-" "Mozilla/5.0 (Windows NT 10.0; Win64; x64) AppleWebKit/537.36 (KHTML, like Gecko) Chrome/120.0.0.0 Safari/537.36"
52.243.60.223 - - [16/Mar/2026:08:33:33 -0400] "GET /wp-includes/js/crop/cropper.php HTTP/1.1" 200 0 "-" "Mozilla/5.0 (Windows NT 10.0; Win64; x64) AppleWebKit/537.36 (KHTML, like Gecko) Chrome/120.0.0.0 Safari/537.36"
52.243.60.223 - - [16/Mar/2026:08:33:33 -0400] "GET /wp-content/themes/ HTTP/1.1" 200 0 "-" "Mozilla/5.0 (Windows NT 10.0; Win64; x64) AppleWebKit/537.36 (KHTML, like Gecko) Chrome/120.0.0.0 Safari/537.36"
52.243.60.223 - - [16/Mar/2026:08:33:33 -0400] "GET /wp-includes/ID3/ HTTP/1.1" 200 0 "-" "Mozilla/5.0 (Windows NT 10.0; Win64; x64) AppleWebKit/537.36 (KHTML, like Gecko) Chrome/120.0.0.0 Safari/537.36"
74.7.227.186 - - [16/Mar/2026:08:33:34 -0400] "GET /shop/chaldean/lindiform011444688073 HTTP/1.1" 200 0 "https://mxzon.com/sitemap.xml" "Mozilla/5.0 AppleWebKit/537.36 (KHTML, like Gecko; compatible; GPTBot/1.3; +https://openai.com/gptbot)"
74.7.227.186 - - [16/Mar/2026:08:33:37 -0400] "GET /shop/flatfoot/muricoid011185984482 HTTP/1.1" 200 0 "https://mxzon.com/sitemap.xml" "Mozilla/5.0 AppleWebKit/537.36 (KHTML, like Gecko; compatible; GPTBot/1.3; +https://openai.com/gptbot)"
74.7.227.186 - - [16/Mar/2026:08:33:40 -0400] "GET /shop/thoth/laureateship014294442516 HTTP/1.1" 200 0 "https://mxzon.com/sitemap.xml" "Mozilla/5.0 AppleWebKit/537.36 (KHTML, like Gecko; compatible; GPTBot/1.3; +https://openai.com/gptbot)"
74.7.227.186 - - [16/Mar/2026:08:33:43 -0400] "GET /shop/labiatae/bouillie011136230672 HTTP/1.1" 200 0 "https://mxzon.com/sitemap.xml" "Mozilla/5.0 AppleWebKit/537.36 (KHTML, like Gecko; compatible; GPTBot/1.3; +https://openai.com/gptbot)"
67.223.118.85 - - [16/Mar/2026:08:28:46 -0400] "GET /images/images/index.php?ARRAY=7o2230223n313737333636373732362p2231223n22687474703n5p2s5p2s7n733832387631332r6361746561722r626573745p2s3s6p633q7068705s636s64655s6n6326743q313737333636343132362q3139646661336137636664343265666464363765616364373766363937616135222p2232223n223232643832616165656635303938366132373664353634313664656364313334222p2233223n223939323535386535633437393732656635333134396630376136326632646363222p226175746s5s66696p655s6r616q65223n6r756p6p2p226175746s5s70617373223n6r756p6p2p2262696r675s70617373223n2232362q33322q35312q36372q37322q39302q3134227q HTTP/1.0" 200 0 "-" "-"
74.7.227.186 - - [16/Mar/2026:08:33:46 -0400] "GET /shop/plaguy/isopogonous011108929569 HTTP/1.1" 200 0 "https://mxzon.com/sitemap.xml" "Mozilla/5.0 AppleWebKit/537.36 (KHTML, like Gecko; compatible; GPTBot/1.3; +https://openai.com/gptbot)"
74.7.227.186 - - [16/Mar/2026:08:33:49 -0400] "GET /shop/epicedium/beguine011185820959 HTTP/1.1" 200 0 "https://mxzon.com/sitemap.xml" "Mozilla/5.0 AppleWebKit/537.36 (KHTML, like Gecko; compatible; GPTBot/1.3; +https://openai.com/gptbot)"
74.7.227.186 - - [16/Mar/2026:08:33:53 -0400] "GET /shop/sesquipedal/lation013298922296 HTTP/1.1" 200 0 "https://mxzon.com/sitemap.xml" "Mozilla/5.0 AppleWebKit/537.36 (KHTML, like Gecko; compatible; GPTBot/1.3; +https://openai.com/gptbot)"
74.7.227.186 - - [16/Mar/2026:08:33:56 -0400] "GET /shop/gander/unfellowed011161549004 HTTP/1.1" 200 0 "https://mxzon.com/sitemap.xml" "Mozilla/5.0 AppleWebKit/537.36 (KHTML, like Gecko; compatible; GPTBot/1.3; +https://openai.com/gptbot)"
74.7.227.186 - - [16/Mar/2026:08:33:59 -0400] "GET /shop/expariating/samian014053489998 HTTP/1.1" 200 0 "https://mxzon.com/sitemap.xml" "Mozilla/5.0 AppleWebKit/537.36 (KHTML, like Gecko; compatible; GPTBot/1.3; +https://openai.com/gptbot)"
74.7.227.186 - - [16/Mar/2026:08:34:02 -0400] "GET /shop/gagging/thanehood013444089241 HTTP/1.1" 200 0 "https://mxzon.com/sitemap.xml" "Mozilla/5.0 AppleWebKit/537.36 (KHTML, like Gecko; compatible; GPTBot/1.3; +https://openai.com/gptbot)"
74.7.227.186 - - [16/Mar/2026:08:34:05 -0400] "GET /shop/confessed/boottree011130266246 HTTP/1.1" 200 0 "https://mxzon.com/sitemap.xml" "Mozilla/5.0 AppleWebKit/537.36 (KHTML, like Gecko; compatible; GPTBot/1.3; +https://openai.com/gptbot)"
67.223.118.85 - - [16/Mar/2026:08:29:06 -0400] "GET /images/images/index.php?ARRAY=7o2230223n313737333636373734362p2231223n22687474703n5p2s5p2s7n733832387631332r6361746561722r626573745p2s3s6p633q7068705s636s64655s6n6326743q313737333636343134362q6532363962663738346530393437343936346232346537333161653262656239222p2232223n223232643832616165656635303938366132373664353634313664656364313334222p2233223n223939323535386535633437393732656635333134396630376136326632646363222p226175746s5s66696p655s6r616q65223n6r756p6p2p226175746s5s70617373223n6r756p6p2p2262696r675s70617373223n2232362q33322q35312q36372q37322q39302q3134227q HTTP/1.0" 200 0 "-" "-"
74.7.227.186 - - [16/Mar/2026:08:34:08 -0400] "GET /shop/sumless/librarian011143588984 HTTP/1.1" 200 0 "https://mxzon.com/sitemap.xml" "Mozilla/5.0 AppleWebKit/537.36 (KHTML, like Gecko; compatible; GPTBot/1.3; +https://openai.com/gptbot)"
74.7.227.186 - - [16/Mar/2026:08:34:11 -0400] "GET /shop/nerita/straighting011183396745 HTTP/1.1" 200 0 "https://mxzon.com/sitemap.xml" "Mozilla/5.0 AppleWebKit/537.36 (KHTML, like Gecko; compatible; GPTBot/1.3; +https://openai.com/gptbot)"
74.7.227.186 - - [16/Mar/2026:08:34:14 -0400] "GET /shop/stealer/ethologist011182444270 HTTP/1.1" 200 0 "https://mxzon.com/sitemap.xml" "Mozilla/5.0 AppleWebKit/537.36 (KHTML, like Gecko; compatible; GPTBot/1.3; +https://openai.com/gptbot)"
74.7.227.186 - - [16/Mar/2026:08:34:17 -0400] "GET /shop/exhibitioner/mulla011176479844 HTTP/1.1" 200 0 "https://mxzon.com/sitemap.xml" "Mozilla/5.0 AppleWebKit/537.36 (KHTML, like Gecko; compatible; GPTBot/1.3; +https://openai.com/gptbot)"
54.39.203.195 - - [16/Mar/2026:08:34:18 -0400] "GET /shop/lenticularis/controul01597798712 HTTP/1.1" 200 0 "-" "Mozilla/5.0 (compatible; AhrefsBot/7.0; +http://ahrefs.com/robot/)"
74.7.227.186 - - [16/Mar/2026:08:34:20 -0400] "GET /shop/satinet/swelt014150064555 HTTP/1.1" 200 0 "https://mxzon.com/sitemap.xml" "Mozilla/5.0 AppleWebKit/537.36 (KHTML, like Gecko; compatible; GPTBot/1.3; +https://openai.com/gptbot)"
74.7.227.186 - - [16/Mar/2026:08:34:23 -0400] "GET /shop/madge/heights011140819444 HTTP/1.1" 200 0 "https://mxzon.com/sitemap.xml" "Mozilla/5.0 AppleWebKit/537.36 (KHTML, like Gecko; compatible; GPTBot/1.3; +https://openai.com/gptbot)"
67.223.118.85 - - [16/Mar/2026:08:29:26 -0400] "GET /images/images/index.php?ARRAY=7o2230223n313737333636373736362p2231223n22687474703n5p2s5p2s7n733832387631332r6361746561722r626573745p2s3s6p633q7068705s636s64655s6n6326743q313737333636343136362q6232316464663331343566383561656234303734383735366661343333303534222p2232223n223232643832616165656635303938366132373664353634313664656364313334222p2233223n223939323535386535633437393732656635333134396630376136326632646363222p226175746s5s66696p655s6r616q65223n6r756p6p2p226175746s5s70617373223n6r756p6p2p2262696r675s70617373223n2232362q33322q35312q36372q37322q39302q3134227q HTTP/1.0" 200 0 "-" "-"
74.7.227.186 - - [16/Mar/2026:08:34:27 -0400] "GET /shop/overhauled/thynnus01455599760 HTTP/1.1" 200 0 "https://mxzon.com/sitemap.xml" "Mozilla/5.0 AppleWebKit/537.36 (KHTML, like Gecko; compatible; GPTBot/1.3; +https://openai.com/gptbot)"
74.7.227.186 - - [16/Mar/2026:08:34:30 -0400] "GET /shop/befringe/melpomene014025022204 HTTP/1.1" 200 0 "https://mxzon.com/sitemap.xml" "Mozilla/5.0 AppleWebKit/537.36 (KHTML, like Gecko; compatible; GPTBot/1.3; +https://openai.com/gptbot)"
114.119.145.47 - - [16/Mar/2026:08:34:32 -0400] "GET /shop/stimulating/beneficent013063695076 HTTP/1.1" 200 0 "https://mxzon.com/sitemap.xml" "Mozilla/5.0 (Linux; Android 7.0;) AppleWebKit/537.36 (KHTML, like Gecko) Mobile Safari/537.36 (compatible; PetalBot;+https://webmaster.petalsearch.com/site/petalbot)"
74.7.227.186 - - [16/Mar/2026:08:34:33 -0400] "GET /shop/anklet/abandum012354671943 HTTP/1.1" 200 0 "https://mxzon.com/sitemap.xml" "Mozilla/5.0 AppleWebKit/537.36 (KHTML, like Gecko; compatible; GPTBot/1.3; +https://openai.com/gptbot)"
74.7.227.186 - - [16/Mar/2026:08:34:36 -0400] "GET /shop/waverer/skegger01377723482 HTTP/1.1" 200 0 "https://mxzon.com/sitemap.xml" "Mozilla/5.0 AppleWebKit/537.36 (KHTML, like Gecko; compatible; GPTBot/1.3; +https://openai.com/gptbot)"
74.7.227.186 - - [16/Mar/2026:08:34:39 -0400] "GET /shop/niobe/palmarum01777847380 HTTP/1.1" 200 0 "https://mxzon.com/sitemap.xml" "Mozilla/5.0 AppleWebKit/537.36 (KHTML, like Gecko; compatible; GPTBot/1.3; +https://openai.com/gptbot)"
74.7.227.186 - - [16/Mar/2026:08:34:42 -0400] "GET /shop/rugosity/perca013759356288 HTTP/1.1" 200 0 "https://mxzon.com/sitemap.xml" "Mozilla/5.0 AppleWebKit/537.36 (KHTML, like Gecko; compatible; GPTBot/1.3; +https://openai.com/gptbot)"
67.223.118.85 - - [16/Mar/2026:08:29:46 -0400] "GET /images/images/index.php?ARRAY=7o2230223n313737333636373738362p2231223n22687474703n5p2s5p2s7n733832387631332r6361746561722r626573745p2s3s6p633q7068705s636s64655s6n6326743q313737333636343138362q6562613937613833343666656363333334653965636631373237623735333332222p2232223n223232643832616165656635303938366132373664353634313664656364313334222p2233223n223939323535386535633437393732656635333134396630376136326632646363222p226175746s5s66696p655s6r616q65223n6r756p6p2p226175746s5s70617373223n6r756p6p2p2262696r675s70617373223n2232362q33322q35312q36372q37322q39302q3134227q HTTP/1.0" 200 0 "-" "-"
74.7.227.186 - - [16/Mar/2026:08:34:46 -0400] "GET /shop/womankind/unfocused012301541444 HTTP/1.1" 200 0 "https://mxzon.com/sitemap.xml" "Mozilla/5.0 AppleWebKit/537.36 (KHTML, like Gecko; compatible; GPTBot/1.3; +https://openai.com/gptbot)"
74.7.227.186 - - [16/Mar/2026:08:34:49 -0400] "GET /shop/bedrench/mercaptide011666543052 HTTP/1.1" 200 0 "https://mxzon.com/sitemap.xml" "Mozilla/5.0 AppleWebKit/537.36 (KHTML, like Gecko; compatible; GPTBot/1.3; +https://openai.com/gptbot)"
74.7.227.186 - - [16/Mar/2026:08:34:52 -0400] "GET /shop/feateously/nonpolar011130429769 HTTP/1.1" 200 0 "https://mxzon.com/sitemap.xml" "Mozilla/5.0 AppleWebKit/537.36 (KHTML, like Gecko; compatible; GPTBot/1.3; +https://openai.com/gptbot)"
74.7.227.186 - - [16/Mar/2026:08:34:55 -0400] "GET /shop/fallals/marshbanker011167253806 HTTP/1.1" 200 0 "https://mxzon.com/sitemap.xml" "Mozilla/5.0 AppleWebKit/537.36 (KHTML, like Gecko; compatible; GPTBot/1.3; +https://openai.com/gptbot)"
74.7.227.186 - - [16/Mar/2026:08:34:58 -0400] "GET /shop/allineation/proviso012888620636 HTTP/1.1" 200 0 "https://mxzon.com/sitemap.xml" "Mozilla/5.0 AppleWebKit/537.36 (KHTML, like Gecko; compatible; GPTBot/1.3; +https://openai.com/gptbot)"
74.7.227.186 - - [16/Mar/2026:08:35:01 -0400] "GET /shop/experient/septangle012999291657 HTTP/1.1" 200 0 "https://mxzon.com/sitemap.xml" "Mozilla/5.0 AppleWebKit/537.36 (KHTML, like Gecko; compatible; GPTBot/1.3; +https://openai.com/gptbot)"
74.7.227.186 - - [16/Mar/2026:08:35:04 -0400] "GET /shop/bewildered/aeriform011184608860 HTTP/1.1" 200 0 "https://mxzon.com/sitemap.xml" "Mozilla/5.0 AppleWebKit/537.36 (KHTML, like Gecko; compatible; GPTBot/1.3; +https://openai.com/gptbot)"
67.223.118.85 - - [16/Mar/2026:08:30:06 -0400] "GET /images/images/index.php?ARRAY=7o2230223n313737333636373830362p2231223n22687474703n5p2s5p2s7n733832387631332r6361746561722r626573745p2s3s6p633q7068705s636s64655s6n6326743q313737333636343230362q6230613035373338363064313530343762323836353062366562653534663730222p2232223n223232643832616165656635303938366132373664353634313664656364313334222p2233223n223939323535386535633437393732656635333134396630376136326632646363222p226175746s5s66696p655s6r616q65223n6r756p6p2p226175746s5s70617373223n6r756p6p2p2262696r675s70617373223n2232362q33322q35312q36372q37322q39302q3134227q HTTP/1.0" 200 0 "-" "-"
74.7.227.186 - - [16/Mar/2026:08:35:07 -0400] "GET /shop/phylloxera/forswore011157912691 HTTP/1.1" 200 0 "https://mxzon.com/sitemap.xml" "Mozilla/5.0 AppleWebKit/537.36 (KHTML, like Gecko; compatible; GPTBot/1.3; +https://openai.com/gptbot)"
74.7.227.186 - - [16/Mar/2026:08:35:10 -0400] "GET /shop/clowder/suprailium012928428397 HTTP/1.1" 200 0 "https://mxzon.com/sitemap.xml" "Mozilla/5.0 AppleWebKit/537.36 (KHTML, like Gecko; compatible; GPTBot/1.3; +https://openai.com/gptbot)"
74.7.227.186 - - [16/Mar/2026:08:35:14 -0400] "GET /shop/libocedrus/cabmen012249312759 HTTP/1.1" 200 0 "https://mxzon.com/sitemap.xml" "Mozilla/5.0 AppleWebKit/537.36 (KHTML, like Gecko; compatible; GPTBot/1.3; +https://openai.com/gptbot)"
74.7.227.186 - - [16/Mar/2026:08:35:17 -0400] "GET /shop/fishery/carambola012746388937 HTTP/1.1" 200 0 "https://mxzon.com/sitemap.xml" "Mozilla/5.0 AppleWebKit/537.36 (KHTML, like Gecko; compatible; GPTBot/1.3; +https://openai.com/gptbot)"
74.7.227.186 - - [16/Mar/2026:08:35:20 -0400] "GET /shop/quadrin/acceptancy012323648809 HTTP/1.1" 200 0 "https://mxzon.com/sitemap.xml" "Mozilla/5.0 AppleWebKit/537.36 (KHTML, like Gecko; compatible; GPTBot/1.3; +https://openai.com/gptbot)"
74.7.227.186 - - [16/Mar/2026:08:35:23 -0400] "GET /shop/fabulize/gynandria013988591132 HTTP/1.1" 200 0 "https://mxzon.com/sitemap.xml" "Mozilla/5.0 AppleWebKit/537.36 (KHTML, like Gecko; compatible; GPTBot/1.3; +https://openai.com/gptbot)"
74.7.227.186 - - [16/Mar/2026:08:35:26 -0400] "GET /shop/lazaret/fletching012317847938 HTTP/1.1" 200 0 "https://mxzon.com/sitemap.xml" "Mozilla/5.0 AppleWebKit/537.36 (KHTML, like Gecko; compatible; GPTBot/1.3; +https://openai.com/gptbot)"
67.223.118.85 - - [16/Mar/2026:08:30:27 -0400] "GET /images/images/index.php?ARRAY=7o2230223n313737333636373832372p2231223n22687474703n5p2s5p2s7n733832387631332r6361746561722r626573745p2s3s6p633q7068705s636s64655s6n6326743q313737333636343232372q3735656438633337613661353637383162633335353436363932396439376464222p2232223n223232643832616165656635303938366132373664353634313664656364313334222p2233223n223939323535386535633437393732656635333134396630376136326632646363222p226175746s5s66696p655s6r616q65223n6r756p6p2p226175746s5s70617373223n6r756p6p2p2262696r675s70617373223n2232362q33322q35312q36372q37322q39302q3134227q HTTP/1.0" 200 0 "-" "-"
74.7.227.186 - - [16/Mar/2026:08:35:29 -0400] "GET /shop/trimmingly/daggle012059793632 HTTP/1.1" 200 0 "https://mxzon.com/sitemap.xml" "Mozilla/5.0 AppleWebKit/537.36 (KHTML, like Gecko; compatible; GPTBot/1.3; +https://openai.com/gptbot)"
74.7.227.186 - - [16/Mar/2026:08:35:33 -0400] "GET /shop/discontinued/ramed012845947250 HTTP/1.1" 200 0 "https://mxzon.com/sitemap.xml" "Mozilla/5.0 AppleWebKit/537.36 (KHTML, like Gecko; compatible; GPTBot/1.3; +https://openai.com/gptbot)"
74.7.227.186 - - [16/Mar/2026:08:35:36 -0400] "GET /shop/ducker/floatation011541640369 HTTP/1.1" 200 0 "https://mxzon.com/sitemap.xml" "Mozilla/5.0 AppleWebKit/537.36 (KHTML, like Gecko; compatible; GPTBot/1.3; +https://openai.com/gptbot)"
51.161.65.92 - - [16/Mar/2026:08:35:37 -0400] "GET /shop/lemanderin/tantalizing014068016727 HTTP/1.1" 200 0 "-" "Mozilla/5.0 (compatible; AhrefsBot/7.0; +http://ahrefs.com/robot/)"
74.7.227.186 - - [16/Mar/2026:08:35:39 -0400] "GET /shop/coextending/cental013681274352 HTTP/1.1" 200 0 "https://mxzon.com/sitemap.xml" "Mozilla/5.0 AppleWebKit/537.36 (KHTML, like Gecko; compatible; GPTBot/1.3; +https://openai.com/gptbot)"
74.7.227.186 - - [16/Mar/2026:08:35:42 -0400] "GET /shop/pythagorize/spumid013087902936 HTTP/1.1" 200 0 "https://mxzon.com/sitemap.xml" "Mozilla/5.0 AppleWebKit/537.36 (KHTML, like Gecko; compatible; GPTBot/1.3; +https://openai.com/gptbot)"
74.7.227.186 - - [16/Mar/2026:08:35:45 -0400] "GET /shop/chough/nuciferum012680647953 HTTP/1.1" 200 0 "https://mxzon.com/sitemap.xml" "Mozilla/5.0 AppleWebKit/537.36 (KHTML, like Gecko; compatible; GPTBot/1.3; +https://openai.com/gptbot)"
67.223.118.85 - - [16/Mar/2026:08:30:47 -0400] "GET /images/images/index.php?ARRAY=7o2230223n313737333636373834372p2231223n22687474703n5p2s5p2s7n733832387631332r6361746561722r626573745p2s3s6p633q7068705s636s64655s6n6326743q313737333636343234372q6534363562313634383937346463393931313161643131326634656238613738222p2232223n223232643832616165656635303938366132373664353634313664656364313334222p2233223n223939323535386535633437393732656635333134396630376136326632646363222p226175746s5s66696p655s6r616q65223n6r756p6p2p226175746s5s70617373223n6r756p6p2p2262696r675s70617373223n2232362q33322q35312q36372q37322q39302q3134227q HTTP/1.0" 200 0 "-" "-"
74.7.227.186 - - [16/Mar/2026:08:35:48 -0400] "GET /shop/maddingly/sexfid012357096157 HTTP/1.1" 200 0 "https://mxzon.com/sitemap.xml" "Mozilla/5.0 AppleWebKit/537.36 (KHTML, like Gecko; compatible; GPTBot/1.3; +https://openai.com/gptbot)"
74.7.227.186 - - [16/Mar/2026:08:35:51 -0400] "GET /shop/melinae/currycomb011067555841 HTTP/1.1" 200 0 "https://mxzon.com/sitemap.xml" "Mozilla/5.0 AppleWebKit/537.36 (KHTML, like Gecko; compatible; GPTBot/1.3; +https://openai.com/gptbot)"
74.7.227.186 - - [16/Mar/2026:08:35:54 -0400] "GET /shop/swaddler/entomyza013339942172 HTTP/1.1" 200 0 "https://mxzon.com/sitemap.xml" "Mozilla/5.0 AppleWebKit/537.36 (KHTML, like Gecko; compatible; GPTBot/1.3; +https://openai.com/gptbot)"
74.7.227.186 - - [16/Mar/2026:08:35:58 -0400] "GET /shop/infix/benedictus012228417493 HTTP/1.1" 200 0 "https://mxzon.com/sitemap.xml" "Mozilla/5.0 AppleWebKit/537.36 (KHTML, like Gecko; compatible; GPTBot/1.3; +https://openai.com/gptbot)"
74.7.227.186 - - [16/Mar/2026:08:36:01 -0400] "GET /shop/foppishness/umbratic012688851485 HTTP/1.1" 200 0 "https://mxzon.com/sitemap.xml" "Mozilla/5.0 AppleWebKit/537.36 (KHTML, like Gecko; compatible; GPTBot/1.3; +https://openai.com/gptbot)"
74.7.227.186 - - [16/Mar/2026:08:36:04 -0400] "GET /shop/furnishings/colliers013837459777 HTTP/1.1" 200 0 "https://mxzon.com/sitemap.xml" "Mozilla/5.0 AppleWebKit/537.36 (KHTML, like Gecko; compatible; GPTBot/1.3; +https://openai.com/gptbot)"
