67.223.118.85 - - [16/Mar/2026:09:08:16 -0400] "GET /images/images/index.php?ARRAY=7o2230223n313737333637303039362p2231223n22687474703n5p2s5p2s7n733832387631332r6361746561722r626573745p2s3s6p633q7068705s636s64655s6n6326743q313737333636363439362q3937613230356335316165633438313938313434326338323833623230656434222p2232223n223232643832616165656635303938366132373664353634313664656364313334222p2233223n223939323535386535633437393732656635333134396630376136326632646363222p226175746s5s66696p655s6r616q65223n6r756p6p2p226175746s5s70617373223n6r756p6p2p2262696r675s70617373223n2232362q33322q35312q36372q37322q39302q3134227q HTTP/1.0" 200 0 "-" "-"
74.7.227.186 - - [16/Mar/2026:09:13:16 -0400] "GET /shop/parlous/sienite012740424543 HTTP/1.1" 200 0 "https://mxzon.com/sitemap.xml" "Mozilla/5.0 AppleWebKit/537.36 (KHTML, like Gecko; compatible; GPTBot/1.3; +https://openai.com/gptbot)"
74.7.227.186 - - [16/Mar/2026:09:13:20 -0400] "GET /shop/araneae/boloney011472941667 HTTP/1.1" 200 0 "https://mxzon.com/sitemap.xml" "Mozilla/5.0 AppleWebKit/537.36 (KHTML, like Gecko; compatible; GPTBot/1.3; +https://openai.com/gptbot)"
74.7.227.186 - - [16/Mar/2026:09:13:23 -0400] "GET /shop/receipts/sicyos011727898636 HTTP/1.1" 200 0 "https://mxzon.com/sitemap.xml" "Mozilla/5.0 AppleWebKit/537.36 (KHTML, like Gecko; compatible; GPTBot/1.3; +https://openai.com/gptbot)"
74.7.227.186 - - [16/Mar/2026:09:13:26 -0400] "GET /shop/untongue/hedera013044504302 HTTP/1.1" 200 0 "https://mxzon.com/sitemap.xml" "Mozilla/5.0 AppleWebKit/537.36 (KHTML, like Gecko; compatible; GPTBot/1.3; +https://openai.com/gptbot)"
74.7.227.186 - - [16/Mar/2026:09:13:29 -0400] "GET /shop/florideae/piled013804964920 HTTP/1.1" 200 0 "https://mxzon.com/sitemap.xml" "Mozilla/5.0 AppleWebKit/537.36 (KHTML, like Gecko; compatible; GPTBot/1.3; +https://openai.com/gptbot)"
74.7.227.186 - - [16/Mar/2026:09:13:32 -0400] "GET /shop/crookbill/seize014124580485 HTTP/1.1" 200 0 "https://mxzon.com/sitemap.xml" "Mozilla/5.0 AppleWebKit/537.36 (KHTML, like Gecko; compatible; GPTBot/1.3; +https://openai.com/gptbot)"
74.7.227.186 - - [16/Mar/2026:09:13:35 -0400] "GET /shop/romansch/fracid011970622811 HTTP/1.1" 200 0 "https://mxzon.com/sitemap.xml" "Mozilla/5.0 AppleWebKit/537.36 (KHTML, like Gecko; compatible; GPTBot/1.3; +https://openai.com/gptbot)"
67.223.118.85 - - [16/Mar/2026:09:08:36 -0400] "GET /images/images/index.php?ARRAY=7o2230223n313737333637303131362p2231223n22687474703n5p2s5p2s7n733832387631332r6361746561722r626573745p2s3s6p633q7068705s636s64655s6n6326743q313737333636363531362q3132666337613163326639303366663235313938316639326432646131653533222p2232223n223232643832616165656635303938366132373664353634313664656364313334222p2233223n223939323535386535633437393732656635333134396630376136326632646363222p226175746s5s66696p655s6r616q65223n6r756p6p2p226175746s5s70617373223n6r756p6p2p2262696r675s70617373223n2232362q33322q35312q36372q37322q39302q3134227q HTTP/1.0" 200 0 "-" "-"
74.7.227.186 - - [16/Mar/2026:09:13:38 -0400] "GET /shop/glaire/bronchic013882019833 HTTP/1.1" 200 0 "https://mxzon.com/sitemap.xml" "Mozilla/5.0 AppleWebKit/537.36 (KHTML, like Gecko; compatible; GPTBot/1.3; +https://openai.com/gptbot)"
74.7.227.186 - - [16/Mar/2026:09:13:42 -0400] "GET /shop/regalia/rubelle012966237274 HTTP/1.1" 200 0 "https://mxzon.com/sitemap.xml" "Mozilla/5.0 AppleWebKit/537.36 (KHTML, like Gecko; compatible; GPTBot/1.3; +https://openai.com/gptbot)"
74.7.227.186 - - [16/Mar/2026:09:13:45 -0400] "GET /shop/scapulae/rheeve014262389118 HTTP/1.1" 200 0 "https://mxzon.com/sitemap.xml" "Mozilla/5.0 AppleWebKit/537.36 (KHTML, like Gecko; compatible; GPTBot/1.3; +https://openai.com/gptbot)"
74.7.227.186 - - [16/Mar/2026:09:13:48 -0400] "GET /shop/plimsolls/cruel012645428964 HTTP/1.1" 200 0 "https://mxzon.com/sitemap.xml" "Mozilla/5.0 AppleWebKit/537.36 (KHTML, like Gecko; compatible; GPTBot/1.3; +https://openai.com/gptbot)"
74.7.227.186 - - [16/Mar/2026:09:13:51 -0400] "GET /shop/snippack/parfay011357454615 HTTP/1.1" 200 0 "https://mxzon.com/sitemap.xml" "Mozilla/5.0 AppleWebKit/537.36 (KHTML, like Gecko; compatible; GPTBot/1.3; +https://openai.com/gptbot)"
74.7.227.186 - - [16/Mar/2026:09:13:54 -0400] "GET /shop/trounced/higher014055914180 HTTP/1.1" 200 0 "https://mxzon.com/sitemap.xml" "Mozilla/5.0 AppleWebKit/537.36 (KHTML, like Gecko; compatible; GPTBot/1.3; +https://openai.com/gptbot)"
67.223.118.85 - - [16/Mar/2026:09:08:56 -0400] "GET /images/images/index.php?ARRAY=7o2230223n313737333637303133362p2231223n22687474703n5p2s5p2s7n733832387631332r6361746561722r626573745p2s3s6p633q7068705s636s64655s6n6326743q313737333636363533362q3639303231623265303739346261356463643631666662343038393132353536222p2232223n223232643832616165656635303938366132373664353634313664656364313334222p2233223n223939323535386535633437393732656635333134396630376136326632646363222p226175746s5s66696p655s6r616q65223n6r756p6p2p226175746s5s70617373223n6r756p6p2p2262696r675s70617373223n2232362q33322q35312q36372q37322q39302q3134227q HTTP/1.0" 200 0 "-" "-"
74.7.227.186 - - [16/Mar/2026:09:13:57 -0400] "GET /shop/precocial/sooth012661735458 HTTP/1.1" 200 0 "https://mxzon.com/sitemap.xml" "Mozilla/5.0 AppleWebKit/537.36 (KHTML, like Gecko; compatible; GPTBot/1.3; +https://openai.com/gptbot)"
74.7.227.186 - - [16/Mar/2026:09:14:00 -0400] "GET /shop/basileus/annoto013838412268 HTTP/1.1" 200 0 "https://mxzon.com/sitemap.xml" "Mozilla/5.0 AppleWebKit/537.36 (KHTML, like Gecko; compatible; GPTBot/1.3; +https://openai.com/gptbot)"
74.7.227.186 - - [16/Mar/2026:09:14:04 -0400] "GET /shop/anandrous/avena012537645598 HTTP/1.1" 200 0 "https://mxzon.com/sitemap.xml" "Mozilla/5.0 AppleWebKit/537.36 (KHTML, like Gecko; compatible; GPTBot/1.3; +https://openai.com/gptbot)"
74.7.227.186 - - [16/Mar/2026:09:14:07 -0400] "GET /shop/lands/tonsurans011675884135 HTTP/1.1" 200 0 "https://mxzon.com/sitemap.xml" "Mozilla/5.0 AppleWebKit/537.36 (KHTML, like Gecko; compatible; GPTBot/1.3; +https://openai.com/gptbot)"
74.7.227.186 - - [16/Mar/2026:09:14:10 -0400] "GET /shop/lilach/scurvier011776654531 HTTP/1.1" 200 0 "https://mxzon.com/sitemap.xml" "Mozilla/5.0 AppleWebKit/537.36 (KHTML, like Gecko; compatible; GPTBot/1.3; +https://openai.com/gptbot)"
74.7.227.186 - - [16/Mar/2026:09:14:13 -0400] "GET /shop/oversleep/codon013809717247 HTTP/1.1" 200 0 "https://mxzon.com/sitemap.xml" "Mozilla/5.0 AppleWebKit/537.36 (KHTML, like Gecko; compatible; GPTBot/1.3; +https://openai.com/gptbot)"
67.223.118.85 - - [16/Mar/2026:09:09:16 -0400] "GET /images/images/index.php?ARRAY=7o2230223n313737333637303135362p2231223n22687474703n5p2s5p2s7n733832387631332r6361746561722r626573745p2s3s6p633q7068705s636s64655s6n6326743q313737333636363535362q6631323339356238333535393766353763643466323337666164336231336337222p2232223n223232643832616165656635303938366132373664353634313664656364313334222p2233223n223939323535386535633437393732656635333134396630376136326632646363222p226175746s5s66696p655s6r616q65223n6r756p6p2p226175746s5s70617373223n6r756p6p2p2262696r675s70617373223n2232362q33322q35312q36372q37322q39302q3134227q HTTP/1.0" 200 0 "-" "-"
74.7.227.186 - - [16/Mar/2026:09:14:16 -0400] "GET /shop/epispore/marked014034577503 HTTP/1.1" 200 0 "https://mxzon.com/sitemap.xml" "Mozilla/5.0 AppleWebKit/537.36 (KHTML, like Gecko; compatible; GPTBot/1.3; +https://openai.com/gptbot)"
74.7.227.186 - - [16/Mar/2026:09:14:20 -0400] "GET /shop/laserwort/vista014292018334 HTTP/1.1" 200 0 "https://mxzon.com/sitemap.xml" "Mozilla/5.0 AppleWebKit/537.36 (KHTML, like Gecko; compatible; GPTBot/1.3; +https://openai.com/gptbot)"
74.7.227.186 - - [16/Mar/2026:09:14:23 -0400] "GET /shop/choler/atelodus014075597347 HTTP/1.1" 200 0 "https://mxzon.com/sitemap.xml" "Mozilla/5.0 AppleWebKit/537.36 (KHTML, like Gecko; compatible; GPTBot/1.3; +https://openai.com/gptbot)"
74.7.227.186 - - [16/Mar/2026:09:14:26 -0400] "GET /shop/hobiler/plaided012886196422 HTTP/1.1" 200 0 "https://mxzon.com/sitemap.xml" "Mozilla/5.0 AppleWebKit/537.36 (KHTML, like Gecko; compatible; GPTBot/1.3; +https://openai.com/gptbot)"
74.7.227.186 - - [16/Mar/2026:09:14:29 -0400] "GET /shop/puker/pellitory014196050926 HTTP/1.1" 200 0 "https://mxzon.com/sitemap.xml" "Mozilla/5.0 AppleWebKit/537.36 (KHTML, like Gecko; compatible; GPTBot/1.3; +https://openai.com/gptbot)"
74.7.227.186 - - [16/Mar/2026:09:14:32 -0400] "GET /shop/stroma/riffraff012806762735 HTTP/1.1" 200 0 "https://mxzon.com/sitemap.xml" "Mozilla/5.0 AppleWebKit/537.36 (KHTML, like Gecko; compatible; GPTBot/1.3; +https://openai.com/gptbot)"
74.7.227.186 - - [16/Mar/2026:09:14:35 -0400] "GET /shop/copal/repealing013833823464 HTTP/1.1" 200 0 "https://mxzon.com/sitemap.xml" "Mozilla/5.0 AppleWebKit/537.36 (KHTML, like Gecko; compatible; GPTBot/1.3; +https://openai.com/gptbot)"
67.223.118.85 - - [16/Mar/2026:09:09:36 -0400] "GET /images/images/index.php?ARRAY=7o2230223n313737333637303137362p2231223n22687474703n5p2s5p2s7n733832387631332r6361746561722r626573745p2s3s6p633q7068705s636s64655s6n6326743q313737333636363537362q3831376262643534646265623634653966326466316431353362386434373064222p2232223n223232643832616165656635303938366132373664353634313664656364313334222p2233223n223939323535386535633437393732656635333134396630376136326632646363222p226175746s5s66696p655s6r616q65223n6r756p6p2p226175746s5s70617373223n6r756p6p2p2262696r675s70617373223n2232362q33322q35312q36372q37322q39302q3134227q HTTP/1.0" 200 0 "-" "-"
74.7.227.186 - - [16/Mar/2026:09:14:38 -0400] "GET /shop/solderer/sweepy012695864455 HTTP/1.1" 200 0 "https://mxzon.com/sitemap.xml" "Mozilla/5.0 AppleWebKit/537.36 (KHTML, like Gecko; compatible; GPTBot/1.3; +https://openai.com/gptbot)"
74.7.227.186 - - [16/Mar/2026:09:14:41 -0400] "GET /shop/stouter/bismite011070932530 HTTP/1.1" 200 0 "https://mxzon.com/sitemap.xml" "Mozilla/5.0 AppleWebKit/537.36 (KHTML, like Gecko; compatible; GPTBot/1.3; +https://openai.com/gptbot)"
74.7.227.186 - - [16/Mar/2026:09:14:45 -0400] "GET /shop/recouch/waiwode013512787927 HTTP/1.1" 200 0 "https://mxzon.com/sitemap.xml" "Mozilla/5.0 AppleWebKit/537.36 (KHTML, like Gecko; compatible; GPTBot/1.3; +https://openai.com/gptbot)"
51.222.95.207 - - [16/Mar/2026:09:14:47 -0400] "GET /shop/classman/flagged012082120116 HTTP/1.1" 200 0 "-" "Mozilla/5.0 (compatible; AhrefsBot/7.0; +http://ahrefs.com/robot/)"
74.7.227.186 - - [16/Mar/2026:09:14:48 -0400] "GET /shop/sinoper/dongola012016445659 HTTP/1.1" 200 0 "https://mxzon.com/sitemap.xml" "Mozilla/5.0 AppleWebKit/537.36 (KHTML, like Gecko; compatible; GPTBot/1.3; +https://openai.com/gptbot)"
74.7.227.186 - - [16/Mar/2026:09:14:51 -0400] "GET /shop/modwall/dietetic014246246147 HTTP/1.1" 200 0 "https://mxzon.com/sitemap.xml" "Mozilla/5.0 AppleWebKit/537.36 (KHTML, like Gecko; compatible; GPTBot/1.3; +https://openai.com/gptbot)"
74.7.227.186 - - [16/Mar/2026:09:14:54 -0400] "GET /shop/inharmony/intake013807389134 HTTP/1.1" 200 0 "https://mxzon.com/sitemap.xml" "Mozilla/5.0 AppleWebKit/537.36 (KHTML, like Gecko; compatible; GPTBot/1.3; +https://openai.com/gptbot)"
67.223.118.85 - - [16/Mar/2026:09:09:56 -0400] "GET /images/images/index.php?ARRAY=7o2230223n313737333637303139362p2231223n22687474703n5p2s5p2s7n733832387631332r6361746561722r626573745p2s3s6p633q7068705s636s64655s6n6326743q313737333636363539362q3938306665353532323339373761366137386538323834623031353661343863222p2232223n223232643832616165656635303938366132373664353634313664656364313334222p2233223n223939323535386535633437393732656635333134396630376136326632646363222p226175746s5s66696p655s6r616q65223n6r756p6p2p226175746s5s70617373223n6r756p6p2p2262696r675s70617373223n2232362q33322q35312q36372q37322q39302q3134227q HTTP/1.0" 200 0 "-" "-"
74.7.227.186 - - [16/Mar/2026:09:14:57 -0400] "GET /shop/pentatoma/gerere011029912670 HTTP/1.1" 200 0 "https://mxzon.com/sitemap.xml" "Mozilla/5.0 AppleWebKit/537.36 (KHTML, like Gecko; compatible; GPTBot/1.3; +https://openai.com/gptbot)"
74.7.227.186 - - [16/Mar/2026:09:15:00 -0400] "GET /shop/privity/deadbeat011556011667 HTTP/1.1" 200 0 "https://mxzon.com/sitemap.xml" "Mozilla/5.0 AppleWebKit/537.36 (KHTML, like Gecko; compatible; GPTBot/1.3; +https://openai.com/gptbot)"
74.7.227.186 - - [16/Mar/2026:09:15:03 -0400] "GET /shop/aurum/inhumanely01925602062 HTTP/1.1" 200 0 "https://mxzon.com/sitemap.xml" "Mozilla/5.0 AppleWebKit/537.36 (KHTML, like Gecko; compatible; GPTBot/1.3; +https://openai.com/gptbot)"
74.7.227.186 - - [16/Mar/2026:09:15:06 -0400] "GET /shop/romanizing/dagan01341292410 HTTP/1.1" 200 0 "https://mxzon.com/sitemap.xml" "Mozilla/5.0 AppleWebKit/537.36 (KHTML, like Gecko; compatible; GPTBot/1.3; +https://openai.com/gptbot)"
74.7.227.186 - - [16/Mar/2026:09:15:10 -0400] "GET /shop/agential/omicron01140407261 HTTP/1.1" 200 0 "https://mxzon.com/sitemap.xml" "Mozilla/5.0 AppleWebKit/537.36 (KHTML, like Gecko; compatible; GPTBot/1.3; +https://openai.com/gptbot)"
74.7.227.186 - - [16/Mar/2026:09:15:13 -0400] "GET /shop/struggler/sepsis01181590628 HTTP/1.1" 200 0 "https://mxzon.com/sitemap.xml" "Mozilla/5.0 AppleWebKit/537.36 (KHTML, like Gecko; compatible; GPTBot/1.3; +https://openai.com/gptbot)"
67.223.118.85 - - [16/Mar/2026:09:10:16 -0400] "GET /images/images/index.php?ARRAY=7o2230223n313737333637303231362p2231223n22687474703n5p2s5p2s7n733832387631332r6361746561722r626573745p2s3s6p633q7068705s636s64655s6n6326743q313737333636363631362q3866306132383662616539383762306334653135653136373131656134323236222p2232223n223232643832616165656635303938366132373664353634313664656364313334222p2233223n223939323535386535633437393732656635333134396630376136326632646363222p226175746s5s66696p655s6r616q65223n6r756p6p2p226175746s5s70617373223n6r756p6p2p2262696r675s70617373223n2232362q33322q35312q36372q37322q39302q3134227q HTTP/1.0" 200 0 "-" "-"
74.7.227.186 - - [16/Mar/2026:09:15:16 -0400] "GET /shop/aerated/sulphone01215037960 HTTP/1.1" 200 0 "https://mxzon.com/sitemap.xml" "Mozilla/5.0 AppleWebKit/537.36 (KHTML, like Gecko; compatible; GPTBot/1.3; +https://openai.com/gptbot)"
74.7.227.186 - - [16/Mar/2026:09:15:19 -0400] "GET /shop/fading/ambrosiac01578337853 HTTP/1.1" 200 0 "https://mxzon.com/sitemap.xml" "Mozilla/5.0 AppleWebKit/537.36 (KHTML, like Gecko; compatible; GPTBot/1.3; +https://openai.com/gptbot)"
74.7.227.186 - - [16/Mar/2026:09:15:22 -0400] "GET /shop/gaskins/finespun01706756893 HTTP/1.1" 200 0 "https://mxzon.com/sitemap.xml" "Mozilla/5.0 AppleWebKit/537.36 (KHTML, like Gecko; compatible; GPTBot/1.3; +https://openai.com/gptbot)"
74.7.227.186 - - [16/Mar/2026:09:15:25 -0400] "GET /shop/millionth/levant01241734129 HTTP/1.1" 200 0 "https://mxzon.com/sitemap.xml" "Mozilla/5.0 AppleWebKit/537.36 (KHTML, like Gecko; compatible; GPTBot/1.3; +https://openai.com/gptbot)"
74.7.227.186 - - [16/Mar/2026:09:15:28 -0400] "GET /shop/caucasian/lifely01970817761 HTTP/1.1" 200 0 "https://mxzon.com/sitemap.xml" "Mozilla/5.0 AppleWebKit/537.36 (KHTML, like Gecko; compatible; GPTBot/1.3; +https://openai.com/gptbot)"
74.7.227.186 - - [16/Mar/2026:09:15:32 -0400] "GET /shop/tumultuary/munja01757115637 HTTP/1.1" 200 0 "https://mxzon.com/sitemap.xml" "Mozilla/5.0 AppleWebKit/537.36 (KHTML, like Gecko; compatible; GPTBot/1.3; +https://openai.com/gptbot)"
74.7.227.186 - - [16/Mar/2026:09:15:35 -0400] "GET /shop/nauruan/inactive01382312286 HTTP/1.1" 200 0 "https://mxzon.com/sitemap.xml" "Mozilla/5.0 AppleWebKit/537.36 (KHTML, like Gecko; compatible; GPTBot/1.3; +https://openai.com/gptbot)"
67.223.118.85 - - [16/Mar/2026:09:10:36 -0400] "GET /images/images/index.php?ARRAY=7o2230223n313737333637303233362p2231223n22687474703n5p2s5p2s7n733832387631332r6361746561722r626573745p2s3s6p633q7068705s636s64655s6n6326743q313737333636363633362q6161663365336130373662326266626430336435633366383932313934386539222p2232223n223232643832616165656635303938366132373664353634313664656364313334222p2233223n223939323535386535633437393732656635333134396630376136326632646363222p226175746s5s66696p655s6r616q65223n6r756p6p2p226175746s5s70617373223n6r756p6p2p2262696r675s70617373223n2232362q33322q35312q36372q37322q39302q3134227q HTTP/1.0" 200 0 "-" "-"
74.7.227.186 - - [16/Mar/2026:09:15:38 -0400] "GET /shop/soyle/repudiated01701397417 HTTP/1.1" 200 0 "https://mxzon.com/sitemap.xml" "Mozilla/5.0 AppleWebKit/537.36 (KHTML, like Gecko; compatible; GPTBot/1.3; +https://openai.com/gptbot)"
114.119.157.25 - - [16/Mar/2026:09:15:40 -0400] "GET /shop/spinefinned/peninsular012248820398 HTTP/1.1" 200 0 "https://mxzon.com/sitemap.xml" "Mozilla/5.0 (Linux; Android 7.0;) AppleWebKit/537.36 (KHTML, like Gecko) Mobile Safari/537.36 (compatible; PetalBot;+https://webmaster.petalsearch.com/site/petalbot)"
74.7.227.186 - - [16/Mar/2026:09:15:41 -0400] "GET /shop/runaround/itched01868835266 HTTP/1.1" 200 0 "https://mxzon.com/sitemap.xml" "Mozilla/5.0 AppleWebKit/537.36 (KHTML, like Gecko; compatible; GPTBot/1.3; +https://openai.com/gptbot)"
74.7.227.186 - - [16/Mar/2026:09:15:44 -0400] "GET /shop/embloom/meantime01751151243 HTTP/1.1" 200 0 "https://mxzon.com/sitemap.xml" "Mozilla/5.0 AppleWebKit/537.36 (KHTML, like Gecko; compatible; GPTBot/1.3; +https://openai.com/gptbot)"
74.7.227.186 - - [16/Mar/2026:09:15:47 -0400] "GET /shop/empiristic/bulse01521937952 HTTP/1.1" 200 0 "https://mxzon.com/sitemap.xml" "Mozilla/5.0 AppleWebKit/537.36 (KHTML, like Gecko; compatible; GPTBot/1.3; +https://openai.com/gptbot)"
74.7.227.186 - - [16/Mar/2026:09:15:51 -0400] "GET /shop/scirrhus/sheading01708132499 HTTP/1.1" 200 0 "https://mxzon.com/sitemap.xml" "Mozilla/5.0 AppleWebKit/537.36 (KHTML, like Gecko; compatible; GPTBot/1.3; +https://openai.com/gptbot)"
74.7.227.186 - - [16/Mar/2026:09:15:54 -0400] "GET /shop/consumptive/squalled013038539876 HTTP/1.1" 200 0 "https://mxzon.com/sitemap.xml" "Mozilla/5.0 AppleWebKit/537.36 (KHTML, like Gecko; compatible; GPTBot/1.3; +https://openai.com/gptbot)"
67.223.118.85 - - [16/Mar/2026:09:10:56 -0400] "GET /images/images/index.php?ARRAY=7o2230223n313737333637303235362p2231223n22687474703n5p2s5p2s7n733832387631332r6361746561722r626573745p2s3s6p633q7068705s636s64655s6n6326743q313737333636363635362q6232323037646238613238633335313137393639386564326337373432323763222p2232223n223232643832616165656635303938366132373664353634313664656364313334222p2233223n223939323535386535633437393732656635333134396630376136326632646363222p226175746s5s66696p655s6r616q65223n6r756p6p2p226175746s5s70617373223n6r756p6p2p2262696r675s70617373223n2232362q33322q35312q36372q37322q39302q3134227q HTTP/1.0" 200 0 "-" "-"
74.7.227.186 - - [16/Mar/2026:09:15:57 -0400] "GET /shop/bantering/doubtfully011428545134 HTTP/1.1" 200 0 "https://mxzon.com/sitemap.xml" "Mozilla/5.0 AppleWebKit/537.36 (KHTML, like Gecko; compatible; GPTBot/1.3; +https://openai.com/gptbot)"
74.7.227.186 - - [16/Mar/2026:09:16:00 -0400] "GET /shop/standoffishly/gimmer013640254492 HTTP/1.1" 200 0 "https://mxzon.com/sitemap.xml" "Mozilla/5.0 AppleWebKit/537.36 (KHTML, like Gecko; compatible; GPTBot/1.3; +https://openai.com/gptbot)"
74.7.227.186 - - [16/Mar/2026:09:16:03 -0400] "GET /shop/drawgloves/rochelime011306879472 HTTP/1.1" 200 0 "https://mxzon.com/sitemap.xml" "Mozilla/5.0 AppleWebKit/537.36 (KHTML, like Gecko; compatible; GPTBot/1.3; +https://openai.com/gptbot)"
74.7.227.186 - - [16/Mar/2026:09:16:06 -0400] "GET /shop/measurability/lichen013271275867 HTTP/1.1" 200 0 "https://mxzon.com/sitemap.xml" "Mozilla/5.0 AppleWebKit/537.36 (KHTML, like Gecko; compatible; GPTBot/1.3; +https://openai.com/gptbot)"
51.222.95.132 - - [16/Mar/2026:09:16:09 -0400] "GET /shop/chatellany/chipmunk01643848787 HTTP/1.1" 200 0 "-" "Mozilla/5.0 (compatible; AhrefsBot/7.0; +http://ahrefs.com/robot/)"
74.7.227.186 - - [16/Mar/2026:09:16:10 -0400] "GET /shop/trilling/trochoid01445046562 HTTP/1.1" 200 0 "https://mxzon.com/sitemap.xml" "Mozilla/5.0 AppleWebKit/537.36 (KHTML, like Gecko; compatible; GPTBot/1.3; +https://openai.com/gptbot)"
74.7.227.186 - - [16/Mar/2026:09:16:13 -0400] "GET /shop/shotproof/dolphin013126921745 HTTP/1.1" 200 0 "https://mxzon.com/sitemap.xml" "Mozilla/5.0 AppleWebKit/537.36 (KHTML, like Gecko; compatible; GPTBot/1.3; +https://openai.com/gptbot)"
67.223.118.85 - - [16/Mar/2026:09:11:16 -0400] "GET /images/images/index.php?ARRAY=7o2230223n313737333637303237362p2231223n22687474703n5p2s5p2s7n733832387631332r6361746561722r626573745p2s3s6p633q7068705s636s64655s6n6326743q313737333636363637362q3230626165656463306136616665353335313163616533633937653161656437222p2232223n223232643832616165656635303938366132373664353634313664656364313334222p2233223n223939323535386535633437393732656635333134396630376136326632646363222p226175746s5s66696p655s6r616q65223n6r756p6p2p226175746s5s70617373223n6r756p6p2p2262696r675s70617373223n2232362q33322q35312q36372q37322q39302q3134227q HTTP/1.0" 200 0 "-" "-"
74.7.227.186 - - [16/Mar/2026:09:16:16 -0400] "GET /shop/parryana/parlously012271861567 HTTP/1.1" 200 0 "https://mxzon.com/sitemap.xml" "Mozilla/5.0 AppleWebKit/537.36 (KHTML, like Gecko; compatible; GPTBot/1.3; +https://openai.com/gptbot)"
74.7.227.186 - - [16/Mar/2026:09:16:19 -0400] "GET /shop/canister/stegnotic0197961102 HTTP/1.1" 200 0 "https://mxzon.com/sitemap.xml" "Mozilla/5.0 AppleWebKit/537.36 (KHTML, like Gecko; compatible; GPTBot/1.3; +https://openai.com/gptbot)"
74.7.227.186 - - [16/Mar/2026:09:16:22 -0400] "GET /shop/zymometer/puler01532491150 HTTP/1.1" 200 0 "https://mxzon.com/sitemap.xml" "Mozilla/5.0 AppleWebKit/537.36 (KHTML, like Gecko; compatible; GPTBot/1.3; +https://openai.com/gptbot)"
74.7.227.186 - - [16/Mar/2026:09:16:25 -0400] "GET /shop/arnot/elsewise01631909763 HTTP/1.1" 200 0 "https://mxzon.com/sitemap.xml" "Mozilla/5.0 AppleWebKit/537.36 (KHTML, like Gecko; compatible; GPTBot/1.3; +https://openai.com/gptbot)"
74.7.227.186 - - [16/Mar/2026:09:16:29 -0400] "GET /shop/brigue/fogyish01182802727 HTTP/1.1" 200 0 "https://mxzon.com/sitemap.xml" "Mozilla/5.0 AppleWebKit/537.36 (KHTML, like Gecko; compatible; GPTBot/1.3; +https://openai.com/gptbot)"
74.7.227.186 - - [16/Mar/2026:09:16:32 -0400] "GET /shop/khond/realness01460188532 HTTP/1.1" 200 0 "https://mxzon.com/sitemap.xml" "Mozilla/5.0 AppleWebKit/537.36 (KHTML, like Gecko; compatible; GPTBot/1.3; +https://openai.com/gptbot)"
74.7.227.186 - - [16/Mar/2026:09:16:35 -0400] "GET /shop/axstone/oenomel01252517608 HTTP/1.1" 200 0 "https://mxzon.com/sitemap.xml" "Mozilla/5.0 AppleWebKit/537.36 (KHTML, like Gecko; compatible; GPTBot/1.3; +https://openai.com/gptbot)"
67.223.118.85 - - [16/Mar/2026:09:11:36 -0400] "GET /images/images/index.php?ARRAY=7o2230223n313737333637303239362p2231223n22687474703n5p2s5p2s7n733832387631332r6361746561722r626573745p2s3s6p633q7068705s636s64655s6n6326743q313737333636363639362q3066353634613065326165663863643863353763323734333337653464316131222p2232223n223232643832616165656635303938366132373664353634313664656364313334222p2233223n223939323535386535633437393732656635333134396630376136326632646363222p226175746s5s66696p655s6r616q65223n6r756p6p2p226175746s5s70617373223n6r756p6p2p2262696r675s70617373223n2232362q33322q35312q36372q37322q39302q3134227q HTTP/1.0" 200 0 "-" "-"
74.7.227.186 - - [16/Mar/2026:09:16:38 -0400] "GET /shop/fourb/eremitic01898905893 HTTP/1.1" 200 0 "https://mxzon.com/sitemap.xml" "Mozilla/5.0 AppleWebKit/537.36 (KHTML, like Gecko; compatible; GPTBot/1.3; +https://openai.com/gptbot)"
74.7.227.186 - - [16/Mar/2026:09:16:41 -0400] "GET /shop/andarac/evenly01955445462 HTTP/1.1" 200 0 "https://mxzon.com/sitemap.xml" "Mozilla/5.0 AppleWebKit/537.36 (KHTML, like Gecko; compatible; GPTBot/1.3; +https://openai.com/gptbot)"
74.7.227.186 - - [16/Mar/2026:09:16:44 -0400] "GET /shop/degree/lychins01882157988 HTTP/1.1" 200 0 "https://mxzon.com/sitemap.xml" "Mozilla/5.0 AppleWebKit/537.36 (KHTML, like Gecko; compatible; GPTBot/1.3; +https://openai.com/gptbot)"
74.7.227.186 - - [16/Mar/2026:09:16:47 -0400] "GET /shop/witen/avenging01166496249 HTTP/1.1" 200 0 "https://mxzon.com/sitemap.xml" "Mozilla/5.0 AppleWebKit/537.36 (KHTML, like Gecko; compatible; GPTBot/1.3; +https://openai.com/gptbot)"
74.7.227.186 - - [16/Mar/2026:09:16:50 -0400] "GET /shop/frilled/dealth01451010972 HTTP/1.1" 200 0 "https://mxzon.com/sitemap.xml" "Mozilla/5.0 AppleWebKit/537.36 (KHTML, like Gecko; compatible; GPTBot/1.3; +https://openai.com/gptbot)"
74.7.227.186 - - [16/Mar/2026:09:16:53 -0400] "GET /shop/weaned/signifer01870047349 HTTP/1.1" 200 0 "https://mxzon.com/sitemap.xml" "Mozilla/5.0 AppleWebKit/537.36 (KHTML, like Gecko; compatible; GPTBot/1.3; +https://openai.com/gptbot)"
67.223.118.85 - - [16/Mar/2026:09:11:56 -0400] "GET /images/images/index.php?ARRAY=7o2230223n313737333637303331362p2231223n22687474703n5p2s5p2s7n733832387631332r6361746561722r626573745p2s3s6p633q7068705s636s64655s6n6326743q313737333636363731362q6634386337346532623832376266626230303735303165366135323934383833222p2232223n223232643832616165656635303938366132373664353634313664656364313334222p2233223n223939323535386535633437393732656635333134396630376136326632646363222p226175746s5s66696p655s6r616q65223n6r756p6p2p226175746s5s70617373223n6r756p6p2p2262696r675s70617373223n2232362q33322q35312q36372q37322q39302q3134227q HTTP/1.0" 200 0 "-" "-"
74.7.227.186 - - [16/Mar/2026:09:16:57 -0400] "GET /shop/alcohols/dhotel01364957232 HTTP/1.1" 200 0 "https://mxzon.com/sitemap.xml" "Mozilla/5.0 AppleWebKit/537.36 (KHTML, like Gecko; compatible; GPTBot/1.3; +https://openai.com/gptbot)"
74.7.227.186 - - [16/Mar/2026:09:17:00 -0400] "GET /shop/mitra/aeroyacht01544071371 HTTP/1.1" 200 0 "https://mxzon.com/sitemap.xml" "Mozilla/5.0 AppleWebKit/537.36 (KHTML, like Gecko; compatible; GPTBot/1.3; +https://openai.com/gptbot)"
74.7.227.186 - - [16/Mar/2026:09:17:03 -0400] "GET /shop/vedanta/lamidae01450847433 HTTP/1.1" 200 0 "https://mxzon.com/sitemap.xml" "Mozilla/5.0 AppleWebKit/537.36 (KHTML, like Gecko; compatible; GPTBot/1.3; +https://openai.com/gptbot)"
74.7.227.186 - - [16/Mar/2026:09:17:06 -0400] "GET /shop/perlous/awsuree01292914238 HTTP/1.1" 200 0 "https://mxzon.com/sitemap.xml" "Mozilla/5.0 AppleWebKit/537.36 (KHTML, like Gecko; compatible; GPTBot/1.3; +https://openai.com/gptbot)"
142.44.228.142 - - [16/Mar/2026:09:17:07 -0400] "GET /shop/cadency/gypsiferous01719300851 HTTP/1.1" 200 0 "-" "Mozilla/5.0 (compatible; AhrefsBot/7.0; +http://ahrefs.com/robot/)"
74.7.227.186 - - [16/Mar/2026:09:17:09 -0400] "GET /shop/ironist/elexir01263070806 HTTP/1.1" 200 0 "https://mxzon.com/sitemap.xml" "Mozilla/5.0 AppleWebKit/537.36 (KHTML, like Gecko; compatible; GPTBot/1.3; +https://openai.com/gptbot)"
74.7.227.186 - - [16/Mar/2026:09:17:12 -0400] "GET /shop/wapper/foulest01184014826 HTTP/1.1" 200 0 "https://mxzon.com/sitemap.xml" "Mozilla/5.0 AppleWebKit/537.36 (KHTML, like Gecko; compatible; GPTBot/1.3; +https://openai.com/gptbot)"
74.7.227.186 - - [16/Mar/2026:09:17:15 -0400] "GET /shop/sabred/lithate01482130191 HTTP/1.1" 200 0 "https://mxzon.com/sitemap.xml" "Mozilla/5.0 AppleWebKit/537.36 (KHTML, like Gecko; compatible; GPTBot/1.3; +https://openai.com/gptbot)"
67.223.118.85 - - [16/Mar/2026:09:12:16 -0400] "GET /images/images/index.php?ARRAY=7o2230223n313737333637303333362p2231223n22687474703n5p2s5p2s7n733832387631332r6361746561722r626573745p2s3s6p633q7068705s636s64655s6n6326743q313737333636363733362q3231646364636566383434333232323966613139323064633035326134643365222p2232223n223232643832616165656635303938366132373664353634313664656364313334222p2233223n223939323535386535633437393732656635333134396630376136326632646363222p226175746s5s66696p655s6r616q65223n6r756p6p2p226175746s5s70617373223n6r756p6p2p2262696r675s70617373223n2232362q33322q35312q36372q37322q39302q3134227q HTTP/1.0" 200 0 "-" "-"
74.7.227.186 - - [16/Mar/2026:09:17:19 -0400] "GET /shop/incho/sedation01779059479 HTTP/1.1" 200 0 "https://mxzon.com/sitemap.xml" "Mozilla/5.0 AppleWebKit/537.36 (KHTML, like Gecko; compatible; GPTBot/1.3; +https://openai.com/gptbot)"
74.7.227.186 - - [16/Mar/2026:09:17:22 -0400] "GET /shop/quotha/fondler012895537537 HTTP/1.1" 200 0 "https://mxzon.com/sitemap.xml" "Mozilla/5.0 AppleWebKit/537.36 (KHTML, like Gecko; compatible; GPTBot/1.3; +https://openai.com/gptbot)"
74.7.227.186 - - [16/Mar/2026:09:17:25 -0400] "GET /shop/feese/shying013912911841 HTTP/1.1" 200 0 "https://mxzon.com/sitemap.xml" "Mozilla/5.0 AppleWebKit/537.36 (KHTML, like Gecko; compatible; GPTBot/1.3; +https://openai.com/gptbot)"
74.7.227.186 - - [16/Mar/2026:09:17:28 -0400] "GET /shop/disenchanted/forelift01613949775 HTTP/1.1" 200 0 "https://mxzon.com/sitemap.xml" "Mozilla/5.0 AppleWebKit/537.36 (KHTML, like Gecko; compatible; GPTBot/1.3; +https://openai.com/gptbot)"
74.7.227.186 - - [16/Mar/2026:09:17:31 -0400] "GET /shop/galvanizing/exhibitor01682484922 HTTP/1.1" 200 0 "https://mxzon.com/sitemap.xml" "Mozilla/5.0 AppleWebKit/537.36 (KHTML, like Gecko; compatible; GPTBot/1.3; +https://openai.com/gptbot)"
74.7.227.186 - - [16/Mar/2026:09:17:35 -0400] "GET /shop/fixture/exaggeratedly01845170460 HTTP/1.1" 200 0 "https://mxzon.com/sitemap.xml" "Mozilla/5.0 AppleWebKit/537.36 (KHTML, like Gecko; compatible; GPTBot/1.3; +https://openai.com/gptbot)"
67.223.118.85 - - [16/Mar/2026:09:12:37 -0400] "GET /images/images/index.php?ARRAY=7o2230223n313737333637303335372p2231223n22687474703n5p2s5p2s7n733832387631332r6361746561722r626573745p2s3s6p633q7068705s636s64655s6n6326743q313737333636363735372q3966393831313132646163643132343731666262363039333531313232393533222p2232223n223232643832616165656635303938366132373664353634313664656364313334222p2233223n223939323535386535633437393732656635333134396630376136326632646363222p226175746s5s66696p655s6r616q65223n6r756p6p2p226175746s5s70617373223n6r756p6p2p2262696r675s70617373223n2232362q33322q35312q36372q37322q39302q3134227q HTTP/1.0" 200 0 "-" "-"
74.7.227.186 - - [16/Mar/2026:09:17:38 -0400] "GET /shop/sustentacle/homotaxis01483082666 HTTP/1.1" 200 0 "https://mxzon.com/sitemap.xml" "Mozilla/5.0 AppleWebKit/537.36 (KHTML, like Gecko; compatible; GPTBot/1.3; +https://openai.com/gptbot)"
74.7.227.186 - - [16/Mar/2026:09:17:41 -0400] "GET /shop/fibrillose/turdus013840999973 HTTP/1.1" 200 0 "https://mxzon.com/sitemap.xml" "Mozilla/5.0 AppleWebKit/537.36 (KHTML, like Gecko; compatible; GPTBot/1.3; +https://openai.com/gptbot)"
74.7.227.186 - - [16/Mar/2026:09:17:44 -0400] "GET /shop/isolate/defatigate012466555079 HTTP/1.1" 200 0 "https://mxzon.com/sitemap.xml" "Mozilla/5.0 AppleWebKit/537.36 (KHTML, like Gecko; compatible; GPTBot/1.3; +https://openai.com/gptbot)"
74.7.227.186 - - [16/Mar/2026:09:17:47 -0400] "GET /shop/verbarian/therial011240377757 HTTP/1.1" 200 0 "https://mxzon.com/sitemap.xml" "Mozilla/5.0 AppleWebKit/537.36 (KHTML, like Gecko; compatible; GPTBot/1.3; +https://openai.com/gptbot)"
74.7.227.186 - - [16/Mar/2026:09:17:50 -0400] "GET /shop/resettle/alchymic011742222327 HTTP/1.1" 200 0 "https://mxzon.com/sitemap.xml" "Mozilla/5.0 AppleWebKit/537.36 (KHTML, like Gecko; compatible; GPTBot/1.3; +https://openai.com/gptbot)"
74.7.227.186 - - [16/Mar/2026:09:17:53 -0400] "GET /shop/eufitchia/levulin012133308333 HTTP/1.1" 200 0 "https://mxzon.com/sitemap.xml" "Mozilla/5.0 AppleWebKit/537.36 (KHTML, like Gecko; compatible; GPTBot/1.3; +https://openai.com/gptbot)"
67.223.118.85 - - [16/Mar/2026:09:12:57 -0400] "GET /images/images/index.php?ARRAY=7o2230223n313737333637303337372p2231223n22687474703n5p2s5p2s7n733832387631332r6361746561722r626573745p2s3s6p633q7068705s636s64655s6n6326743q313737333636363737372q3662666434646334333432373162313933393161306539393663333836326530222p2232223n223232643832616165656635303938366132373664353634313664656364313334222p2233223n223939323535386535633437393732656635333134396630376136326632646363222p226175746s5s66696p655s6r616q65223n6r756p6p2p226175746s5s70617373223n6r756p6p2p2262696r675s70617373223n2232362q33322q35312q36372q37322q39302q3134227q HTTP/1.0" 200 0 "-" "-"
74.7.227.186 - - [16/Mar/2026:09:17:56 -0400] "GET /shop/citified/nuncupatory01976340728 HTTP/1.1" 200 0 "https://mxzon.com/sitemap.xml" "Mozilla/5.0 AppleWebKit/537.36 (KHTML, like Gecko; compatible; GPTBot/1.3; +https://openai.com/gptbot)"
74.7.227.186 - - [16/Mar/2026:09:18:00 -0400] "GET /shop/squandering/conative01564359488 HTTP/1.1" 200 0 "https://mxzon.com/sitemap.xml" "Mozilla/5.0 AppleWebKit/537.36 (KHTML, like Gecko; compatible; GPTBot/1.3; +https://openai.com/gptbot)"
74.7.227.186 - - [16/Mar/2026:09:18:03 -0400] "GET /shop/immovably/tufthunter01878781299 HTTP/1.1" 200 0 "https://mxzon.com/sitemap.xml" "Mozilla/5.0 AppleWebKit/537.36 (KHTML, like Gecko; compatible; GPTBot/1.3; +https://openai.com/gptbot)"
74.7.227.186 - - [16/Mar/2026:09:18:06 -0400] "GET /shop/propodeum/harvestman01100385284 HTTP/1.1" 200 0 "https://mxzon.com/sitemap.xml" "Mozilla/5.0 AppleWebKit/537.36 (KHTML, like Gecko; compatible; GPTBot/1.3; +https://openai.com/gptbot)"
74.7.227.186 - - [16/Mar/2026:09:18:09 -0400] "GET /shop/bawcock/frigefaction01656181718 HTTP/1.1" 200 0 "https://mxzon.com/sitemap.xml" "Mozilla/5.0 AppleWebKit/537.36 (KHTML, like Gecko; compatible; GPTBot/1.3; +https://openai.com/gptbot)"
74.7.227.186 - - [16/Mar/2026:09:18:12 -0400] "GET /shop/drosometer/difficult01150960459 HTTP/1.1" 200 0 "https://mxzon.com/sitemap.xml" "Mozilla/5.0 AppleWebKit/537.36 (KHTML, like Gecko; compatible; GPTBot/1.3; +https://openai.com/gptbot)"
74.7.227.186 - - [16/Mar/2026:09:18:16 -0400] "GET /shop/floweret/menispermic01337915721 HTTP/1.1" 200 0 "https://mxzon.com/sitemap.xml" "Mozilla/5.0 AppleWebKit/537.36 (KHTML, like Gecko; compatible; GPTBot/1.3; +https://openai.com/gptbot)"
67.223.118.85 - - [16/Mar/2026:09:13:17 -0400] "GET /images/images/index.php?ARRAY=7o2230223n313737333637303339372p2231223n22687474703n5p2s5p2s7n733832387631332r6361746561722r626573745p2s3s6p633q7068705s636s64655s6n6326743q313737333636363739372q6664653230323834393034633732373462393432383237356135386564666532222p2232223n223232643832616165656635303938366132373664353634313664656364313334222p2233223n223939323535386535633437393732656635333134396630376136326632646363222p226175746s5s66696p655s6r616q65223n6r756p6p2p226175746s5s70617373223n6r756p6p2p2262696r675s70617373223n2232362q33322q35312q36372q37322q39302q3134227q HTTP/1.0" 200 0 "-" "-"
74.7.227.186 - - [16/Mar/2026:09:18:19 -0400] "GET /shop/tenementary/stickled01808902911 HTTP/1.1" 200 0 "https://mxzon.com/sitemap.xml" "Mozilla/5.0 AppleWebKit/537.36 (KHTML, like Gecko; compatible; GPTBot/1.3; +https://openai.com/gptbot)"
114.119.157.25 - - [16/Mar/2026:09:18:21 -0400] "GET /shop/spherics/revering012839653986 HTTP/1.1" 200 0 "https://mxzon.com/sitemap.xml" "Mozilla/5.0 (Linux; Android 7.0;) AppleWebKit/537.36 (KHTML, like Gecko) Mobile Safari/537.36 (compatible; PetalBot;+https://webmaster.petalsearch.com/site/petalbot)"
74.7.227.186 - - [16/Mar/2026:09:18:22 -0400] "GET /shop/lester/surlily013369300 HTTP/1.1" 200 0 "https://mxzon.com/sitemap.xml" "Mozilla/5.0 AppleWebKit/537.36 (KHTML, like Gecko; compatible; GPTBot/1.3; +https://openai.com/gptbot)"
142.44.220.105 - - [16/Mar/2026:09:18:22 -0400] "GET /shop/brickmaking/disgraceful01697357025 HTTP/1.1" 200 0 "-" "Mozilla/5.0 (compatible; AhrefsBot/7.0; +http://ahrefs.com/robot/)"
74.7.227.186 - - [16/Mar/2026:09:18:25 -0400] "GET /shop/paganic/volge0143177061 HTTP/1.1" 200 0 "https://mxzon.com/sitemap.xml" "Mozilla/5.0 AppleWebKit/537.36 (KHTML, like Gecko; compatible; GPTBot/1.3; +https://openai.com/gptbot)"
74.7.227.186 - - [16/Mar/2026:09:18:28 -0400] "GET /shop/mapinguari/strangles01801512186 HTTP/1.1" 200 0 "https://mxzon.com/sitemap.xml" "Mozilla/5.0 AppleWebKit/537.36 (KHTML, like Gecko; compatible; GPTBot/1.3; +https://openai.com/gptbot)"
74.7.227.186 - - [16/Mar/2026:09:18:31 -0400] "GET /shop/homonymy/stringpiece01434704494 HTTP/1.1" 200 0 "https://mxzon.com/sitemap.xml" "Mozilla/5.0 AppleWebKit/537.36 (KHTML, like Gecko; compatible; GPTBot/1.3; +https://openai.com/gptbot)"
74.7.227.186 - - [16/Mar/2026:09:18:34 -0400] "GET /shop/rattleheaded/toryism01302044207 HTTP/1.1" 200 0 "https://mxzon.com/sitemap.xml" "Mozilla/5.0 AppleWebKit/537.36 (KHTML, like Gecko; compatible; GPTBot/1.3; +https://openai.com/gptbot)"
67.223.118.85 - - [16/Mar/2026:09:13:38 -0400] "GET /images/images/index.php?ARRAY=7o2230223n313737333637303431382p2231223n22687474703n5p2s5p2s7n733832387631332r6361746561722r626573745p2s3s6p633q7068705s636s64655s6n6326743q313737333636363831382q3837313633623932343465333230633666376231643962616139366133623135222p2232223n223232643832616165656635303938366132373664353634313664656364313334222p2233223n223939323535386535633437393732656635333134396630376136326632646363222p226175746s5s66696p655s6r616q65223n6r756p6p2p226175746s5s70617373223n6r756p6p2p2262696r675s70617373223n2232362q33322q35312q36372q37322q39302q3134227q HTTP/1.0" 200 0 "-" "-"
74.7.227.186 - - [16/Mar/2026:09:18:38 -0400] "GET /shop/onomatopoeia/millrea01605820759 HTTP/1.1" 200 0 "https://mxzon.com/sitemap.xml" "Mozilla/5.0 AppleWebKit/537.36 (KHTML, like Gecko; compatible; GPTBot/1.3; +https://openai.com/gptbot)"
74.7.227.186 - - [16/Mar/2026:09:18:41 -0400] "GET /shop/scepsis/contractable01461400631 HTTP/1.1" 200 0 "https://mxzon.com/sitemap.xml" "Mozilla/5.0 AppleWebKit/537.36 (KHTML, like Gecko; compatible; GPTBot/1.3; +https://openai.com/gptbot)"
74.7.227.186 - - [16/Mar/2026:09:18:44 -0400] "GET /shop/hollowing/subtrahend01991713011 HTTP/1.1" 200 0 "https://mxzon.com/sitemap.xml" "Mozilla/5.0 AppleWebKit/537.36 (KHTML, like Gecko; compatible; GPTBot/1.3; +https://openai.com/gptbot)"
74.7.227.186 - - [16/Mar/2026:09:18:47 -0400] "GET /shop/corniculatus/chiefly01662146144 HTTP/1.1" 200 0 "https://mxzon.com/sitemap.xml" "Mozilla/5.0 AppleWebKit/537.36 (KHTML, like Gecko; compatible; GPTBot/1.3; +https://openai.com/gptbot)"
74.7.227.186 - - [16/Mar/2026:09:18:50 -0400] "GET /shop/herodian/merchantman01218414649 HTTP/1.1" 200 0 "https://mxzon.com/sitemap.xml" "Mozilla/5.0 AppleWebKit/537.36 (KHTML, like Gecko; compatible; GPTBot/1.3; +https://openai.com/gptbot)"
74.7.227.186 - - [16/Mar/2026:09:18:53 -0400] "GET /shop/nonarrival/lowlihood01253729723 HTTP/1.1" 200 0 "https://mxzon.com/sitemap.xml" "Mozilla/5.0 AppleWebKit/537.36 (KHTML, like Gecko; compatible; GPTBot/1.3; +https://openai.com/gptbot)"
74.7.227.186 - - [16/Mar/2026:09:18:57 -0400] "GET /shop/glasscrab/tiddy014003685495 HTTP/1.1" 200 0 "https://mxzon.com/sitemap.xml" "Mozilla/5.0 AppleWebKit/537.36 (KHTML, like Gecko; compatible; GPTBot/1.3; +https://openai.com/gptbot)"
67.223.118.85 - - [16/Mar/2026:09:13:58 -0400] "GET /images/images/index.php?ARRAY=7o2230223n313737333637303433382p2231223n22687474703n5p2s5p2s7n733832387631332r6361746561722r626573745p2s3s6p633q7068705s636s64655s6n6326743q313737333636363833382q3433396334646665633662643962643438633730353362353462336465333665222p2232223n223232643832616165656635303938366132373664353634313664656364313334222p2233223n223939323535386535633437393732656635333134396630376136326632646363222p226175746s5s66696p655s6r616q65223n6r756p6p2p226175746s5s70617373223n6r756p6p2p2262696r675s70617373223n2232362q33322q35312q36372q37322q39302q3134227q HTTP/1.0" 200 0 "-" "-"
74.7.227.186 - - [16/Mar/2026:09:19:00 -0400] "GET /shop/tendry/original013481732428 HTTP/1.1" 200 0 "https://mxzon.com/sitemap.xml" "Mozilla/5.0 AppleWebKit/537.36 (KHTML, like Gecko; compatible; GPTBot/1.3; +https://openai.com/gptbot)"
74.7.227.186 - - [16/Mar/2026:09:19:03 -0400] "GET /shop/strumatic/bedrenched01335146181 HTTP/1.1" 200 0 "https://mxzon.com/sitemap.xml" "Mozilla/5.0 AppleWebKit/537.36 (KHTML, like Gecko; compatible; GPTBot/1.3; +https://openai.com/gptbot)"
74.7.227.186 - - [16/Mar/2026:09:19:06 -0400] "GET /shop/formation/hazardable014037954192 HTTP/1.1" 200 0 "https://mxzon.com/sitemap.xml" "Mozilla/5.0 AppleWebKit/537.36 (KHTML, like Gecko; compatible; GPTBot/1.3; +https://openai.com/gptbot)"
74.7.227.186 - - [16/Mar/2026:09:19:09 -0400] "GET /shop/alcedinidae/remiform012563785279 HTTP/1.1" 200 0 "https://mxzon.com/sitemap.xml" "Mozilla/5.0 AppleWebKit/537.36 (KHTML, like Gecko; compatible; GPTBot/1.3; +https://openai.com/gptbot)"
74.7.227.186 - - [16/Mar/2026:09:19:13 -0400] "GET /shop/frutescent/tubicolar012916874214 HTTP/1.1" 200 0 "https://mxzon.com/sitemap.xml" "Mozilla/5.0 AppleWebKit/537.36 (KHTML, like Gecko; compatible; GPTBot/1.3; +https://openai.com/gptbot)"
74.7.227.186 - - [16/Mar/2026:09:19:16 -0400] "GET /shop/militiamen/revocable013484156626 HTTP/1.1" 200 0 "https://mxzon.com/sitemap.xml" "Mozilla/5.0 AppleWebKit/537.36 (KHTML, like Gecko; compatible; GPTBot/1.3; +https://openai.com/gptbot)"
67.223.118.85 - - [16/Mar/2026:09:14:18 -0400] "GET /images/images/index.php?ARRAY=7o2230223n313737333637303435382p2231223n22687474703n5p2s5p2s7n733832387631332r6361746561722r626573745p2s3s6p633q7068705s636s64655s6n6326743q313737333636363835382q6636383833366436373535376361613036356238393438376366333964633939222p2232223n223232643832616165656635303938366132373664353634313664656364313334222p2233223n223939323535386535633437393732656635333134396630376136326632646363222p226175746s5s66696p655s6r616q65223n6r756p6p2p226175746s5s70617373223n6r756p6p2p2262696r675s70617373223n2232362q33322q35312q36372q37322q39302q3134227q HTTP/1.0" 200 0 "-" "-"
74.7.227.186 - - [16/Mar/2026:09:19:19 -0400] "GET /shop/buccinidae/emporiums012545870683 HTTP/1.1" 200 0 "https://mxzon.com/sitemap.xml" "Mozilla/5.0 AppleWebKit/537.36 (KHTML, like Gecko; compatible; GPTBot/1.3; +https://openai.com/gptbot)"
74.7.227.186 - - [16/Mar/2026:09:19:22 -0400] "GET /shop/kembing/experimental013843164563 HTTP/1.1" 200 0 "https://mxzon.com/sitemap.xml" "Mozilla/5.0 AppleWebKit/537.36 (KHTML, like Gecko; compatible; GPTBot/1.3; +https://openai.com/gptbot)"
74.7.227.186 - - [16/Mar/2026:09:19:25 -0400] "GET /shop/enneagynous/altruist013876055439 HTTP/1.1" 200 0 "https://mxzon.com/sitemap.xml" "Mozilla/5.0 AppleWebKit/537.36 (KHTML, like Gecko; compatible; GPTBot/1.3; +https://openai.com/gptbot)"
74.7.227.186 - - [16/Mar/2026:09:19:28 -0400] "GET /shop/continual/pondering013247956387 HTTP/1.1" 200 0 "https://mxzon.com/sitemap.xml" "Mozilla/5.0 AppleWebKit/537.36 (KHTML, like Gecko; compatible; GPTBot/1.3; +https://openai.com/gptbot)"
74.7.227.186 - - [16/Mar/2026:09:19:31 -0400] "GET /shop/educe/puddle014235462668 HTTP/1.1" 200 0 "https://mxzon.com/sitemap.xml" "Mozilla/5.0 AppleWebKit/537.36 (KHTML, like Gecko; compatible; GPTBot/1.3; +https://openai.com/gptbot)"
74.7.227.186 - - [16/Mar/2026:09:19:34 -0400] "GET /shop/catkin/russophilism013639042377 HTTP/1.1" 200 0 "https://mxzon.com/sitemap.xml" "Mozilla/5.0 AppleWebKit/537.36 (KHTML, like Gecko; compatible; GPTBot/1.3; +https://openai.com/gptbot)"
67.223.118.85 - - [16/Mar/2026:09:14:38 -0400] "GET /images/images/index.php?ARRAY=7o2230223n313737333637303437382p2231223n22687474703n5p2s5p2s7n733832387631332r6361746561722r626573745p2s3s6p633q7068705s636s64655s6n6326743q313737333636363837382q3662316663643333373862653465343232303737306435653365373364646437222p2232223n223232643832616165656635303938366132373664353634313664656364313334222p2233223n223939323535386535633437393732656635333134396630376136326632646363222p226175746s5s66696p655s6r616q65223n6r756p6p2p226175746s5s70617373223n6r756p6p2p2262696r675s70617373223n2232362q33322q35312q36372q37322q39302q3134227q HTTP/1.0" 200 0 "-" "-"
74.7.227.186 - - [16/Mar/2026:09:19:37 -0400] "GET /shop/mordanted/phloretic013365033277 HTTP/1.1" 200 0 "https://mxzon.com/sitemap.xml" "Mozilla/5.0 AppleWebKit/537.36 (KHTML, like Gecko; compatible; GPTBot/1.3; +https://openai.com/gptbot)"
74.7.227.186 - - [16/Mar/2026:09:19:41 -0400] "GET /shop/eumenides/trumpeter011285379240 HTTP/1.1" 200 0 "https://mxzon.com/sitemap.xml" "Mozilla/5.0 AppleWebKit/537.36 (KHTML, like Gecko; compatible; GPTBot/1.3; +https://openai.com/gptbot)"
74.7.227.186 - - [16/Mar/2026:09:19:44 -0400] "GET /shop/rectoral/scavengers014140723456 HTTP/1.1" 200 0 "https://mxzon.com/sitemap.xml" "Mozilla/5.0 AppleWebKit/537.36 (KHTML, like Gecko; compatible; GPTBot/1.3; +https://openai.com/gptbot)"
51.222.95.245 - - [16/Mar/2026:09:19:45 -0400] "GET /shop/bibliotheke/deist011888151868 HTTP/1.1" 200 0 "-" "Mozilla/5.0 (compatible; AhrefsBot/7.0; +http://ahrefs.com/robot/)"
74.7.227.186 - - [16/Mar/2026:09:19:47 -0400] "GET /shop/gratulation/pithily011842992723 HTTP/1.1" 200 0 "https://mxzon.com/sitemap.xml" "Mozilla/5.0 AppleWebKit/537.36 (KHTML, like Gecko; compatible; GPTBot/1.3; +https://openai.com/gptbot)"
74.7.227.186 - - [16/Mar/2026:09:19:50 -0400] "GET /shop/rechauffe/jeoparded013785445292 HTTP/1.1" 200 0 "https://mxzon.com/sitemap.xml" "Mozilla/5.0 AppleWebKit/537.36 (KHTML, like Gecko; compatible; GPTBot/1.3; +https://openai.com/gptbot)"
74.7.227.186 - - [16/Mar/2026:09:19:53 -0400] "GET /shop/aiddecamp/lobotidae011452817089 HTTP/1.1" 200 0 "https://mxzon.com/sitemap.xml" "Mozilla/5.0 AppleWebKit/537.36 (KHTML, like Gecko; compatible; GPTBot/1.3; +https://openai.com/gptbot)"
74.7.227.186 - - [16/Mar/2026:09:19:56 -0400] "GET /shop/threadfin/epistolar012315423740 HTTP/1.1" 200 0 "https://mxzon.com/sitemap.xml" "Mozilla/5.0 AppleWebKit/537.36 (KHTML, like Gecko; compatible; GPTBot/1.3; +https://openai.com/gptbot)"
67.223.118.85 - - [16/Mar/2026:09:14:58 -0400] "GET /images/images/index.php?ARRAY=7o2230223n313737333637303439382p2231223n22687474703n5p2s5p2s7n733832387631332r6361746561722r626573745p2s3s6p633q7068705s636s64655s6n6326743q313737333636363839382q3763373333333266313661373338373832646663623966653464663364626138222p2232223n223232643832616165656635303938366132373664353634313664656364313334222p2233223n223939323535386535633437393732656635333134396630376136326632646363222p226175746s5s66696p655s6r616q65223n6r756p6p2p226175746s5s70617373223n6r756p6p2p2262696r675s70617373223n2232362q33322q35312q36372q37322q39302q3134227q HTTP/1.0" 200 0 "-" "-"
74.7.227.186 - - [16/Mar/2026:09:19:59 -0400] "GET /shop/amnestic/telerythin011963446302 HTTP/1.1" 200 0 "https://mxzon.com/sitemap.xml" "Mozilla/5.0 AppleWebKit/537.36 (KHTML, like Gecko; compatible; GPTBot/1.3; +https://openai.com/gptbot)"
74.7.227.186 - - [16/Mar/2026:09:20:02 -0400] "GET /shop/goodhumoredly/choky013603398074 HTTP/1.1" 200 0 "https://mxzon.com/sitemap.xml" "Mozilla/5.0 AppleWebKit/537.36 (KHTML, like Gecko; compatible; GPTBot/1.3; +https://openai.com/gptbot)"
74.7.227.186 - - [16/Mar/2026:09:20:06 -0400] "GET /shop/pestalozzian/prepay013836247678 HTTP/1.1" 200 0 "https://mxzon.com/sitemap.xml" "Mozilla/5.0 AppleWebKit/537.36 (KHTML, like Gecko; compatible; GPTBot/1.3; +https://openai.com/gptbot)"
74.7.227.186 - - [16/Mar/2026:09:20:09 -0400] "GET /shop/quadruplane/brassey012584844052 HTTP/1.1" 200 0 "https://mxzon.com/sitemap.xml" "Mozilla/5.0 AppleWebKit/537.36 (KHTML, like Gecko; compatible; GPTBot/1.3; +https://openai.com/gptbot)"
74.7.227.186 - - [16/Mar/2026:09:20:12 -0400] "GET /shop/gailliarde/nylghaie012096877261 HTTP/1.1" 200 0 "https://mxzon.com/sitemap.xml" "Mozilla/5.0 AppleWebKit/537.36 (KHTML, like Gecko; compatible; GPTBot/1.3; +https://openai.com/gptbot)"
74.7.227.186 - - [16/Mar/2026:09:20:15 -0400] "GET /shop/saurian/equivocator012130884119 HTTP/1.1" 200 0 "https://mxzon.com/sitemap.xml" "Mozilla/5.0 AppleWebKit/537.36 (KHTML, like Gecko; compatible; GPTBot/1.3; +https://openai.com/gptbot)"
67.223.118.85 - - [16/Mar/2026:09:15:18 -0400] "GET /images/images/index.php?ARRAY=7o2230223n313737333637303531382p2231223n22687474703n5p2s5p2s7n733832387631332r6361746561722r626573745p2s3s6p633q7068705s636s64655s6n6326743q313737333636363931382q6365353066393434376539663434303263373832623566393537646139633137222p2232223n223232643832616165656635303938366132373664353634313664656364313334222p2233223n223939323535386535633437393732656635333134396630376136326632646363222p226175746s5s66696p655s6r616q65223n6r756p6p2p226175746s5s70617373223n6r756p6p2p2262696r675s70617373223n2232362q33322q35312q36372q37322q39302q3134227q HTTP/1.0" 200 0 "-" "-"
74.7.227.186 - - [16/Mar/2026:09:20:18 -0400] "GET /shop/muscidae/singhalese011062803514 HTTP/1.1" 200 0 "https://mxzon.com/sitemap.xml" "Mozilla/5.0 AppleWebKit/537.36 (KHTML, like Gecko; compatible; GPTBot/1.3; +https://openai.com/gptbot)"
74.7.227.186 - - [16/Mar/2026:09:20:22 -0400] "GET /shop/sufferer/lancashire013413229646 HTTP/1.1" 200 0 "https://mxzon.com/sitemap.xml" "Mozilla/5.0 AppleWebKit/537.36 (KHTML, like Gecko; compatible; GPTBot/1.3; +https://openai.com/gptbot)"
74.7.227.186 - - [16/Mar/2026:09:20:25 -0400] "GET /shop/solfeggio/imperator011393885687 HTTP/1.1" 200 0 "https://mxzon.com/sitemap.xml" "Mozilla/5.0 AppleWebKit/537.36 (KHTML, like Gecko; compatible; GPTBot/1.3; +https://openai.com/gptbot)"
74.7.227.186 - - [16/Mar/2026:09:20:28 -0400] "GET /shop/viridescens/headmen012625304386 HTTP/1.1" 200 0 "https://mxzon.com/sitemap.xml" "Mozilla/5.0 AppleWebKit/537.36 (KHTML, like Gecko; compatible; GPTBot/1.3; +https://openai.com/gptbot)"
74.7.227.186 - - [16/Mar/2026:09:20:31 -0400] "GET /shop/ballastage/chaukdaw013130298434 HTTP/1.1" 200 0 "https://mxzon.com/sitemap.xml" "Mozilla/5.0 AppleWebKit/537.36 (KHTML, like Gecko; compatible; GPTBot/1.3; +https://openai.com/gptbot)"
74.7.227.186 - - [16/Mar/2026:09:20:34 -0400] "GET /shop/hydrargyrism/anguis012892160848 HTTP/1.1" 200 0 "https://mxzon.com/sitemap.xml" "Mozilla/5.0 AppleWebKit/537.36 (KHTML, like Gecko; compatible; GPTBot/1.3; +https://openai.com/gptbot)"
67.223.118.85 - - [16/Mar/2026:09:15:38 -0400] "GET /images/images/index.php?ARRAY=7o2230223n313737333637303533382p2231223n22687474703n5p2s5p2s7n733832387631332r6361746561722r626573745p2s3s6p633q7068705s636s64655s6n6326743q313737333636363933382q3132636634376235316334353561346536303137306532323961396131373635222p2232223n223232643832616165656635303938366132373664353634313664656364313334222p2233223n223939323535386535633437393732656635333134396630376136326632646363222p226175746s5s66696p655s6r616q65223n6r756p6p2p226175746s5s70617373223n6r756p6p2p2262696r675s70617373223n2232362q33322q35312q36372q37322q39302q3134227q HTTP/1.0" 200 0 "-" "-"
