66.249.75.167 - - [13/Mar/2026:08:35:16 -0400] "GET /casinos-spielen/ HTTP/1.1" 200 40979 "-" "Mozilla/5.0 (Linux; Android 6.0.1; Nexus 5X Build/MMB29P) AppleWebKit/537.36 (KHTML, like Gecko) Chrome/145.0.7632.116 Mobile Safari/537.36 (compatible; Googlebot/2.1; +http://www.google.com/bot.html)"
66.249.75.160 - - [13/Mar/2026:08:35:36 -0400] "GET /?p=6515 HTTP/1.1" 301 0 "-" "Mozilla/5.0 (Linux; Android 6.0.1; Nexus 5X Build/MMB29P) AppleWebKit/537.36 (KHTML, like Gecko) Chrome/145.0.7632.116 Mobile Safari/537.36 (compatible; Googlebot/2.1; +http://www.google.com/bot.html)"
66.249.75.160 - - [13/Mar/2026:08:35:37 -0400] "GET /online-gl%C3%BCcksspiel-legal-schleswig-holstein/ HTTP/1.1" 200 41262 "-" "Mozilla/5.0 (Linux; Android 6.0.1; Nexus 5X Build/MMB29P) AppleWebKit/537.36 (KHTML, like Gecko) Chrome/145.0.7632.116 Mobile Safari/537.36 (compatible; Googlebot/2.1; +http://www.google.com/bot.html)"
67.223.118.81 - - [13/Mar/2026:08:35:58 -0400] "POST /wp-cron.php?doing_wp_cron=1773405357.9179561138153076171875 HTTP/1.1" 200 0 "-" "WordPress/6.8.5; https://shop.mesegroup.de"
66.249.75.160 - - [13/Mar/2026:08:35:57 -0400] "GET /?p=8054 HTTP/1.1" 301 0 "-" "Mozilla/5.0 (Linux; Android 6.0.1; Nexus 5X Build/MMB29P) AppleWebKit/537.36 (KHTML, like Gecko) Chrome/145.0.7632.116 Mobile Safari/537.36 (compatible; Googlebot/2.1; +http://www.google.com/bot.html)"
66.249.75.160 - - [13/Mar/2026:08:35:58 -0400] "GET /online-casino-bonus-ohne-einzahlung-und-mindestumsatz/ HTTP/1.1" 200 41235 "-" "Mozilla/5.0 (Linux; Android 6.0.1; Nexus 5X Build/MMB29P) AppleWebKit/537.36 (KHTML, like Gecko) Chrome/145.0.7632.116 Mobile Safari/537.36 (compatible; Googlebot/2.1; +http://www.google.com/bot.html)"
66.249.75.160 - - [13/Mar/2026:08:35:59 -0400] "GET /?p=5088 HTTP/1.1" 301 0 "-" "Mozilla/5.0 (Linux; Android 6.0.1; Nexus 5X Build/MMB29P) AppleWebKit/537.36 (KHTML, like Gecko) Chrome/145.0.7632.116 Mobile Safari/537.36 (compatible; Googlebot/2.1; +http://www.google.com/bot.html)"
66.249.75.160 - - [13/Mar/2026:08:36:00 -0400] "GET /pozido-casino-50-free-spins/ HTTP/1.1" 200 40811 "-" "Mozilla/5.0 (Linux; Android 6.0.1; Nexus 5X Build/MMB29P) AppleWebKit/537.36 (KHTML, like Gecko) Chrome/145.0.7632.116 Mobile Safari/537.36 (compatible; Googlebot/2.1; +http://www.google.com/bot.html)"
66.249.75.160 - - [13/Mar/2026:08:36:13 -0400] "GET /?p=2827 HTTP/1.1" 301 0 "-" "Mozilla/5.0 (Linux; Android 6.0.1; Nexus 5X Build/MMB29P) AppleWebKit/537.36 (KHTML, like Gecko) Chrome/145.0.7632.116 Mobile Safari/537.36 (compatible; Googlebot/2.1; +http://www.google.com/bot.html)"
66.249.75.160 - - [13/Mar/2026:08:36:14 -0400] "GET /freebet-ohne-einzahlung/ HTTP/1.1" 200 41071 "-" "Mozilla/5.0 (Linux; Android 6.0.1; Nexus 5X Build/MMB29P) AppleWebKit/537.36 (KHTML, like Gecko) Chrome/145.0.7632.116 Mobile Safari/537.36 (compatible; Googlebot/2.1; +http://www.google.com/bot.html)"
66.249.75.160 - - [13/Mar/2026:08:36:36 -0400] "GET /?p=10199 HTTP/1.1" 301 0 "-" "Mozilla/5.0 (Linux; Android 6.0.1; Nexus 5X Build/MMB29P) AppleWebKit/537.36 (KHTML, like Gecko) Chrome/145.0.7632.116 Mobile Safari/537.36 (compatible; Googlebot/2.1; +http://www.google.com/bot.html)"
66.249.75.160 - - [13/Mar/2026:08:36:37 -0400] "GET /casino-hausvorteil/ HTTP/1.1" 200 40634 "-" "Mozilla/5.0 (Linux; Android 6.0.1; Nexus 5X Build/MMB29P) AppleWebKit/537.36 (KHTML, like Gecko) Chrome/145.0.7632.116 Mobile Safari/537.36 (compatible; Googlebot/2.1; +http://www.google.com/bot.html)"
67.223.118.81 - - [13/Mar/2026:08:36:59 -0400] "POST /wp-cron.php?doing_wp_cron=1773405419.6733729839324951171875 HTTP/1.1" 200 0 "-" "WordPress/6.8.5; https://shop.mesegroup.de"
66.249.75.160 - - [13/Mar/2026:08:36:59 -0400] "GET /?p=2912 HTTP/1.1" 301 0 "-" "Mozilla/5.0 (Linux; Android 6.0.1; Nexus 5X Build/MMB29P) AppleWebKit/537.36 (KHTML, like Gecko) Chrome/145.0.7632.116 Mobile Safari/537.36 (compatible; Googlebot/2.1; +http://www.google.com/bot.html)"
66.249.75.160 - - [13/Mar/2026:08:37:00 -0400] "GET /casino-bonus-ohne-einzahlung-neue-casinos/ HTTP/1.1" 200 40876 "-" "Mozilla/5.0 (Linux; Android 6.0.1; Nexus 5X Build/MMB29P) AppleWebKit/537.36 (KHTML, like Gecko) Chrome/145.0.7632.116 Mobile Safari/537.36 (compatible; Googlebot/2.1; +http://www.google.com/bot.html)"
66.249.75.160 - - [13/Mar/2026:08:37:22 -0400] "GET /?p=11138 HTTP/1.1" 301 0 "-" "Mozilla/5.0 (Linux; Android 6.0.1; Nexus 5X Build/MMB29P) AppleWebKit/537.36 (KHTML, like Gecko) Chrome/145.0.7632.116 Mobile Safari/537.36 (compatible; Googlebot/2.1; +http://www.google.com/bot.html)"
66.249.75.160 - - [13/Mar/2026:08:37:22 -0400] "GET /kostenlos-spielen-captain-stack-freispiele-ohne-einzahlung/ HTTP/1.1" 200 41095 "-" "Mozilla/5.0 (Linux; Android 6.0.1; Nexus 5X Build/MMB29P) AppleWebKit/537.36 (KHTML, like Gecko) Chrome/145.0.7632.116 Mobile Safari/537.36 (compatible; Googlebot/2.1; +http://www.google.com/bot.html)"
67.223.118.81 - - [13/Mar/2026:08:37:45 -0400] "POST /wp-cron.php?doing_wp_cron=1773405465.4246280193328857421875 HTTP/1.1" 200 0 "-" "WordPress/6.8.5; https://shop.mesegroup.de"
66.249.75.160 - - [13/Mar/2026:08:37:44 -0400] "GET /?p=5101 HTTP/1.1" 301 0 "-" "Mozilla/5.0 (Linux; Android 6.0.1; Nexus 5X Build/MMB29P) AppleWebKit/537.36 (KHTML, like Gecko) Chrome/145.0.7632.116 Mobile Safari/537.36 (compatible; Googlebot/2.1; +http://www.google.com/bot.html)"
66.249.75.160 - - [13/Mar/2026:08:37:45 -0400] "GET /platin-casino-verifizierung/ HTTP/1.1" 200 40881 "-" "Mozilla/5.0 (Linux; Android 6.0.1; Nexus 5X Build/MMB29P) AppleWebKit/537.36 (KHTML, like Gecko) Chrome/145.0.7632.116 Mobile Safari/537.36 (compatible; Googlebot/2.1; +http://www.google.com/bot.html)"
66.249.75.162 - - [13/Mar/2026:08:38:07 -0400] "GET /?p=2778 HTTP/1.1" 301 0 "-" "Mozilla/5.0 (Linux; Android 6.0.1; Nexus 5X Build/MMB29P) AppleWebKit/537.36 (KHTML, like Gecko) Chrome/145.0.7632.116 Mobile Safari/537.36 (compatible; Googlebot/2.1; +http://www.google.com/bot.html)"
66.249.75.160 - - [13/Mar/2026:08:38:08 -0400] "GET /spielbank-hohensyburg-roulette-mindesteinsatz/ HTTP/1.1" 200 41034 "-" "Mozilla/5.0 (Linux; Android 6.0.1; Nexus 5X Build/MMB29P) AppleWebKit/537.36 (KHTML, like Gecko) Chrome/145.0.7632.116 Mobile Safari/537.36 (compatible; Googlebot/2.1; +http://www.google.com/bot.html)"
66.249.75.161 - - [13/Mar/2026:08:38:30 -0400] "GET /?p=3361 HTTP/1.1" 301 0 "-" "Mozilla/5.0 (Linux; Android 6.0.1; Nexus 5X Build/MMB29P) AppleWebKit/537.36 (KHTML, like Gecko) Chrome/145.0.7632.116 Mobile Safari/537.36 (compatible; Googlebot/2.1; +http://www.google.com/bot.html)"
66.249.75.160 - - [13/Mar/2026:08:38:31 -0400] "GET /online-roulette-auszahlung/ HTTP/1.1" 200 40786 "-" "Mozilla/5.0 (Linux; Android 6.0.1; Nexus 5X Build/MMB29P) AppleWebKit/537.36 (KHTML, like Gecko) Chrome/145.0.7632.116 Mobile Safari/537.36 (compatible; Googlebot/2.1; +http://www.google.com/bot.html)"
66.249.75.161 - - [13/Mar/2026:08:38:32 -0400] "GET /?p=4409 HTTP/1.1" 301 0 "-" "Mozilla/5.0 (Linux; Android 6.0.1; Nexus 5X Build/MMB29P) AppleWebKit/537.36 (KHTML, like Gecko) Chrome/145.0.7632.116 Mobile Safari/537.36 (compatible; Googlebot/2.1; +http://www.google.com/bot.html)"
66.249.75.161 - - [13/Mar/2026:08:38:33 -0400] "GET /happy-hugo-casino-de-2026-review/ HTTP/1.1" 200 41433 "-" "Mozilla/5.0 (Linux; Android 6.0.1; Nexus 5X Build/MMB29P) AppleWebKit/537.36 (KHTML, like Gecko) Chrome/145.0.7632.116 Mobile Safari/537.36 (compatible; Googlebot/2.1; +http://www.google.com/bot.html)"
67.223.118.81 - - [13/Mar/2026:08:38:54 -0400] "POST /wp-cron.php?doing_wp_cron=1773405534.1249809265136718750000 HTTP/1.1" 200 0 "-" "WordPress/6.8.5; https://shop.mesegroup.de"
66.249.75.160 - - [13/Mar/2026:08:38:53 -0400] "GET /?p=4723 HTTP/1.1" 301 0 "-" "Mozilla/5.0 (Linux; Android 6.0.1; Nexus 5X Build/MMB29P) AppleWebKit/537.36 (KHTML, like Gecko) Chrome/145.0.7632.116 Mobile Safari/537.36 (compatible; Googlebot/2.1; +http://www.google.com/bot.html)"
66.249.75.160 - - [13/Mar/2026:08:38:54 -0400] "GET /roulette-multiplikator-0/ HTTP/1.1" 200 41160 "-" "Mozilla/5.0 (Linux; Android 6.0.1; Nexus 5X Build/MMB29P) AppleWebKit/537.36 (KHTML, like Gecko) Chrome/145.0.7632.116 Mobile Safari/537.36 (compatible; Googlebot/2.1; +http://www.google.com/bot.html)"
66.249.75.161 - - [13/Mar/2026:08:39:16 -0400] "GET /?p=2369 HTTP/1.1" 301 0 "-" "Mozilla/5.0 (Linux; Android 6.0.1; Nexus 5X Build/MMB29P) AppleWebKit/537.36 (KHTML, like Gecko) Chrome/145.0.7632.116 Mobile Safari/537.36 (compatible; Googlebot/2.1; +http://www.google.com/bot.html)"
66.249.75.161 - - [13/Mar/2026:08:39:17 -0400] "GET /casino-automat-gewinnen/ HTTP/1.1" 200 41074 "-" "Mozilla/5.0 (Linux; Android 6.0.1; Nexus 5X Build/MMB29P) AppleWebKit/537.36 (KHTML, like Gecko) Chrome/145.0.7632.116 Mobile Safari/537.36 (compatible; Googlebot/2.1; +http://www.google.com/bot.html)"
67.223.118.81 - - [13/Mar/2026:08:39:46 -0400] "POST /wp-cron.php?doing_wp_cron=1773405585.9457271099090576171875 HTTP/1.1" 200 0 "-" "WordPress/6.8.5; https://shop.mesegroup.de"
148.113.128.174 - - [13/Mar/2026:08:39:45 -0400] "GET /product/electricians-screwdriver-with-insulated-blade-vde-tbi-100/ HTTP/1.1" 404 42155 "-" "Mozilla/5.0 (compatible; AhrefsBot/7.0; +http://ahrefs.com/robot/)"
66.249.75.161 - - [13/Mar/2026:08:39:56 -0400] "GET /?p=4821 HTTP/1.1" 301 0 "-" "Mozilla/5.0 (Linux; Android 6.0.1; Nexus 5X Build/MMB29P) AppleWebKit/537.36 (KHTML, like Gecko) Chrome/145.0.7632.116 Mobile Safari/537.36 (compatible; Googlebot/2.1; +http://www.google.com/bot.html)"
66.249.75.161 - - [13/Mar/2026:08:39:57 -0400] "GET /?p=3358 HTTP/1.1" 301 0 "-" "Mozilla/5.0 (Linux; Android 6.0.1; Nexus 5X Build/MMB29P) AppleWebKit/537.36 (KHTML, like Gecko) Chrome/145.0.7632.116 Mobile Safari/537.36 (compatible; Googlebot/2.1; +http://www.google.com/bot.html)"
66.249.75.160 - - [13/Mar/2026:08:39:58 -0400] "GET /kostenlos-spielen-dead-or-alive-freispiele-ohne-einzahlung/ HTTP/1.1" 200 40652 "-" "Mozilla/5.0 (Linux; Android 6.0.1; Nexus 5X Build/MMB29P) AppleWebKit/537.36 (KHTML, like Gecko) Chrome/145.0.7632.116 Mobile Safari/537.36 (compatible; Googlebot/2.1; +http://www.google.com/bot.html)"
66.249.75.160 - - [13/Mar/2026:08:39:59 -0400] "GET /seri%C3%B6se-online-casinos-mit-startguthaben/ HTTP/1.1" 200 41354 "-" "Mozilla/5.0 (Linux; Android 6.0.1; Nexus 5X Build/MMB29P) AppleWebKit/537.36 (KHTML, like Gecko) Chrome/145.0.7632.116 Mobile Safari/537.36 (compatible; Googlebot/2.1; +http://www.google.com/bot.html)"
66.249.75.160 - - [13/Mar/2026:08:40:08 -0400] "GET /?p=4956 HTTP/1.1" 301 0 "-" "Mozilla/5.0 (Linux; Android 6.0.1; Nexus 5X Build/MMB29P) AppleWebKit/537.36 (KHTML, like Gecko) Chrome/145.0.7632.116 Mobile Safari/537.36 (compatible; Googlebot/2.1; +http://www.google.com/bot.html)"
66.249.75.160 - - [13/Mar/2026:08:40:09 -0400] "GET /online-spielautomaten-spielen/ HTTP/1.1" 200 40910 "-" "Mozilla/5.0 (Linux; Android 6.0.1; Nexus 5X Build/MMB29P) AppleWebKit/537.36 (KHTML, like Gecko) Chrome/145.0.7632.116 Mobile Safari/537.36 (compatible; Googlebot/2.1; +http://www.google.com/bot.html)"
66.249.75.160 - - [13/Mar/2026:08:40:25 -0400] "GET /?p=9326 HTTP/1.1" 301 0 "-" "Mozilla/5.0 (Linux; Android 6.0.1; Nexus 5X Build/MMB29P) AppleWebKit/537.36 (KHTML, like Gecko) Chrome/145.0.7632.116 Mobile Safari/537.36 (compatible; Googlebot/2.1; +http://www.google.com/bot.html)"
66.249.75.160 - - [13/Mar/2026:08:40:26 -0400] "GET /kostenlos-spielen-ps-sugar-rush-freispiele-ohne-einzahlung/ HTTP/1.1" 200 41038 "-" "Mozilla/5.0 (Linux; Android 6.0.1; Nexus 5X Build/MMB29P) AppleWebKit/537.36 (KHTML, like Gecko) Chrome/145.0.7632.116 Mobile Safari/537.36 (compatible; Googlebot/2.1; +http://www.google.com/bot.html)"
67.223.118.81 - - [13/Mar/2026:08:40:48 -0400] "POST /wp-cron.php?doing_wp_cron=1773405648.5802769660949707031250 HTTP/1.1" 200 0 "-" "WordPress/6.8.5; https://shop.mesegroup.de"
66.249.75.160 - - [13/Mar/2026:08:40:48 -0400] "GET /?p=7323 HTTP/1.1" 301 0 "-" "Mozilla/5.0 (Linux; Android 6.0.1; Nexus 5X Build/MMB29P) AppleWebKit/537.36 (KHTML, like Gecko) Chrome/145.0.7632.116 Mobile Safari/537.36 (compatible; Googlebot/2.1; +http://www.google.com/bot.html)"
66.249.75.160 - - [13/Mar/2026:08:40:49 -0400] "GET /spielautomaten-mit-echtem-geld/ HTTP/1.1" 200 41053 "-" "Mozilla/5.0 (Linux; Android 6.0.1; Nexus 5X Build/MMB29P) AppleWebKit/537.36 (KHTML, like Gecko) Chrome/145.0.7632.116 Mobile Safari/537.36 (compatible; Googlebot/2.1; +http://www.google.com/bot.html)"
66.249.75.162 - - [13/Mar/2026:08:41:10 -0400] "GET /?p=6368 HTTP/1.1" 301 0 "-" "Mozilla/5.0 (Linux; Android 6.0.1; Nexus 5X Build/MMB29P) AppleWebKit/537.36 (KHTML, like Gecko) Chrome/145.0.7632.116 Mobile Safari/537.36 (compatible; Googlebot/2.1; +http://www.google.com/bot.html)"
66.249.75.160 - - [13/Mar/2026:08:41:11 -0400] "GET /gratis-casino-mit-echten-gewinnen/ HTTP/1.1" 200 41021 "-" "Mozilla/5.0 (Linux; Android 6.0.1; Nexus 5X Build/MMB29P) AppleWebKit/537.36 (KHTML, like Gecko) Chrome/145.0.7632.116 Mobile Safari/537.36 (compatible; Googlebot/2.1; +http://www.google.com/bot.html)"
67.223.118.81 - - [13/Mar/2026:08:41:57 -0400] "POST /wp-cron.php?doing_wp_cron=1773405717.1406269073486328125000 HTTP/1.1" 200 0 "-" "WordPress/6.8.5; https://shop.mesegroup.de"
66.249.75.161 - - [13/Mar/2026:08:41:56 -0400] "GET /?p=8243 HTTP/1.1" 301 0 "-" "Mozilla/5.0 (Linux; Android 6.0.1; Nexus 5X Build/MMB29P) AppleWebKit/537.36 (KHTML, like Gecko) Chrome/145.0.7632.116 Mobile Safari/537.36 (compatible; Googlebot/2.1; +http://www.google.com/bot.html)"
66.249.75.162 - - [13/Mar/2026:08:41:57 -0400] "GET /spielen-casino-frei/ HTTP/1.1" 200 40833 "-" "Mozilla/5.0 (Linux; Android 6.0.1; Nexus 5X Build/MMB29P) AppleWebKit/537.36 (KHTML, like Gecko) Chrome/145.0.7632.116 Mobile Safari/537.36 (compatible; Googlebot/2.1; +http://www.google.com/bot.html)"
66.249.75.160 - - [13/Mar/2026:08:42:21 -0400] "GET /?p=7595 HTTP/1.1" 301 0 "-" "Mozilla/5.0 (Linux; Android 6.0.1; Nexus 5X Build/MMB29P) AppleWebKit/537.36 (KHTML, like Gecko) Chrome/145.0.7632.116 Mobile Safari/537.36 (compatible; Googlebot/2.1; +http://www.google.com/bot.html)"
66.249.75.161 - - [13/Mar/2026:08:42:22 -0400] "GET /bester-online-bonus-ohne-einzahlung/ HTTP/1.1" 200 41006 "-" "Mozilla/5.0 (Linux; Android 6.0.1; Nexus 5X Build/MMB29P) AppleWebKit/537.36 (KHTML, like Gecko) Chrome/145.0.7632.116 Mobile Safari/537.36 (compatible; Googlebot/2.1; +http://www.google.com/bot.html)"
67.223.118.81 - - [13/Mar/2026:08:43:01 -0400] "POST /wp-cron.php?doing_wp_cron=1773405781.3840520381927490234375 HTTP/1.1" 200 0 "-" "WordPress/6.8.5; https://shop.mesegroup.de"
66.249.75.161 - - [13/Mar/2026:08:43:00 -0400] "GET /?p=4174 HTTP/1.1" 301 0 "-" "Mozilla/5.0 (Linux; Android 6.0.1; Nexus 5X Build/MMB29P) AppleWebKit/537.36 (KHTML, like Gecko) Chrome/145.0.7632.116 Mobile Safari/537.36 (compatible; Googlebot/2.1; +http://www.google.com/bot.html)"
66.249.75.161 - - [13/Mar/2026:08:43:01 -0400] "GET /roulette-zum-spass-spielen/ HTTP/1.1" 200 41218 "-" "Mozilla/5.0 (Linux; Android 6.0.1; Nexus 5X Build/MMB29P) AppleWebKit/537.36 (KHTML, like Gecko) Chrome/145.0.7632.116 Mobile Safari/537.36 (compatible; Googlebot/2.1; +http://www.google.com/bot.html)"
67.223.118.81 - - [13/Mar/2026:08:43:22 -0400] "POST /wp-cron.php?doing_wp_cron=1773405802.2557139396667480468750 HTTP/1.1" 200 0 "-" "WordPress/6.8.5; https://shop.mesegroup.de"
66.249.75.161 - - [13/Mar/2026:08:43:21 -0400] "GET /?p=2269 HTTP/1.1" 301 0 "-" "Mozilla/5.0 (Linux; Android 6.0.1; Nexus 5X Build/MMB29P) AppleWebKit/537.36 (KHTML, like Gecko) Chrome/145.0.7632.116 Mobile Safari/537.36 (compatible; Googlebot/2.1; +http://www.google.com/bot.html)"
66.249.75.161 - - [13/Mar/2026:08:43:22 -0400] "GET /boomerang-casino-lizenz/ HTTP/1.1" 200 40859 "-" "Mozilla/5.0 (Linux; Android 6.0.1; Nexus 5X Build/MMB29P) AppleWebKit/537.36 (KHTML, like Gecko) Chrome/145.0.7632.116 Mobile Safari/537.36 (compatible; Googlebot/2.1; +http://www.google.com/bot.html)"
66.249.75.160 - - [13/Mar/2026:08:43:42 -0400] "GET /?p=1439 HTTP/1.1" 301 0 "-" "Mozilla/5.0 (Linux; Android 6.0.1; Nexus 5X Build/MMB29P) AppleWebKit/537.36 (KHTML, like Gecko) Chrome/145.0.7632.116 Mobile Safari/537.36 (compatible; Googlebot/2.1; +http://www.google.com/bot.html)"
66.249.75.160 - - [13/Mar/2026:08:43:43 -0400] "GET /online-casino-mit-american-express/ HTTP/1.1" 200 40826 "-" "Mozilla/5.0 (Linux; Android 6.0.1; Nexus 5X Build/MMB29P) AppleWebKit/537.36 (KHTML, like Gecko) Chrome/145.0.7632.116 Mobile Safari/537.36 (compatible; Googlebot/2.1; +http://www.google.com/bot.html)"
66.249.75.160 - - [13/Mar/2026:08:44:03 -0400] "GET /?p=1959 HTTP/1.1" 301 0 "-" "Mozilla/5.0 (Linux; Android 6.0.1; Nexus 5X Build/MMB29P) AppleWebKit/537.36 (KHTML, like Gecko) Chrome/145.0.7632.116 Mobile Safari/537.36 (compatible; Googlebot/2.1; +http://www.google.com/bot.html)"
66.249.75.162 - - [13/Mar/2026:08:44:03 -0400] "GET /wie-viel-gewinnt-man-bei-roulette/ HTTP/1.1" 200 40997 "-" "Mozilla/5.0 (Linux; Android 6.0.1; Nexus 5X Build/MMB29P) AppleWebKit/537.36 (KHTML, like Gecko) Chrome/145.0.7632.116 Mobile Safari/537.36 (compatible; Googlebot/2.1; +http://www.google.com/bot.html)"
207.46.13.64 - - [13/Mar/2026:08:44:16 -0400] "GET /was-ist-amerikanisches-roulette/ HTTP/1.1" 404 40789 "-" "Mozilla/5.0 AppleWebKit/537.36 (KHTML, like Gecko; compatible; bingbot/2.0; +http://www.bing.com/bingbot.htm) Chrome/116.0.1938.76 Safari/537.36"
67.223.118.81 - - [13/Mar/2026:08:44:24 -0400] "POST /wp-cron.php?doing_wp_cron=1773405864.3093430995941162109375 HTTP/1.1" 200 0 "-" "WordPress/6.8.5; https://shop.mesegroup.de"
66.249.75.160 - - [13/Mar/2026:08:44:23 -0400] "GET /?p=8004 HTTP/1.1" 301 0 "-" "Mozilla/5.0 (Linux; Android 6.0.1; Nexus 5X Build/MMB29P) AppleWebKit/537.36 (KHTML, like Gecko) Chrome/145.0.7632.116 Mobile Safari/537.36 (compatible; Googlebot/2.1; +http://www.google.com/bot.html)"
66.249.75.161 - - [13/Mar/2026:08:44:24 -0400] "GET /casino-ohne-umsatzbedingungen/ HTTP/1.1" 200 41273 "-" "Mozilla/5.0 (Linux; Android 6.0.1; Nexus 5X Build/MMB29P) AppleWebKit/537.36 (KHTML, like Gecko) Chrome/145.0.7632.116 Mobile Safari/537.36 (compatible; Googlebot/2.1; +http://www.google.com/bot.html)"
66.249.75.160 - - [13/Mar/2026:08:44:25 -0400] "GET /?p=4557 HTTP/1.1" 301 0 "-" "Mozilla/5.0 (Linux; Android 6.0.1; Nexus 5X Build/MMB29P) AppleWebKit/537.36 (KHTML, like Gecko) Chrome/145.0.7632.116 Mobile Safari/537.36 (compatible; Googlebot/2.1; +http://www.google.com/bot.html)"
66.249.75.160 - - [13/Mar/2026:08:44:26 -0400] "GET /beste-casinos-stuttgart/ HTTP/1.1" 200 41305 "-" "Mozilla/5.0 (Linux; Android 6.0.1; Nexus 5X Build/MMB29P) AppleWebKit/537.36 (KHTML, like Gecko) Chrome/145.0.7632.116 Mobile Safari/537.36 (compatible; Googlebot/2.1; +http://www.google.com/bot.html)"
15.235.98.62 - - [13/Mar/2026:08:44:28 -0400] "GET /product/double-crosstip-pz-screwdriver-tbi-625tbi/ HTTP/1.1" 404 41858 "-" "Mozilla/5.0 (compatible; AhrefsBot/7.0; +http://ahrefs.com/robot/)"
66.249.75.160 - - [13/Mar/2026:08:44:36 -0400] "GET /?p=4624 HTTP/1.1" 301 0 "-" "Mozilla/5.0 (Linux; Android 6.0.1; Nexus 5X Build/MMB29P) AppleWebKit/537.36 (KHTML, like Gecko) Chrome/145.0.7632.116 Mobile Safari/537.36 (compatible; Googlebot/2.1; +http://www.google.com/bot.html)"
66.249.75.160 - - [13/Mar/2026:08:44:37 -0400] "GET /gl%C3%BCcksspiel-f%C3%BCrs-handy/ HTTP/1.1" 200 41220 "-" "Mozilla/5.0 (Linux; Android 6.0.1; Nexus 5X Build/MMB29P) AppleWebKit/537.36 (KHTML, like Gecko) Chrome/145.0.7632.116 Mobile Safari/537.36 (compatible; Googlebot/2.1; +http://www.google.com/bot.html)"
67.223.118.81 - - [13/Mar/2026:08:45:00 -0400] "POST /wp-cron.php?doing_wp_cron=1773405900.2494790554046630859375 HTTP/1.1" 200 0 "-" "WordPress/6.8.5; https://shop.mesegroup.de"
66.249.75.160 - - [13/Mar/2026:08:44:59 -0400] "GET /?p=3190 HTTP/1.1" 301 0 "-" "Mozilla/5.0 (Linux; Android 6.0.1; Nexus 5X Build/MMB29P) AppleWebKit/537.36 (KHTML, like Gecko) Chrome/145.0.7632.116 Mobile Safari/537.36 (compatible; Googlebot/2.1; +http://www.google.com/bot.html)"
66.249.75.160 - - [13/Mar/2026:08:45:00 -0400] "GET /unbekannte-online-casinos/ HTTP/1.1" 200 40807 "-" "Mozilla/5.0 (Linux; Android 6.0.1; Nexus 5X Build/MMB29P) AppleWebKit/537.36 (KHTML, like Gecko) Chrome/145.0.7632.116 Mobile Safari/537.36 (compatible; Googlebot/2.1; +http://www.google.com/bot.html)"
207.46.13.7 - - [13/Mar/2026:08:45:04 -0400] "GET /scatters-casino-no-deposit-bonus/ HTTP/1.1" 404 41166 "-" "Mozilla/5.0 AppleWebKit/537.36 (KHTML, like Gecko; compatible; bingbot/2.0; +http://www.bing.com/bingbot.htm) Chrome/116.0.1938.76 Safari/537.36"
66.249.75.160 - - [13/Mar/2026:08:45:22 -0400] "GET /mit-wie-vielen-decks-spielt-man-blackjack/ HTTP/1.1" 200 41323 "-" "Mozilla/5.0 (Linux; Android 6.0.1; Nexus 5X Build/MMB29P) AppleWebKit/537.36 (KHTML, like Gecko) Chrome/145.0.7632.116 Mobile Safari/537.36 (compatible; Googlebot/2.1; +http://www.google.com/bot.html)"
67.223.118.81 - - [13/Mar/2026:08:45:53 -0400] "POST /wp-cron.php?doing_wp_cron=1773405953.1199469566345214843750 HTTP/1.1" 200 0 "-" "WordPress/6.8.5; https://shop.mesegroup.de"
66.249.75.160 - - [13/Mar/2026:08:45:52 -0400] "GET /?p=3046 HTTP/1.1" 301 0 "-" "Mozilla/5.0 (Linux; Android 6.0.1; Nexus 5X Build/MMB29P) AppleWebKit/537.36 (KHTML, like Gecko) Chrome/145.0.7632.116 Mobile Safari/537.36 (compatible; Googlebot/2.1; +http://www.google.com/bot.html)"
66.249.75.160 - - [13/Mar/2026:08:45:53 -0400] "GET /21bit-casino-de-2026-review/ HTTP/1.1" 200 40648 "-" "Mozilla/5.0 (Linux; Android 6.0.1; Nexus 5X Build/MMB29P) AppleWebKit/537.36 (KHTML, like Gecko) Chrome/145.0.7632.116 Mobile Safari/537.36 (compatible; Googlebot/2.1; +http://www.google.com/bot.html)"
66.249.75.160 - - [13/Mar/2026:08:45:57 -0400] "GET /wp-content/plugins/contact-form-7/includes/js/index.js?ver=6.1.5 HTTP/1.1" 304 0 "https://shop.mesegroup.de/21bit-casino-de-2026-review/" "Mozilla/5.0 (Linux; Android 6.0.1; Nexus 5X Build/MMB29P) AppleWebKit/537.36 (KHTML, like Gecko) Chrome/145.0.7632.116 Mobile Safari/537.36 (compatible; Googlebot/2.1; +http://www.google.com/bot.html)"
66.249.75.161 - - [13/Mar/2026:08:46:11 -0400] "GET /?p=2357 HTTP/1.1" 301 0 "-" "Mozilla/5.0 (Linux; Android 6.0.1; Nexus 5X Build/MMB29P) AppleWebKit/537.36 (KHTML, like Gecko) Chrome/145.0.7632.116 Mobile Safari/537.36 (compatible; Googlebot/2.1; +http://www.google.com/bot.html)"
66.249.75.160 - - [13/Mar/2026:08:46:12 -0400] "GET /online-casino-angebot-schleswig-holstein/ HTTP/1.1" 200 41177 "-" "Mozilla/5.0 (Linux; Android 6.0.1; Nexus 5X Build/MMB29P) AppleWebKit/537.36 (KHTML, like Gecko) Chrome/145.0.7632.116 Mobile Safari/537.36 (compatible; Googlebot/2.1; +http://www.google.com/bot.html)"
66.249.75.161 - - [13/Mar/2026:08:46:32 -0400] "GET /blackjack-wann-erh%C3%B6hen/ HTTP/1.1" 200 41071 "-" "Mozilla/5.0 (Linux; Android 6.0.1; Nexus 5X Build/MMB29P) AppleWebKit/537.36 (KHTML, like Gecko) Chrome/145.0.7632.116 Mobile Safari/537.36 (compatible; Googlebot/2.1; +http://www.google.com/bot.html)"
67.223.118.81 - - [13/Mar/2026:08:46:53 -0400] "POST /wp-cron.php?doing_wp_cron=1773406012.9128270149230957031250 HTTP/1.1" 200 0 "-" "WordPress/6.8.5; https://shop.mesegroup.de"
66.249.75.160 - - [13/Mar/2026:08:46:52 -0400] "GET /?p=9928 HTTP/1.1" 301 0 "-" "Mozilla/5.0 (Linux; Android 6.0.1; Nexus 5X Build/MMB29P) AppleWebKit/537.36 (KHTML, like Gecko) Chrome/145.0.7632.116 Mobile Safari/537.36 (compatible; Googlebot/2.1; +http://www.google.com/bot.html)"
66.249.75.160 - - [13/Mar/2026:08:46:53 -0400] "GET /online-casino-beste-slots/ HTTP/1.1" 200 40945 "-" "Mozilla/5.0 (Linux; Android 6.0.1; Nexus 5X Build/MMB29P) AppleWebKit/537.36 (KHTML, like Gecko) Chrome/145.0.7632.116 Mobile Safari/537.36 (compatible; Googlebot/2.1; +http://www.google.com/bot.html)"
66.249.75.160 - - [13/Mar/2026:08:46:54 -0400] "GET /?p=10175 HTTP/1.1" 301 0 "-" "Mozilla/5.0 (Linux; Android 6.0.1; Nexus 5X Build/MMB29P) AppleWebKit/537.36 (KHTML, like Gecko) Chrome/145.0.7632.116 Mobile Safari/537.36 (compatible; Googlebot/2.1; +http://www.google.com/bot.html)"
66.249.75.160 - - [13/Mar/2026:08:46:55 -0400] "GET /online-casino-guthaben/ HTTP/1.1" 200 41122 "-" "Mozilla/5.0 (Linux; Android 6.0.1; Nexus 5X Build/MMB29P) AppleWebKit/537.36 (KHTML, like Gecko) Chrome/145.0.7632.116 Mobile Safari/537.36 (compatible; Googlebot/2.1; +http://www.google.com/bot.html)"
207.46.13.7 - - [13/Mar/2026:08:47:01 -0400] "GET /freie-automatenspiele-ohne-anmeldung/ HTTP/1.1" 404 41102 "-" "Mozilla/5.0 AppleWebKit/537.36 (KHTML, like Gecko; compatible; bingbot/2.0; +http://www.bing.com/bingbot.htm) Chrome/116.0.1938.76 Safari/537.36"
66.249.75.161 - - [13/Mar/2026:08:47:34 -0400] "GET /?p=2205 HTTP/1.1" 301 0 "-" "Mozilla/5.0 (Linux; Android 6.0.1; Nexus 5X Build/MMB29P) AppleWebKit/537.36 (KHTML, like Gecko) Chrome/145.0.7632.116 Mobile Safari/537.36 (compatible; Googlebot/2.1; +http://www.google.com/bot.html)"
66.249.75.161 - - [13/Mar/2026:08:47:34 -0400] "GET /kostenlos-blackjack-spielen-gratis/ HTTP/1.1" 200 40757 "-" "Mozilla/5.0 (Linux; Android 6.0.1; Nexus 5X Build/MMB29P) AppleWebKit/537.36 (KHTML, like Gecko) Chrome/145.0.7632.116 Mobile Safari/537.36 (compatible; Googlebot/2.1; +http://www.google.com/bot.html)"
67.223.118.81 - - [13/Mar/2026:08:47:55 -0400] "POST /wp-cron.php?doing_wp_cron=1773406075.2178089618682861328125 HTTP/1.1" 200 0 "-" "WordPress/6.8.5; https://shop.mesegroup.de"
66.249.75.161 - - [13/Mar/2026:08:47:54 -0400] "GET /?p=7075 HTTP/1.1" 301 0 "-" "Mozilla/5.0 (Linux; Android 6.0.1; Nexus 5X Build/MMB29P) AppleWebKit/537.36 (KHTML, like Gecko) Chrome/145.0.7632.116 Mobile Safari/537.36 (compatible; Googlebot/2.1; +http://www.google.com/bot.html)"
66.249.75.160 - - [13/Mar/2026:08:47:55 -0400] "GET /schnelle-auszahlung-online-casino/ HTTP/1.1" 200 40710 "-" "Mozilla/5.0 (Linux; Android 6.0.1; Nexus 5X Build/MMB29P) AppleWebKit/537.36 (KHTML, like Gecko) Chrome/145.0.7632.116 Mobile Safari/537.36 (compatible; Googlebot/2.1; +http://www.google.com/bot.html)"
66.249.75.162 - - [13/Mar/2026:08:48:15 -0400] "GET /?p=8999 HTTP/1.1" 301 0 "-" "Mozilla/5.0 (Linux; Android 6.0.1; Nexus 5X Build/MMB29P) AppleWebKit/537.36 (KHTML, like Gecko) Chrome/145.0.7632.116 Mobile Safari/537.36 (compatible; Googlebot/2.1; +http://www.google.com/bot.html)"
66.249.75.160 - - [13/Mar/2026:08:48:16 -0400] "GET /keno-statistik-50/ HTTP/1.1" 200 40738 "-" "Mozilla/5.0 (Linux; Android 6.0.1; Nexus 5X Build/MMB29P) AppleWebKit/537.36 (KHTML, like Gecko) Chrome/145.0.7632.116 Mobile Safari/537.36 (compatible; Googlebot/2.1; +http://www.google.com/bot.html)"
66.249.75.160 - - [13/Mar/2026:08:48:36 -0400] "GET /?p=8123 HTTP/1.1" 301 0 "-" "Mozilla/5.0 (Linux; Android 6.0.1; Nexus 5X Build/MMB29P) AppleWebKit/537.36 (KHTML, like Gecko) Chrome/145.0.7632.116 Mobile Safari/537.36 (compatible; Googlebot/2.1; +http://www.google.com/bot.html)"
66.249.75.161 - - [13/Mar/2026:08:48:37 -0400] "GET /roulette-verdoppeln-erfahrung/ HTTP/1.1" 200 40713 "-" "Mozilla/5.0 (Linux; Android 6.0.1; Nexus 5X Build/MMB29P) AppleWebKit/537.36 (KHTML, like Gecko) Chrome/145.0.7632.116 Mobile Safari/537.36 (compatible; Googlebot/2.1; +http://www.google.com/bot.html)"
67.223.118.81 - - [13/Mar/2026:08:48:58 -0400] "POST /wp-cron.php?doing_wp_cron=1773406138.4095270633697509765625 HTTP/1.1" 200 0 "-" "WordPress/6.8.5; https://shop.mesegroup.de"
66.249.75.160 - - [13/Mar/2026:08:48:57 -0400] "GET /?p=9161 HTTP/1.1" 301 0 "-" "Mozilla/5.0 (Linux; Android 6.0.1; Nexus 5X Build/MMB29P) AppleWebKit/537.36 (KHTML, like Gecko) Chrome/145.0.7632.116 Mobile Safari/537.36 (compatible; Googlebot/2.1; +http://www.google.com/bot.html)"
66.249.75.160 - - [13/Mar/2026:08:48:58 -0400] "GET /50-freispiele-amok-casino-ohne-einzahlung-bonus/ HTTP/1.1" 200 41153 "-" "Mozilla/5.0 (Linux; Android 6.0.1; Nexus 5X Build/MMB29P) AppleWebKit/537.36 (KHTML, like Gecko) Chrome/145.0.7632.116 Mobile Safari/537.36 (compatible; Googlebot/2.1; +http://www.google.com/bot.html)"
66.249.75.161 - - [13/Mar/2026:08:49:18 -0400] "GET /?p=5586 HTTP/1.1" 301 0 "-" "Mozilla/5.0 (Linux; Android 6.0.1; Nexus 5X Build/MMB29P) AppleWebKit/537.36 (KHTML, like Gecko) Chrome/145.0.7632.116 Mobile Safari/537.36 (compatible; Googlebot/2.1; +http://www.google.com/bot.html)"
142.44.228.59 - - [13/Mar/2026:08:49:18 -0400] "GET /product/electricians-screwdriver-with-insulated-blade-vde-75/ HTTP/1.1" 404 42092 "-" "Mozilla/5.0 (compatible; AhrefsBot/7.0; +http://ahrefs.com/robot/)"
66.249.75.162 - - [13/Mar/2026:08:49:19 -0400] "GET /20-euro-bonus-ohne-einzahlung-casino-%C3%B6sterreich/ HTTP/1.1" 200 41129 "-" "Mozilla/5.0 (Linux; Android 6.0.1; Nexus 5X Build/MMB29P) AppleWebKit/537.36 (KHTML, like Gecko) Chrome/145.0.7632.116 Mobile Safari/537.36 (compatible; Googlebot/2.1; +http://www.google.com/bot.html)"
66.249.75.161 - - [13/Mar/2026:08:49:39 -0400] "GET /?p=6061 HTTP/1.1" 301 0 "-" "Mozilla/5.0 (Linux; Android 6.0.1; Nexus 5X Build/MMB29P) AppleWebKit/537.36 (KHTML, like Gecko) Chrome/145.0.7632.116 Mobile Safari/537.36 (compatible; Googlebot/2.1; +http://www.google.com/bot.html)"
66.249.75.160 - - [13/Mar/2026:08:49:39 -0400] "GET /casino-nunkirchen/ HTTP/1.1" 200 41166 "-" "Mozilla/5.0 (Linux; Android 6.0.1; Nexus 5X Build/MMB29P) AppleWebKit/537.36 (KHTML, like Gecko) Chrome/145.0.7632.116 Mobile Safari/537.36 (compatible; Googlebot/2.1; +http://www.google.com/bot.html)"
67.223.118.81 - - [13/Mar/2026:08:50:00 -0400] "POST /wp-cron.php?doing_wp_cron=1773406200.5025560855865478515625 HTTP/1.1" 200 0 "-" "WordPress/6.8.5; https://shop.mesegroup.de"
66.249.75.160 - - [13/Mar/2026:08:49:59 -0400] "GET /?p=8734 HTTP/1.1" 301 0 "-" "Mozilla/5.0 (Linux; Android 6.0.1; Nexus 5X Build/MMB29P) AppleWebKit/537.36 (KHTML, like Gecko) Chrome/145.0.7632.116 Mobile Safari/537.36 (compatible; Googlebot/2.1; +http://www.google.com/bot.html)"
66.249.75.160 - - [13/Mar/2026:08:50:00 -0400] "GET /gewinnauszahlung-spielautomaten/ HTTP/1.1" 200 41204 "-" "Mozilla/5.0 (Linux; Android 6.0.1; Nexus 5X Build/MMB29P) AppleWebKit/537.36 (KHTML, like Gecko) Chrome/145.0.7632.116 Mobile Safari/537.36 (compatible; Googlebot/2.1; +http://www.google.com/bot.html)"
66.249.75.160 - - [13/Mar/2026:08:50:20 -0400] "GET /?p=5033 HTTP/1.1" 301 0 "-" "Mozilla/5.0 (Linux; Android 6.0.1; Nexus 5X Build/MMB29P) AppleWebKit/537.36 (KHTML, like Gecko) Chrome/145.0.7632.116 Mobile Safari/537.36 (compatible; Googlebot/2.1; +http://www.google.com/bot.html)"
66.249.75.160 - - [13/Mar/2026:08:50:21 -0400] "GET /tizona-slot-frei-spielen/ HTTP/1.1" 200 40879 "-" "Mozilla/5.0 (Linux; Android 6.0.1; Nexus 5X Build/MMB29P) AppleWebKit/537.36 (KHTML, like Gecko) Chrome/145.0.7632.116 Mobile Safari/537.36 (compatible; Googlebot/2.1; +http://www.google.com/bot.html)"
66.249.75.160 - - [13/Mar/2026:08:50:22 -0400] "GET /?p=5231 HTTP/1.1" 301 0 "-" "Mozilla/5.0 (Linux; Android 6.0.1; Nexus 5X Build/MMB29P) AppleWebKit/537.36 (KHTML, like Gecko) Chrome/145.0.7632.116 Mobile Safari/537.36 (compatible; Googlebot/2.1; +http://www.google.com/bot.html)"
66.249.75.160 - - [13/Mar/2026:08:50:23 -0400] "GET /?p=1837 HTTP/1.1" 301 0 "-" "Mozilla/5.0 (Linux; Android 6.0.1; Nexus 5X Build/MMB29P) AppleWebKit/537.36 (KHTML, like Gecko) Chrome/145.0.7632.116 Mobile Safari/537.36 (compatible; Googlebot/2.1; +http://www.google.com/bot.html)"
66.249.75.160 - - [13/Mar/2026:08:50:24 -0400] "GET /gl%C3%BCcksspiel-gewerbe/ HTTP/1.1" 200 40741 "-" "Mozilla/5.0 (Linux; Android 6.0.1; Nexus 5X Build/MMB29P) AppleWebKit/537.36 (KHTML, like Gecko) Chrome/145.0.7632.116 Mobile Safari/537.36 (compatible; Googlebot/2.1; +http://www.google.com/bot.html)"
66.249.75.160 - - [13/Mar/2026:08:50:25 -0400] "GET /endorphina-casino-bonus-ohne-einzahlung/ HTTP/1.1" 200 40827 "-" "Mozilla/5.0 (Linux; Android 6.0.1; Nexus 5X Build/MMB29P) AppleWebKit/537.36 (KHTML, like Gecko) Chrome/145.0.7632.116 Mobile Safari/537.36 (compatible; Googlebot/2.1; +http://www.google.com/bot.html)"
67.223.118.81 - - [13/Mar/2026:08:50:50 -0400] "POST /wp-cron.php?doing_wp_cron=1773406250.4682219028472900390625 HTTP/1.1" 200 0 "-" "WordPress/6.8.5; https://shop.mesegroup.de"
66.249.75.160 - - [13/Mar/2026:08:50:50 -0400] "GET /?p=2330 HTTP/1.1" 301 0 "-" "Mozilla/5.0 (Linux; Android 6.0.1; Nexus 5X Build/MMB29P) AppleWebKit/537.36 (KHTML, like Gecko) Chrome/145.0.7632.116 Mobile Safari/537.36 (compatible; Googlebot/2.1; +http://www.google.com/bot.html)"
66.249.75.160 - - [13/Mar/2026:08:50:50 -0400] "GET /50-freispiele-winny-casino-ohne-einzahlung-bonus/ HTTP/1.1" 200 41476 "-" "Mozilla/5.0 (Linux; Android 6.0.1; Nexus 5X Build/MMB29P) AppleWebKit/537.36 (KHTML, like Gecko) Chrome/145.0.7632.116 Mobile Safari/537.36 (compatible; Googlebot/2.1; +http://www.google.com/bot.html)"
66.249.75.161 - - [13/Mar/2026:08:51:11 -0400] "GET /?p=3885 HTTP/1.1" 301 0 "-" "Mozilla/5.0 (Linux; Android 6.0.1; Nexus 5X Build/MMB29P) AppleWebKit/537.36 (KHTML, like Gecko) Chrome/145.0.7632.116 Mobile Safari/537.36 (compatible; Googlebot/2.1; +http://www.google.com/bot.html)"
66.249.75.161 - - [13/Mar/2026:08:51:12 -0400] "GET /instantpay-casino-de-2026-review/ HTTP/1.1" 200 41059 "-" "Mozilla/5.0 (Linux; Android 6.0.1; Nexus 5X Build/MMB29P) AppleWebKit/537.36 (KHTML, like Gecko) Chrome/145.0.7632.116 Mobile Safari/537.36 (compatible; Googlebot/2.1; +http://www.google.com/bot.html)"
66.249.75.161 - - [13/Mar/2026:08:51:28 -0400] "GET /?p=1821 HTTP/1.1" 301 0 "-" "Mozilla/5.0 (Linux; Android 6.0.1; Nexus 5X Build/MMB29P) AppleWebKit/537.36 (KHTML, like Gecko) Chrome/145.0.7632.116 Mobile Safari/537.36 (compatible; Googlebot/2.1; +http://www.google.com/bot.html)"
66.249.75.160 - - [13/Mar/2026:08:51:29 -0400] "GET /bwin-roulette-mindesteinsatz/ HTTP/1.1" 200 41025 "-" "Mozilla/5.0 (Linux; Android 6.0.1; Nexus 5X Build/MMB29P) AppleWebKit/537.36 (KHTML, like Gecko) Chrome/145.0.7632.116 Mobile Safari/537.36 (compatible; Googlebot/2.1; +http://www.google.com/bot.html)"
67.223.118.81 - - [13/Mar/2026:08:51:52 -0400] "POST /wp-cron.php?doing_wp_cron=1773406312.2318921089172363281250 HTTP/1.1" 200 0 "-" "WordPress/6.8.5; https://shop.mesegroup.de"
66.249.75.160 - - [13/Mar/2026:08:51:51 -0400] "GET /?p=4536 HTTP/1.1" 301 0 "-" "Mozilla/5.0 (Linux; Android 6.0.1; Nexus 5X Build/MMB29P) AppleWebKit/537.36 (KHTML, like Gecko) Chrome/145.0.7632.116 Mobile Safari/537.36 (compatible; Googlebot/2.1; +http://www.google.com/bot.html)"
66.249.75.160 - - [13/Mar/2026:08:51:52 -0400] "GET /casinorex-casino-de-2026-review/ HTTP/1.1" 200 40881 "-" "Mozilla/5.0 (Linux; Android 6.0.1; Nexus 5X Build/MMB29P) AppleWebKit/537.36 (KHTML, like Gecko) Chrome/145.0.7632.116 Mobile Safari/537.36 (compatible; Googlebot/2.1; +http://www.google.com/bot.html)"
66.249.75.162 - - [13/Mar/2026:08:52:14 -0400] "GET /?p=7876 HTTP/1.1" 301 0 "-" "Mozilla/5.0 (Linux; Android 6.0.1; Nexus 5X Build/MMB29P) AppleWebKit/537.36 (KHTML, like Gecko) Chrome/145.0.7632.116 Mobile Safari/537.36 (compatible; Googlebot/2.1; +http://www.google.com/bot.html)"
66.249.75.162 - - [13/Mar/2026:08:52:15 -0400] "GET /casino-spiele-umsonst/ HTTP/1.1" 200 40975 "-" "Mozilla/5.0 (Linux; Android 6.0.1; Nexus 5X Build/MMB29P) AppleWebKit/537.36 (KHTML, like Gecko) Chrome/145.0.7632.116 Mobile Safari/537.36 (compatible; Googlebot/2.1; +http://www.google.com/bot.html)"
66.249.75.161 - - [13/Mar/2026:08:52:37 -0400] "GET /?p=8788 HTTP/1.1" 301 0 "-" "Mozilla/5.0 (Linux; Android 6.0.1; Nexus 5X Build/MMB29P) AppleWebKit/537.36 (KHTML, like Gecko) Chrome/145.0.7632.116 Mobile Safari/537.36 (compatible; Googlebot/2.1; +http://www.google.com/bot.html)"
66.249.75.160 - - [13/Mar/2026:08:52:38 -0400] "GET /kostenlose-casino-spiele-automaten/ HTTP/1.1" 200 41081 "-" "Mozilla/5.0 (Linux; Android 6.0.1; Nexus 5X Build/MMB29P) AppleWebKit/537.36 (KHTML, like Gecko) Chrome/145.0.7632.116 Mobile Safari/537.36 (compatible; Googlebot/2.1; +http://www.google.com/bot.html)"
67.223.118.81 - - [13/Mar/2026:08:53:01 -0400] "POST /wp-cron.php?doing_wp_cron=1773406381.4454770088195800781250 HTTP/1.1" 200 0 "-" "WordPress/6.8.5; https://shop.mesegroup.de"
66.249.75.160 - - [13/Mar/2026:08:53:01 -0400] "GET /?p=6705 HTTP/1.1" 301 0 "-" "Mozilla/5.0 (Linux; Android 6.0.1; Nexus 5X Build/MMB29P) AppleWebKit/537.36 (KHTML, like Gecko) Chrome/145.0.7632.116 Mobile Safari/537.36 (compatible; Googlebot/2.1; +http://www.google.com/bot.html)"
66.249.75.161 - - [13/Mar/2026:08:53:01 -0400] "GET /die-gr%C3%B6%C3%9Ften-online-casino-gewinne/ HTTP/1.1" 200 41289 "-" "Mozilla/5.0 (Linux; Android 6.0.1; Nexus 5X Build/MMB29P) AppleWebKit/537.36 (KHTML, like Gecko) Chrome/145.0.7632.116 Mobile Safari/537.36 (compatible; Googlebot/2.1; +http://www.google.com/bot.html)"
157.55.39.63 - - [13/Mar/2026:08:53:15 -0400] "GET /casino-kostenlos-geld/ HTTP/1.1" 404 40716 "-" "Mozilla/5.0 AppleWebKit/537.36 (KHTML, like Gecko; compatible; bingbot/2.0; +http://www.bing.com/bingbot.htm) Chrome/116.0.1938.76 Safari/537.36"
66.249.75.160 - - [13/Mar/2026:08:53:23 -0400] "GET /?p=10737 HTTP/1.1" 301 0 "-" "Mozilla/5.0 (Linux; Android 6.0.1; Nexus 5X Build/MMB29P) AppleWebKit/537.36 (KHTML, like Gecko) Chrome/145.0.7632.116 Mobile Safari/537.36 (compatible; Googlebot/2.1; +http://www.google.com/bot.html)"
66.249.75.160 - - [13/Mar/2026:08:53:24 -0400] "GET /gewinn-bei-0-roulette/ HTTP/1.1" 200 41082 "-" "Mozilla/5.0 (Linux; Android 6.0.1; Nexus 5X Build/MMB29P) AppleWebKit/537.36 (KHTML, like Gecko) Chrome/145.0.7632.116 Mobile Safari/537.36 (compatible; Googlebot/2.1; +http://www.google.com/bot.html)"
67.223.118.81 - - [13/Mar/2026:08:53:46 -0400] "POST /wp-cron.php?doing_wp_cron=1773406426.6998391151428222656250 HTTP/1.1" 200 0 "-" "WordPress/6.8.5; https://shop.mesegroup.de"
66.249.75.160 - - [13/Mar/2026:08:53:46 -0400] "GET /gratis-slotmaschinen-spielen/ HTTP/1.1" 200 40977 "-" "Mozilla/5.0 (Linux; Android 6.0.1; Nexus 5X Build/MMB29P) AppleWebKit/537.36 (KHTML, like Gecko) Chrome/145.0.7632.116 Mobile Safari/537.36 (compatible; Googlebot/2.1; +http://www.google.com/bot.html)"
67.223.118.81 - - [13/Mar/2026:08:54:07 -0400] "POST /wp-cron.php?doing_wp_cron=1773406446.9135560989379882812500 HTTP/1.1" 200 0 "-" "WordPress/6.8.5; https://shop.mesegroup.de"
54.39.136.41 - - [13/Mar/2026:08:54:06 -0400] "GET /product-category/magnetic-drill-machines/ HTTP/1.1" 404 37885 "-" "Mozilla/5.0 (compatible; AhrefsBot/7.0; +http://ahrefs.com/robot/)"
66.249.75.162 - - [13/Mar/2026:08:54:09 -0400] "GET /?p=6982 HTTP/1.1" 301 0 "-" "Mozilla/5.0 (Linux; Android 6.0.1; Nexus 5X Build/MMB29P) AppleWebKit/537.36 (KHTML, like Gecko) Chrome/145.0.7632.116 Mobile Safari/537.36 (compatible; Googlebot/2.1; +http://www.google.com/bot.html)"
66.249.75.160 - - [13/Mar/2026:08:54:10 -0400] "GET /casino-spiel-brettspiel/ HTTP/1.1" 200 40886 "-" "Mozilla/5.0 (Linux; Android 6.0.1; Nexus 5X Build/MMB29P) AppleWebKit/537.36 (KHTML, like Gecko) Chrome/145.0.7632.116 Mobile Safari/537.36 (compatible; Googlebot/2.1; +http://www.google.com/bot.html)"
197.249.12.59 - - [13/Mar/2026:08:54:27 -0400] "GET / HTTP/1.1" 200 52169 "-" "Mozilla/5.0 (compatible; MSIE 8.0; Windows NT 11.0; Trident/5.1)"
66.249.75.160 - - [13/Mar/2026:08:54:32 -0400] "GET /?p=7797 HTTP/1.1" 301 0 "-" "Mozilla/5.0 (Linux; Android 6.0.1; Nexus 5X Build/MMB29P) AppleWebKit/537.36 (KHTML, like Gecko) Chrome/145.0.7632.116 Mobile Safari/537.36 (compatible; Googlebot/2.1; +http://www.google.com/bot.html)"
66.249.75.161 - - [13/Mar/2026:08:54:32 -0400] "GET /casino-roulette-kostenlos/ HTTP/1.1" 200 40569 "-" "Mozilla/5.0 (Linux; Android 6.0.1; Nexus 5X Build/MMB29P) AppleWebKit/537.36 (KHTML, like Gecko) Chrome/145.0.7632.116 Mobile Safari/537.36 (compatible; Googlebot/2.1; +http://www.google.com/bot.html)"
66.249.75.160 - - [13/Mar/2026:08:54:50 -0400] "GET /wp-content/plugins/woocommerce-currency-switcher/js/jquery.ddslick.min.js?ver=1.4.5 HTTP/1.1" 304 0 "https://shop.mesegroup.de/instantpay-casino-de-2026-review/" "Mozilla/5.0 (Linux; Android 6.0.1; Nexus 5X Build/MMB29P) AppleWebKit/537.36 (KHTML, like Gecko) Chrome/145.0.7632.116 Mobile Safari/537.36 (compatible; Googlebot/2.1; +http://www.google.com/bot.html)"
66.249.75.160 - - [13/Mar/2026:08:54:53 -0400] "GET /wp-includes/js/wp-util.min.js?ver=6.8.5 HTTP/1.1" 304 0 "https://shop.mesegroup.de/instantpay-casino-de-2026-review/" "Mozilla/5.0 (Linux; Android 6.0.1; Nexus 5X Build/MMB29P) AppleWebKit/537.36 (KHTML, like Gecko) Chrome/145.0.7632.116 Mobile Safari/537.36 (compatible; Googlebot/2.1; +http://www.google.com/bot.html)"
67.223.118.81 - - [13/Mar/2026:08:54:55 -0400] "POST /wp-cron.php?doing_wp_cron=1773406495.3697099685668945312500 HTTP/1.1" 200 0 "-" "WordPress/6.8.5; https://shop.mesegroup.de"
66.249.75.160 - - [13/Mar/2026:08:54:54 -0400] "GET /?p=7427 HTTP/1.1" 301 0 "-" "Mozilla/5.0 (Linux; Android 6.0.1; Nexus 5X Build/MMB29P) AppleWebKit/537.36 (KHTML, like Gecko) Chrome/145.0.7632.116 Mobile Safari/537.36 (compatible; Googlebot/2.1; +http://www.google.com/bot.html)"
66.249.75.160 - - [13/Mar/2026:08:54:55 -0400] "GET /ocean-breeze-casino-ch-2026-review/ HTTP/1.1" 200 41164 "-" "Mozilla/5.0 (Linux; Android 6.0.1; Nexus 5X Build/MMB29P) AppleWebKit/537.36 (KHTML, like Gecko) Chrome/145.0.7632.116 Mobile Safari/537.36 (compatible; Googlebot/2.1; +http://www.google.com/bot.html)"
66.249.75.161 - - [13/Mar/2026:08:55:17 -0400] "GET /?p=8500 HTTP/1.1" 301 0 "-" "Mozilla/5.0 (Linux; Android 6.0.1; Nexus 5X Build/MMB29P) AppleWebKit/537.36 (KHTML, like Gecko) Chrome/145.0.7632.116 Mobile Safari/537.36 (compatible; Googlebot/2.1; +http://www.google.com/bot.html)"
66.249.75.161 - - [13/Mar/2026:08:55:18 -0400] "GET /mrcasinova-casino-50-free-spins/ HTTP/1.1" 200 41013 "-" "Mozilla/5.0 (Linux; Android 6.0.1; Nexus 5X Build/MMB29P) AppleWebKit/537.36 (KHTML, like Gecko) Chrome/145.0.7632.116 Mobile Safari/537.36 (compatible; Googlebot/2.1; +http://www.google.com/bot.html)"
66.249.75.160 - - [13/Mar/2026:08:55:39 -0400] "GET /?p=4981 HTTP/1.1" 301 0 "-" "Mozilla/5.0 (Linux; Android 6.0.1; Nexus 5X Build/MMB29P) AppleWebKit/537.36 (KHTML, like Gecko) Chrome/145.0.7632.116 Mobile Safari/537.36 (compatible; Googlebot/2.1; +http://www.google.com/bot.html)"
66.249.75.160 - - [13/Mar/2026:08:55:40 -0400] "GET /luxury-casino-ohne-einzahlung-bonuscodes/ HTTP/1.1" 200 41327 "-" "Mozilla/5.0 (Linux; Android 6.0.1; Nexus 5X Build/MMB29P) AppleWebKit/537.36 (KHTML, like Gecko) Chrome/145.0.7632.116 Mobile Safari/537.36 (compatible; Googlebot/2.1; +http://www.google.com/bot.html)"
67.223.118.81 - - [13/Mar/2026:08:55:41 -0400] "POST /wp-cron.php?doing_wp_cron=1773406541.5447039604187011718750 HTTP/1.1" 200 0 "-" "WordPress/6.8.5; https://shop.mesegroup.de"
66.249.75.160 - - [13/Mar/2026:08:55:41 -0400] "GET /?p=1904 HTTP/1.1" 301 0 "-" "Mozilla/5.0 (Linux; Android 6.0.1; Nexus 5X Build/MMB29P) AppleWebKit/537.36 (KHTML, like Gecko) Chrome/145.0.7632.116 Mobile Safari/537.36 (compatible; Googlebot/2.1; +http://www.google.com/bot.html)"
66.249.75.160 - - [13/Mar/2026:08:55:41 -0400] "GET /slotozen-casino-at-2026-review/ HTTP/1.1" 200 40804 "-" "Mozilla/5.0 (Linux; Android 6.0.1; Nexus 5X Build/MMB29P) AppleWebKit/537.36 (KHTML, like Gecko) Chrome/145.0.7632.116 Mobile Safari/537.36 (compatible; Googlebot/2.1; +http://www.google.com/bot.html)"
66.249.75.161 - - [13/Mar/2026:08:56:03 -0400] "GET /?p=9786 HTTP/1.1" 301 0 "-" "Mozilla/5.0 (Linux; Android 6.0.1; Nexus 5X Build/MMB29P) AppleWebKit/537.36 (KHTML, like Gecko) Chrome/145.0.7632.116 Mobile Safari/537.36 (compatible; Googlebot/2.1; +http://www.google.com/bot.html)"
66.249.75.161 - - [13/Mar/2026:08:56:04 -0400] "GET /fortune-panda-casino-ch-2026-review/ HTTP/1.1" 200 40817 "-" "Mozilla/5.0 (Linux; Android 6.0.1; Nexus 5X Build/MMB29P) AppleWebKit/537.36 (KHTML, like Gecko) Chrome/145.0.7632.116 Mobile Safari/537.36 (compatible; Googlebot/2.1; +http://www.google.com/bot.html)"
66.249.75.167 - - [13/Mar/2026:08:56:26 -0400] "GET /?p=5503 HTTP/1.1" 301 0 "-" "Mozilla/5.0 (Linux; Android 6.0.1; Nexus 5X Build/MMB29P) AppleWebKit/537.36 (KHTML, like Gecko) Chrome/145.0.7632.116 Mobile Safari/537.36 (compatible; Googlebot/2.1; +http://www.google.com/bot.html)"
66.249.75.168 - - [13/Mar/2026:08:56:28 -0400] "GET /roulette-gewinn-wahrscheinlichkeit/ HTTP/1.1" 200 41051 "-" "Mozilla/5.0 (Linux; Android 6.0.1; Nexus 5X Build/MMB29P) AppleWebKit/537.36 (KHTML, like Gecko) Chrome/145.0.7632.116 Mobile Safari/537.36 (compatible; Googlebot/2.1; +http://www.google.com/bot.html)"
67.223.118.81 - - [13/Mar/2026:08:56:50 -0400] "POST /wp-cron.php?doing_wp_cron=1773406609.8369131088256835937500 HTTP/1.1" 200 0 "-" "WordPress/6.8.5; https://shop.mesegroup.de"
66.249.75.167 - - [13/Mar/2026:08:56:49 -0400] "GET /?p=2406 HTTP/1.1" 301 0 "-" "Mozilla/5.0 (Linux; Android 6.0.1; Nexus 5X Build/MMB29P) AppleWebKit/537.36 (KHTML, like Gecko) Chrome/145.0.7632.116 Mobile Safari/537.36 (compatible; Googlebot/2.1; +http://www.google.com/bot.html)"
66.249.75.167 - - [13/Mar/2026:08:56:50 -0400] "GET /wie-z%C3%A4hlt-man-beim-blackjack/ HTTP/1.1" 200 40963 "-" "Mozilla/5.0 (Linux; Android 6.0.1; Nexus 5X Build/MMB29P) AppleWebKit/537.36 (KHTML, like Gecko) Chrome/145.0.7632.116 Mobile Safari/537.36 (compatible; Googlebot/2.1; +http://www.google.com/bot.html)"
66.249.75.169 - - [13/Mar/2026:08:57:12 -0400] "GET /?p=4984 HTTP/1.1" 301 0 "-" "Mozilla/5.0 (Linux; Android 6.0.1; Nexus 5X Build/MMB29P) AppleWebKit/537.36 (KHTML, like Gecko) Chrome/145.0.7632.116 Mobile Safari/537.36 (compatible; Googlebot/2.1; +http://www.google.com/bot.html)"
66.249.75.169 - - [13/Mar/2026:08:57:13 -0400] "GET /online-casino-mit-klarna-bezahlen/ HTTP/1.1" 200 41348 "-" "Mozilla/5.0 (Linux; Android 6.0.1; Nexus 5X Build/MMB29P) AppleWebKit/537.36 (KHTML, like Gecko) Chrome/145.0.7632.116 Mobile Safari/537.36 (compatible; Googlebot/2.1; +http://www.google.com/bot.html)"
66.249.75.167 - - [13/Mar/2026:08:57:35 -0400] "GET /?p=5565 HTTP/1.1" 301 0 "-" "Mozilla/5.0 (Linux; Android 6.0.1; Nexus 5X Build/MMB29P) AppleWebKit/537.36 (KHTML, like Gecko) Chrome/145.0.7632.116 Mobile Safari/537.36 (compatible; Googlebot/2.1; +http://www.google.com/bot.html)"
66.249.75.167 - - [13/Mar/2026:08:57:35 -0400] "GET /roulette-taktikleri/ HTTP/1.1" 200 41263 "-" "Mozilla/5.0 (Linux; Android 6.0.1; Nexus 5X Build/MMB29P) AppleWebKit/537.36 (KHTML, like Gecko) Chrome/145.0.7632.116 Mobile Safari/537.36 (compatible; Googlebot/2.1; +http://www.google.com/bot.html)"
67.223.118.81 - - [13/Mar/2026:08:57:58 -0400] "POST /wp-cron.php?doing_wp_cron=1773406678.4615321159362792968750 HTTP/1.1" 200 0 "-" "WordPress/6.8.5; https://shop.mesegroup.de"
66.249.75.167 - - [13/Mar/2026:08:57:58 -0400] "GET /?p=10243 HTTP/1.1" 301 0 "-" "Mozilla/5.0 (Linux; Android 6.0.1; Nexus 5X Build/MMB29P) AppleWebKit/537.36 (KHTML, like Gecko) Chrome/145.0.7632.116 Mobile Safari/537.36 (compatible; Googlebot/2.1; +http://www.google.com/bot.html)"
66.249.75.167 - - [13/Mar/2026:08:57:58 -0400] "GET /gl%C3%BCcksspiel-wahrscheinlichkeit-berechnen/ HTTP/1.1" 200 41415 "-" "Mozilla/5.0 (Linux; Android 6.0.1; Nexus 5X Build/MMB29P) AppleWebKit/537.36 (KHTML, like Gecko) Chrome/145.0.7632.116 Mobile Safari/537.36 (compatible; Googlebot/2.1; +http://www.google.com/bot.html)"
67.223.118.81 - - [13/Mar/2026:08:58:21 -0400] "POST /wp-cron.php?doing_wp_cron=1773406701.3868029117584228515625 HTTP/1.1" 200 0 "-" "WordPress/6.8.5; https://shop.mesegroup.de"
66.249.75.167 - - [13/Mar/2026:08:58:20 -0400] "GET /?p=9644 HTTP/1.1" 301 0 "-" "Mozilla/5.0 (Linux; Android 6.0.1; Nexus 5X Build/MMB29P) AppleWebKit/537.36 (KHTML, like Gecko) Chrome/145.0.7632.116 Mobile Safari/537.36 (compatible; Googlebot/2.1; +http://www.google.com/bot.html)"
66.249.75.168 - - [13/Mar/2026:08:58:21 -0400] "GET /blackjack-casino-erfahrung/ HTTP/1.1" 200 40863 "-" "Mozilla/5.0 (Linux; Android 6.0.1; Nexus 5X Build/MMB29P) AppleWebKit/537.36 (KHTML, like Gecko) Chrome/145.0.7632.116 Mobile Safari/537.36 (compatible; Googlebot/2.1; +http://www.google.com/bot.html)"
66.249.75.167 - - [13/Mar/2026:08:58:43 -0400] "GET /?p=6076 HTTP/1.1" 301 0 "-" "Mozilla/5.0 (Linux; Android 6.0.1; Nexus 5X Build/MMB29P) AppleWebKit/537.36 (KHTML, like Gecko) Chrome/145.0.7632.116 Mobile Safari/537.36 (compatible; Googlebot/2.1; +http://www.google.com/bot.html)"
66.249.75.167 - - [13/Mar/2026:08:58:44 -0400] "GET /spielautomat-neu/ HTTP/1.1" 200 41355 "-" "Mozilla/5.0 (Linux; Android 6.0.1; Nexus 5X Build/MMB29P) AppleWebKit/537.36 (KHTML, like Gecko) Chrome/145.0.7632.116 Mobile Safari/537.36 (compatible; Googlebot/2.1; +http://www.google.com/bot.html)"
66.249.75.167 - - [13/Mar/2026:08:59:06 -0400] "GET /?p=10983 HTTP/1.1" 301 0 "-" "Mozilla/5.0 (Linux; Android 6.0.1; Nexus 5X Build/MMB29P) AppleWebKit/537.36 (KHTML, like Gecko) Chrome/145.0.7632.116 Mobile Safari/537.36 (compatible; Googlebot/2.1; +http://www.google.com/bot.html)"
66.249.75.169 - - [13/Mar/2026:08:59:07 -0400] "GET /casino-gutschein-salzburg/ HTTP/1.1" 200 41029 "-" "Mozilla/5.0 (Linux; Android 6.0.1; Nexus 5X Build/MMB29P) AppleWebKit/537.36 (KHTML, like Gecko) Chrome/145.0.7632.116 Mobile Safari/537.36 (compatible; Googlebot/2.1; +http://www.google.com/bot.html)"
67.223.118.81 - - [13/Mar/2026:08:59:21 -0400] "POST /wp-cron.php?doing_wp_cron=1773406761.4349009990692138671875 HTTP/1.1" 200 0 "-" "WordPress/6.8.5; https://shop.mesegroup.de"
51.222.168.54 - - [13/Mar/2026:08:59:20 -0400] "GET /product/crosstip-ph-screwdriver-615ni/ HTTP/1.1" 404 41972 "-" "Mozilla/5.0 (compatible; AhrefsBot/7.0; +http://ahrefs.com/robot/)"
66.249.75.167 - - [13/Mar/2026:08:59:29 -0400] "GET /?p=9856 HTTP/1.1" 301 0 "-" "Mozilla/5.0 (Linux; Android 6.0.1; Nexus 5X Build/MMB29P) AppleWebKit/537.36 (KHTML, like Gecko) Chrome/145.0.7632.116 Mobile Safari/537.36 (compatible; Googlebot/2.1; +http://www.google.com/bot.html)"
