66.249.75.167 - - [13/Mar/2026:08:59:30 -0400] "GET /online-casino-einzahlungsbonus-2026/ HTTP/1.1" 200 40717 "-" "Mozilla/5.0 (Linux; Android 6.0.1; Nexus 5X Build/MMB29P) AppleWebKit/537.36 (KHTML, like Gecko) Chrome/145.0.7632.116 Mobile Safari/537.36 (compatible; Googlebot/2.1; +http://www.google.com/bot.html)"
67.223.118.81 - - [13/Mar/2026:08:59:53 -0400] "POST /wp-cron.php?doing_wp_cron=1773406792.9975800514221191406250 HTTP/1.1" 200 0 "-" "WordPress/6.8.5; https://shop.mesegroup.de"
66.249.75.167 - - [13/Mar/2026:08:59:52 -0400] "GET /?p=6701 HTTP/1.1" 301 0 "-" "Mozilla/5.0 (Linux; Android 6.0.1; Nexus 5X Build/MMB29P) AppleWebKit/537.36 (KHTML, like Gecko) Chrome/145.0.7632.116 Mobile Safari/537.36 (compatible; Googlebot/2.1; +http://www.google.com/bot.html)"
66.249.75.167 - - [13/Mar/2026:08:59:53 -0400] "GET /casino-blackjack-regeln/ HTTP/1.1" 200 41116 "-" "Mozilla/5.0 (Linux; Android 6.0.1; Nexus 5X Build/MMB29P) AppleWebKit/537.36 (KHTML, like Gecko) Chrome/145.0.7632.116 Mobile Safari/537.36 (compatible; Googlebot/2.1; +http://www.google.com/bot.html)"
66.249.75.169 - - [13/Mar/2026:09:00:15 -0400] "GET /?p=9897 HTTP/1.1" 301 0 "-" "Mozilla/5.0 (Linux; Android 6.0.1; Nexus 5X Build/MMB29P) AppleWebKit/537.36 (KHTML, like Gecko) Chrome/145.0.7632.116 Mobile Safari/537.36 (compatible; Googlebot/2.1; +http://www.google.com/bot.html)"
66.249.75.169 - - [13/Mar/2026:09:00:19 -0400] "GET /lapalingo-bonus-deaktivieren/ HTTP/1.1" 200 41008 "-" "Mozilla/5.0 (Linux; Android 6.0.1; Nexus 5X Build/MMB29P) AppleWebKit/537.36 (KHTML, like Gecko) Chrome/145.0.7632.116 Mobile Safari/537.36 (compatible; Googlebot/2.1; +http://www.google.com/bot.html)"
66.249.75.168 - - [13/Mar/2026:09:00:38 -0400] "GET /?p=7610 HTTP/1.1" 301 0 "-" "Mozilla/5.0 (Linux; Android 6.0.1; Nexus 5X Build/MMB29P) AppleWebKit/537.36 (KHTML, like Gecko) Chrome/145.0.7632.116 Mobile Safari/537.36 (compatible; Googlebot/2.1; +http://www.google.com/bot.html)"
66.249.75.167 - - [13/Mar/2026:09:00:39 -0400] "GET /einsatz-gl%C3%BCcksspiel/ HTTP/1.1" 200 41232 "-" "Mozilla/5.0 (Linux; Android 6.0.1; Nexus 5X Build/MMB29P) AppleWebKit/537.36 (KHTML, like Gecko) Chrome/145.0.7632.116 Mobile Safari/537.36 (compatible; Googlebot/2.1; +http://www.google.com/bot.html)"
67.223.118.81 - - [13/Mar/2026:09:01:02 -0400] "POST /wp-cron.php?doing_wp_cron=1773406861.6251409053802490234375 HTTP/1.1" 200 0 "-" "WordPress/6.8.5; https://shop.mesegroup.de"
66.249.75.167 - - [13/Mar/2026:09:01:01 -0400] "GET /?p=4505 HTTP/1.1" 301 0 "-" "Mozilla/5.0 (Linux; Android 6.0.1; Nexus 5X Build/MMB29P) AppleWebKit/537.36 (KHTML, like Gecko) Chrome/145.0.7632.116 Mobile Safari/537.36 (compatible; Googlebot/2.1; +http://www.google.com/bot.html)"
66.249.75.167 - - [13/Mar/2026:09:01:02 -0400] "GET /wie-viel-verdient-man-mit-spielautomaten/ HTTP/1.1" 200 40993 "-" "Mozilla/5.0 (Linux; Android 6.0.1; Nexus 5X Build/MMB29P) AppleWebKit/537.36 (KHTML, like Gecko) Chrome/145.0.7632.116 Mobile Safari/537.36 (compatible; Googlebot/2.1; +http://www.google.com/bot.html)"
66.249.75.167 - - [13/Mar/2026:09:01:18 -0400] "GET /?p=8699 HTTP/1.1" 301 0 "-" "Mozilla/5.0 (Linux; Android 6.0.1; Nexus 5X Build/MMB29P) AppleWebKit/537.36 (KHTML, like Gecko) Chrome/145.0.7632.116 Mobile Safari/537.36 (compatible; Googlebot/2.1; +http://www.google.com/bot.html)"
66.249.75.167 - - [13/Mar/2026:09:01:19 -0400] "GET /kostenlos-spielen-big-panda-freispiele-ohne-einzahlung/ HTTP/1.1" 200 41525 "-" "Mozilla/5.0 (Linux; Android 6.0.1; Nexus 5X Build/MMB29P) AppleWebKit/537.36 (KHTML, like Gecko) Chrome/145.0.7632.116 Mobile Safari/537.36 (compatible; Googlebot/2.1; +http://www.google.com/bot.html)"
66.249.75.167 - - [13/Mar/2026:09:01:23 -0400] "GET /?p=6606 HTTP/1.1" 301 0 "-" "Mozilla/5.0 (Linux; Android 6.0.1; Nexus 5X Build/MMB29P) AppleWebKit/537.36 (KHTML, like Gecko) Chrome/145.0.7632.116 Mobile Safari/537.36 (compatible; Googlebot/2.1; +http://www.google.com/bot.html)"
66.249.75.167 - - [13/Mar/2026:09:01:25 -0400] "GET /slott-casino-no-deposit-bonus/ HTTP/1.1" 200 41052 "-" "Mozilla/5.0 (Linux; Android 6.0.1; Nexus 5X Build/MMB29P) AppleWebKit/537.36 (KHTML, like Gecko) Chrome/145.0.7632.116 Mobile Safari/537.36 (compatible; Googlebot/2.1; +http://www.google.com/bot.html)"
67.223.118.81 - - [13/Mar/2026:09:01:49 -0400] "POST /wp-cron.php?doing_wp_cron=1773406909.3087460994720458984375 HTTP/1.1" 200 0 "-" "WordPress/6.8.5; https://shop.mesegroup.de"
66.249.75.167 - - [13/Mar/2026:09:01:48 -0400] "GET /?p=5029 HTTP/1.1" 301 0 "-" "Mozilla/5.0 (Linux; Android 6.0.1; Nexus 5X Build/MMB29P) AppleWebKit/537.36 (KHTML, like Gecko) Chrome/145.0.7632.116 Mobile Safari/537.36 (compatible; Googlebot/2.1; +http://www.google.com/bot.html)"
66.249.75.167 - - [13/Mar/2026:09:01:49 -0400] "GET /?p=2793 HTTP/1.1" 301 0 "-" "Mozilla/5.0 (Linux; Android 6.0.1; Nexus 5X Build/MMB29P) AppleWebKit/537.36 (KHTML, like Gecko) Chrome/145.0.7632.116 Mobile Safari/537.36 (compatible; Googlebot/2.1; +http://www.google.com/bot.html)"
66.249.75.167 - - [13/Mar/2026:09:01:51 -0400] "GET /50-freispiele-red-stag-casino-ohne-einzahlung-bonus/ HTTP/1.1" 200 41305 "-" "Mozilla/5.0 (Linux; Android 6.0.1; Nexus 5X Build/MMB29P) AppleWebKit/537.36 (KHTML, like Gecko) Chrome/145.0.7632.116 Mobile Safari/537.36 (compatible; Googlebot/2.1; +http://www.google.com/bot.html)"
66.249.75.167 - - [13/Mar/2026:09:01:52 -0400] "GET /nomini-casino-at-2026-review/ HTTP/1.1" 200 40919 "-" "Mozilla/5.0 (Linux; Android 6.0.1; Nexus 5X Build/MMB29P) AppleWebKit/537.36 (KHTML, like Gecko) Chrome/145.0.7632.116 Mobile Safari/537.36 (compatible; Googlebot/2.1; +http://www.google.com/bot.html)"
66.249.75.169 - - [13/Mar/2026:09:02:09 -0400] "GET /?p=9707 HTTP/1.1" 301 0 "-" "Mozilla/5.0 (Linux; Android 6.0.1; Nexus 5X Build/MMB29P) AppleWebKit/537.36 (KHTML, like Gecko) Chrome/145.0.7632.116 Mobile Safari/537.36 (compatible; Googlebot/2.1; +http://www.google.com/bot.html)"
66.249.75.167 - - [13/Mar/2026:09:02:10 -0400] "GET /bestes-casino-spiel/ HTTP/1.1" 200 41042 "-" "Mozilla/5.0 (Linux; Android 6.0.1; Nexus 5X Build/MMB29P) AppleWebKit/537.36 (KHTML, like Gecko) Chrome/145.0.7632.116 Mobile Safari/537.36 (compatible; Googlebot/2.1; +http://www.google.com/bot.html)"
203.81.242.7 - - [13/Mar/2026:09:02:19 -0400] "GET /product/crosstip-ph-screwdriver-tbi-615tbi/?add-to-cart=284 HTTP/1.1" 200 43272 "-" "Mozilla/5.0 (compatible; MSIE 7.0; Windows NT 5.01; Trident/5.0)"
66.249.75.167 - - [13/Mar/2026:09:02:32 -0400] "GET /?p=7401 HTTP/1.1" 301 0 "-" "Mozilla/5.0 (Linux; Android 6.0.1; Nexus 5X Build/MMB29P) AppleWebKit/537.36 (KHTML, like Gecko) Chrome/145.0.7632.116 Mobile Safari/537.36 (compatible; Googlebot/2.1; +http://www.google.com/bot.html)"
66.249.75.167 - - [13/Mar/2026:09:02:33 -0400] "GET /bitcasino-casino-no-deposit-bonus/ HTTP/1.1" 200 41168 "-" "Mozilla/5.0 (Linux; Android 6.0.1; Nexus 5X Build/MMB29P) AppleWebKit/537.36 (KHTML, like Gecko) Chrome/145.0.7632.116 Mobile Safari/537.36 (compatible; Googlebot/2.1; +http://www.google.com/bot.html)"
67.223.118.81 - - [13/Mar/2026:09:02:57 -0400] "POST /wp-cron.php?doing_wp_cron=1773406977.3042979240417480468750 HTTP/1.1" 200 0 "-" "WordPress/6.8.5; https://shop.mesegroup.de"
66.249.75.167 - - [13/Mar/2026:09:02:56 -0400] "GET /?p=7229 HTTP/1.1" 301 0 "-" "Mozilla/5.0 (Linux; Android 6.0.1; Nexus 5X Build/MMB29P) AppleWebKit/537.36 (KHTML, like Gecko) Chrome/145.0.7632.116 Mobile Safari/537.36 (compatible; Googlebot/2.1; +http://www.google.com/bot.html)"
66.249.75.167 - - [13/Mar/2026:09:02:57 -0400] "GET /deutsche-online-casinos-mit-hohem-bonus-und-gratis-spielen/ HTTP/1.1" 200 40975 "-" "Mozilla/5.0 (Linux; Android 6.0.1; Nexus 5X Build/MMB29P) AppleWebKit/537.36 (KHTML, like Gecko) Chrome/145.0.7632.116 Mobile Safari/537.36 (compatible; Googlebot/2.1; +http://www.google.com/bot.html)"
66.249.75.169 - - [13/Mar/2026:09:03:36 -0400] "GET /?p=9984 HTTP/1.1" 301 0 "-" "Mozilla/5.0 (Linux; Android 6.0.1; Nexus 5X Build/MMB29P) AppleWebKit/537.36 (KHTML, like Gecko) Chrome/145.0.7632.116 Mobile Safari/537.36 (compatible; Googlebot/2.1; +http://www.google.com/bot.html)"
66.249.66.10 - - [13/Mar/2026:09:03:37 -0400] "GET /casino-salzburg-preise/ HTTP/1.1" 200 41052 "-" "Mozilla/5.0 (Linux; Android 6.0.1; Nexus 5X Build/MMB29P) AppleWebKit/537.36 (KHTML, like Gecko) Chrome/145.0.7632.116 Mobile Safari/537.36 (compatible; Googlebot/2.1; +http://www.google.com/bot.html)"
67.223.118.81 - - [13/Mar/2026:09:03:58 -0400] "POST /wp-cron.php?doing_wp_cron=1773407038.7720389366149902343750 HTTP/1.1" 200 0 "-" "WordPress/6.8.5; https://shop.mesegroup.de"
66.249.75.167 - - [13/Mar/2026:09:03:58 -0400] "GET /?p=7282 HTTP/1.1" 301 0 "-" "Mozilla/5.0 (Linux; Android 6.0.1; Nexus 5X Build/MMB29P) AppleWebKit/537.36 (KHTML, like Gecko) Chrome/145.0.7632.116 Mobile Safari/537.36 (compatible; Googlebot/2.1; +http://www.google.com/bot.html)"
66.249.75.168 - - [13/Mar/2026:09:03:59 -0400] "GET /wp-content/plugins/woocommerce-currency-switcher/js/price-slider_33.js?ver=1.4.5 HTTP/1.1" 304 0 "https://shop.mesegroup.de/die-gr%C3%B6%C3%9Ften-online-casino-gewinne/" "Mozilla/5.0 (Linux; Android 6.0.1; Nexus 5X Build/MMB29P) AppleWebKit/537.36 (KHTML, like Gecko) Chrome/145.0.7632.116 Mobile Safari/537.36 (compatible; Googlebot/2.1; +http://www.google.com/bot.html)"
66.249.75.168 - - [13/Mar/2026:09:04:00 -0400] "GET /online-casino-mit-guter-auszahlung/ HTTP/1.1" 200 40956 "-" "Mozilla/5.0 (Linux; Android 6.0.1; Nexus 5X Build/MMB29P) AppleWebKit/537.36 (KHTML, like Gecko) Chrome/145.0.7632.116 Mobile Safari/537.36 (compatible; Googlebot/2.1; +http://www.google.com/bot.html)"
51.222.95.63 - - [13/Mar/2026:09:04:11 -0400] "GET /product-category/hand-tools/ HTTP/1.1" 404 40112 "-" "Mozilla/5.0 (compatible; AhrefsBot/7.0; +http://ahrefs.com/robot/)"
66.249.75.167 - - [13/Mar/2026:09:04:20 -0400] "GET /?p=4033 HTTP/1.1" 301 0 "-" "Mozilla/5.0 (Linux; Android 6.0.1; Nexus 5X Build/MMB29P) AppleWebKit/537.36 (KHTML, like Gecko) Chrome/145.0.7632.116 Mobile Safari/537.36 (compatible; Googlebot/2.1; +http://www.google.com/bot.html)"
66.249.75.167 - - [13/Mar/2026:09:04:20 -0400] "GET /?p=4230 HTTP/1.1" 301 0 "-" "Mozilla/5.0 (Linux; Android 6.0.1; Nexus 5X Build/MMB29P) AppleWebKit/537.36 (KHTML, like Gecko) Chrome/145.0.7632.116 Mobile Safari/537.36 (compatible; Googlebot/2.1; +http://www.google.com/bot.html)"
66.249.75.167 - - [13/Mar/2026:09:04:21 -0400] "GET /online-spielautomaten-echtgeld-bonus/ HTTP/1.1" 200 41207 "-" "Mozilla/5.0 (Linux; Android 6.0.1; Nexus 5X Build/MMB29P) AppleWebKit/537.36 (KHTML, like Gecko) Chrome/145.0.7632.116 Mobile Safari/537.36 (compatible; Googlebot/2.1; +http://www.google.com/bot.html)"
66.249.75.167 - - [13/Mar/2026:09:04:22 -0400] "GET /gewinnchancen-gl%C3%BCcksspiel/ HTTP/1.1" 200 41183 "-" "Mozilla/5.0 (Linux; Android 6.0.1; Nexus 5X Build/MMB29P) AppleWebKit/537.36 (KHTML, like Gecko) Chrome/145.0.7632.116 Mobile Safari/537.36 (compatible; Googlebot/2.1; +http://www.google.com/bot.html)"
66.249.75.167 - - [13/Mar/2026:09:04:23 -0400] "GET /?p=2145 HTTP/1.1" 301 0 "-" "Mozilla/5.0 (Linux; Android 6.0.1; Nexus 5X Build/MMB29P) AppleWebKit/537.36 (KHTML, like Gecko) Chrome/145.0.7632.116 Mobile Safari/537.36 (compatible; Googlebot/2.1; +http://www.google.com/bot.html)"
66.249.75.167 - - [13/Mar/2026:09:04:24 -0400] "GET /casigo-casino-de-2026-review/ HTTP/1.1" 200 41091 "-" "Mozilla/5.0 (Linux; Android 6.0.1; Nexus 5X Build/MMB29P) AppleWebKit/537.36 (KHTML, like Gecko) Chrome/145.0.7632.116 Mobile Safari/537.36 (compatible; Googlebot/2.1; +http://www.google.com/bot.html)"
67.223.118.81 - - [13/Mar/2026:09:04:45 -0400] "POST /wp-cron.php?doing_wp_cron=1773407084.8197169303894042968750 HTTP/1.1" 200 0 "-" "WordPress/6.8.5; https://shop.mesegroup.de"
66.249.75.167 - - [13/Mar/2026:09:04:44 -0400] "GET /tricks-um-im-casino-zu-gewinnen/ HTTP/1.1" 200 41234 "-" "Mozilla/5.0 (Linux; Android 6.0.1; Nexus 5X Build/MMB29P) AppleWebKit/537.36 (KHTML, like Gecko) Chrome/145.0.7632.116 Mobile Safari/537.36 (compatible; Googlebot/2.1; +http://www.google.com/bot.html)"
66.249.75.167 - - [13/Mar/2026:09:04:45 -0400] "GET /?p=8141 HTTP/1.1" 301 0 "-" "Mozilla/5.0 (Linux; Android 6.0.1; Nexus 5X Build/MMB29P) AppleWebKit/537.36 (KHTML, like Gecko) Chrome/145.0.7632.116 Mobile Safari/537.36 (compatible; Googlebot/2.1; +http://www.google.com/bot.html)"
66.249.75.167 - - [13/Mar/2026:09:04:46 -0400] "GET /online-casino-paypal-ohne-verifizierung/ HTTP/1.1" 200 41062 "-" "Mozilla/5.0 (Linux; Android 6.0.1; Nexus 5X Build/MMB29P) AppleWebKit/537.36 (KHTML, like Gecko) Chrome/145.0.7632.116 Mobile Safari/537.36 (compatible; Googlebot/2.1; +http://www.google.com/bot.html)"
66.249.75.167 - - [13/Mar/2026:09:04:55 -0400] "GET /?p=8903 HTTP/1.1" 301 0 "-" "Mozilla/5.0 (Linux; Android 6.0.1; Nexus 5X Build/MMB29P) AppleWebKit/537.36 (KHTML, like Gecko) Chrome/145.0.7632.116 Mobile Safari/537.36 (compatible; Googlebot/2.1; +http://www.google.com/bot.html)"
66.249.75.167 - - [13/Mar/2026:09:04:56 -0400] "GET /slots-garden-ohne-anzahlung-bonuscodes/ HTTP/1.1" 200 40858 "-" "Mozilla/5.0 (Linux; Android 6.0.1; Nexus 5X Build/MMB29P) AppleWebKit/537.36 (KHTML, like Gecko) Chrome/145.0.7632.116 Mobile Safari/537.36 (compatible; Googlebot/2.1; +http://www.google.com/bot.html)"
66.249.75.167 - - [13/Mar/2026:09:05:12 -0400] "GET /?p=9950 HTTP/1.1" 301 0 "-" "Mozilla/5.0 (Linux; Android 6.0.1; Nexus 5X Build/MMB29P) AppleWebKit/537.36 (KHTML, like Gecko) Chrome/145.0.7632.116 Mobile Safari/537.36 (compatible; Googlebot/2.1; +http://www.google.com/bot.html)"
66.249.75.168 - - [13/Mar/2026:09:05:13 -0400] "GET /ice-casino-ohne-einzahlung-bonus-2026/ HTTP/1.1" 200 41160 "-" "Mozilla/5.0 (Linux; Android 6.0.1; Nexus 5X Build/MMB29P) AppleWebKit/537.36 (KHTML, like Gecko) Chrome/145.0.7632.116 Mobile Safari/537.36 (compatible; Googlebot/2.1; +http://www.google.com/bot.html)"
207.46.13.63 - - [13/Mar/2026:09:05:34 -0400] "GET /erstes-mal-ins-casino/ HTTP/1.1" 404 40991 "-" "Mozilla/5.0 AppleWebKit/537.36 (KHTML, like Gecko; compatible; bingbot/2.0; +http://www.bing.com/bingbot.htm) Chrome/116.0.1938.76 Safari/537.36"
66.249.75.168 - - [13/Mar/2026:09:05:35 -0400] "GET /?p=3783 HTTP/1.1" 301 0 "-" "Mozilla/5.0 (Linux; Android 6.0.1; Nexus 5X Build/MMB29P) AppleWebKit/537.36 (KHTML, like Gecko) Chrome/145.0.7632.116 Mobile Safari/537.36 (compatible; Googlebot/2.1; +http://www.google.com/bot.html)"
66.249.75.168 - - [13/Mar/2026:09:05:36 -0400] "GET /casino-lizenzen/ HTTP/1.1" 200 40968 "-" "Mozilla/5.0 (Linux; Android 6.0.1; Nexus 5X Build/MMB29P) AppleWebKit/537.36 (KHTML, like Gecko) Chrome/145.0.7632.116 Mobile Safari/537.36 (compatible; Googlebot/2.1; +http://www.google.com/bot.html)"
67.223.118.81 - - [13/Mar/2026:09:05:44 -0400] "POST /wp-cron.php?doing_wp_cron=1773407144.4642660617828369140625 HTTP/1.1" 200 0 "-" "WordPress/6.8.5; https://shop.mesegroup.de"
103.139.9.167 - - [13/Mar/2026:09:05:44 -0400] "GET /product/socket-1-2-long-type-12-point-7-16/ HTTP/1.1" 200 42035 "-" "Mozilla/5.0 (Macintosh; Intel Mac OS X 10_9_5) AppleWebKit/537.36 (KHTML, like Gecko) Chrome/66.0.3359.181 Safari/537.36"
66.249.75.167 - - [13/Mar/2026:09:05:58 -0400] "GET /?p=9315 HTTP/1.1" 301 0 "-" "Mozilla/5.0 (Linux; Android 6.0.1; Nexus 5X Build/MMB29P) AppleWebKit/537.36 (KHTML, like Gecko) Chrome/145.0.7632.116 Mobile Safari/537.36 (compatible; Googlebot/2.1; +http://www.google.com/bot.html)"
66.249.75.167 - - [13/Mar/2026:09:05:59 -0400] "GET /neue-roulette-strategien/ HTTP/1.1" 200 41108 "-" "Mozilla/5.0 (Linux; Android 6.0.1; Nexus 5X Build/MMB29P) AppleWebKit/537.36 (KHTML, like Gecko) Chrome/145.0.7632.116 Mobile Safari/537.36 (compatible; Googlebot/2.1; +http://www.google.com/bot.html)"
66.249.75.167 - - [13/Mar/2026:09:06:21 -0400] "GET /?p=7276 HTTP/1.1" 301 0 "-" "Mozilla/5.0 (Linux; Android 6.0.1; Nexus 5X Build/MMB29P) AppleWebKit/537.36 (KHTML, like Gecko) Chrome/145.0.7632.116 Mobile Safari/537.36 (compatible; Googlebot/2.1; +http://www.google.com/bot.html)"
66.249.75.167 - - [13/Mar/2026:09:06:22 -0400] "GET /echtgeld-freispiele-ohne-einzahlung/ HTTP/1.1" 200 40828 "-" "Mozilla/5.0 (Linux; Android 6.0.1; Nexus 5X Build/MMB29P) AppleWebKit/537.36 (KHTML, like Gecko) Chrome/145.0.7632.116 Mobile Safari/537.36 (compatible; Googlebot/2.1; +http://www.google.com/bot.html)"
67.223.118.81 - - [13/Mar/2026:09:06:56 -0400] "POST /wp-cron.php?doing_wp_cron=1773407215.8143239021301269531250 HTTP/1.1" 200 0 "-" "WordPress/6.8.5; https://shop.mesegroup.de"
66.249.75.167 - - [13/Mar/2026:09:06:55 -0400] "GET /?p=10772 HTTP/1.1" 301 0 "-" "Mozilla/5.0 (Linux; Android 6.0.1; Nexus 5X Build/MMB29P) AppleWebKit/537.36 (KHTML, like Gecko) Chrome/145.0.7632.116 Mobile Safari/537.36 (compatible; Googlebot/2.1; +http://www.google.com/bot.html)"
66.249.75.167 - - [13/Mar/2026:09:06:56 -0400] "GET /online-slots-mit-echtgeld/ HTTP/1.1" 200 40504 "-" "Mozilla/5.0 (Linux; Android 6.0.1; Nexus 5X Build/MMB29P) AppleWebKit/537.36 (KHTML, like Gecko) Chrome/145.0.7632.116 Mobile Safari/537.36 (compatible; Googlebot/2.1; +http://www.google.com/bot.html)"
66.249.75.168 - - [13/Mar/2026:09:07:16 -0400] "GET /?p=2221 HTTP/1.1" 301 0 "-" "Mozilla/5.0 (Linux; Android 6.0.1; Nexus 5X Build/MMB29P) AppleWebKit/537.36 (KHTML, like Gecko) Chrome/145.0.7632.116 Mobile Safari/537.36 (compatible; Googlebot/2.1; +http://www.google.com/bot.html)"
66.249.75.169 - - [13/Mar/2026:09:07:16 -0400] "GET /casino-gratis-ohne-anmeldung/ HTTP/1.1" 200 40825 "-" "Mozilla/5.0 (Linux; Android 6.0.1; Nexus 5X Build/MMB29P) AppleWebKit/537.36 (KHTML, like Gecko) Chrome/145.0.7632.116 Mobile Safari/537.36 (compatible; Googlebot/2.1; +http://www.google.com/bot.html)"
66.249.75.168 - - [13/Mar/2026:09:07:36 -0400] "GET /?p=9675 HTTP/1.1" 301 0 "-" "Mozilla/5.0 (Linux; Android 6.0.1; Nexus 5X Build/MMB29P) AppleWebKit/537.36 (KHTML, like Gecko) Chrome/145.0.7632.116 Mobile Safari/537.36 (compatible; Googlebot/2.1; +http://www.google.com/bot.html)"
66.249.75.168 - - [13/Mar/2026:09:07:37 -0400] "GET /online-casino-bonus-registrierung/ HTTP/1.1" 200 41007 "-" "Mozilla/5.0 (Linux; Android 6.0.1; Nexus 5X Build/MMB29P) AppleWebKit/537.36 (KHTML, like Gecko) Chrome/145.0.7632.116 Mobile Safari/537.36 (compatible; Googlebot/2.1; +http://www.google.com/bot.html)"
67.223.118.81 - - [13/Mar/2026:09:07:57 -0400] "POST /wp-cron.php?doing_wp_cron=1773407277.5938129425048828125000 HTTP/1.1" 200 0 "-" "WordPress/6.8.5; https://shop.mesegroup.de"
66.249.75.167 - - [13/Mar/2026:09:07:57 -0400] "GET /?p=9180 HTTP/1.1" 301 0 "-" "Mozilla/5.0 (Linux; Android 6.0.1; Nexus 5X Build/MMB29P) AppleWebKit/537.36 (KHTML, like Gecko) Chrome/145.0.7632.116 Mobile Safari/537.36 (compatible; Googlebot/2.1; +http://www.google.com/bot.html)"
66.249.75.167 - - [13/Mar/2026:09:07:57 -0400] "GET /casino-deutschland-staatlich/ HTTP/1.1" 200 40974 "-" "Mozilla/5.0 (Linux; Android 6.0.1; Nexus 5X Build/MMB29P) AppleWebKit/537.36 (KHTML, like Gecko) Chrome/145.0.7632.116 Mobile Safari/537.36 (compatible; Googlebot/2.1; +http://www.google.com/bot.html)"
66.249.75.169 - - [13/Mar/2026:09:08:17 -0400] "GET /?p=4375 HTTP/1.1" 301 0 "-" "Mozilla/5.0 (Linux; Android 6.0.1; Nexus 5X Build/MMB29P) AppleWebKit/537.36 (KHTML, like Gecko) Chrome/145.0.7632.116 Mobile Safari/537.36 (compatible; Googlebot/2.1; +http://www.google.com/bot.html)"
66.249.75.167 - - [13/Mar/2026:09:08:18 -0400] "GET /?p=7027 HTTP/1.1" 301 0 "-" "Mozilla/5.0 (Linux; Android 6.0.1; Nexus 5X Build/MMB29P) AppleWebKit/537.36 (KHTML, like Gecko) Chrome/145.0.7632.116 Mobile Safari/537.36 (compatible; Googlebot/2.1; +http://www.google.com/bot.html)"
66.249.75.167 - - [13/Mar/2026:09:08:19 -0400] "GET /bestes-online-casino-europa/ HTTP/1.1" 200 40851 "-" "Mozilla/5.0 (Linux; Android 6.0.1; Nexus 5X Build/MMB29P) AppleWebKit/537.36 (KHTML, like Gecko) Chrome/145.0.7632.116 Mobile Safari/537.36 (compatible; Googlebot/2.1; +http://www.google.com/bot.html)"
66.249.75.168 - - [13/Mar/2026:09:08:20 -0400] "GET /kann-man-von-roulette-leben/ HTTP/1.1" 200 41163 "-" "Mozilla/5.0 (Linux; Android 6.0.1; Nexus 5X Build/MMB29P) AppleWebKit/537.36 (KHTML, like Gecko) Chrome/145.0.7632.116 Mobile Safari/537.36 (compatible; Googlebot/2.1; +http://www.google.com/bot.html)"
67.223.118.81 - - [13/Mar/2026:09:08:40 -0400] "POST /wp-cron.php?doing_wp_cron=1773407320.3262109756469726562500 HTTP/1.1" 200 0 "-" "WordPress/6.8.5; https://shop.mesegroup.de"
66.249.75.167 - - [13/Mar/2026:09:08:39 -0400] "GET /?p=1691 HTTP/1.1" 301 0 "-" "Mozilla/5.0 (Linux; Android 6.0.1; Nexus 5X Build/MMB29P) AppleWebKit/537.36 (KHTML, like Gecko) Chrome/145.0.7632.116 Mobile Safari/537.36 (compatible; Googlebot/2.1; +http://www.google.com/bot.html)"
67.223.118.81 - - [13/Mar/2026:09:08:41 -0400] "POST /wp-cron.php?doing_wp_cron=1773407321.1067700386047363281250 HTTP/1.1" 200 0 "-" "WordPress/6.8.5; https://shop.mesegroup.de"
66.249.75.167 - - [13/Mar/2026:09:08:40 -0400] "GET /?p=3021 HTTP/1.1" 301 0 "-" "Mozilla/5.0 (Linux; Android 6.0.1; Nexus 5X Build/MMB29P) AppleWebKit/537.36 (KHTML, like Gecko) Chrome/145.0.7632.116 Mobile Safari/537.36 (compatible; Googlebot/2.1; +http://www.google.com/bot.html)"
66.249.75.167 - - [13/Mar/2026:09:08:41 -0400] "GET /yeti-casino-ohne-anzahlung-bonuscode-2026/ HTTP/1.1" 200 40805 "-" "Mozilla/5.0 (Linux; Android 6.0.1; Nexus 5X Build/MMB29P) AppleWebKit/537.36 (KHTML, like Gecko) Chrome/145.0.7632.116 Mobile Safari/537.36 (compatible; Googlebot/2.1; +http://www.google.com/bot.html)"
66.249.75.167 - - [13/Mar/2026:09:08:42 -0400] "GET /casino-ohne-einzahlunglimit/ HTTP/1.1" 200 41072 "-" "Mozilla/5.0 (Linux; Android 6.0.1; Nexus 5X Build/MMB29P) AppleWebKit/537.36 (KHTML, like Gecko) Chrome/145.0.7632.116 Mobile Safari/537.36 (compatible; Googlebot/2.1; +http://www.google.com/bot.html)"
66.249.75.167 - - [13/Mar/2026:09:08:42 -0400] "GET /shop/?preview=1&preview_nonce=150bf2743e&theme_template_id=871&product-page=5&add-to-cart=426 HTTP/1.1" 200 53349 "-" "Mozilla/5.0 (Linux; Android 6.0.1; Nexus 5X Build/MMB29P) AppleWebKit/537.36 (KHTML, like Gecko) Chrome/145.0.7632.116 Mobile Safari/537.36 (compatible; Googlebot/2.1; +http://www.google.com/bot.html)"
67.223.118.81 - - [13/Mar/2026:09:09:02 -0400] "POST /wp-cron.php?doing_wp_cron=1773407342.2396070957183837890625 HTTP/1.1" 200 0 "-" "WordPress/6.8.5; https://shop.mesegroup.de"
66.249.75.169 - - [13/Mar/2026:09:09:01 -0400] "GET /?p=1698 HTTP/1.1" 301 0 "-" "Mozilla/5.0 (Linux; Android 6.0.1; Nexus 5X Build/MMB29P) AppleWebKit/537.36 (KHTML, like Gecko) Chrome/145.0.7632.116 Mobile Safari/537.36 (compatible; Googlebot/2.1; +http://www.google.com/bot.html)"
66.249.75.169 - - [13/Mar/2026:09:09:02 -0400] "GET /axe-casino-de-2026-review/ HTTP/1.1" 200 41014 "-" "Mozilla/5.0 (Linux; Android 6.0.1; Nexus 5X Build/MMB29P) AppleWebKit/537.36 (KHTML, like Gecko) Chrome/145.0.7632.116 Mobile Safari/537.36 (compatible; Googlebot/2.1; +http://www.google.com/bot.html)"
15.235.96.175 - - [13/Mar/2026:09:09:10 -0400] "GET /product/socket-1-2-long-type-12-point-5-8/ HTTP/1.1" 404 42100 "-" "Mozilla/5.0 (compatible; AhrefsBot/7.0; +http://ahrefs.com/robot/)"
66.249.75.168 - - [13/Mar/2026:09:09:19 -0400] "GET /?p=4267 HTTP/1.1" 301 0 "-" "Mozilla/5.0 (Linux; Android 6.0.1; Nexus 5X Build/MMB29P) AppleWebKit/537.36 (KHTML, like Gecko) Chrome/145.0.7632.116 Mobile Safari/537.36 (compatible; Googlebot/2.1; +http://www.google.com/bot.html)"
66.249.75.168 - - [13/Mar/2026:09:09:19 -0400] "GET /novoline-bonus-code-ohne-einzahlung/ HTTP/1.1" 200 41077 "-" "Mozilla/5.0 (Linux; Android 6.0.1; Nexus 5X Build/MMB29P) AppleWebKit/537.36 (KHTML, like Gecko) Chrome/145.0.7632.116 Mobile Safari/537.36 (compatible; Googlebot/2.1; +http://www.google.com/bot.html)"
66.249.75.167 - - [13/Mar/2026:09:09:24 -0400] "GET /?p=3948 HTTP/1.1" 301 0 "-" "Mozilla/5.0 (Linux; Android 6.0.1; Nexus 5X Build/MMB29P) AppleWebKit/537.36 (KHTML, like Gecko) Chrome/145.0.7632.116 Mobile Safari/537.36 (compatible; Googlebot/2.1; +http://www.google.com/bot.html)"
66.249.75.167 - - [13/Mar/2026:09:09:25 -0400] "GET /kostenlos-spielen-keks-freispiele-ohne-einzahlung/ HTTP/1.1" 200 41419 "-" "Mozilla/5.0 (Linux; Android 6.0.1; Nexus 5X Build/MMB29P) AppleWebKit/537.36 (KHTML, like Gecko) Chrome/145.0.7632.116 Mobile Safari/537.36 (compatible; Googlebot/2.1; +http://www.google.com/bot.html)"
67.223.118.81 - - [13/Mar/2026:09:09:48 -0400] "POST /wp-cron.php?doing_wp_cron=1773407387.9619638919830322265625 HTTP/1.1" 200 0 "-" "WordPress/6.8.5; https://shop.mesegroup.de"
66.249.75.167 - - [13/Mar/2026:09:09:47 -0400] "GET /?p=3946 HTTP/1.1" 301 0 "-" "Mozilla/5.0 (Linux; Android 6.0.1; Nexus 5X Build/MMB29P) AppleWebKit/537.36 (KHTML, like Gecko) Chrome/145.0.7632.116 Mobile Safari/537.36 (compatible; Googlebot/2.1; +http://www.google.com/bot.html)"
66.249.75.167 - - [13/Mar/2026:09:09:48 -0400] "GET /888-casino-bonus-ohne-einzahlung/ HTTP/1.1" 200 41253 "-" "Mozilla/5.0 (Linux; Android 6.0.1; Nexus 5X Build/MMB29P) AppleWebKit/537.36 (KHTML, like Gecko) Chrome/145.0.7632.116 Mobile Safari/537.36 (compatible; Googlebot/2.1; +http://www.google.com/bot.html)"
66.249.75.168 - - [13/Mar/2026:09:10:10 -0400] "GET /?p=6059 HTTP/1.1" 301 0 "-" "Mozilla/5.0 (Linux; Android 6.0.1; Nexus 5X Build/MMB29P) AppleWebKit/537.36 (KHTML, like Gecko) Chrome/145.0.7632.116 Mobile Safari/537.36 (compatible; Googlebot/2.1; +http://www.google.com/bot.html)"
66.249.75.167 - - [13/Mar/2026:09:10:11 -0400] "GET /roulette-system-2026/ HTTP/1.1" 200 40883 "-" "Mozilla/5.0 (Linux; Android 6.0.1; Nexus 5X Build/MMB29P) AppleWebKit/537.36 (KHTML, like Gecko) Chrome/145.0.7632.116 Mobile Safari/537.36 (compatible; Googlebot/2.1; +http://www.google.com/bot.html)"
66.249.75.167 - - [13/Mar/2026:09:10:22 -0400] "GET /wp-content/plugins/elementor/assets/lib/swiper/v8/swiper.min.js?ver=8.4.5 HTTP/1.1" 304 0 "https://shop.mesegroup.de/shop/?preview=1&preview_nonce=150bf2743e&theme_template_id=871&product-page=5&add-to-cart=426" "Mozilla/5.0 (Linux; Android 6.0.1; Nexus 5X Build/MMB29P) AppleWebKit/537.36 (KHTML, like Gecko) Chrome/145.0.7632.116 Mobile Safari/537.36 (compatible; Googlebot/2.1; +http://www.google.com/bot.html)"
66.249.75.167 - - [13/Mar/2026:09:10:24 -0400] "POST /wp-admin/admin-ajax.php HTTP/1.1" 200 2425 "https://shop.mesegroup.de/shop/?preview=1&preview_nonce=150bf2743e&theme_template_id=871&product-page=5&add-to-cart=426" "Mozilla/5.0 (Linux; Android 6.0.1; Nexus 5X Build/MMB29P) AppleWebKit/537.36 (KHTML, like Gecko) Chrome/145.0.7632.116 Mobile Safari/537.36 (compatible; Googlebot/2.1; +http://www.google.com/bot.html)"
67.223.118.81 - - [13/Mar/2026:09:10:42 -0400] "POST /wp-cron.php?doing_wp_cron=1773407441.9335498809814453125000 HTTP/1.1" 200 0 "-" "WordPress/6.8.5; https://shop.mesegroup.de"
66.249.75.167 - - [13/Mar/2026:09:10:41 -0400] "GET /?p=5083 HTTP/1.1" 301 0 "-" "Mozilla/5.0 (Linux; Android 6.0.1; Nexus 5X Build/MMB29P) AppleWebKit/537.36 (KHTML, like Gecko) Chrome/145.0.7632.116 Mobile Safari/537.36 (compatible; Googlebot/2.1; +http://www.google.com/bot.html)"
66.249.75.167 - - [13/Mar/2026:09:10:42 -0400] "GET /casino-paypal-auszahlung/ HTTP/1.1" 200 40851 "-" "Mozilla/5.0 (Linux; Android 6.0.1; Nexus 5X Build/MMB29P) AppleWebKit/537.36 (KHTML, like Gecko) Chrome/145.0.7632.116 Mobile Safari/537.36 (compatible; Googlebot/2.1; +http://www.google.com/bot.html)"
66.249.75.167 - - [13/Mar/2026:09:11:02 -0400] "GET /?p=7200 HTTP/1.1" 301 0 "-" "Mozilla/5.0 (Linux; Android 6.0.1; Nexus 5X Build/MMB29P) AppleWebKit/537.36 (KHTML, like Gecko) Chrome/145.0.7632.116 Mobile Safari/537.36 (compatible; Googlebot/2.1; +http://www.google.com/bot.html)"
66.249.75.168 - - [13/Mar/2026:09:11:02 -0400] "GET /?p=2139 HTTP/1.1" 301 0 "-" "Mozilla/5.0 (Linux; Android 6.0.1; Nexus 5X Build/MMB29P) AppleWebKit/537.36 (KHTML, like Gecko) Chrome/145.0.7632.116 Mobile Safari/537.36 (compatible; Googlebot/2.1; +http://www.google.com/bot.html)"
66.249.75.169 - - [13/Mar/2026:09:11:03 -0400] "GET /bruce-pokies-casino-at-2026-review/ HTTP/1.1" 200 41015 "-" "Mozilla/5.0 (Linux; Android 6.0.1; Nexus 5X Build/MMB29P) AppleWebKit/537.36 (KHTML, like Gecko) Chrome/145.0.7632.116 Mobile Safari/537.36 (compatible; Googlebot/2.1; +http://www.google.com/bot.html)"
66.249.75.169 - - [13/Mar/2026:09:11:04 -0400] "GET /redgenn-casino-bonus-ohne-einzahlung/ HTTP/1.1" 200 41187 "-" "Mozilla/5.0 (Linux; Android 6.0.1; Nexus 5X Build/MMB29P) AppleWebKit/537.36 (KHTML, like Gecko) Chrome/145.0.7632.116 Mobile Safari/537.36 (compatible; Googlebot/2.1; +http://www.google.com/bot.html)"
66.249.75.167 - - [13/Mar/2026:09:11:19 -0400] "GET /?p=8345 HTTP/1.1" 301 0 "-" "Mozilla/5.0 (Linux; Android 6.0.1; Nexus 5X Build/MMB29P) AppleWebKit/537.36 (KHTML, like Gecko) Chrome/145.0.7632.116 Mobile Safari/537.36 (compatible; Googlebot/2.1; +http://www.google.com/bot.html)"
66.249.75.167 - - [13/Mar/2026:09:11:19 -0400] "GET /online-casino-mit-trustly-einzahlen/ HTTP/1.1" 200 41065 "-" "Mozilla/5.0 (Linux; Android 6.0.1; Nexus 5X Build/MMB29P) AppleWebKit/537.36 (KHTML, like Gecko) Chrome/145.0.7632.116 Mobile Safari/537.36 (compatible; Googlebot/2.1; +http://www.google.com/bot.html)"
67.223.118.81 - - [13/Mar/2026:09:11:42 -0400] "POST /wp-cron.php?doing_wp_cron=1773407502.4296100139617919921875 HTTP/1.1" 200 0 "-" "WordPress/6.8.5; https://shop.mesegroup.de"
66.249.75.167 - - [13/Mar/2026:09:11:41 -0400] "GET /?p=2011 HTTP/1.1" 301 0 "-" "Mozilla/5.0 (Linux; Android 6.0.1; Nexus 5X Build/MMB29P) AppleWebKit/537.36 (KHTML, like Gecko) Chrome/145.0.7632.116 Mobile Safari/537.36 (compatible; Googlebot/2.1; +http://www.google.com/bot.html)"
66.249.75.167 - - [13/Mar/2026:09:11:42 -0400] "GET /online-casino-deutschland-echtgeld/ HTTP/1.1" 200 41276 "-" "Mozilla/5.0 (Linux; Android 6.0.1; Nexus 5X Build/MMB29P) AppleWebKit/537.36 (KHTML, like Gecko) Chrome/145.0.7632.116 Mobile Safari/537.36 (compatible; Googlebot/2.1; +http://www.google.com/bot.html)"
66.249.75.160 - - [13/Mar/2026:09:12:21 -0400] "GET /?p=7259 HTTP/1.1" 301 0 "-" "Mozilla/5.0 (Linux; Android 6.0.1; Nexus 5X Build/MMB29P) AppleWebKit/537.36 (KHTML, like Gecko) Chrome/145.0.7632.116 Mobile Safari/537.36 (compatible; Googlebot/2.1; +http://www.google.com/bot.html)"
66.249.75.161 - - [13/Mar/2026:09:12:22 -0400] "GET /?p=1843 HTTP/1.1" 301 0 "-" "Mozilla/5.0 (Linux; Android 6.0.1; Nexus 5X Build/MMB29P) AppleWebKit/537.36 (KHTML, like Gecko) Chrome/145.0.7632.116 Mobile Safari/537.36 (compatible; Googlebot/2.1; +http://www.google.com/bot.html)"
66.249.75.162 - - [13/Mar/2026:09:12:23 -0400] "GET /admiral-spielhalle-meppen/ HTTP/1.1" 200 41124 "-" "Mozilla/5.0 (Linux; Android 6.0.1; Nexus 5X Build/MMB29P) AppleWebKit/537.36 (KHTML, like Gecko) Chrome/145.0.7632.116 Mobile Safari/537.36 (compatible; Googlebot/2.1; +http://www.google.com/bot.html)"
66.249.75.161 - - [13/Mar/2026:09:12:24 -0400] "GET /tipps-um-im-casino-zu-gewinnen/ HTTP/1.1" 200 41309 "-" "Mozilla/5.0 (Linux; Android 6.0.1; Nexus 5X Build/MMB29P) AppleWebKit/537.36 (KHTML, like Gecko) Chrome/145.0.7632.116 Mobile Safari/537.36 (compatible; Googlebot/2.1; +http://www.google.com/bot.html)"
66.249.75.161 - - [13/Mar/2026:09:12:31 -0400] "GET /?p=5267 HTTP/1.1" 301 0 "-" "Mozilla/5.0 (Linux; Android 6.0.1; Nexus 5X Build/MMB29P) AppleWebKit/537.36 (KHTML, like Gecko) Chrome/145.0.7632.116 Mobile Safari/537.36 (compatible; Googlebot/2.1; +http://www.google.com/bot.html)"
66.249.75.161 - - [13/Mar/2026:09:12:32 -0400] "GET /online-casino-bonus-ohne-einzahlen/ HTTP/1.1" 200 41136 "-" "Mozilla/5.0 (Linux; Android 6.0.1; Nexus 5X Build/MMB29P) AppleWebKit/537.36 (KHTML, like Gecko) Chrome/145.0.7632.116 Mobile Safari/537.36 (compatible; Googlebot/2.1; +http://www.google.com/bot.html)"
66.249.75.160 - - [13/Mar/2026:09:12:33 -0400] "GET /?p=6646 HTTP/1.1" 301 0 "-" "Mozilla/5.0 (Linux; Android 6.0.1; Nexus 5X Build/MMB29P) AppleWebKit/537.36 (KHTML, like Gecko) Chrome/145.0.7632.116 Mobile Safari/537.36 (compatible; Googlebot/2.1; +http://www.google.com/bot.html)"
66.249.75.160 - - [13/Mar/2026:09:12:34 -0400] "GET /freispiele-ohne-einzahlung-neue-casinos/ HTTP/1.1" 200 41015 "-" "Mozilla/5.0 (Linux; Android 6.0.1; Nexus 5X Build/MMB29P) AppleWebKit/537.36 (KHTML, like Gecko) Chrome/145.0.7632.116 Mobile Safari/537.36 (compatible; Googlebot/2.1; +http://www.google.com/bot.html)"
40.77.167.46 - - [13/Mar/2026:09:12:38 -0400] "GET /22bet-casino-at-2026-review/ HTTP/1.1" 404 41231 "-" "Mozilla/5.0 AppleWebKit/537.36 (KHTML, like Gecko; compatible; bingbot/2.0; +http://www.bing.com/bingbot.htm) Chrome/116.0.1938.76 Safari/537.36"
67.223.118.81 - - [13/Mar/2026:09:12:51 -0400] "POST /wp-cron.php?doing_wp_cron=1773407571.1505711078643798828125 HTTP/1.1" 200 0 "-" "WordPress/6.8.5; https://shop.mesegroup.de"
66.249.75.160 - - [13/Mar/2026:09:12:50 -0400] "GET /?p=9923 HTTP/1.1" 301 0 "-" "Mozilla/5.0 (Linux; Android 6.0.1; Nexus 5X Build/MMB29P) AppleWebKit/537.36 (KHTML, like Gecko) Chrome/145.0.7632.116 Mobile Safari/537.36 (compatible; Googlebot/2.1; +http://www.google.com/bot.html)"
66.249.75.160 - - [13/Mar/2026:09:12:51 -0400] "GET /kann-man-beim-blackjack-karten-z%C3%A4hlen/ HTTP/1.1" 200 41082 "-" "Mozilla/5.0 (Linux; Android 6.0.1; Nexus 5X Build/MMB29P) AppleWebKit/537.36 (KHTML, like Gecko) Chrome/145.0.7632.116 Mobile Safari/537.36 (compatible; Googlebot/2.1; +http://www.google.com/bot.html)"
67.223.118.81 - - [13/Mar/2026:09:13:14 -0400] "POST /wp-cron.php?doing_wp_cron=1773407593.9537210464477539062500 HTTP/1.1" 200 0 "-" "WordPress/6.8.5; https://shop.mesegroup.de"
66.249.75.161 - - [13/Mar/2026:09:13:13 -0400] "GET /?p=4413 HTTP/1.1" 301 0 "-" "Mozilla/5.0 (Linux; Android 6.0.1; Nexus 5X Build/MMB29P) AppleWebKit/537.36 (KHTML, like Gecko) Chrome/145.0.7632.116 Mobile Safari/537.36 (compatible; Googlebot/2.1; +http://www.google.com/bot.html)"
66.249.75.162 - - [13/Mar/2026:09:13:14 -0400] "GET /casino-spiele-ohne/ HTTP/1.1" 200 41025 "-" "Mozilla/5.0 (Linux; Android 6.0.1; Nexus 5X Build/MMB29P) AppleWebKit/537.36 (KHTML, like Gecko) Chrome/145.0.7632.116 Mobile Safari/537.36 (compatible; Googlebot/2.1; +http://www.google.com/bot.html)"
66.249.75.161 - - [13/Mar/2026:09:13:36 -0400] "GET /?p=9225 HTTP/1.1" 301 0 "-" "Mozilla/5.0 (Linux; Android 6.0.1; Nexus 5X Build/MMB29P) AppleWebKit/537.36 (KHTML, like Gecko) Chrome/145.0.7632.116 Mobile Safari/537.36 (compatible; Googlebot/2.1; +http://www.google.com/bot.html)"
66.249.75.161 - - [13/Mar/2026:09:13:37 -0400] "GET /casino4u-casino-de-2026-review/ HTTP/1.1" 200 40513 "-" "Mozilla/5.0 (Linux; Android 6.0.1; Nexus 5X Build/MMB29P) AppleWebKit/537.36 (KHTML, like Gecko) Chrome/145.0.7632.116 Mobile Safari/537.36 (compatible; Googlebot/2.1; +http://www.google.com/bot.html)"
66.249.75.160 - - [13/Mar/2026:09:13:59 -0400] "GET /?p=1687 HTTP/1.1" 301 0 "-" "Mozilla/5.0 (Linux; Android 6.0.1; Nexus 5X Build/MMB29P) AppleWebKit/537.36 (KHTML, like Gecko) Chrome/145.0.7632.116 Mobile Safari/537.36 (compatible; Googlebot/2.1; +http://www.google.com/bot.html)"
51.222.95.214 - - [13/Mar/2026:09:13:59 -0400] "GET /product/socket-1-2-long-type-12-point-19-32/ HTTP/1.1" 404 41943 "-" "Mozilla/5.0 (compatible; AhrefsBot/7.0; +http://ahrefs.com/robot/)"
66.249.75.160 - - [13/Mar/2026:09:14:00 -0400] "GET /slothunter-casino-at-2026-review/ HTTP/1.1" 200 41116 "-" "Mozilla/5.0 (Linux; Android 6.0.1; Nexus 5X Build/MMB29P) AppleWebKit/537.36 (KHTML, like Gecko) Chrome/145.0.7632.116 Mobile Safari/537.36 (compatible; Googlebot/2.1; +http://www.google.com/bot.html)"
67.223.118.81 - - [13/Mar/2026:09:14:22 -0400] "POST /wp-cron.php?doing_wp_cron=1773407662.5874838829040527343750 HTTP/1.1" 200 0 "-" "WordPress/6.8.5; https://shop.mesegroup.de"
66.249.75.160 - - [13/Mar/2026:09:14:22 -0400] "GET /?p=4802 HTTP/1.1" 301 0 "-" "Mozilla/5.0 (Linux; Android 6.0.1; Nexus 5X Build/MMB29P) AppleWebKit/537.36 (KHTML, like Gecko) Chrome/145.0.7632.116 Mobile Safari/537.36 (compatible; Googlebot/2.1; +http://www.google.com/bot.html)"
66.249.75.160 - - [13/Mar/2026:09:14:22 -0400] "GET /gl%C3%BCcksspiel-online-schleswig-holstein/ HTTP/1.1" 200 40899 "-" "Mozilla/5.0 (Linux; Android 6.0.1; Nexus 5X Build/MMB29P) AppleWebKit/537.36 (KHTML, like Gecko) Chrome/145.0.7632.116 Mobile Safari/537.36 (compatible; Googlebot/2.1; +http://www.google.com/bot.html)"
67.223.118.81 - - [13/Mar/2026:09:14:45 -0400] "POST /wp-cron.php?doing_wp_cron=1773407685.5750799179077148437500 HTTP/1.1" 200 0 "-" "WordPress/6.8.5; https://shop.mesegroup.de"
66.249.75.160 - - [13/Mar/2026:09:14:45 -0400] "GET /?p=9766 HTTP/1.1" 301 0 "-" "Mozilla/5.0 (Linux; Android 6.0.1; Nexus 5X Build/MMB29P) AppleWebKit/537.36 (KHTML, like Gecko) Chrome/145.0.7632.116 Mobile Safari/537.36 (compatible; Googlebot/2.1; +http://www.google.com/bot.html)"
66.249.75.160 - - [13/Mar/2026:09:14:45 -0400] "GET /machance-casino-50-free-spins/ HTTP/1.1" 200 41156 "-" "Mozilla/5.0 (Linux; Android 6.0.1; Nexus 5X Build/MMB29P) AppleWebKit/537.36 (KHTML, like Gecko) Chrome/145.0.7632.116 Mobile Safari/537.36 (compatible; Googlebot/2.1; +http://www.google.com/bot.html)"
66.249.75.160 - - [13/Mar/2026:09:15:07 -0400] "GET /?p=10211 HTTP/1.1" 301 0 "-" "Mozilla/5.0 (Linux; Android 6.0.1; Nexus 5X Build/MMB29P) AppleWebKit/537.36 (KHTML, like Gecko) Chrome/145.0.7632.116 Mobile Safari/537.36 (compatible; Googlebot/2.1; +http://www.google.com/bot.html)"
66.249.75.162 - - [13/Mar/2026:09:15:08 -0400] "GET /staatliche-spielbanken-%C3%B6sterreich/ HTTP/1.1" 200 40808 "-" "Mozilla/5.0 (Linux; Android 6.0.1; Nexus 5X Build/MMB29P) AppleWebKit/537.36 (KHTML, like Gecko) Chrome/145.0.7632.116 Mobile Safari/537.36 (compatible; Googlebot/2.1; +http://www.google.com/bot.html)"
66.249.75.160 - - [13/Mar/2026:09:15:30 -0400] "GET /?p=9800 HTTP/1.1" 301 0 "-" "Mozilla/5.0 (Linux; Android 6.0.1; Nexus 5X Build/MMB29P) AppleWebKit/537.36 (KHTML, like Gecko) Chrome/145.0.7632.116 Mobile Safari/537.36 (compatible; Googlebot/2.1; +http://www.google.com/bot.html)"
66.249.75.161 - - [13/Mar/2026:09:15:31 -0400] "GET /novomatic-online-casino-%C3%B6sterreich/ HTTP/1.1" 200 40888 "-" "Mozilla/5.0 (Linux; Android 6.0.1; Nexus 5X Build/MMB29P) AppleWebKit/537.36 (KHTML, like Gecko) Chrome/145.0.7632.116 Mobile Safari/537.36 (compatible; Googlebot/2.1; +http://www.google.com/bot.html)"
67.223.118.81 - - [13/Mar/2026:09:15:44 -0400] "POST /wp-cron.php?doing_wp_cron=1773407744.3696620464324951171875 HTTP/1.1" 200 0 "-" "WordPress/6.8.5; https://shop.mesegroup.de"
40.77.167.46 - - [13/Mar/2026:09:15:43 -0400] "GET /gl%C3%BCcksspiel-legal-online/ HTTP/1.1" 404 40942 "-" "Mozilla/5.0 AppleWebKit/537.36 (KHTML, like Gecko; compatible; bingbot/2.0; +http://www.bing.com/bingbot.htm) Chrome/116.0.1938.76 Safari/537.36"
45.191.61.214 - - [13/Mar/2026:09:15:45 -0400] "GET /product/heavy-duty-diagonal-cutting-nippers-200-466-4g/?add-to-cart=171 HTTP/1.1" 200 43204 "-" "Mozilla/5.0 (iPad; CPU iPad OS 16_7_6 like Mac OS X) AppleWebKit/532.0 (KHTML, like Gecko) FxiOS/11.8r1783.0 Mobile/62D902 Safari/532.0"
40.77.167.46 - - [13/Mar/2026:09:15:46 -0400] "GET /tikitaka-casino-at-2026-review/ HTTP/1.1" 404 41159 "-" "Mozilla/5.0 AppleWebKit/537.36 (KHTML, like Gecko; compatible; bingbot/2.0; +http://www.bing.com/bingbot.htm) Chrome/116.0.1938.76 Safari/537.36"
66.249.75.162 - - [13/Mar/2026:09:16:11 -0400] "GET /?p=5221 HTTP/1.1" 301 0 "-" "Mozilla/5.0 (Linux; Android 6.0.1; Nexus 5X Build/MMB29P) AppleWebKit/537.36 (KHTML, like Gecko) Chrome/145.0.7632.116 Mobile Safari/537.36 (compatible; Googlebot/2.1; +http://www.google.com/bot.html)"
66.249.75.162 - - [13/Mar/2026:09:16:12 -0400] "GET /slots-plus-ohne-anzahlung-bonus-2026/ HTTP/1.1" 200 41313 "-" "Mozilla/5.0 (Linux; Android 6.0.1; Nexus 5X Build/MMB29P) AppleWebKit/537.36 (KHTML, like Gecko) Chrome/145.0.7632.116 Mobile Safari/537.36 (compatible; Googlebot/2.1; +http://www.google.com/bot.html)"
66.249.75.161 - - [13/Mar/2026:09:16:32 -0400] "GET /bei-welchem-automatenspiel-gewinnt-man-am-meisten/ HTTP/1.1" 200 41437 "-" "Mozilla/5.0 (Linux; Android 6.0.1; Nexus 5X Build/MMB29P) AppleWebKit/537.36 (KHTML, like Gecko) Chrome/145.0.7632.116 Mobile Safari/537.36 (compatible; Googlebot/2.1; +http://www.google.com/bot.html)"
67.223.118.81 - - [13/Mar/2026:09:16:51 -0400] "POST /wp-cron.php?doing_wp_cron=1773407810.9353120326995849609375 HTTP/1.1" 200 0 "-" "WordPress/6.8.5; https://shop.mesegroup.de"
157.55.39.14 - - [13/Mar/2026:09:16:50 -0400] "GET /casino-ohne-lizenz-betrugstest/ HTTP/1.1" 404 40866 "-" "Mozilla/5.0 AppleWebKit/537.36 (KHTML, like Gecko; compatible; bingbot/2.0; +http://www.bing.com/bingbot.htm) Chrome/116.0.1938.76 Safari/537.36"
66.249.75.160 - - [13/Mar/2026:09:16:52 -0400] "GET /?p=4496 HTTP/1.1" 301 0 "-" "Mozilla/5.0 (Linux; Android 6.0.1; Nexus 5X Build/MMB29P) AppleWebKit/537.36 (KHTML, like Gecko) Chrome/145.0.7632.116 Mobile Safari/537.36 (compatible; Googlebot/2.1; +http://www.google.com/bot.html)"
66.249.75.160 - - [13/Mar/2026:09:16:53 -0400] "GET /rooli-casino-ch-2026-review/ HTTP/1.1" 200 41048 "-" "Mozilla/5.0 (Linux; Android 6.0.1; Nexus 5X Build/MMB29P) AppleWebKit/537.36 (KHTML, like Gecko) Chrome/145.0.7632.116 Mobile Safari/537.36 (compatible; Googlebot/2.1; +http://www.google.com/bot.html)"
66.249.75.161 - - [13/Mar/2026:09:17:13 -0400] "GET /product/c-clamp-locking-plier-11-hcclw0211/ HTTP/1.1" 200 41248 "-" "Mozilla/5.0 (Linux; Android 6.0.1; Nexus 5X Build/MMB29P) AppleWebKit/537.36 (KHTML, like Gecko) Chrome/145.0.7632.116 Mobile Safari/537.36 (compatible; Googlebot/2.1; +http://www.google.com/bot.html)"
66.249.75.168 - - [13/Mar/2026:09:17:24 -0400] "POST /?wc-ajax=get_refreshed_fragments HTTP/1.1" 200 1725 "https://shop.mesegroup.de/product/c-clamp-locking-plier-11-hcclw0211/" "Mozilla/5.0 (Linux; Android 6.0.1; Nexus 5X Build/MMB29P) AppleWebKit/537.36 (KHTML, like Gecko) Chrome/145.0.7632.116 Mobile Safari/537.36 (compatible; Googlebot/2.1; +http://www.google.com/bot.html)"
207.46.13.127 - - [13/Mar/2026:09:17:24 -0400] "GET /bingo-gratis-online-spielen-ohne-anmeldung/ HTTP/1.1" 404 41122 "-" "Mozilla/5.0 AppleWebKit/537.36 (KHTML, like Gecko; compatible; bingbot/2.0; +http://www.bing.com/bingbot.htm) Chrome/116.0.1938.76 Safari/537.36"
66.249.75.167 - - [13/Mar/2026:09:17:25 -0400] "POST /wp-admin/admin-ajax.php HTTP/1.1" 200 1599 "https://shop.mesegroup.de/product/c-clamp-locking-plier-11-hcclw0211/" "Mozilla/5.0 (Linux; Android 6.0.1; Nexus 5X Build/MMB29P) AppleWebKit/537.36 (KHTML, like Gecko) Chrome/145.0.7632.116 Mobile Safari/537.36 (compatible; Googlebot/2.1; +http://www.google.com/bot.html)"
66.249.75.168 - - [13/Mar/2026:09:17:27 -0400] "POST /wp-admin/admin-ajax.php HTTP/1.1" 200 2425 "https://shop.mesegroup.de/product/c-clamp-locking-plier-11-hcclw0211/" "Mozilla/5.0 (Linux; Android 6.0.1; Nexus 5X Build/MMB29P) AppleWebKit/537.36 (KHTML, like Gecko) Chrome/145.0.7632.116 Mobile Safari/537.36 (compatible; Googlebot/2.1; +http://www.google.com/bot.html)"
66.249.75.167 - - [13/Mar/2026:09:17:32 -0400] "GET /?p=3568 HTTP/1.1" 301 0 "-" "Mozilla/5.0 (Linux; Android 6.0.1; Nexus 5X Build/MMB29P) AppleWebKit/537.36 (KHTML, like Gecko) Chrome/145.0.7632.116 Mobile Safari/537.36 (compatible; Googlebot/2.1; +http://www.google.com/bot.html)"
66.249.75.167 - - [13/Mar/2026:09:17:34 -0400] "GET /kostenlos-spielen-take-the-bank-freispiele-ohne-einzahlung/ HTTP/1.1" 200 41036 "-" "Mozilla/5.0 (Linux; Android 6.0.1; Nexus 5X Build/MMB29P) AppleWebKit/537.36 (KHTML, like Gecko) Chrome/145.0.7632.116 Mobile Safari/537.36 (compatible; Googlebot/2.1; +http://www.google.com/bot.html)"
67.223.118.81 - - [13/Mar/2026:09:17:54 -0400] "POST /wp-cron.php?doing_wp_cron=1773407874.4556279182434082031250 HTTP/1.1" 200 0 "-" "WordPress/6.8.5; https://shop.mesegroup.de"
66.249.75.169 - - [13/Mar/2026:09:17:54 -0400] "GET /?p=10098 HTTP/1.1" 301 0 "-" "Mozilla/5.0 (Linux; Android 6.0.1; Nexus 5X Build/MMB29P) AppleWebKit/537.36 (KHTML, like Gecko) Chrome/145.0.7632.116 Mobile Safari/537.36 (compatible; Googlebot/2.1; +http://www.google.com/bot.html)"
66.249.75.169 - - [13/Mar/2026:09:17:54 -0400] "GET /casino-tricks-freispiele/ HTTP/1.1" 200 40793 "-" "Mozilla/5.0 (Linux; Android 6.0.1; Nexus 5X Build/MMB29P) AppleWebKit/537.36 (KHTML, like Gecko) Chrome/145.0.7632.116 Mobile Safari/537.36 (compatible; Googlebot/2.1; +http://www.google.com/bot.html)"
66.249.75.169 - - [13/Mar/2026:09:18:14 -0400] "GET /?p=5285 HTTP/1.1" 301 0 "-" "Mozilla/5.0 (Linux; Android 6.0.1; Nexus 5X Build/MMB29P) AppleWebKit/537.36 (KHTML, like Gecko) Chrome/145.0.7632.116 Mobile Safari/537.36 (compatible; Googlebot/2.1; +http://www.google.com/bot.html)"
66.249.75.167 - - [13/Mar/2026:09:18:15 -0400] "GET /50-freispiele-berry-casino-ohne-einzahlung-bonus/ HTTP/1.1" 200 41309 "-" "Mozilla/5.0 (Linux; Android 6.0.1; Nexus 5X Build/MMB29P) AppleWebKit/537.36 (KHTML, like Gecko) Chrome/145.0.7632.116 Mobile Safari/537.36 (compatible; Googlebot/2.1; +http://www.google.com/bot.html)"
66.249.75.167 - - [13/Mar/2026:09:18:37 -0400] "GET /bei-welchem-automatenspiel-gewinnt-man-am-meisten/ HTTP/1.1" 200 41439 "-" "Mozilla/5.0 (Linux; Android 6.0.1; Nexus 5X Build/MMB29P) AppleWebKit/537.36 (KHTML, like Gecko) Chrome/145.0.7632.116 Mobile Safari/537.36 (compatible; Googlebot/2.1; +http://www.google.com/bot.html)"
67.223.118.81 - - [13/Mar/2026:09:18:56 -0400] "POST /wp-cron.php?doing_wp_cron=1773407935.8895630836486816406250 HTTP/1.1" 200 0 "-" "WordPress/6.8.5; https://shop.mesegroup.de"
51.161.37.213 - - [13/Mar/2026:09:18:55 -0400] "GET /contact-us/ HTTP/1.1" 404 37402 "-" "Mozilla/5.0 (compatible; AhrefsBot/7.0; +http://ahrefs.com/robot/)"
66.249.75.167 - - [13/Mar/2026:09:18:57 -0400] "GET /?p=9170 HTTP/1.1" 301 0 "-" "Mozilla/5.0 (Linux; Android 6.0.1; Nexus 5X Build/MMB29P) AppleWebKit/537.36 (KHTML, like Gecko) Chrome/145.0.7632.116 Mobile Safari/537.36 (compatible; Googlebot/2.1; +http://www.google.com/bot.html)"
66.249.75.167 - - [13/Mar/2026:09:18:58 -0400] "GET /spielothek-ostbahnhof-m%C3%BCnchen/ HTTP/1.1" 200 41073 "-" "Mozilla/5.0 (Linux; Android 6.0.1; Nexus 5X Build/MMB29P) AppleWebKit/537.36 (KHTML, like Gecko) Chrome/145.0.7632.116 Mobile Safari/537.36 (compatible; Googlebot/2.1; +http://www.google.com/bot.html)"
66.249.75.169 - - [13/Mar/2026:09:19:37 -0400] "GET /?p=3621 HTTP/1.1" 301 0 "-" "Mozilla/5.0 (Linux; Android 6.0.1; Nexus 5X Build/MMB29P) AppleWebKit/537.36 (KHTML, like Gecko) Chrome/145.0.7632.116 Mobile Safari/537.36 (compatible; Googlebot/2.1; +http://www.google.com/bot.html)"
66.249.75.168 - - [13/Mar/2026:09:19:38 -0400] "GET /wie-gewinnt-man-beim-roulette-immer/ HTTP/1.1" 200 41215 "-" "Mozilla/5.0 (Linux; Android 6.0.1; Nexus 5X Build/MMB29P) AppleWebKit/537.36 (KHTML, like Gecko) Chrome/145.0.7632.116 Mobile Safari/537.36 (compatible; Googlebot/2.1; +http://www.google.com/bot.html)"
67.223.118.81 - - [13/Mar/2026:09:19:58 -0400] "POST /wp-cron.php?doing_wp_cron=1773407998.4288420677185058593750 HTTP/1.1" 200 0 "-" "WordPress/6.8.5; https://shop.mesegroup.de"
66.249.75.167 - - [13/Mar/2026:09:19:57 -0400] "GET /?p=3801 HTTP/1.1" 301 0 "-" "Mozilla/5.0 (Linux; Android 6.0.1; Nexus 5X Build/MMB29P) AppleWebKit/537.36 (KHTML, like Gecko) Chrome/145.0.7632.116 Mobile Safari/537.36 (compatible; Googlebot/2.1; +http://www.google.com/bot.html)"
66.249.75.168 - - [13/Mar/2026:09:19:58 -0400] "GET /?p=6702 HTTP/1.1" 301 0 "-" "Mozilla/5.0 (Linux; Android 6.0.1; Nexus 5X Build/MMB29P) AppleWebKit/537.36 (KHTML, like Gecko) Chrome/145.0.7632.116 Mobile Safari/537.36 (compatible; Googlebot/2.1; +http://www.google.com/bot.html)"
66.249.75.168 - - [13/Mar/2026:09:19:59 -0400] "GET /online-gl%C3%BCckspiel/ HTTP/1.1" 200 41331 "-" "Mozilla/5.0 (Linux; Android 6.0.1; Nexus 5X Build/MMB29P) AppleWebKit/537.36 (KHTML, like Gecko) Chrome/145.0.7632.116 Mobile Safari/537.36 (compatible; Googlebot/2.1; +http://www.google.com/bot.html)"
66.249.75.167 - - [13/Mar/2026:09:20:00 -0400] "GET /roulettekessel-zahlen/ HTTP/1.1" 200 40840 "-" "Mozilla/5.0 (Linux; Android 6.0.1; Nexus 5X Build/MMB29P) AppleWebKit/537.36 (KHTML, like Gecko) Chrome/145.0.7632.116 Mobile Safari/537.36 (compatible; Googlebot/2.1; +http://www.google.com/bot.html)"
66.249.75.167 - - [13/Mar/2026:09:20:01 -0400] "GET /?p=1420 HTTP/1.1" 301 0 "-" "Mozilla/5.0 (Linux; Android 6.0.1; Nexus 5X Build/MMB29P) AppleWebKit/537.36 (KHTML, like Gecko) Chrome/145.0.7632.116 Mobile Safari/537.36 (compatible; Googlebot/2.1; +http://www.google.com/bot.html)"
66.249.75.167 - - [13/Mar/2026:09:20:02 -0400] "GET /online-casino-richtig-spielen/ HTTP/1.1" 200 41024 "-" "Mozilla/5.0 (Linux; Android 6.0.1; Nexus 5X Build/MMB29P) AppleWebKit/537.36 (KHTML, like Gecko) Chrome/145.0.7632.116 Mobile Safari/537.36 (compatible; Googlebot/2.1; +http://www.google.com/bot.html)"
66.249.75.167 - - [13/Mar/2026:09:20:23 -0400] "GET /?p=9025 HTTP/1.1" 301 0 "-" "Mozilla/5.0 (Linux; Android 6.0.1; Nexus 5X Build/MMB29P) AppleWebKit/537.36 (KHTML, like Gecko) Chrome/145.0.7632.116 Mobile Safari/537.36 (compatible; Googlebot/2.1; +http://www.google.com/bot.html)"
66.249.75.167 - - [13/Mar/2026:09:20:23 -0400] "GET /?p=10696 HTTP/1.1" 301 0 "-" "Mozilla/5.0 (Linux; Android 6.0.1; Nexus 5X Build/MMB29P) AppleWebKit/537.36 (KHTML, like Gecko) Chrome/145.0.7632.116 Mobile Safari/537.36 (compatible; Googlebot/2.1; +http://www.google.com/bot.html)"
66.249.75.167 - - [13/Mar/2026:09:20:24 -0400] "GET /beliebte-casinos/ HTTP/1.1" 200 40942 "-" "Mozilla/5.0 (Linux; Android 6.0.1; Nexus 5X Build/MMB29P) AppleWebKit/537.36 (KHTML, like Gecko) Chrome/145.0.7632.116 Mobile Safari/537.36 (compatible; Googlebot/2.1; +http://www.google.com/bot.html)"
66.249.75.167 - - [13/Mar/2026:09:20:25 -0400] "GET /888slots-casino-de-2026-review/ HTTP/1.1" 200 40946 "-" "Mozilla/5.0 (Linux; Android 6.0.1; Nexus 5X Build/MMB29P) AppleWebKit/537.36 (KHTML, like Gecko) Chrome/145.0.7632.116 Mobile Safari/537.36 (compatible; Googlebot/2.1; +http://www.google.com/bot.html)"
