74.7.243.248 - - [13/Mar/2026:09:21:54 -0400] "GET /?fileloc=//proc/irq/1/smp_affinity&path=//proc/irq/1 HTTP/1.1" 200 2497 "https://trn2.mesegroup.de/?path=//proc/irq/1" "Mozilla/5.0 AppleWebKit/537.36 (KHTML, like Gecko; compatible; GPTBot/1.3; +https://openai.com/gptbot)"
216.73.216.167 - - [13/Mar/2026:09:21:55 -0400] "GET /gambling-cost-australia?fileloc=%2Fhome%2Faliazzsr%2Fshop.mesegroup.de%2Fwp-admin%2Fimages%2Fdate-button.gif&path=%2Fhome%2Faliazzsr%2Fshop.mesegroup.de%2Fwp-admin%2Fimages HTTP/1.1" 200 2515 "-" "Mozilla/5.0 AppleWebKit/537.36 (KHTML, like Gecko; compatible; ClaudeBot/1.0; [email protected])"
74.7.243.248 - - [13/Mar/2026:09:21:57 -0400] "GET /?path=//proc/tty/driver HTTP/1.1" 200 2543 "https://trn2.mesegroup.de/?path=//proc/tty" "Mozilla/5.0 AppleWebKit/537.36 (KHTML, like Gecko; compatible; GPTBot/1.3; +https://openai.com/gptbot)"
216.73.216.167 - - [13/Mar/2026:09:21:58 -0400] "GET /gambling-cost-australia?fileloc=%2Fhome%2Faliazzsr%2Fshop.mesegroup.de%2Fwp-admin%2Fimages%2Fsort.gif&path=%2Fhome%2Faliazzsr%2Fshop.mesegroup.de%2Fwp-admin%2Fimages HTTP/1.1" 200 2463 "-" "Mozilla/5.0 AppleWebKit/537.36 (KHTML, like Gecko; compatible; ClaudeBot/1.0; [email protected])"
74.7.243.248 - - [13/Mar/2026:09:22:01 -0400] "GET /?path=//proc/sys/sunrpc HTTP/1.1" 200 3067 "https://trn2.mesegroup.de/?path=//proc/sys" "Mozilla/5.0 AppleWebKit/537.36 (KHTML, like Gecko; compatible; GPTBot/1.3; +https://openai.com/gptbot)"
216.73.216.167 - - [13/Mar/2026:09:22:01 -0400] "GET /gambling-cost-australia?fileloc=%2Fhome%2Faliazzsr%2Fshop.mesegroup.de%2Fwp-admin%2Fimages%2Fdashboard-background.svg&path=%2Fhome%2Faliazzsr%2Fshop.mesegroup.de%2Fwp-admin%2Fimages HTTP/1.1" 200 3391 "-" "Mozilla/5.0 AppleWebKit/537.36 (KHTML, like Gecko; compatible; ClaudeBot/1.0; [email protected])"
74.7.243.248 - - [13/Mar/2026:09:22:04 -0400] "GET /?path=//proc/sys/crypto HTTP/1.1" 200 2866 "https://trn2.mesegroup.de/?path=//proc/sys" "Mozilla/5.0 AppleWebKit/537.36 (KHTML, like Gecko; compatible; GPTBot/1.3; +https://openai.com/gptbot)"
216.73.216.167 - - [13/Mar/2026:09:22:04 -0400] "GET /gambling-cost-australia?fileloc=%2Fhome%2Faliazzsr%2Fshop.mesegroup.de%2Fwp-admin%2Fimages%2Fwordpress-logo-white.svg&path=%2Fhome%2Faliazzsr%2Fshop.mesegroup.de%2Fwp-admin%2Fimages HTTP/1.1" 200 3330 "-" "Mozilla/5.0 AppleWebKit/537.36 (KHTML, like Gecko; compatible; ClaudeBot/1.0; [email protected])"
74.7.243.248 - - [13/Mar/2026:09:22:07 -0400] "GET /?path=//proc/3863880/root/lib/modules/4.18.0-513.24.1.lve.1.el8.x86_64 HTTP/1.1" 200 2585 "https://trn2.mesegroup.de/?path=//proc/3863880/root/lib/modules" "Mozilla/5.0 AppleWebKit/537.36 (KHTML, like Gecko; compatible; GPTBot/1.3; +https://openai.com/gptbot)"
216.73.216.167 - - [13/Mar/2026:09:22:07 -0400] "GET /gambling-cost-australia?fileloc=%2Fhome%2Faliazzsr%2Fshop.mesegroup.de%2Fwp-admin%2Fimages%2Fwordpress-logo.svg&path=%2Fhome%2Faliazzsr%2Fshop.mesegroup.de%2Fwp-admin%2Fimages HTTP/1.1" 200 3313 "-" "Mozilla/5.0 AppleWebKit/537.36 (KHTML, like Gecko; compatible; ClaudeBot/1.0; [email protected])"
74.7.243.248 - - [13/Mar/2026:09:22:10 -0400] "GET /?fileloc=//proc/sys/fs/mount-max&path=//proc/sys/fs HTTP/1.1" 200 2448 "https://trn2.mesegroup.de/?path=//proc/sys/fs" "Mozilla/5.0 AppleWebKit/537.36 (KHTML, like Gecko; compatible; GPTBot/1.3; +https://openai.com/gptbot)"
216.73.216.167 - - [13/Mar/2026:09:22:10 -0400] "GET /gambling-cost-australia?fileloc=%2Fhome%2Faliazzsr%2Fshop.mesegroup.de%2Fwp-admin%2Fimages%2Floading.gif&path=%2Fhome%2Faliazzsr%2Fshop.mesegroup.de%2Fwp-admin%2Fimages HTTP/1.1" 200 2512 "-" "Mozilla/5.0 AppleWebKit/537.36 (KHTML, like Gecko; compatible; ClaudeBot/1.0; [email protected])"
74.7.243.248 - - [13/Mar/2026:09:22:13 -0400] "GET /?path=//proc/3863880/root/usr/lib/firmware/HP HTTP/1.1" 200 2585 "https://trn2.mesegroup.de/?path=//proc/3863880/root/usr/lib/firmware" "Mozilla/5.0 AppleWebKit/537.36 (KHTML, like Gecko; compatible; GPTBot/1.3; +https://openai.com/gptbot)"
216.73.216.167 - - [13/Mar/2026:09:22:13 -0400] "GET /gambling-cost-australia?fileloc=%2Fhome%2Faliazzsr%2Fshop.mesegroup.de%2Fwp-admin%2Fimages%2Fcontribute-no-code.svg&path=%2Fhome%2Faliazzsr%2Fshop.mesegroup.de%2Fwp-admin%2Fimages HTTP/1.1" 200 3528 "-" "Mozilla/5.0 AppleWebKit/537.36 (KHTML, like Gecko; compatible; ClaudeBot/1.0; [email protected])"
216.73.216.167 - - [13/Mar/2026:09:22:16 -0400] "GET /gambling-cost-australia?fileloc=%2Fhome%2Faliazzsr%2Fshop.mesegroup.de%2Fwp-admin%2Fimages%2F.htaccess&path=%2Fhome%2Faliazzsr%2Fshop.mesegroup.de%2Fwp-admin%2Fimages HTTP/1.1" 403 1242 "-" "Mozilla/5.0 AppleWebKit/537.36 (KHTML, like Gecko; compatible; ClaudeBot/1.0; [email protected])"
74.7.243.248 - - [13/Mar/2026:09:22:16 -0400] "GET /?fileloc=//proc/self/coredump_filter&path=//proc/self HTTP/1.1" 200 2491 "https://trn2.mesegroup.de/?path=//proc/self" "Mozilla/5.0 AppleWebKit/537.36 (KHTML, like Gecko; compatible; GPTBot/1.3; +https://openai.com/gptbot)"
216.73.216.167 - - [13/Mar/2026:09:22:19 -0400] "GET /gambling-cost-australia?fileloc=%2Fhome%2Faliazzsr%2Fshop.mesegroup.de%2Fwp-admin%2Fimages%2Fcontribute-code.svg&path=%2Fhome%2Faliazzsr%2Fshop.mesegroup.de%2Fwp-admin%2Fimages HTTP/1.1" 200 3560 "-" "Mozilla/5.0 AppleWebKit/537.36 (KHTML, like Gecko; compatible; ClaudeBot/1.0; [email protected])"
74.7.243.248 - - [13/Mar/2026:09:22:19 -0400] "GET /?fileloc=//proc/self/oom_adj&path=//proc/self HTTP/1.1" 200 2482 "https://trn2.mesegroup.de/?path=//proc/self" "Mozilla/5.0 AppleWebKit/537.36 (KHTML, like Gecko; compatible; GPTBot/1.3; +https://openai.com/gptbot)"
216.73.216.167 - - [13/Mar/2026:09:22:22 -0400] "GET /gambling-cost-australia?fileloc=%2Fhome%2Faliazzsr%2Ftrn3.mesegroup.de%2Fwp-includes%2Fjs%2Fmedia-audiovideo.min.js&path=%2Fhome%2Faliazzsr%2Ftrn3.mesegroup.de%2Fwp-includes%2Fjs HTTP/1.1" 200 6096 "-" "Mozilla/5.0 AppleWebKit/537.36 (KHTML, like Gecko; compatible; ClaudeBot/1.0; [email protected])"
74.7.243.248 - - [13/Mar/2026:09:22:23 -0400] "GET /?fileloc=//proc/self/uid_map&path=//proc/self HTTP/1.1" 200 2498 "https://trn2.mesegroup.de/?path=//proc/self" "Mozilla/5.0 AppleWebKit/537.36 (KHTML, like Gecko; compatible; GPTBot/1.3; +https://openai.com/gptbot)"
216.73.216.167 - - [13/Mar/2026:09:22:25 -0400] "GET /gambling-cost-australia?fileloc=%2Fhome%2Faliazzsr%2Ftrn2.mesegroup.de%2Fwp-content%2Fplugins%2Fclearfy-coming-and%2F.htaccess&path=%2Fhome%2Faliazzsr%2Ftrn2.mesegroup.de%2Fwp-content%2Fplugins%2Fclearfy-coming-and HTTP/1.1" 403 1242 "-" "Mozilla/5.0 AppleWebKit/537.36 (KHTML, like Gecko; compatible; ClaudeBot/1.0; [email protected])"
74.7.243.248 - - [13/Mar/2026:09:22:26 -0400] "GET /?fileloc=//proc/self/gid_map&path=//proc/self HTTP/1.1" 200 2498 "https://trn2.mesegroup.de/?path=//proc/self" "Mozilla/5.0 AppleWebKit/537.36 (KHTML, like Gecko; compatible; GPTBot/1.3; +https://openai.com/gptbot)"
216.73.216.167 - - [13/Mar/2026:09:22:28 -0400] "GET /gambling-cost-australia?fileloc=%2Fhome%2Faliazzsr%2Ftrn3.mesegroup.de%2Fwp-includes%2Fjs%2Fmedia-audiovideo.js&path=%2Fhome%2Faliazzsr%2Ftrn3.mesegroup.de%2Fwp-includes%2Fjs HTTP/1.1" 200 8361 "-" "Mozilla/5.0 AppleWebKit/537.36 (KHTML, like Gecko; compatible; ClaudeBot/1.0; [email protected])"
74.7.243.248 - - [13/Mar/2026:09:22:29 -0400] "GET /?path=//proc/irq/10/virtio4 HTTP/1.1" 200 2548 "https://trn2.mesegroup.de/?path=//proc/irq/10" "Mozilla/5.0 AppleWebKit/537.36 (KHTML, like Gecko; compatible; GPTBot/1.3; +https://openai.com/gptbot)"
216.73.216.167 - - [13/Mar/2026:09:22:31 -0400] "GET /gambling-cost-australia?fileloc=%2Fhome%2Faliazzsr%2Ftrn3.mesegroup.de%2Fwp-includes%2Fjs%2Ftwemoji.min.js&path=%2Fhome%2Faliazzsr%2Ftrn3.mesegroup.de%2Fwp-includes%2Fjs HTTP/1.1" 200 6339 "-" "Mozilla/5.0 AppleWebKit/537.36 (KHTML, like Gecko; compatible; ClaudeBot/1.0; [email protected])"
74.7.243.248 - - [13/Mar/2026:09:22:32 -0400] "GET /?fileloc=//proc/sys/user/max_inotify_watches&path=//proc/sys/user HTTP/1.1" 200 2463 "https://trn2.mesegroup.de/?path=//proc/sys/user" "Mozilla/5.0 AppleWebKit/537.36 (KHTML, like Gecko; compatible; GPTBot/1.3; +https://openai.com/gptbot)"
216.73.216.167 - - [13/Mar/2026:09:22:34 -0400] "GET /gambling-cost-australia?fileloc=%2Fhome%2Faliazzsr%2Ftrn3.mesegroup.de%2Fwp-includes%2Fjs%2Fheartbeat.min.js&path=%2Fhome%2Faliazzsr%2Ftrn3.mesegroup.de%2Fwp-includes%2Fjs HTTP/1.1" 200 4675 "-" "Mozilla/5.0 AppleWebKit/537.36 (KHTML, like Gecko; compatible; ClaudeBot/1.0; [email protected])"
74.7.243.248 - - [13/Mar/2026:09:22:35 -0400] "GET /?fileloc=//proc/sys/sunrpc/tcp_slot_table_entries&path=//proc/sys/sunrpc HTTP/1.1" 200 2508 "https://trn2.mesegroup.de/?path=//proc/sys/sunrpc" "Mozilla/5.0 AppleWebKit/537.36 (KHTML, like Gecko; compatible; GPTBot/1.3; +https://openai.com/gptbot)"
216.73.216.167 - - [13/Mar/2026:09:22:37 -0400] "GET /gambling-cost-australia?fileloc=%2Fhome%2Faliazzsr%2Ftrn3.mesegroup.de%2Fwp-includes%2Fjs%2Fzxcvbn.min.js&path=%2Fhome%2Faliazzsr%2Ftrn3.mesegroup.de%2Fwp-includes%2Fjs HTTP/1.1" 200 397681 "-" "Mozilla/5.0 AppleWebKit/537.36 (KHTML, like Gecko; compatible; ClaudeBot/1.0; [email protected])"
74.7.243.248 - - [13/Mar/2026:09:22:38 -0400] "GET /?fileloc=//proc/sys/sunrpc/tcp_max_slot_table_entries&path=//proc/sys/sunrpc HTTP/1.1" 200 2517 "https://trn2.mesegroup.de/?path=//proc/sys/sunrpc" "Mozilla/5.0 AppleWebKit/537.36 (KHTML, like Gecko; compatible; GPTBot/1.3; +https://openai.com/gptbot)"
216.73.216.167 - - [13/Mar/2026:09:22:40 -0400] "GET /gambling-cost-australia?fileloc=%2Fhome%2Faliazzsr%2Ftrn3.mesegroup.de%2Fwp-includes%2Fjs%2Ftwemoji.js&path=%2Fhome%2Faliazzsr%2Ftrn3.mesegroup.de%2Fwp-includes%2Fjs HTTP/1.1" 200 11071 "-" "Mozilla/5.0 AppleWebKit/537.36 (KHTML, like Gecko; compatible; ClaudeBot/1.0; [email protected])"
74.7.243.248 - - [13/Mar/2026:09:22:41 -0400] "GET /?fileloc=//proc/sys/sunrpc/udp_slot_table_entries&path=//proc/sys/sunrpc HTTP/1.1" 200 2510 "https://trn2.mesegroup.de/?path=//proc/sys/sunrpc" "Mozilla/5.0 AppleWebKit/537.36 (KHTML, like Gecko; compatible; GPTBot/1.3; +https://openai.com/gptbot)"
216.73.216.167 - - [13/Mar/2026:09:22:43 -0400] "GET /gambling-cost-australia?fileloc=%2Fhome%2Faliazzsr%2Ftrn3.mesegroup.de%2Fwp-includes%2Fjs%2Fwp-emoji.min.js&path=%2Fhome%2Faliazzsr%2Ftrn3.mesegroup.de%2Fwp-includes%2Fjs HTTP/1.1" 200 3986 "-" "Mozilla/5.0 AppleWebKit/537.36 (KHTML, like Gecko; compatible; ClaudeBot/1.0; [email protected])"
74.7.243.248 - - [13/Mar/2026:09:22:44 -0400] "GET /?fileloc=//proc/3863880/root/lib/.build-id/da/8b671873f90590069172bd8834c0308e7cab8d&path=//proc/3863880/root/lib/.build-id/da HTTP/1.1" 200 2509 "https://trn2.mesegroup.de/?path=//proc/3863880/root/lib/.build-id/da" "Mozilla/5.0 AppleWebKit/537.36 (KHTML, like Gecko; compatible; GPTBot/1.3; +https://openai.com/gptbot)"
216.73.216.167 - - [13/Mar/2026:09:22:46 -0400] "GET /gambling-cost-australia?fileloc=%2Fhome%2Faliazzsr%2Ftrn3.mesegroup.de%2Fwp-includes%2Fjs%2Fmedia-views.min.js&path=%2Fhome%2Faliazzsr%2Ftrn3.mesegroup.de%2Fwp-includes%2Fjs HTTP/1.1" 200 30837 "-" "Mozilla/5.0 AppleWebKit/537.36 (KHTML, like Gecko; compatible; ClaudeBot/1.0; [email protected])"
74.7.243.248 - - [13/Mar/2026:09:22:47 -0400] "GET /?path=//proc/3863880/root/lib/firmware/nvidia/gb202/gsp HTTP/1.1" 200 2601 "https://trn2.mesegroup.de/?path=//proc/3863880/root/lib/firmware/nvidia/gb202" "Mozilla/5.0 AppleWebKit/537.36 (KHTML, like Gecko; compatible; GPTBot/1.3; +https://openai.com/gptbot)"
216.73.216.167 - - [13/Mar/2026:09:22:49 -0400] "GET /gambling-cost-australia?fileloc=%2Fhome%2Faliazzsr%2Ftrn3.mesegroup.de%2Fwp-includes%2Fjs%2Fcolorpicker.min.js&path=%2Fhome%2Faliazzsr%2Ftrn3.mesegroup.de%2Fwp-includes%2Fjs HTTP/1.1" 200 7319 "-" "Mozilla/5.0 AppleWebKit/537.36 (KHTML, like Gecko; compatible; ClaudeBot/1.0; [email protected])"
74.7.243.248 - - [13/Mar/2026:09:22:51 -0400] "GET /?path=//proc/3863880/root/lib/firmware/intel/ice/ddp-comms HTTP/1.1" 200 2596 "https://trn2.mesegroup.de/?path=//proc/3863880/root/lib/firmware/intel/ice" "Mozilla/5.0 AppleWebKit/537.36 (KHTML, like Gecko; compatible; GPTBot/1.3; +https://openai.com/gptbot)"
216.73.216.167 - - [13/Mar/2026:09:22:52 -0400] "GET /gambling-cost-australia?fileloc=%2Fhome%2Faliazzsr%2Ftrn3.mesegroup.de%2Fwp-includes%2Fjs%2Fimagesloaded.min.js&path=%2Fhome%2Faliazzsr%2Ftrn3.mesegroup.de%2Fwp-includes%2Fjs HTTP/1.1" 200 4371 "-" "Mozilla/5.0 AppleWebKit/537.36 (KHTML, like Gecko; compatible; ClaudeBot/1.0; [email protected])"
74.7.243.248 - - [13/Mar/2026:09:22:54 -0400] "GET /?path=//proc/3863880/root/usr/lib/systemd/system/rescue.target.wants HTTP/1.1" 200 2603 "https://trn2.mesegroup.de/?path=//proc/3863880/root/usr/lib/systemd/system" "Mozilla/5.0 AppleWebKit/537.36 (KHTML, like Gecko; compatible; GPTBot/1.3; +https://openai.com/gptbot)"
216.73.216.167 - - [13/Mar/2026:09:22:55 -0400] "GET /gambling-cost-australia?fileloc=%2Fhome%2Faliazzsr%2Ftrn3.mesegroup.de%2Fwp-includes%2Fjs%2Fheartbeat.js&path=%2Fhome%2Faliazzsr%2Ftrn3.mesegroup.de%2Fwp-includes%2Fjs HTTP/1.1" 200 9235 "-" "Mozilla/5.0 AppleWebKit/537.36 (KHTML, like Gecko; compatible; ClaudeBot/1.0; [email protected])"
74.7.243.248 - - [13/Mar/2026:09:22:57 -0400] "GET /?path=//proc/3863880/root/usr/lib/systemd/system/syslog.target.wants HTTP/1.1" 200 2604 "https://trn2.mesegroup.de/?path=//proc/3863880/root/usr/lib/systemd/system" "Mozilla/5.0 AppleWebKit/537.36 (KHTML, like Gecko; compatible; GPTBot/1.3; +https://openai.com/gptbot)"
216.73.216.167 - - [13/Mar/2026:09:22:58 -0400] "GET /gambling-cost-australia?fileloc=%2Fhome%2Faliazzsr%2Ftrn3.mesegroup.de%2Fwp-includes%2Fjs%2Fwp-emoji-release.min.js&path=%2Fhome%2Faliazzsr%2Ftrn3.mesegroup.de%2Fwp-includes%2Fjs HTTP/1.1" 200 7631 "-" "Mozilla/5.0 AppleWebKit/537.36 (KHTML, like Gecko; compatible; ClaudeBot/1.0; [email protected])"
74.7.243.248 - - [13/Mar/2026:09:23:00 -0400] "GET /?path=//proc/3863880/root/usr/lib/systemd/system/halt.target.wants HTTP/1.1" 200 2604 "https://trn2.mesegroup.de/?path=//proc/3863880/root/usr/lib/systemd/system" "Mozilla/5.0 AppleWebKit/537.36 (KHTML, like Gecko; compatible; GPTBot/1.3; +https://openai.com/gptbot)"
216.73.216.167 - - [13/Mar/2026:09:23:01 -0400] "GET /gambling-cost-australia?fileloc=%2Fhome%2Faliazzsr%2Ftrn3.mesegroup.de%2Fwp-includes%2Fjs%2Fwp-emoji.js&path=%2Fhome%2Faliazzsr%2Ftrn3.mesegroup.de%2Fwp-includes%2Fjs HTTP/1.1" 200 5958 "-" "Mozilla/5.0 AppleWebKit/537.36 (KHTML, like Gecko; compatible; ClaudeBot/1.0; [email protected])"
74.7.243.248 - - [13/Mar/2026:09:23:04 -0400] "GET /?path=//proc/3863880/root/usr/lib/systemd/system/rsyslog.service.d HTTP/1.1" 200 2557 "https://trn2.mesegroup.de/?path=//proc/3863880/root/usr/lib/systemd/system" "Mozilla/5.0 AppleWebKit/537.36 (KHTML, like Gecko; compatible; GPTBot/1.3; +https://openai.com/gptbot)"
216.73.216.167 - - [13/Mar/2026:09:23:04 -0400] "GET /gambling-cost-australia?fileloc=%2Fhome%2Faliazzsr%2Ftrn3.mesegroup.de%2Fwp-includes%2Fjs%2Fzxcvbn-async.min.js&path=%2Fhome%2Faliazzsr%2Ftrn3.mesegroup.de%2Fwp-includes%2Fjs HTTP/1.1" 200 2655 "-" "Mozilla/5.0 AppleWebKit/537.36 (KHTML, like Gecko; compatible; ClaudeBot/1.0; [email protected])"
74.7.243.248 - - [13/Mar/2026:09:23:07 -0400] "GET /?path=//proc/3863880/root/usr/lib/systemd/system/timers.target.wants HTTP/1.1" 200 2602 "https://trn2.mesegroup.de/?path=//proc/3863880/root/usr/lib/systemd/system" "Mozilla/5.0 AppleWebKit/537.36 (KHTML, like Gecko; compatible; GPTBot/1.3; +https://openai.com/gptbot)"
216.73.216.167 - - [13/Mar/2026:09:23:07 -0400] "GET /gambling-cost-australia?fileloc=%2Fhome%2Faliazzsr%2Ftrn3.mesegroup.de%2Fwp-includes%2Fjs%2Fwplink.min.js&path=%2Fhome%2Faliazzsr%2Ftrn3.mesegroup.de%2Fwp-includes%2Fjs HTTP/1.1" 200 6694 "-" "Mozilla/5.0 AppleWebKit/537.36 (KHTML, like Gecko; compatible; ClaudeBot/1.0; [email protected])"
74.7.243.248 - - [13/Mar/2026:09:23:10 -0400] "GET /?path=//proc/3863880/root/lib/debug/lib HTTP/1.1" 200 2520 "https://trn2.mesegroup.de/?path=//proc/3863880/root/lib/debug" "Mozilla/5.0 AppleWebKit/537.36 (KHTML, like Gecko; compatible; GPTBot/1.3; +https://openai.com/gptbot)"
216.73.216.167 - - [13/Mar/2026:09:23:10 -0400] "GET /gambling-cost-australia?fileloc=%2Fhome%2Faliazzsr%2Ftrn3.mesegroup.de%2Fwp-includes%2Fjs%2Fclipboard.min.js&path=%2Fhome%2Faliazzsr%2Ftrn3.mesegroup.de%2Fwp-includes%2Fjs HTTP/1.1" 200 5815 "-" "Mozilla/5.0 AppleWebKit/537.36 (KHTML, like Gecko; compatible; ClaudeBot/1.0; [email protected])"
74.7.243.248 - - [13/Mar/2026:09:23:13 -0400] "GET /?path=//proc/3863880/root/lib/debug/bin HTTP/1.1" 200 2573 "https://trn2.mesegroup.de/?path=//proc/3863880/root/lib/debug" "Mozilla/5.0 AppleWebKit/537.36 (KHTML, like Gecko; compatible; GPTBot/1.3; +https://openai.com/gptbot)"
216.73.216.167 - - [13/Mar/2026:09:23:13 -0400] "GET /gambling-cost-australia?fileloc=%2Fhome%2Faliazzsr%2Ftrn2.mesegroup.de%2Fwp-content%2Fplugins%2Fclearfy-coming-and%2Fheader-fix-tester.php&path=%2Fhome%2Faliazzsr%2Ftrn2.mesegroup.de%2Fwp-content%2Fplugins%2Fclearfy-coming-and HTTP/1.1" 200 6306 "-" "Mozilla/5.0 AppleWebKit/537.36 (KHTML, like Gecko; compatible; ClaudeBot/1.0; [email protected])"
74.7.243.248 - - [13/Mar/2026:09:23:16 -0400] "GET /?path=//proc/3863880/root/usr/lib/tuned HTTP/1.1" 200 2525 "https://trn2.mesegroup.de/?path=//proc/3863880/root/usr/lib" "Mozilla/5.0 AppleWebKit/537.36 (KHTML, like Gecko; compatible; GPTBot/1.3; +https://openai.com/gptbot)"
216.73.216.167 - - [13/Mar/2026:09:23:16 -0400] "GET /gambling-cost-australia?fileloc=%2Fhome%2Faliazzsr%2Ftrn3.mesegroup.de%2Fwp-includes%2Fjs%2Fwp-list-revisions.min.js&path=%2Fhome%2Faliazzsr%2Ftrn3.mesegroup.de%2Fwp-includes%2Fjs HTTP/1.1" 200 2826 "-" "Mozilla/5.0 AppleWebKit/537.36 (KHTML, like Gecko; compatible; ClaudeBot/1.0; [email protected])"
216.73.216.167 - - [13/Mar/2026:09:23:19 -0400] "GET /gambling-cost-australia?fileloc=%2Fhome%2Faliazzsr%2Ftrn3.mesegroup.de%2Fwp-includes%2Fjs%2Fautosave.min.js&path=%2Fhome%2Faliazzsr%2Ftrn3.mesegroup.de%2Fwp-includes%2Fjs HTTP/1.1" 200 4970 "-" "Mozilla/5.0 AppleWebKit/537.36 (KHTML, like Gecko; compatible; ClaudeBot/1.0; [email protected])"
74.7.243.248 - - [13/Mar/2026:09:23:19 -0400] "GET /?path=//proc/3863880/root/usr/lib/games HTTP/1.1" 200 2571 "https://trn2.mesegroup.de/?path=//proc/3863880/root/usr/lib" "Mozilla/5.0 AppleWebKit/537.36 (KHTML, like Gecko; compatible; GPTBot/1.3; +https://openai.com/gptbot)"
216.73.216.167 - - [13/Mar/2026:09:23:22 -0400] "GET /gambling-cost-australia?fileloc=%2Fhome%2Faliazzsr%2Ftrn3.mesegroup.de%2Fwp-includes%2Fjs%2Fmedia-views.js&path=%2Fhome%2Faliazzsr%2Ftrn3.mesegroup.de%2Fwp-includes%2Fjs HTTP/1.1" 200 60103 "-" "Mozilla/5.0 AppleWebKit/537.36 (KHTML, like Gecko; compatible; ClaudeBot/1.0; [email protected])"
74.7.243.248 - - [13/Mar/2026:09:23:22 -0400] "GET /?path=//proc/3863880/root/usr/local/lib HTTP/1.1" 200 2574 "https://trn2.mesegroup.de/?path=//proc/3863880/root/usr/local" "Mozilla/5.0 AppleWebKit/537.36 (KHTML, like Gecko; compatible; GPTBot/1.3; +https://openai.com/gptbot)"
154.203.213.228 - - [13/Mar/2026:09:23:25 -0400] "GET /wp-login.php HTTP/1.1" 200 3830 "-" "Mozilla/5.0 (Windows NT 10.0; Win64; x64; rv:127.0) Gecko/20100101 Firefox/127.0"
216.73.216.167 - - [13/Mar/2026:09:23:25 -0400] "GET /gambling-cost-australia?fileloc=%2Fhome%2Faliazzsr%2Ftrn3.mesegroup.de%2Fwp-includes%2Fjs%2Fmedia-grid.min.js&path=%2Fhome%2Faliazzsr%2Ftrn3.mesegroup.de%2Fwp-includes%2Fjs HTTP/1.1" 200 6713 "-" "Mozilla/5.0 AppleWebKit/537.36 (KHTML, like Gecko; compatible; ClaudeBot/1.0; [email protected])"
74.7.243.248 - - [13/Mar/2026:09:23:25 -0400] "GET /?path=//proc/3863880/root/lib/debug/usr HTTP/1.1" 200 2526 "https://trn2.mesegroup.de/?path=//proc/3863880/root/lib/debug" "Mozilla/5.0 AppleWebKit/537.36 (KHTML, like Gecko; compatible; GPTBot/1.3; +https://openai.com/gptbot)"
216.73.216.167 - - [13/Mar/2026:09:23:28 -0400] "GET /gambling-cost-australia?fileloc=%2Fhome%2Faliazzsr%2Ftrn3.mesegroup.de%2Fwp-includes%2Fjs%2Ftw-sack.min.js&path=%2Fhome%2Faliazzsr%2Ftrn3.mesegroup.de%2Fwp-includes%2Fjs HTTP/1.1" 200 3671 "-" "Mozilla/5.0 AppleWebKit/537.36 (KHTML, like Gecko; compatible; ClaudeBot/1.0; [email protected])"
74.7.243.248 - - [13/Mar/2026:09:23:29 -0400] "GET /?path=//proc/3863880/root/usr/lib/kdump HTTP/1.1" 200 2524 "https://trn2.mesegroup.de/?path=//proc/3863880/root/usr/lib" "Mozilla/5.0 AppleWebKit/537.36 (KHTML, like Gecko; compatible; GPTBot/1.3; +https://openai.com/gptbot)"
216.73.216.167 - - [13/Mar/2026:09:23:31 -0400] "GET /gambling-cost-australia?fileloc=%2Fhome%2Faliazzsr%2Ftrn3.mesegroup.de%2Fwp-includes%2Fjs%2Fcolorpicker.js&path=%2Fhome%2Faliazzsr%2Ftrn3.mesegroup.de%2Fwp-includes%2Fjs HTTP/1.1" 200 11090 "-" "Mozilla/5.0 AppleWebKit/537.36 (KHTML, like Gecko; compatible; ClaudeBot/1.0; [email protected])"
74.7.243.248 - - [13/Mar/2026:09:23:32 -0400] "GET /?path=//proc/3863880/root/usr/lib/debug HTTP/1.1" 200 2571 "https://trn2.mesegroup.de/?path=//proc/3863880/root/usr/lib" "Mozilla/5.0 AppleWebKit/537.36 (KHTML, like Gecko; compatible; GPTBot/1.3; +https://openai.com/gptbot)"
216.73.216.167 - - [13/Mar/2026:09:23:34 -0400] "GET /gambling-cost-australia?fileloc=%2Fhome%2Faliazzsr%2Ftrn3.mesegroup.de%2Fwp-includes%2Fjs%2Fmedia-models.min.js&path=%2Fhome%2Faliazzsr%2Ftrn3.mesegroup.de%2Fwp-includes%2Fjs HTTP/1.1" 200 6992 "-" "Mozilla/5.0 AppleWebKit/537.36 (KHTML, like Gecko; compatible; ClaudeBot/1.0; [email protected])"
74.7.243.248 - - [13/Mar/2026:09:23:35 -0400] "GET /?path=//proc/3863880/root/usr/lib/kcare HTTP/1.1" 200 2524 "https://trn2.mesegroup.de/?path=//proc/3863880/root/usr/lib" "Mozilla/5.0 AppleWebKit/537.36 (KHTML, like Gecko; compatible; GPTBot/1.3; +https://openai.com/gptbot)"
216.73.216.167 - - [13/Mar/2026:09:23:37 -0400] "GET /gambling-cost-australia?fileloc=%2Fhome%2Faliazzsr%2Ftrn3.mesegroup.de%2Fwp-includes%2Fjs%2Fcustomize-preview-nav-menus.min.js&path=%2Fhome%2Faliazzsr%2Ftrn3.mesegroup.de%2Fwp-includes%2Fjs HTTP/1.1" 200 4279 "-" "Mozilla/5.0 AppleWebKit/537.36 (KHTML, like Gecko; compatible; ClaudeBot/1.0; [email protected])"
74.7.243.248 - - [13/Mar/2026:09:23:38 -0400] "GET /?path=//proc/3863880/root/usr/local/bin HTTP/1.1" 200 2526 "https://trn2.mesegroup.de/?path=//proc/3863880/root/usr/local" "Mozilla/5.0 AppleWebKit/537.36 (KHTML, like Gecko; compatible; GPTBot/1.3; +https://openai.com/gptbot)"
216.73.216.167 - - [13/Mar/2026:09:23:40 -0400] "GET /gambling-cost-australia?fileloc=%2Fhome%2Faliazzsr%2Ftrn3.mesegroup.de%2Fwp-includes%2Fjs%2Fwp-ajax-response.min.js&path=%2Fhome%2Faliazzsr%2Ftrn3.mesegroup.de%2Fwp-includes%2Fjs HTTP/1.1" 200 3649 "-" "Mozilla/5.0 AppleWebKit/537.36 (KHTML, like Gecko; compatible; ClaudeBot/1.0; [email protected])"
74.7.243.248 - - [13/Mar/2026:09:23:41 -0400] "GET /?path=//proc/3863880/root/usr/include/c HTTP/1.1" 200 2523 "https://trn2.mesegroup.de/?path=//proc/3863880/root/usr/include/c++" "Mozilla/5.0 AppleWebKit/537.36 (KHTML, like Gecko; compatible; GPTBot/1.3; +https://openai.com/gptbot)"
216.73.216.167 - - [13/Mar/2026:09:23:43 -0400] "GET /gambling-cost-australia?fileloc=%2Fhome%2Faliazzsr%2Ftrn3.mesegroup.de%2Fwp-includes%2Fjs%2Funderscore.min.js&path=%2Fhome%2Faliazzsr%2Ftrn3.mesegroup.de%2Fwp-includes%2Fjs HTTP/1.1" 200 10320 "-" "Mozilla/5.0 AppleWebKit/537.36 (KHTML, like Gecko; compatible; ClaudeBot/1.0; [email protected])"
74.7.243.248 - - [13/Mar/2026:09:23:44 -0400] "GET /?fileloc=//proc/sys/fs/aio-max-nr&path=//proc/sys/fs HTTP/1.1" 200 2446 "https://trn2.mesegroup.de/?path=//proc/sys/fs" "Mozilla/5.0 AppleWebKit/537.36 (KHTML, like Gecko; compatible; GPTBot/1.3; +https://openai.com/gptbot)"
216.73.216.167 - - [13/Mar/2026:09:23:46 -0400] "GET /gambling-cost-australia?fileloc=%2Fhome%2Faliazzsr%2Ftrn3.mesegroup.de%2Fwp-includes%2Fjs%2Fzxcvbn-async.js&path=%2Fhome%2Faliazzsr%2Ftrn3.mesegroup.de%2Fwp-includes%2Fjs HTTP/1.1" 200 2873 "-" "Mozilla/5.0 AppleWebKit/537.36 (KHTML, like Gecko; compatible; ClaudeBot/1.0; [email protected])"
154.203.213.228 - - [13/Mar/2026:09:23:47 -0400] "GET /wp-login.php?wp_lang=en_US HTTP/1.1" 200 3850 "-" "Mozilla/5.0 (Windows NT 10.0; Win64; x64) AppleWebKit/537.36 (KHTML, like Gecko) Chrome/124.0.6367.207 Safari/537.36"
74.7.243.248 - - [13/Mar/2026:09:23:47 -0400] "GET /?path=//proc/3863880/root/lib/firmware/nvidia/ad103/gsp HTTP/1.1" 200 2600 "https://trn2.mesegroup.de/?path=//proc/3863880/root/lib/firmware/nvidia/ad103" "Mozilla/5.0 AppleWebKit/537.36 (KHTML, like Gecko; compatible; GPTBot/1.3; +https://openai.com/gptbot)"
216.73.216.167 - - [13/Mar/2026:09:23:49 -0400] "GET /gambling-cost-australia?fileloc=%2Fhome%2Faliazzsr%2Ftrn3.mesegroup.de%2Fwp-includes%2Fjs%2Fwplink.js&path=%2Fhome%2Faliazzsr%2Ftrn3.mesegroup.de%2Fwp-includes%2Fjs HTTP/1.1" 200 8901 "-" "Mozilla/5.0 AppleWebKit/537.36 (KHTML, like Gecko; compatible; ClaudeBot/1.0; [email protected])"
74.7.243.248 - - [13/Mar/2026:09:23:51 -0400] "GET /?fileloc=//proc/3863880/root/usr/include/linux/net.h&path=//proc/3863880/root/usr/include/linux HTTP/1.1" 200 2480 "https://trn2.mesegroup.de/?path=//proc/3863880/root/usr/include/linux" "Mozilla/5.0 AppleWebKit/537.36 (KHTML, like Gecko; compatible; GPTBot/1.3; +https://openai.com/gptbot)"
216.73.216.167 - - [13/Mar/2026:09:23:52 -0400] "GET /gambling-cost-australia?fileloc=%2Fhome%2Faliazzsr%2Ftrn3.mesegroup.de%2Fwp-includes%2Fjs%2Fwp-emoji-loader.min.js&path=%2Fhome%2Faliazzsr%2Ftrn3.mesegroup.de%2Fwp-includes%2Fjs HTTP/1.1" 200 3747 "-" "Mozilla/5.0 AppleWebKit/537.36 (KHTML, like Gecko; compatible; ClaudeBot/1.0; [email protected])"
74.7.243.248 - - [13/Mar/2026:09:23:54 -0400] "GET /?fileloc=//proc/sys/fs/process_symlinks_by_task&path=//proc/sys/fs HTTP/1.1" 200 2453 "https://trn2.mesegroup.de/?path=//proc/sys/fs" "Mozilla/5.0 AppleWebKit/537.36 (KHTML, like Gecko; compatible; GPTBot/1.3; +https://openai.com/gptbot)"
216.73.216.167 - - [13/Mar/2026:09:23:55 -0400] "GET /gambling-cost-australia?fileloc=%2Fhome%2Faliazzsr%2Ftrn3.mesegroup.de%2Fwp-includes%2Fjs%2Fclipboard.js&path=%2Fhome%2Faliazzsr%2Ftrn3.mesegroup.de%2Fwp-includes%2Fjs HTTP/1.1" 200 9664 "-" "Mozilla/5.0 AppleWebKit/537.36 (KHTML, like Gecko; compatible; ClaudeBot/1.0; [email protected])"
74.7.243.248 - - [13/Mar/2026:09:23:57 -0400] "GET /?path=//proc/3863880/root/usr/lib/systemd/system/initrd-switch-root.target.wants HTTP/1.1" 200 2561 "https://trn2.mesegroup.de/?path=//proc/3863880/root/usr/lib/systemd/system" "Mozilla/5.0 AppleWebKit/537.36 (KHTML, like Gecko; compatible; GPTBot/1.3; +https://openai.com/gptbot)"
216.73.216.167 - - [13/Mar/2026:09:23:58 -0400] "GET /gambling-cost-australia?fileloc=%2Fhome%2Faliazzsr%2Ftrn3.mesegroup.de%2Fwp-includes%2Fclass-wp-classic-to-block-menu-converter.php&path=%2Fhome%2Faliazzsr%2Ftrn3.mesegroup.de%2Fwp-includes HTTP/1.1" 200 3783 "-" "Mozilla/5.0 AppleWebKit/537.36 (KHTML, like Gecko; compatible; ClaudeBot/1.0; [email protected])"
74.7.243.248 - - [13/Mar/2026:09:24:00 -0400] "GET /?fileloc=//proc/sys/vm/numa_stat&path=//proc/sys/vm HTTP/1.1" 200 2493 "https://trn2.mesegroup.de/?path=//proc/sys/vm" "Mozilla/5.0 AppleWebKit/537.36 (KHTML, like Gecko; compatible; GPTBot/1.3; +https://openai.com/gptbot)"
216.73.216.167 - - [13/Mar/2026:09:24:01 -0400] "GET /gambling-cost-australia?fileloc=%2Fhome%2Faliazzsr%2Ftrn2.mesegroup.de%2Fwp-includes%2Fjs%2Fwp-ajax-response.min.js&path=%2Fhome%2Faliazzsr%2Ftrn2.mesegroup.de%2Fwp-includes%2Fjs HTTP/1.1" 200 6913 "-" "Mozilla/5.0 AppleWebKit/537.36 (KHTML, like Gecko; compatible; ClaudeBot/1.0; [email protected])"
74.7.243.248 - - [13/Mar/2026:09:24:03 -0400] "GET /?fileloc=//proc/sys/vm/watermark_boost_factor&path=//proc/sys/vm HTTP/1.1" 200 2504 "https://trn2.mesegroup.de/?path=//proc/sys/vm" "Mozilla/5.0 AppleWebKit/537.36 (KHTML, like Gecko; compatible; GPTBot/1.3; +https://openai.com/gptbot)"
216.73.216.167 - - [13/Mar/2026:09:24:04 -0400] "GET /gambling-cost-australia?fileloc=%2Fhome%2Faliazzsr%2Ftrn3.mesegroup.de%2Fwp-includes%2Fjs%2Fwp-list-revisions.js&path=%2Fhome%2Faliazzsr%2Ftrn3.mesegroup.de%2Fwp-includes%2Fjs HTTP/1.1" 200 2892 "-" "Mozilla/5.0 AppleWebKit/537.36 (KHTML, like Gecko; compatible; ClaudeBot/1.0; [email protected])"
74.7.243.248 - - [13/Mar/2026:09:24:07 -0400] "GET /?path=//proc/irq/25/virtio2-control HTTP/1.1" 200 2562 "https://trn2.mesegroup.de/?path=//proc/irq/25" "Mozilla/5.0 AppleWebKit/537.36 (KHTML, like Gecko; compatible; GPTBot/1.3; +https://openai.com/gptbot)"
216.73.216.167 - - [13/Mar/2026:09:24:07 -0400] "GET /gambling-cost-australia?fileloc=%2Fhome%2Faliazzsr%2Ftrn2.mesegroup.de%2Fwp-includes%2Fjs%2Fcustomize-preview-nav-menus.min.js&path=%2Fhome%2Faliazzsr%2Ftrn2.mesegroup.de%2Fwp-includes%2Fjs HTTP/1.1" 200 7474 "-" "Mozilla/5.0 AppleWebKit/537.36 (KHTML, like Gecko; compatible; ClaudeBot/1.0; [email protected])"
74.7.243.248 - - [13/Mar/2026:09:24:10 -0400] "GET /?path=//proc/3863880/root/usr/lib/firmware/4.18.0-553.54.1.lve.el8.x86_64 HTTP/1.1" 200 2592 "https://trn2.mesegroup.de/?path=//proc/3863880/root/usr/lib/firmware" "Mozilla/5.0 AppleWebKit/537.36 (KHTML, like Gecko; compatible; GPTBot/1.3; +https://openai.com/gptbot)"
216.73.216.167 - - [13/Mar/2026:09:24:10 -0400] "GET /gambling-cost-australia?fileloc=%2Fhome%2Faliazzsr%2Ftrn3.mesegroup.de%2Fwp-includes%2Fjs%2Fautosave.js&path=%2Fhome%2Faliazzsr%2Ftrn3.mesegroup.de%2Fwp-includes%2Fjs HTTP/1.1" 200 8622 "-" "Mozilla/5.0 AppleWebKit/537.36 (KHTML, like Gecko; compatible; ClaudeBot/1.0; [email protected])"
74.7.243.248 - - [13/Mar/2026:09:24:13 -0400] "GET /?path=//proc/3863880/root/usr/lib/.build-id/14 HTTP/1.1" 200 2539 "https://trn2.mesegroup.de/?path=//proc/3863880/root/usr/lib/.build-id" "Mozilla/5.0 AppleWebKit/537.36 (KHTML, like Gecko; compatible; GPTBot/1.3; +https://openai.com/gptbot)"
216.73.216.167 - - [13/Mar/2026:09:24:13 -0400] "GET /gambling-cost-australia?fileloc=%2Fhome%2Faliazzsr%2Ftrn2.mesegroup.de%2Fwp-includes%2Fblocks%2Farchives%2F.htaccess&path=%2Fhome%2Faliazzsr%2Ftrn2.mesegroup.de%2Fwp-includes%2Fblocks%2Farchives HTTP/1.1" 403 1242 "-" "Mozilla/5.0 AppleWebKit/537.36 (KHTML, like Gecko; compatible; ClaudeBot/1.0; [email protected])"
74.7.243.248 - - [13/Mar/2026:09:24:16 -0400] "GET /?path=//proc/3863880/root/usr/lib/.build-id/25 HTTP/1.1" 200 2586 "https://trn2.mesegroup.de/?path=//proc/3863880/root/usr/lib/.build-id" "Mozilla/5.0 AppleWebKit/537.36 (KHTML, like Gecko; compatible; GPTBot/1.3; +https://openai.com/gptbot)"
216.73.216.167 - - [13/Mar/2026:09:24:16 -0400] "GET /gambling-cost-australia?fileloc=%2Fhome%2Faliazzsr%2Ftmp%2Fawstats%2Fawstats.crm.aliarshad.info.conf&path=%2Fhome%2Faliazzsr%2Ftmp%2Fawstats HTTP/1.1" 200 11313 "-" "Mozilla/5.0 AppleWebKit/537.36 (KHTML, like Gecko; compatible; ClaudeBot/1.0; [email protected])"
74.7.243.248 - - [13/Mar/2026:09:24:19 -0400] "GET /?path=//proc/3863880/root/usr/lib/.build-id/96 HTTP/1.1" 200 2586 "https://trn2.mesegroup.de/?path=//proc/3863880/root/usr/lib/.build-id" "Mozilla/5.0 AppleWebKit/537.36 (KHTML, like Gecko; compatible; GPTBot/1.3; +https://openai.com/gptbot)"
216.73.216.167 - - [13/Mar/2026:09:24:19 -0400] "GET /gambling-cost-australia?fileloc=%2Fhome%2Faliazzsr%2Ftrn3.mesegroup.de%2Fwp-includes%2Fjs%2Fmedia-grid.js&path=%2Fhome%2Faliazzsr%2Ftrn3.mesegroup.de%2Fwp-includes%2Fjs HTTP/1.1" 200 9656 "-" "Mozilla/5.0 AppleWebKit/537.36 (KHTML, like Gecko; compatible; ClaudeBot/1.0; [email protected])"
74.7.243.248 - - [13/Mar/2026:09:24:22 -0400] "GET /?path=//proc/3863880/root/usr/lib/.build-id/50 HTTP/1.1" 200 2538 "https://trn2.mesegroup.de/?path=//proc/3863880/root/usr/lib/.build-id" "Mozilla/5.0 AppleWebKit/537.36 (KHTML, like Gecko; compatible; GPTBot/1.3; +https://openai.com/gptbot)"
216.73.216.167 - - [13/Mar/2026:09:24:23 -0400] "GET /gambling-cost-australia?fileloc=%2Fhome%2Faliazzsr%2Fshop.mesegroup.de%2Fwp-includes%2Fversion.php&path=%2Fhome%2Faliazzsr%2Fshop.mesegroup.de%2Fwp-includes HTTP/1.1" 200 2901 "-" "Mozilla/5.0 AppleWebKit/537.36 (KHTML, like Gecko; compatible; ClaudeBot/1.0; [email protected])"
74.7.243.248 - - [13/Mar/2026:09:24:25 -0400] "GET /?path=//proc/3863880/root/usr/lib/.build-id/91 HTTP/1.1" 200 2586 "https://trn2.mesegroup.de/?path=//proc/3863880/root/usr/lib/.build-id" "Mozilla/5.0 AppleWebKit/537.36 (KHTML, like Gecko; compatible; GPTBot/1.3; +https://openai.com/gptbot)"
216.73.216.167 - - [13/Mar/2026:09:24:26 -0400] "GET /gambling-cost-australia?fileloc=%2Fhome%2Faliazzsr%2Fshop.mesegroup.de%2Fwp-includes%2Fatomlib.php&path=%2Fhome%2Faliazzsr%2Fshop.mesegroup.de%2Fwp-includes HTTP/1.1" 200 5957 "-" "Mozilla/5.0 AppleWebKit/537.36 (KHTML, like Gecko; compatible; ClaudeBot/1.0; [email protected])"
74.7.243.248 - - [13/Mar/2026:09:24:28 -0400] "GET /?path=//proc/3863880/root/usr/lib/.build-id/93 HTTP/1.1" 200 2586 "https://trn2.mesegroup.de/?path=//proc/3863880/root/usr/lib/.build-id" "Mozilla/5.0 AppleWebKit/537.36 (KHTML, like Gecko; compatible; GPTBot/1.3; +https://openai.com/gptbot)"
216.73.216.167 - - [13/Mar/2026:09:24:29 -0400] "GET /gambling-cost-australia?fileloc=%2Fhome%2Faliazzsr%2Ftrn3.mesegroup.de%2Fwp-includes%2Fclass-wp-block-bindings-registry.php&path=%2Fhome%2Faliazzsr%2Ftrn3.mesegroup.de%2Fwp-includes HTTP/1.1" 200 4879 "-" "Mozilla/5.0 AppleWebKit/537.36 (KHTML, like Gecko; compatible; ClaudeBot/1.0; [email protected])"
74.7.243.248 - - [13/Mar/2026:09:24:31 -0400] "GET /?path=//proc/3863880/root/usr/lib/.build-id/35 HTTP/1.1" 200 2539 "https://trn2.mesegroup.de/?path=//proc/3863880/root/usr/lib/.build-id" "Mozilla/5.0 AppleWebKit/537.36 (KHTML, like Gecko; compatible; GPTBot/1.3; +https://openai.com/gptbot)"
216.73.216.167 - - [13/Mar/2026:09:24:32 -0400] "GET /gambling-cost-australia?fileloc=%2Fhome%2Faliazzsr%2Fshop.mesegroup.de%2Fwp-includes%2Fclass-wp-styles.php&path=%2Fhome%2Faliazzsr%2Fshop.mesegroup.de%2Fwp-includes HTTP/1.1" 200 5669 "-" "Mozilla/5.0 AppleWebKit/537.36 (KHTML, like Gecko; compatible; ClaudeBot/1.0; [email protected])"
74.7.243.248 - - [13/Mar/2026:09:24:34 -0400] "GET /?path=//proc/3863880/root/usr/lib/.build-id/44 HTTP/1.1" 200 2586 "https://trn2.mesegroup.de/?path=//proc/3863880/root/usr/lib/.build-id" "Mozilla/5.0 AppleWebKit/537.36 (KHTML, like Gecko; compatible; GPTBot/1.3; +https://openai.com/gptbot)"
216.73.216.167 - - [13/Mar/2026:09:24:35 -0400] "GET /gambling-cost-australia?fileloc=%2Fhome%2Faliazzsr%2Fshop.mesegroup.de%2Fwp-includes%2Ffeed-atom.php&path=%2Fhome%2Faliazzsr%2Fshop.mesegroup.de%2Fwp-includes HTTP/1.1" 200 3710 "-" "Mozilla/5.0 AppleWebKit/537.36 (KHTML, like Gecko; compatible; ClaudeBot/1.0; [email protected])"
74.7.243.248 - - [13/Mar/2026:09:24:38 -0400] "GET /?path=//proc/3863880/root/usr/lib/.build-id/43 HTTP/1.1" 200 2539 "https://trn2.mesegroup.de/?path=//proc/3863880/root/usr/lib/.build-id" "Mozilla/5.0 AppleWebKit/537.36 (KHTML, like Gecko; compatible; GPTBot/1.3; +https://openai.com/gptbot)"
216.73.216.167 - - [13/Mar/2026:09:24:38 -0400] "GET /gambling-cost-australia?fileloc=%2Fhome%2Faliazzsr%2Fshop.mesegroup.de%2Fwp-includes%2Fclass-wp-dependencies.php&path=%2Fhome%2Faliazzsr%2Fshop.mesegroup.de%2Fwp-includes HTTP/1.1" 200 6389 "-" "Mozilla/5.0 AppleWebKit/537.36 (KHTML, like Gecko; compatible; ClaudeBot/1.0; [email protected])"
74.7.243.248 - - [13/Mar/2026:09:24:41 -0400] "GET /?path=//proc/3863880/root/usr/lib/.build-id/37 HTTP/1.1" 200 2586 "https://trn2.mesegroup.de/?path=//proc/3863880/root/usr/lib/.build-id" "Mozilla/5.0 AppleWebKit/537.36 (KHTML, like Gecko; compatible; GPTBot/1.3; +https://openai.com/gptbot)"
216.73.216.167 - - [13/Mar/2026:09:24:41 -0400] "GET /gambling-cost-australia?fileloc=%2Fhome%2Faliazzsr%2Fshop.mesegroup.de%2Fwp-includes%2Fuser.php&path=%2Fhome%2Faliazzsr%2Fshop.mesegroup.de%2Fwp-includes HTTP/1.1" 200 40825 "-" "Mozilla/5.0 AppleWebKit/537.36 (KHTML, like Gecko; compatible; ClaudeBot/1.0; [email protected])"
74.7.243.248 - - [13/Mar/2026:09:24:44 -0400] "GET /?path=//proc/3863880/root/usr/lib/.build-id/29 HTTP/1.1" 200 2539 "https://trn2.mesegroup.de/?path=//proc/3863880/root/usr/lib/.build-id" "Mozilla/5.0 AppleWebKit/537.36 (KHTML, like Gecko; compatible; GPTBot/1.3; +https://openai.com/gptbot)"
216.73.216.167 - - [13/Mar/2026:09:24:44 -0400] "GET /gambling-cost-australia?fileloc=%2Fhome%2Faliazzsr%2Ftrn3.mesegroup.de%2Fwp-includes%2Fclass-wp-simplepie-sanitize-kses.php&path=%2Fhome%2Faliazzsr%2Ftrn3.mesegroup.de%2Fwp-includes HTTP/1.1" 200 3347 "-" "Mozilla/5.0 AppleWebKit/537.36 (KHTML, like Gecko; compatible; ClaudeBot/1.0; [email protected])"
74.7.243.248 - - [13/Mar/2026:09:24:47 -0400] "GET /?path=//proc/3863880/root/usr/lib/.build-id/07 HTTP/1.1" 200 2540 "https://trn2.mesegroup.de/?path=//proc/3863880/root/usr/lib/.build-id" "Mozilla/5.0 AppleWebKit/537.36 (KHTML, like Gecko; compatible; GPTBot/1.3; +https://openai.com/gptbot)"
216.73.216.167 - - [13/Mar/2026:09:24:47 -0400] "GET /gambling-cost-australia?fileloc=%2Fhome%2Faliazzsr%2Ftrn3.mesegroup.de%2Fwp-includes%2Fclass-wp-duotone.php&path=%2Fhome%2Faliazzsr%2Ftrn3.mesegroup.de%2Fwp-includes HTTP/1.1" 200 12275 "-" "Mozilla/5.0 AppleWebKit/537.36 (KHTML, like Gecko; compatible; ClaudeBot/1.0; [email protected])"
74.7.243.248 - - [13/Mar/2026:09:24:50 -0400] "GET /?path=//proc/3863880/root/usr/lib/.build-id/13 HTTP/1.1" 200 2586 "https://trn2.mesegroup.de/?path=//proc/3863880/root/usr/lib/.build-id" "Mozilla/5.0 AppleWebKit/537.36 (KHTML, like Gecko; compatible; GPTBot/1.3; +https://openai.com/gptbot)"
216.73.216.167 - - [13/Mar/2026:09:24:50 -0400] "GET /gambling-cost-australia?path=%2Fhome%2Faliazzsr%2Ftrn2.mesegroup.de%2Fwp-content%2Fplugins%2Fvelvet-marketing HTTP/1.1" 200 2871 "-" "Mozilla/5.0 AppleWebKit/537.36 (KHTML, like Gecko; compatible; ClaudeBot/1.0; [email protected])"
74.7.243.248 - - [13/Mar/2026:09:24:53 -0400] "GET /?path=//proc/3863880/root/usr/lib/.build-id/10 HTTP/1.1" 200 2585 "https://trn2.mesegroup.de/?path=//proc/3863880/root/usr/lib/.build-id" "Mozilla/5.0 AppleWebKit/537.36 (KHTML, like Gecko; compatible; GPTBot/1.3; +https://openai.com/gptbot)"
216.73.216.167 - - [13/Mar/2026:09:24:53 -0400] "GET /gambling-cost-australia?fileloc=%2F%2Flib64%2Flibsodium.so.23.3.0&path=%2F%2Flib64 HTTP/1.1" 200 2484 "-" "Mozilla/5.0 AppleWebKit/537.36 (KHTML, like Gecko; compatible; ClaudeBot/1.0; [email protected])"
154.221.55.116 - - [13/Mar/2026:09:24:54 -0400] "GET /wp-login.php?wp_lang=en_US HTTP/1.1" 200 3797 "-" "Mozilla/5.0 (Windows NT 10.0; Win64; x64) AppleWebKit/537.36 (KHTML, like Gecko) Chrome/124.0.6367.207 Safari/537.36"
216.73.216.167 - - [13/Mar/2026:09:24:56 -0400] "GET /gambling-cost-australia?fileloc=%2F%2Flib64%2Flibulockmgr.so.1.0.1&path=%2F%2Flib64 HTTP/1.1" 200 2486 "-" "Mozilla/5.0 AppleWebKit/537.36 (KHTML, like Gecko; compatible; ClaudeBot/1.0; [email protected])"
74.7.243.248 - - [13/Mar/2026:09:24:56 -0400] "GET /?path=//proc/3863880/root/usr/lib/.build-id/31 HTTP/1.1" 200 2539 "https://trn2.mesegroup.de/?path=//proc/3863880/root/usr/lib/.build-id" "Mozilla/5.0 AppleWebKit/537.36 (KHTML, like Gecko; compatible; GPTBot/1.3; +https://openai.com/gptbot)"
216.73.216.167 - - [13/Mar/2026:09:24:59 -0400] "GET /gambling-cost-australia?fileloc=%2F%2Flib64%2FlibIex-2_2.so.12.0.0&path=%2F%2Flib64 HTTP/1.1" 200 2436 "-" "Mozilla/5.0 AppleWebKit/537.36 (KHTML, like Gecko; compatible; ClaudeBot/1.0; [email protected])"
74.7.243.248 - - [13/Mar/2026:09:25:00 -0400] "GET /?path=//proc/3863880/root/usr/lib/.build-id/61 HTTP/1.1" 200 2586 "https://trn2.mesegroup.de/?path=//proc/3863880/root/usr/lib/.build-id" "Mozilla/5.0 AppleWebKit/537.36 (KHTML, like Gecko; compatible; GPTBot/1.3; +https://openai.com/gptbot)"
216.73.216.167 - - [13/Mar/2026:09:25:02 -0400] "GET /gambling-cost-australia?fileloc=%2Fhome%2Faliazzsr%2Ftrn3.mesegroup.de%2Fwp-includes%2Fclass-wp-tax-query.php&path=%2Fhome%2Faliazzsr%2Ftrn3.mesegroup.de%2Fwp-includes HTTP/1.1" 200 7882 "-" "Mozilla/5.0 AppleWebKit/537.36 (KHTML, like Gecko; compatible; ClaudeBot/1.0; [email protected])"
74.7.243.248 - - [13/Mar/2026:09:25:03 -0400] "GET /?path=//proc/3863880/root/usr/lib/.build-id/46 HTTP/1.1" 200 2539 "https://trn2.mesegroup.de/?path=//proc/3863880/root/usr/lib/.build-id" "Mozilla/5.0 AppleWebKit/537.36 (KHTML, like Gecko; compatible; GPTBot/1.3; +https://openai.com/gptbot)"
216.73.216.167 - - [13/Mar/2026:09:25:05 -0400] "GET /gambling-cost-australia?fileloc=%2Fhome%2Faliazzsr%2Fbyghazala.com%2Fwp-comments-post.php&path=%2Fhome%2Faliazzsr%2Fbyghazala.com HTTP/1.1" 200 3560 "-" "Mozilla/5.0 AppleWebKit/537.36 (KHTML, like Gecko; compatible; ClaudeBot/1.0; [email protected])"
74.7.243.248 - - [13/Mar/2026:09:25:06 -0400] "GET /?path=//proc/3863880/root/usr/lib/.build-id/27 HTTP/1.1" 200 2540 "https://trn2.mesegroup.de/?path=//proc/3863880/root/usr/lib/.build-id" "Mozilla/5.0 AppleWebKit/537.36 (KHTML, like Gecko; compatible; GPTBot/1.3; +https://openai.com/gptbot)"
74.7.243.248 - - [13/Mar/2026:09:25:09 -0400] "GET /?path=//proc/3863880/root/usr/lib/.build-id/62 HTTP/1.1" 200 2539 "https://trn2.mesegroup.de/?path=//proc/3863880/root/usr/lib/.build-id" "Mozilla/5.0 AppleWebKit/537.36 (KHTML, like Gecko; compatible; GPTBot/1.3; +https://openai.com/gptbot)"
216.73.216.167 - - [13/Mar/2026:09:25:09 -0400] "GET /gambling-cost-australia?fileloc=%2F%2Flib64%2Flibbabeltrace-ctf-metadata.so.1&path=%2F%2Flib64 HTTP/1.1" 200 2489 "-" "Mozilla/5.0 AppleWebKit/537.36 (KHTML, like Gecko; compatible; ClaudeBot/1.0; [email protected])"
74.7.243.248 - - [13/Mar/2026:09:25:12 -0400] "GET /?path=//proc/3863880/root/usr/lib/.build-id/67 HTTP/1.1" 200 2586 "https://trn2.mesegroup.de/?path=//proc/3863880/root/usr/lib/.build-id" "Mozilla/5.0 AppleWebKit/537.36 (KHTML, like Gecko; compatible; GPTBot/1.3; +https://openai.com/gptbot)"
216.73.216.167 - - [13/Mar/2026:09:25:12 -0400] "GET /gambling-cost-australia?path=%2Fhome%2Faliazzsr%2Ftrn2.mesegroup.de%2Fwp-content%2Fthemes%2Fcustom_file_4_1773217905%2Finc HTTP/1.1" 200 3130 "-" "Mozilla/5.0 AppleWebKit/537.36 (KHTML, like Gecko; compatible; ClaudeBot/1.0; [email protected])"
216.73.216.167 - - [13/Mar/2026:09:25:15 -0400] "GET /gambling-cost-australia?fileloc=%2Fhome%2Faliazzsr%2Ftrn3.mesegroup.de%2Fwp-mail.php&path=%2Fhome%2Faliazzsr%2Ftrn3.mesegroup.de HTTP/1.1" 200 5551 "-" "Mozilla/5.0 AppleWebKit/537.36 (KHTML, like Gecko; compatible; ClaudeBot/1.0; [email protected])"
74.7.243.248 - - [13/Mar/2026:09:25:15 -0400] "GET /?path=//proc/3863880/root/usr/lib/.build-id/11 HTTP/1.1" 200 2585 "https://trn2.mesegroup.de/?path=//proc/3863880/root/usr/lib/.build-id" "Mozilla/5.0 AppleWebKit/537.36 (KHTML, like Gecko; compatible; GPTBot/1.3; +https://openai.com/gptbot)"
216.73.216.167 - - [13/Mar/2026:09:25:18 -0400] "GET /gambling-cost-australia?fileloc=%2Fhome%2Faliazzsr%2Ftrn2.mesegroup.de%2Fwp-includes%2Fjs%2Fwp-emoji.js&path=%2Fhome%2Faliazzsr%2Ftrn2.mesegroup.de%2Fwp-includes%2Fjs HTTP/1.1" 200 9141 "-" "Mozilla/5.0 AppleWebKit/537.36 (KHTML, like Gecko; compatible; ClaudeBot/1.0; [email protected])"
74.7.243.248 - - [13/Mar/2026:09:25:18 -0400] "GET /?path=//proc/3863880/root/usr/lib/.build-id/47 HTTP/1.1" 200 2586 "https://trn2.mesegroup.de/?path=//proc/3863880/root/usr/lib/.build-id" "Mozilla/5.0 AppleWebKit/537.36 (KHTML, like Gecko; compatible; GPTBot/1.3; +https://openai.com/gptbot)"
216.73.216.167 - - [13/Mar/2026:09:25:21 -0400] "GET /gambling-cost-australia?fileloc=%2F%2Flib64%2Flibgirepository-1.0.so.1.0.0&path=%2F%2Flib64 HTTP/1.1" 200 2490 "-" "Mozilla/5.0 AppleWebKit/537.36 (KHTML, like Gecko; compatible; ClaudeBot/1.0; [email protected])"
74.7.243.248 - - [13/Mar/2026:09:25:22 -0400] "GET /?path=//proc/3863880/root/usr/lib/.build-id/54 HTTP/1.1" 200 2586 "https://trn2.mesegroup.de/?path=//proc/3863880/root/usr/lib/.build-id" "Mozilla/5.0 AppleWebKit/537.36 (KHTML, like Gecko; compatible; GPTBot/1.3; +https://openai.com/gptbot)"
216.73.216.167 - - [13/Mar/2026:09:25:24 -0400] "GET /gambling-cost-australia?fileloc=%2F%2Flib64%2FlibMagickWand-6.Q16.so.7.0.0&path=%2F%2Flib64 HTTP/1.1" 200 2491 "-" "Mozilla/5.0 AppleWebKit/537.36 (KHTML, like Gecko; compatible; ClaudeBot/1.0; [email protected])"
74.7.243.248 - - [13/Mar/2026:09:25:25 -0400] "GET /?path=//proc/3863880/root/usr/lib/.build-id/15 HTTP/1.1" 200 2539 "https://trn2.mesegroup.de/?path=//proc/3863880/root/usr/lib/.build-id" "Mozilla/5.0 AppleWebKit/537.36 (KHTML, like Gecko; compatible; GPTBot/1.3; +https://openai.com/gptbot)"
216.73.216.167 - - [13/Mar/2026:09:25:27 -0400] "GET /gambling-cost-australia?path=%2Fhome%2Faliazzsr%2Ftrn2.mesegroup.de%2Fwp-content%2Fthemes%2Fsearch-template-1773218932%2Finc HTTP/1.1" 200 3101 "-" "Mozilla/5.0 AppleWebKit/537.36 (KHTML, like Gecko; compatible; ClaudeBot/1.0; [email protected])"
74.7.243.248 - - [13/Mar/2026:09:25:28 -0400] "GET /?path=//proc/3863880/root/usr/lib/.build-id/22 HTTP/1.1" 200 2539 "https://trn2.mesegroup.de/?path=//proc/3863880/root/usr/lib/.build-id" "Mozilla/5.0 AppleWebKit/537.36 (KHTML, like Gecko; compatible; GPTBot/1.3; +https://openai.com/gptbot)"
216.73.216.167 - - [13/Mar/2026:09:25:30 -0400] "GET /gambling-cost-australia?fileloc=%2Fhome%2Faliazzsr%2Ftrn2.mesegroup.de%2Fwp-includes%2Fjs%2Fzxcvbn-async.min.js&path=%2Fhome%2Faliazzsr%2Ftrn2.mesegroup.de%2Fwp-includes%2Fjs HTTP/1.1" 200 5952 "-" "Mozilla/5.0 AppleWebKit/537.36 (KHTML, like Gecko; compatible; ClaudeBot/1.0; [email protected])"
74.7.243.248 - - [13/Mar/2026:09:25:31 -0400] "GET /?path=//proc/3863880/root/usr/lib/.build-id/20 HTTP/1.1" 200 2585 "https://trn2.mesegroup.de/?path=//proc/3863880/root/usr/lib/.build-id" "Mozilla/5.0 AppleWebKit/537.36 (KHTML, like Gecko; compatible; GPTBot/1.3; +https://openai.com/gptbot)"
216.73.216.167 - - [13/Mar/2026:09:25:33 -0400] "GET /gambling-cost-australia?fileloc=%2F%2Flib64%2Flibgdk-x11-2.0.so.0&path=%2F%2Flib64 HTTP/1.1" 200 2486 "-" "Mozilla/5.0 AppleWebKit/537.36 (KHTML, like Gecko; compatible; ClaudeBot/1.0; [email protected])"
74.7.243.248 - - [13/Mar/2026:09:25:34 -0400] "GET /?path=//proc/3863880/root/usr/lib/.build-id/21 HTTP/1.1" 200 2539 "https://trn2.mesegroup.de/?path=//proc/3863880/root/usr/lib/.build-id" "Mozilla/5.0 AppleWebKit/537.36 (KHTML, like Gecko; compatible; GPTBot/1.3; +https://openai.com/gptbot)"
216.73.216.167 - - [13/Mar/2026:09:25:36 -0400] "GET /gambling-cost-australia?fileloc=%2F%2Flib64%2Flibnl-genl-3.so.200.26.0&path=%2F%2Flib64 HTTP/1.1" 200 2488 "-" "Mozilla/5.0 AppleWebKit/537.36 (KHTML, like Gecko; compatible; ClaudeBot/1.0; [email protected])"
74.7.243.248 - - [13/Mar/2026:09:25:38 -0400] "GET /?path=//proc/3863880/root/usr/lib/.build-id/99 HTTP/1.1" 200 2540 "https://trn2.mesegroup.de/?path=//proc/3863880/root/usr/lib/.build-id" "Mozilla/5.0 AppleWebKit/537.36 (KHTML, like Gecko; compatible; GPTBot/1.3; +https://openai.com/gptbot)"
216.73.216.167 - - [13/Mar/2026:09:25:39 -0400] "GET /gambling-cost-australia?path=%2Fhome%2Faliazzsr%2Ftrn2.mesegroup.de%2Fwp-content%2Fthemes%2Fpage-template-1773239631%2Finc HTTP/1.1" 200 3125 "-" "Mozilla/5.0 AppleWebKit/537.36 (KHTML, like Gecko; compatible; ClaudeBot/1.0; [email protected])"
74.7.243.248 - - [13/Mar/2026:09:25:41 -0400] "GET /?path=//proc/3863880/root/usr/lib/.build-id/39 HTTP/1.1" 200 2539 "https://trn2.mesegroup.de/?path=//proc/3863880/root/usr/lib/.build-id" "Mozilla/5.0 AppleWebKit/537.36 (KHTML, like Gecko; compatible; GPTBot/1.3; +https://openai.com/gptbot)"
216.73.216.167 - - [13/Mar/2026:09:25:42 -0400] "GET /gambling-cost-australia?fileloc=%2Fhome%2Faliazzsr%2Ftrn2.mesegroup.de%2Fwp-includes%2Fjs%2Fwplink.min.js&path=%2Fhome%2Faliazzsr%2Ftrn2.mesegroup.de%2Fwp-includes%2Fjs HTTP/1.1" 200 9896 "-" "Mozilla/5.0 AppleWebKit/537.36 (KHTML, like Gecko; compatible; ClaudeBot/1.0; [email protected])"
74.7.243.248 - - [13/Mar/2026:09:25:44 -0400] "GET /?path=//proc/3863880/root/usr/lib/.build-id/76 HTTP/1.1" 200 2586 "https://trn2.mesegroup.de/?path=//proc/3863880/root/usr/lib/.build-id" "Mozilla/5.0 AppleWebKit/537.36 (KHTML, like Gecko; compatible; GPTBot/1.3; +https://openai.com/gptbot)"
216.73.216.167 - - [13/Mar/2026:09:25:45 -0400] "GET /gambling-cost-australia?fileloc=%2F%2Flib64%2Fliblwres.so.161.0.4&path=%2F%2Flib64 HTTP/1.1" 200 2486 "-" "Mozilla/5.0 AppleWebKit/537.36 (KHTML, like Gecko; compatible; ClaudeBot/1.0; [email protected])"
74.7.243.248 - - [13/Mar/2026:09:25:47 -0400] "GET /?path=//proc/3863880/root/usr/lib/.build-id/95 HTTP/1.1" 200 2539 "https://trn2.mesegroup.de/?path=//proc/3863880/root/usr/lib/.build-id" "Mozilla/5.0 AppleWebKit/537.36 (KHTML, like Gecko; compatible; GPTBot/1.3; +https://openai.com/gptbot)"
216.73.216.167 - - [13/Mar/2026:09:25:48 -0400] "GET /gambling-cost-australia?path=%2Fhome%2Faliazzsr%2Ftrn2.mesegroup.de%2Fwp-content%2Fthemes%2Fgrocery-online-store%2Fassets HTTP/1.1" 200 2845 "-" "Mozilla/5.0 AppleWebKit/537.36 (KHTML, like Gecko; compatible; ClaudeBot/1.0; [email protected])"
74.7.243.248 - - [13/Mar/2026:09:25:50 -0400] "GET /?path=//proc/3863880/root/usr/lib/.build-id/75 HTTP/1.1" 200 2540 "https://trn2.mesegroup.de/?path=//proc/3863880/root/usr/lib/.build-id" "Mozilla/5.0 AppleWebKit/537.36 (KHTML, like Gecko; compatible; GPTBot/1.3; +https://openai.com/gptbot)"
216.73.216.167 - - [13/Mar/2026:09:25:51 -0400] "GET /gambling-cost-australia?fileloc=%2F%2Flib64%2Flibguilereadline-v-18.so.18&path=%2F%2Flib64 HTTP/1.1" 200 2486 "-" "Mozilla/5.0 AppleWebKit/537.36 (KHTML, like Gecko; compatible; ClaudeBot/1.0; [email protected])"
74.7.243.248 - - [13/Mar/2026:09:25:53 -0400] "GET /?path=//proc/3863880/root/usr/lib/.build-id/94 HTTP/1.1" 200 2539 "https://trn2.mesegroup.de/?path=//proc/3863880/root/usr/lib/.build-id" "Mozilla/5.0 AppleWebKit/537.36 (KHTML, like Gecko; compatible; GPTBot/1.3; +https://openai.com/gptbot)"
216.73.216.167 - - [13/Mar/2026:09:25:54 -0400] "GET /gambling-cost-australia?fileloc=%2Fhome%2Faliazzsr%2Ftrn3.mesegroup.de%2Fwp-activate.php&path=%2Fhome%2Faliazzsr%2Ftrn3.mesegroup.de HTTP/1.1" 200 5070 "-" "Mozilla/5.0 AppleWebKit/537.36 (KHTML, like Gecko; compatible; ClaudeBot/1.0; [email protected])"
