74.7.243.248 - - [13/Mar/2026:09:38:22 -0400] "GET /?path=//proc/3863880/root/lib/.build-id/48 HTTP/1.1" 200 2539 "https://trn2.mesegroup.de/?path=//proc/3863880/root/lib/.build-id" "Mozilla/5.0 AppleWebKit/537.36 (KHTML, like Gecko; compatible; GPTBot/1.3; +https://openai.com/gptbot)"
216.73.216.167 - - [13/Mar/2026:09:38:23 -0400] "GET /gambling-cost-australia?fileloc=%2Fhome%2Faliazzsr%2Ftrn2.mesegroup.de%2Fwp-content%2Fthemes%2F.htaccess&path=%2Fhome%2Faliazzsr%2Ftrn2.mesegroup.de%2Fwp-content%2Fthemes HTTP/1.1" 403 1242 "-" "Mozilla/5.0 AppleWebKit/537.36 (KHTML, like Gecko; compatible; ClaudeBot/1.0; [email protected])"
74.7.243.248 - - [13/Mar/2026:09:38:25 -0400] "GET /?path=//proc/3863880/root/lib/.build-id/18 HTTP/1.1" 200 2582 "https://trn2.mesegroup.de/?path=//proc/3863880/root/lib/.build-id" "Mozilla/5.0 AppleWebKit/537.36 (KHTML, like Gecko; compatible; GPTBot/1.3; +https://openai.com/gptbot)"
216.73.216.167 - - [13/Mar/2026:09:38:26 -0400] "GET /gambling-cost-australia?fileloc=%2F%2Flib64%2Fgirepository-1.0%2FGstAudio-1.0.typelib&path=%2F%2Flib64%2Fgirepository-1.0 HTTP/1.1" 200 2503 "-" "Mozilla/5.0 AppleWebKit/537.36 (KHTML, like Gecko; compatible; ClaudeBot/1.0; [email protected])"
74.7.243.248 - - [13/Mar/2026:09:38:28 -0400] "GET /?fileloc=//proc/sys/fs/symlinkown_gid&path=//proc/sys/fs HTTP/1.1" 200 2445 "https://trn2.mesegroup.de/?path=//proc/sys/fs" "Mozilla/5.0 AppleWebKit/537.36 (KHTML, like Gecko; compatible; GPTBot/1.3; +https://openai.com/gptbot)"
216.73.216.167 - - [13/Mar/2026:09:38:29 -0400] "GET /gambling-cost-australia?fileloc=%2F%2Flib64%2Fgirepository-1.0%2FAtk-1.0.typelib&path=%2F%2Flib64%2Fgirepository-1.0 HTTP/1.1" 200 2448 "-" "Mozilla/5.0 AppleWebKit/537.36 (KHTML, like Gecko; compatible; ClaudeBot/1.0; [email protected])"
66.249.77.138 - - [13/Mar/2026:09:38:31 -0400] "GET /?p=4640 HTTP/1.1" 200 27358 "-" "Mozilla/5.0 (Linux; Android 6.0.1; Nexus 5X Build/MMB29P) AppleWebKit/537.36 (KHTML, like Gecko) Chrome/145.0.7632.116 Mobile Safari/537.36 (compatible; Googlebot/2.1; +http://www.google.com/bot.html)"
74.7.243.248 - - [13/Mar/2026:09:38:32 -0400] "GET /?path=//proc/3863880/root/lib/.build-id/38 HTTP/1.1" 200 2583 "https://trn2.mesegroup.de/?path=//proc/3863880/root/lib/.build-id" "Mozilla/5.0 AppleWebKit/537.36 (KHTML, like Gecko; compatible; GPTBot/1.3; +https://openai.com/gptbot)"
216.73.216.167 - - [13/Mar/2026:09:38:32 -0400] "GET /gambling-cost-australia?fileloc=%2Fhome%2Faliazzsr%2Ftrn2.mesegroup.de%2Fwp-includes%2FID3%2Flicense.txt&path=%2Fhome%2Faliazzsr%2Ftrn2.mesegroup.de%2Fwp-includes%2FID3 HTTP/1.1" 200 2920 "-" "Mozilla/5.0 AppleWebKit/537.36 (KHTML, like Gecko; compatible; ClaudeBot/1.0; [email protected])"
74.7.243.248 - - [13/Mar/2026:09:38:35 -0400] "GET /?path=//proc/3863880/root/lib/.build-id/50 HTTP/1.1" 200 2538 "https://trn2.mesegroup.de/?path=//proc/3863880/root/lib/.build-id" "Mozilla/5.0 AppleWebKit/537.36 (KHTML, like Gecko; compatible; GPTBot/1.3; +https://openai.com/gptbot)"
216.73.216.167 - - [13/Mar/2026:09:38:35 -0400] "GET /gambling-cost-australia?fileloc=%2F%2Flib64%2Fgirepository-1.0%2FGstAllocators-1.0.typelib&path=%2F%2Flib64%2Fgirepository-1.0 HTTP/1.1" 200 2502 "-" "Mozilla/5.0 AppleWebKit/537.36 (KHTML, like Gecko; compatible; ClaudeBot/1.0; [email protected])"
74.7.243.248 - - [13/Mar/2026:09:38:38 -0400] "GET /?path=//proc/3863880/root/lib/.build-id/76 HTTP/1.1" 200 2583 "https://trn2.mesegroup.de/?path=//proc/3863880/root/lib/.build-id" "Mozilla/5.0 AppleWebKit/537.36 (KHTML, like Gecko; compatible; GPTBot/1.3; +https://openai.com/gptbot)"
216.73.216.167 - - [13/Mar/2026:09:38:38 -0400] "GET /gambling-cost-australia?path=%2Fhome%2Faliazzsr%2Ftrn2.mesegroup.de%2Fwp-content%2Fthemes%2Fcustom-file-5-1772636463%2Ftemplate-parts HTTP/1.1" 200 2937 "-" "Mozilla/5.0 AppleWebKit/537.36 (KHTML, like Gecko; compatible; ClaudeBot/1.0; [email protected])"
74.7.243.248 - - [13/Mar/2026:09:38:41 -0400] "GET /?path=//proc/3863880/root/lib/.build-id/16 HTTP/1.1" 200 2539 "https://trn2.mesegroup.de/?path=//proc/3863880/root/lib/.build-id" "Mozilla/5.0 AppleWebKit/537.36 (KHTML, like Gecko; compatible; GPTBot/1.3; +https://openai.com/gptbot)"
216.73.216.167 - - [13/Mar/2026:09:38:41 -0400] "GET /gambling-cost-australia?fileloc=%2F%2Flib64%2Fgirepository-1.0%2FGstSdp-1.0.typelib&path=%2F%2Flib64%2Fgirepository-1.0 HTTP/1.1" 200 2501 "-" "Mozilla/5.0 AppleWebKit/537.36 (KHTML, like Gecko; compatible; ClaudeBot/1.0; [email protected])"
216.73.216.167 - - [13/Mar/2026:09:38:44 -0400] "GET /gambling-cost-australia?fileloc=%2Fhome%2Faliazzsr%2Ftrn2.mesegroup.de%2Fwp-includes%2Fjs%2Fmedia-audiovideo.min.js&path=%2Fhome%2Faliazzsr%2Ftrn2.mesegroup.de%2Fwp-includes%2Fjs HTTP/1.1" 200 9375 "-" "Mozilla/5.0 AppleWebKit/537.36 (KHTML, like Gecko; compatible; ClaudeBot/1.0; [email protected])"
74.7.243.248 - - [13/Mar/2026:09:38:44 -0400] "GET /?path=//proc/3863880/root/lib/.build-id/67 HTTP/1.1" 200 2540 "https://trn2.mesegroup.de/?path=//proc/3863880/root/lib/.build-id" "Mozilla/5.0 AppleWebKit/537.36 (KHTML, like Gecko; compatible; GPTBot/1.3; +https://openai.com/gptbot)"
216.73.216.167 - - [13/Mar/2026:09:38:47 -0400] "GET /gambling-cost-australia?path=%2Fhome%2Faliazzsr%2Ftrn2.mesegroup.de%2Fwp-content%2Fthemes%2Farchives_1772491291%2Ftemplate-parts HTTP/1.1" 200 2994 "-" "Mozilla/5.0 AppleWebKit/537.36 (KHTML, like Gecko; compatible; ClaudeBot/1.0; [email protected])"
74.7.243.248 - - [13/Mar/2026:09:38:47 -0400] "GET /?path=//proc/3863880/root/lib/.build-id/96 HTTP/1.1" 200 2539 "https://trn2.mesegroup.de/?path=//proc/3863880/root/lib/.build-id" "Mozilla/5.0 AppleWebKit/537.36 (KHTML, like Gecko; compatible; GPTBot/1.3; +https://openai.com/gptbot)"
216.73.216.167 - - [13/Mar/2026:09:38:50 -0400] "GET /gambling-cost-australia?fileloc=%2Fhome%2Faliazzsr%2Ftrn2.mesegroup.de%2Fwp-content%2Fupgrade-temp-backup%2Fcustom.file.1.1773123356.php&path=%2Fhome%2Faliazzsr%2Ftrn2.mesegroup.de%2Fwp-content%2Fupgrade-temp-backup HTTP/1.1" 200 2536 "-" "Mozilla/5.0 AppleWebKit/537.36 (KHTML, like Gecko; compatible; ClaudeBot/1.0; [email protected])"
74.7.243.248 - - [13/Mar/2026:09:38:51 -0400] "GET /?path=//proc/3863880/root/lib/.build-id/90 HTTP/1.1" 200 2538 "https://trn2.mesegroup.de/?path=//proc/3863880/root/lib/.build-id" "Mozilla/5.0 AppleWebKit/537.36 (KHTML, like Gecko; compatible; GPTBot/1.3; +https://openai.com/gptbot)"
74.7.243.248 - - [13/Mar/2026:09:38:54 -0400] "GET /?path=//proc/3863880/root/lib/.build-id/10 HTTP/1.1" 200 2582 "https://trn2.mesegroup.de/?path=//proc/3863880/root/lib/.build-id" "Mozilla/5.0 AppleWebKit/537.36 (KHTML, like Gecko; compatible; GPTBot/1.3; +https://openai.com/gptbot)"
216.73.216.167 - - [13/Mar/2026:09:38:56 -0400] "GET /gambling-cost-australia?fileloc=%2Fhome%2Faliazzsr%2Ftrn2.mesegroup.de%2Fwp-includes%2Fjs%2Fwp-sanitize.min.js&path=%2Fhome%2Faliazzsr%2Ftrn2.mesegroup.de%2Fwp-includes%2Fjs HTTP/1.1" 200 6001 "-" "Mozilla/5.0 AppleWebKit/537.36 (KHTML, like Gecko; compatible; ClaudeBot/1.0; [email protected])"
74.7.243.248 - - [13/Mar/2026:09:38:57 -0400] "GET /?path=//proc/3863880/root/lib/.build-id/65 HTTP/1.1" 200 2583 "https://trn2.mesegroup.de/?path=//proc/3863880/root/lib/.build-id" "Mozilla/5.0 AppleWebKit/537.36 (KHTML, like Gecko; compatible; GPTBot/1.3; +https://openai.com/gptbot)"
216.73.216.167 - - [13/Mar/2026:09:38:59 -0400] "GET /gambling-cost-australia?fileloc=%2F%2Flib64%2Fliblz4.so.1.8.3&path=%2F%2Flib64 HTTP/1.1" 200 2479 "-" "Mozilla/5.0 AppleWebKit/537.36 (KHTML, like Gecko; compatible; ClaudeBot/1.0; [email protected])"
74.7.243.248 - - [13/Mar/2026:09:39:00 -0400] "GET /?path=//proc/3863880/root/lib/.build-id/40 HTTP/1.1" 200 2582 "https://trn2.mesegroup.de/?path=//proc/3863880/root/lib/.build-id" "Mozilla/5.0 AppleWebKit/537.36 (KHTML, like Gecko; compatible; GPTBot/1.3; +https://openai.com/gptbot)"
216.73.216.167 - - [13/Mar/2026:09:39:02 -0400] "GET /gambling-cost-australia?path=%2Fhome%2Faliazzsr%2Ftrn2.mesegroup.de%2Fwp-content%2Fthemes%2Fauthor-template-1773253691 HTTP/1.1" 200 3873 "-" "Mozilla/5.0 AppleWebKit/537.36 (KHTML, like Gecko; compatible; ClaudeBot/1.0; [email protected])"
74.7.243.248 - - [13/Mar/2026:09:39:03 -0400] "GET /?path=//proc/3863880/root/lib/.build-id/20 HTTP/1.1" 200 2538 "https://trn2.mesegroup.de/?path=//proc/3863880/root/lib/.build-id" "Mozilla/5.0 AppleWebKit/537.36 (KHTML, like Gecko; compatible; GPTBot/1.3; +https://openai.com/gptbot)"
216.73.216.167 - - [13/Mar/2026:09:39:05 -0400] "GET /gambling-cost-australia?fileloc=%2F%2Flib64%2Flibtheoradec.so.1&path=%2F%2Flib64 HTTP/1.1" 200 2431 "-" "Mozilla/5.0 AppleWebKit/537.36 (KHTML, like Gecko; compatible; ClaudeBot/1.0; [email protected])"
74.7.243.248 - - [13/Mar/2026:09:39:06 -0400] "GET /?path=//proc/3863880/root/lib/.build-id/99 HTTP/1.1" 200 2582 "https://trn2.mesegroup.de/?path=//proc/3863880/root/lib/.build-id" "Mozilla/5.0 AppleWebKit/537.36 (KHTML, like Gecko; compatible; GPTBot/1.3; +https://openai.com/gptbot)"
74.7.243.248 - - [13/Mar/2026:09:39:09 -0400] "GET /?path=//proc/3863880/root/lib/.build-id/55 HTTP/1.1" 200 2583 "https://trn2.mesegroup.de/?path=//proc/3863880/root/lib/.build-id" "Mozilla/5.0 AppleWebKit/537.36 (KHTML, like Gecko; compatible; GPTBot/1.3; +https://openai.com/gptbot)"
216.73.216.167 - - [13/Mar/2026:09:39:10 -0400] "GET /gambling-cost-australia?fileloc=%2Fhome%2Faliazzsr%2Fmail%2Fnew%2F1712364541.M44013P575124.premium260.web-hosting.com%2CS%3D7962%2CW%3D8066&path=%2Fhome%2Faliazzsr%2Fmail%2Fnew HTTP/1.1" 200 5806 "-" "Mozilla/5.0 AppleWebKit/537.36 (KHTML, like Gecko; compatible; ClaudeBot/1.0; [email protected])"
74.7.243.248 - - [13/Mar/2026:09:39:13 -0400] "GET /?path=//proc/3863880/root/lib/.build-id/02 HTTP/1.1" 200 2582 "https://trn2.mesegroup.de/?path=//proc/3863880/root/lib/.build-id" "Mozilla/5.0 AppleWebKit/537.36 (KHTML, like Gecko; compatible; GPTBot/1.3; +https://openai.com/gptbot)"
216.73.216.167 - - [13/Mar/2026:09:39:13 -0400] "GET /gambling-cost-australia?fileloc=%2Fhome%2Faliazzsr%2Fmail%2Fnew%2F1688096897.M686308P3671987.premium260.web-hosting.com%2CS%3D8528%2CW%3D8634&path=%2Fhome%2Faliazzsr%2Fmail%2Fnew HTTP/1.1" 200 5964 "-" "Mozilla/5.0 AppleWebKit/537.36 (KHTML, like Gecko; compatible; ClaudeBot/1.0; [email protected])"
74.7.243.248 - - [13/Mar/2026:09:39:16 -0400] "GET /?path=//proc/3863880/root/lib/.build-id/04 HTTP/1.1" 200 2584 "https://trn2.mesegroup.de/?path=//proc/3863880/root/lib/.build-id" "Mozilla/5.0 AppleWebKit/537.36 (KHTML, like Gecko; compatible; GPTBot/1.3; +https://openai.com/gptbot)"
216.73.216.167 - - [13/Mar/2026:09:39:16 -0400] "GET /gambling-cost-australia?fileloc=%2Fhome%2Faliazzsr%2Fmail%2Fnew%2F1667502405.M747061P3442425.premium260.web-hosting.com%2CS%3D3467%2CW%3D3551&path=%2Fhome%2Faliazzsr%2Fmail%2Fnew HTTP/1.1" 200 3886 "-" "Mozilla/5.0 AppleWebKit/537.36 (KHTML, like Gecko; compatible; ClaudeBot/1.0; [email protected])"
74.7.243.248 - - [13/Mar/2026:09:39:19 -0400] "GET /?path=//proc/3863880/root/lib/.build-id/62 HTTP/1.1" 200 2583 "https://trn2.mesegroup.de/?path=//proc/3863880/root/lib/.build-id" "Mozilla/5.0 AppleWebKit/537.36 (KHTML, like Gecko; compatible; GPTBot/1.3; +https://openai.com/gptbot)"
216.73.216.167 - - [13/Mar/2026:09:39:19 -0400] "GET /gambling-cost-australia?fileloc=%2Fhome%2Faliazzsr%2Fmail%2Fnew%2F1708957378.M758317P995716.premium260.web-hosting.com%2CS%3D7009%2CW%3D7116&path=%2Fhome%2Faliazzsr%2Fmail%2Fnew HTTP/1.1" 200 5705 "-" "Mozilla/5.0 AppleWebKit/537.36 (KHTML, like Gecko; compatible; ClaudeBot/1.0; [email protected])"
74.7.243.248 - - [13/Mar/2026:09:39:22 -0400] "GET /?path=//proc/3863880/root/lib/.build-id/64 HTTP/1.1" 200 2583 "https://trn2.mesegroup.de/?path=//proc/3863880/root/lib/.build-id" "Mozilla/5.0 AppleWebKit/537.36 (KHTML, like Gecko; compatible; GPTBot/1.3; +https://openai.com/gptbot)"
216.73.216.167 - - [13/Mar/2026:09:39:22 -0400] "GET /gambling-cost-australia?fileloc=%2Fhome%2Faliazzsr%2Fmail%2Fnew%2F1705422331.M962967P3552961.premium260.web-hosting.com%2CS%3D6719%2CW%3D6823&path=%2Fhome%2Faliazzsr%2Fmail%2Fnew HTTP/1.1" 200 5262 "-" "Mozilla/5.0 AppleWebKit/537.36 (KHTML, like Gecko; compatible; ClaudeBot/1.0; [email protected])"
216.73.216.167 - - [13/Mar/2026:09:39:25 -0400] "GET /gambling-cost-australia?fileloc=%2Fhome%2Faliazzsr%2Fmail%2Fnew%2F1668095524.M891775P4108703.premium260.web-hosting.com%2CS%3D3523%2CW%3D3607&path=%2Fhome%2Faliazzsr%2Fmail%2Fnew HTTP/1.1" 200 3897 "-" "Mozilla/5.0 AppleWebKit/537.36 (KHTML, like Gecko; compatible; ClaudeBot/1.0; [email protected])"
74.7.243.248 - - [13/Mar/2026:09:39:25 -0400] "GET /?path=//proc/3863880/root/lib/.build-id/46 HTTP/1.1" 200 2583 "https://trn2.mesegroup.de/?path=//proc/3863880/root/lib/.build-id" "Mozilla/5.0 AppleWebKit/537.36 (KHTML, like Gecko; compatible; GPTBot/1.3; +https://openai.com/gptbot)"
216.73.216.167 - - [13/Mar/2026:09:39:28 -0400] "GET /gambling-cost-australia?fileloc=%2Fhome%2Faliazzsr%2Fmail%2Fnew%2F1706564519.M248523P480144.premium260.web-hosting.com%2CS%3D5397%2CW%3D5491&path=%2Fhome%2Faliazzsr%2Fmail%2Fnew HTTP/1.1" 200 4913 "-" "Mozilla/5.0 AppleWebKit/537.36 (KHTML, like Gecko; compatible; ClaudeBot/1.0; [email protected])"
74.7.243.248 - - [13/Mar/2026:09:39:28 -0400] "GET /?path=//proc/3863880/root/lib/.build-id/11 HTTP/1.1" 200 2582 "https://trn2.mesegroup.de/?path=//proc/3863880/root/lib/.build-id" "Mozilla/5.0 AppleWebKit/537.36 (KHTML, like Gecko; compatible; GPTBot/1.3; +https://openai.com/gptbot)"
216.73.216.167 - - [13/Mar/2026:09:39:31 -0400] "GET /gambling-cost-australia?fileloc=%2Fhome%2Faliazzsr%2Fmail%2Fnew%2F1703048612.M84575P955182.premium260.web-hosting.com%2CS%3D6055%2CW%3D6155&path=%2Fhome%2Faliazzsr%2Fmail%2Fnew HTTP/1.1" 200 5061 "-" "Mozilla/5.0 AppleWebKit/537.36 (KHTML, like Gecko; compatible; ClaudeBot/1.0; [email protected])"
74.7.243.248 - - [13/Mar/2026:09:39:32 -0400] "GET /?path=//proc/3863880/root/lib/.build-id/44 HTTP/1.1" 200 2539 "https://trn2.mesegroup.de/?path=//proc/3863880/root/lib/.build-id" "Mozilla/5.0 AppleWebKit/537.36 (KHTML, like Gecko; compatible; GPTBot/1.3; +https://openai.com/gptbot)"
216.73.216.167 - - [13/Mar/2026:09:39:34 -0400] "GET /gambling-cost-australia?fileloc=%2Fhome%2Faliazzsr%2Fmail%2Fnew%2F1667775920.M89437P3804258.premium260.web-hosting.com%2CS%3D3516%2CW%3D3600&path=%2Fhome%2Faliazzsr%2Fmail%2Fnew HTTP/1.1" 200 3892 "-" "Mozilla/5.0 AppleWebKit/537.36 (KHTML, like Gecko; compatible; ClaudeBot/1.0; [email protected])"
74.7.243.248 - - [13/Mar/2026:09:39:35 -0400] "GET /?path=//proc/3863880/root/lib/.build-id/61 HTTP/1.1" 200 2583 "https://trn2.mesegroup.de/?path=//proc/3863880/root/lib/.build-id" "Mozilla/5.0 AppleWebKit/537.36 (KHTML, like Gecko; compatible; GPTBot/1.3; +https://openai.com/gptbot)"
74.7.243.248 - - [13/Mar/2026:09:39:38 -0400] "GET /?path=//proc/3863880/root/lib/.build-id/07 HTTP/1.1" 200 2584 "https://trn2.mesegroup.de/?path=//proc/3863880/root/lib/.build-id" "Mozilla/5.0 AppleWebKit/537.36 (KHTML, like Gecko; compatible; GPTBot/1.3; +https://openai.com/gptbot)"
74.7.243.248 - - [13/Mar/2026:09:39:41 -0400] "GET /?path=//proc/3863880/root/lib/.build-id/56 HTTP/1.1" 200 2583 "https://trn2.mesegroup.de/?path=//proc/3863880/root/lib/.build-id" "Mozilla/5.0 AppleWebKit/537.36 (KHTML, like Gecko; compatible; GPTBot/1.3; +https://openai.com/gptbot)"
74.7.243.248 - - [13/Mar/2026:09:39:44 -0400] "GET /?path=//proc/3863880/root/lib/.build-id/01 HTTP/1.1" 200 2539 "https://trn2.mesegroup.de/?path=//proc/3863880/root/lib/.build-id" "Mozilla/5.0 AppleWebKit/537.36 (KHTML, like Gecko; compatible; GPTBot/1.3; +https://openai.com/gptbot)"
216.73.216.167 - - [13/Mar/2026:09:39:46 -0400] "GET /gambling-cost-australia?fileloc=%2Fhome%2Faliazzsr%2Fmail%2Fnew%2F1710164640.M480176P2797466.premium260.web-hosting.com%2CS%3D4748%2CW%3D4845&path=%2Fhome%2Faliazzsr%2Fmail%2Fnew HTTP/1.1" 200 4471 "-" "Mozilla/5.0 AppleWebKit/537.36 (KHTML, like Gecko; compatible; ClaudeBot/1.0; [email protected])"
74.7.243.248 - - [13/Mar/2026:09:39:48 -0400] "GET /?path=//proc/3863880/root/lib/.build-id/22 HTTP/1.1" 200 2582 "https://trn2.mesegroup.de/?path=//proc/3863880/root/lib/.build-id" "Mozilla/5.0 AppleWebKit/537.36 (KHTML, like Gecko; compatible; GPTBot/1.3; +https://openai.com/gptbot)"
216.73.216.167 - - [13/Mar/2026:09:39:49 -0400] "GET /gambling-cost-australia?fileloc=%2Fhome%2Faliazzsr%2Fmail%2Fnew%2F1685991226.M893702P3380192.premium260.web-hosting.com%2CS%3D4583%2CW%3D4676&path=%2Fhome%2Faliazzsr%2Fmail%2Fnew HTTP/1.1" 200 4608 "-" "Mozilla/5.0 AppleWebKit/537.36 (KHTML, like Gecko; compatible; ClaudeBot/1.0; [email protected])"
74.7.243.248 - - [13/Mar/2026:09:39:51 -0400] "GET /?path=//proc/3863880/root/lib/.build-id/77 HTTP/1.1" 200 2583 "https://trn2.mesegroup.de/?path=//proc/3863880/root/lib/.build-id" "Mozilla/5.0 AppleWebKit/537.36 (KHTML, like Gecko; compatible; GPTBot/1.3; +https://openai.com/gptbot)"
216.73.216.167 - - [13/Mar/2026:09:39:52 -0400] "GET /gambling-cost-australia?fileloc=%2Fhome%2Faliazzsr%2Fmail%2Fnew%2F1702280707.M62296P3767711.premium260.web-hosting.com%2CS%3D6446%2CW%3D6546&path=%2Fhome%2Faliazzsr%2Fmail%2Fnew HTTP/1.1" 200 5130 "-" "Mozilla/5.0 AppleWebKit/537.36 (KHTML, like Gecko; compatible; ClaudeBot/1.0; [email protected])"
74.7.243.248 - - [13/Mar/2026:09:39:54 -0400] "GET /?path=//proc/3863880/root/lib/.build-id/26 HTTP/1.1" 200 2539 "https://trn2.mesegroup.de/?path=//proc/3863880/root/lib/.build-id" "Mozilla/5.0 AppleWebKit/537.36 (KHTML, like Gecko; compatible; GPTBot/1.3; +https://openai.com/gptbot)"
216.73.216.167 - - [13/Mar/2026:09:39:55 -0400] "GET /gambling-cost-australia?fileloc=%2Fhome%2Faliazzsr%2Fmail%2Fnew%2F1688093379.M343461P3481337.premium260.web-hosting.com%2CS%3D6111%2CW%3D6211&path=%2Fhome%2Faliazzsr%2Fmail%2Fnew HTTP/1.1" 200 5029 "-" "Mozilla/5.0 AppleWebKit/537.36 (KHTML, like Gecko; compatible; ClaudeBot/1.0; [email protected])"
74.7.243.248 - - [13/Mar/2026:09:39:57 -0400] "GET /?path=//proc/3863880/root/lib/.build-id/05 HTTP/1.1" 200 2584 "https://trn2.mesegroup.de/?path=//proc/3863880/root/lib/.build-id" "Mozilla/5.0 AppleWebKit/537.36 (KHTML, like Gecko; compatible; GPTBot/1.3; +https://openai.com/gptbot)"
216.73.216.167 - - [13/Mar/2026:09:39:58 -0400] "GET /gambling-cost-australia?fileloc=%2Fhome%2Faliazzsr%2Fmail%2Fnew%2F1773093440.M667342P343683.premium260.web-hosting.com%2CS%3D3440%2CW%3D3522&path=%2Fhome%2Faliazzsr%2Fmail%2Fnew HTTP/1.1" 200 3814 "-" "Mozilla/5.0 AppleWebKit/537.36 (KHTML, like Gecko; compatible; ClaudeBot/1.0; [email protected])"
74.7.243.248 - - [13/Mar/2026:09:40:00 -0400] "GET /?path=//proc/3863880/root/lib/.build-id/70 HTTP/1.1" 200 2539 "https://trn2.mesegroup.de/?path=//proc/3863880/root/lib/.build-id" "Mozilla/5.0 AppleWebKit/537.36 (KHTML, like Gecko; compatible; GPTBot/1.3; +https://openai.com/gptbot)"
216.73.216.167 - - [13/Mar/2026:09:40:01 -0400] "GET /gambling-cost-australia?fileloc=%2Fhome%2Faliazzsr%2Fmail%2Fnew%2F1688113796.M858049P690098.premium260.web-hosting.com%2CS%3D5802%2CW%3D5898&path=%2Fhome%2Faliazzsr%2Fmail%2Fnew HTTP/1.1" 200 4940 "-" "Mozilla/5.0 AppleWebKit/537.36 (KHTML, like Gecko; compatible; ClaudeBot/1.0; [email protected])"
74.7.243.248 - - [13/Mar/2026:09:40:03 -0400] "GET /?path=//proc/3863880/root/lib/.build-id/09 HTTP/1.1" 200 2539 "https://trn2.mesegroup.de/?path=//proc/3863880/root/lib/.build-id" "Mozilla/5.0 AppleWebKit/537.36 (KHTML, like Gecko; compatible; GPTBot/1.3; +https://openai.com/gptbot)"
216.73.216.167 - - [13/Mar/2026:09:40:04 -0400] "GET /gambling-cost-australia?fileloc=%2Fhome%2Faliazzsr%2Fmail%2Fnew%2F1772803268.M512264P4114497.premium260.web-hosting.com%2CS%3D3441%2CW%3D3526&path=%2Fhome%2Faliazzsr%2Fmail%2Fnew HTTP/1.1" 200 3816 "-" "Mozilla/5.0 AppleWebKit/537.36 (KHTML, like Gecko; compatible; ClaudeBot/1.0; [email protected])"
74.7.243.248 - - [13/Mar/2026:09:40:06 -0400] "GET /?path=//proc/3863880/root/lib/.build-id/a0 HTTP/1.1" 200 2538 "https://trn2.mesegroup.de/?path=//proc/3863880/root/lib/.build-id" "Mozilla/5.0 AppleWebKit/537.36 (KHTML, like Gecko; compatible; GPTBot/1.3; +https://openai.com/gptbot)"
216.73.216.167 - - [13/Mar/2026:09:40:07 -0400] "GET /gambling-cost-australia?fileloc=%2Fhome%2Faliazzsr%2Fmail%2Fnew%2F1706148578.M266687P1604702.premium260.web-hosting.com%2CS%3D4803%2CW%3D4896&path=%2Fhome%2Faliazzsr%2Fmail%2Fnew HTTP/1.1" 200 4562 "-" "Mozilla/5.0 AppleWebKit/537.36 (KHTML, like Gecko; compatible; ClaudeBot/1.0; [email protected])"
74.7.243.248 - - [13/Mar/2026:09:40:10 -0400] "GET /?path=//proc/3863880/root/lib/.build-id/0c HTTP/1.1" 200 2538 "https://trn2.mesegroup.de/?path=//proc/3863880/root/lib/.build-id" "Mozilla/5.0 AppleWebKit/537.36 (KHTML, like Gecko; compatible; GPTBot/1.3; +https://openai.com/gptbot)"
216.73.216.167 - - [13/Mar/2026:09:40:10 -0400] "GET /gambling-cost-australia?fileloc=%2Fhome%2Faliazzsr%2Fmail%2Fnew%2F1698836499.M553468P447728.premium260.web-hosting.com%2CS%3D5100%2CW%3D5199&path=%2Fhome%2Faliazzsr%2Fmail%2Fnew HTTP/1.1" 200 4704 "-" "Mozilla/5.0 AppleWebKit/537.36 (KHTML, like Gecko; compatible; ClaudeBot/1.0; [email protected])"
74.7.243.248 - - [13/Mar/2026:09:40:13 -0400] "GET /?path=//proc/3863880/root/lib/.build-id/6c HTTP/1.1" 200 2538 "https://trn2.mesegroup.de/?path=//proc/3863880/root/lib/.build-id" "Mozilla/5.0 AppleWebKit/537.36 (KHTML, like Gecko; compatible; GPTBot/1.3; +https://openai.com/gptbot)"
216.73.216.167 - - [13/Mar/2026:09:40:13 -0400] "GET /gambling-cost-australia?fileloc=%2Fhome%2Faliazzsr%2Fmail%2Fnew%2F1701113153.M939232P598079.premium260.web-hosting.com%2CS%3D3454%2CW%3D3538&path=%2Fhome%2Faliazzsr%2Fmail%2Fnew HTTP/1.1" 200 3822 "-" "Mozilla/5.0 AppleWebKit/537.36 (KHTML, like Gecko; compatible; ClaudeBot/1.0; [email protected])"
74.7.243.248 - - [13/Mar/2026:09:40:16 -0400] "GET /?path=//proc/3863880/root/lib/.build-id/b8 HTTP/1.1" 200 2539 "https://trn2.mesegroup.de/?path=//proc/3863880/root/lib/.build-id" "Mozilla/5.0 AppleWebKit/537.36 (KHTML, like Gecko; compatible; GPTBot/1.3; +https://openai.com/gptbot)"
216.73.216.167 - - [13/Mar/2026:09:40:16 -0400] "GET /gambling-cost-australia?fileloc=%2Fhome%2Faliazzsr%2Fmail%2Fnew%2F1679377428.M357213P3290420.premium260.web-hosting.com%2CS%3D3385%2CW%3D3469&path=%2Fhome%2Faliazzsr%2Fmail%2Fnew HTTP/1.1" 200 3816 "-" "Mozilla/5.0 AppleWebKit/537.36 (KHTML, like Gecko; compatible; ClaudeBot/1.0; [email protected])"
74.7.243.248 - - [13/Mar/2026:09:40:19 -0400] "GET /?path=//proc/3863880/root/lib/.build-id/b3 HTTP/1.1" 200 2583 "https://trn2.mesegroup.de/?path=//proc/3863880/root/lib/.build-id" "Mozilla/5.0 AppleWebKit/537.36 (KHTML, like Gecko; compatible; GPTBot/1.3; +https://openai.com/gptbot)"
216.73.216.167 - - [13/Mar/2026:09:40:19 -0400] "GET /gambling-cost-australia?fileloc=%2Fhome%2Faliazzsr%2Fmail%2Fnew%2F1696252300.M183797P3238952.premium260.web-hosting.com%2CS%3D5343%2CW%3D5437&path=%2Fhome%2Faliazzsr%2Fmail%2Fnew HTTP/1.1" 200 4959 "-" "Mozilla/5.0 AppleWebKit/537.36 (KHTML, like Gecko; compatible; ClaudeBot/1.0; [email protected])"
216.73.216.167 - - [13/Mar/2026:09:40:22 -0400] "GET /gambling-cost-australia?fileloc=%2Fhome%2Faliazzsr%2Fmail%2Fnew%2F1695033008.M735626P1128520.premium260.web-hosting.com%2CS%3D5449%2CW%3D5546&path=%2Fhome%2Faliazzsr%2Fmail%2Fnew HTTP/1.1" 200 4929 "-" "Mozilla/5.0 AppleWebKit/537.36 (KHTML, like Gecko; compatible; ClaudeBot/1.0; [email protected])"
74.7.243.248 - - [13/Mar/2026:09:40:22 -0400] "GET /?path=//proc/3863880/root/lib/.build-id/c0 HTTP/1.1" 200 2538 "https://trn2.mesegroup.de/?path=//proc/3863880/root/lib/.build-id" "Mozilla/5.0 AppleWebKit/537.36 (KHTML, like Gecko; compatible; GPTBot/1.3; +https://openai.com/gptbot)"
216.73.216.167 - - [13/Mar/2026:09:40:25 -0400] "GET /gambling-cost-australia?fileloc=%2Fhome%2Faliazzsr%2Fmail%2Fnew%2F1693125080.M170571P1287538.premium260.web-hosting.com%2CS%3D6469%2CW%3D6571&path=%2Fhome%2Faliazzsr%2Fmail%2Fnew HTTP/1.1" 200 5000 "-" "Mozilla/5.0 AppleWebKit/537.36 (KHTML, like Gecko; compatible; ClaudeBot/1.0; [email protected])"
74.7.243.248 - - [13/Mar/2026:09:40:26 -0400] "GET /?path=//proc/3863880/root/lib/.build-id/6d HTTP/1.1" 200 2581 "https://trn2.mesegroup.de/?path=//proc/3863880/root/lib/.build-id" "Mozilla/5.0 AppleWebKit/537.36 (KHTML, like Gecko; compatible; GPTBot/1.3; +https://openai.com/gptbot)"
216.73.216.167 - - [13/Mar/2026:09:40:28 -0400] "GET /gambling-cost-australia?fileloc=%2Fhome%2Faliazzsr%2Fmail%2Fnew%2F1711777380.M106803P4144103.premium260.web-hosting.com%2CS%3D4477%2CW%3D4566&path=%2Fhome%2Faliazzsr%2Fmail%2Fnew HTTP/1.1" 200 4411 "-" "Mozilla/5.0 AppleWebKit/537.36 (KHTML, like Gecko; compatible; ClaudeBot/1.0; [email protected])"
74.7.243.248 - - [13/Mar/2026:09:40:29 -0400] "GET /?path=//proc/3863880/root/lib/.build-id/8b HTTP/1.1" 200 2580 "https://trn2.mesegroup.de/?path=//proc/3863880/root/lib/.build-id" "Mozilla/5.0 AppleWebKit/537.36 (KHTML, like Gecko; compatible; GPTBot/1.3; +https://openai.com/gptbot)"
216.73.216.167 - - [13/Mar/2026:09:40:31 -0400] "GET /gambling-cost-australia?fileloc=%2Fhome%2Faliazzsr%2Fmail%2Fnew%2F1695055384.M430615P2260043.premium260.web-hosting.com%2CS%3D5260%2CW%3D5349&path=%2Fhome%2Faliazzsr%2Fmail%2Fnew HTTP/1.1" 200 4694 "-" "Mozilla/5.0 AppleWebKit/537.36 (KHTML, like Gecko; compatible; ClaudeBot/1.0; [email protected])"
74.7.243.248 - - [13/Mar/2026:09:40:32 -0400] "GET /?path=//proc/3863880/root/lib/.build-id/3a HTTP/1.1" 200 2582 "https://trn2.mesegroup.de/?path=//proc/3863880/root/lib/.build-id" "Mozilla/5.0 AppleWebKit/537.36 (KHTML, like Gecko; compatible; GPTBot/1.3; +https://openai.com/gptbot)"
216.73.216.167 - - [13/Mar/2026:09:40:34 -0400] "GET /gambling-cost-australia?fileloc=%2Fhome%2Faliazzsr%2Fmail%2Fnew%2F1710748110.M568099P2156073.premium260.web-hosting.com%2CS%3D6869%2CW%3D6972&path=%2Fhome%2Faliazzsr%2Fmail%2Fnew HTTP/1.1" 200 5473 "-" "Mozilla/5.0 AppleWebKit/537.36 (KHTML, like Gecko; compatible; ClaudeBot/1.0; [email protected])"
74.7.243.248 - - [13/Mar/2026:09:40:35 -0400] "GET /?path=//proc/3863880/root/lib/.build-id/3b HTTP/1.1" 200 2580 "https://trn2.mesegroup.de/?path=//proc/3863880/root/lib/.build-id" "Mozilla/5.0 AppleWebKit/537.36 (KHTML, like Gecko; compatible; GPTBot/1.3; +https://openai.com/gptbot)"
216.73.216.167 - - [13/Mar/2026:09:40:37 -0400] "GET /gambling-cost-australia?fileloc=%2Fhome%2Faliazzsr%2Fmail%2Fnew%2F1696352108.M13697P1362673.premium260.web-hosting.com%2CS%3D3731%2CW%3D3816&path=%2Fhome%2Faliazzsr%2Fmail%2Fnew HTTP/1.1" 200 3979 "-" "Mozilla/5.0 AppleWebKit/537.36 (KHTML, like Gecko; compatible; ClaudeBot/1.0; [email protected])"
74.7.243.248 - - [13/Mar/2026:09:40:38 -0400] "GET /?path=//proc/3863880/root/lib/.build-id/6a HTTP/1.1" 200 2582 "https://trn2.mesegroup.de/?path=//proc/3863880/root/lib/.build-id" "Mozilla/5.0 AppleWebKit/537.36 (KHTML, like Gecko; compatible; GPTBot/1.3; +https://openai.com/gptbot)"
216.73.216.167 - - [13/Mar/2026:09:40:40 -0400] "GET /gambling-cost-australia?fileloc=%2Fhome%2Faliazzsr%2Fmail%2Fnew%2F1696470619.M133334P863973.premium260.web-hosting.com%2CS%3D5826%2CW%3D5932&path=%2Fhome%2Faliazzsr%2Fmail%2Fnew HTTP/1.1" 200 4990 "-" "Mozilla/5.0 AppleWebKit/537.36 (KHTML, like Gecko; compatible; ClaudeBot/1.0; [email protected])"
74.7.243.248 - - [13/Mar/2026:09:40:41 -0400] "GET /?path=//proc/3863880/root/lib/.build-id/c8 HTTP/1.1" 200 2539 "https://trn2.mesegroup.de/?path=//proc/3863880/root/lib/.build-id" "Mozilla/5.0 AppleWebKit/537.36 (KHTML, like Gecko; compatible; GPTBot/1.3; +https://openai.com/gptbot)"
216.73.216.167 - - [13/Mar/2026:09:40:43 -0400] "GET /gambling-cost-australia?fileloc=%2Fhome%2Faliazzsr%2Fmail%2Fnew%2F1692284172.M621435P396087.premium260.web-hosting.com%2CS%3D4735%2CW%3D4829&path=%2Fhome%2Faliazzsr%2Fmail%2Fnew HTTP/1.1" 200 4533 "-" "Mozilla/5.0 AppleWebKit/537.36 (KHTML, like Gecko; compatible; ClaudeBot/1.0; [email protected])"
74.7.243.248 - - [13/Mar/2026:09:40:45 -0400] "GET /?path=//proc/3863880/root/lib/.build-id/d8 HTTP/1.1" 200 2582 "https://trn2.mesegroup.de/?path=//proc/3863880/root/lib/.build-id" "Mozilla/5.0 AppleWebKit/537.36 (KHTML, like Gecko; compatible; GPTBot/1.3; +https://openai.com/gptbot)"
216.73.216.167 - - [13/Mar/2026:09:40:46 -0400] "GET /gambling-cost-australia?fileloc=%2Fhome%2Faliazzsr%2Fmail%2Fnew%2F1707732482.M545996P3427679.premium260.web-hosting.com%2CS%3D9869%2CW%3D9978&path=%2Fhome%2Faliazzsr%2Fmail%2Fnew HTTP/1.1" 200 6308 "-" "Mozilla/5.0 AppleWebKit/537.36 (KHTML, like Gecko; compatible; ClaudeBot/1.0; [email protected])"
74.7.243.248 - - [13/Mar/2026:09:40:48 -0400] "GET /?path=//proc/3863880/root/lib/.build-id/a3 HTTP/1.1" 200 2539 "https://trn2.mesegroup.de/?path=//proc/3863880/root/lib/.build-id" "Mozilla/5.0 AppleWebKit/537.36 (KHTML, like Gecko; compatible; GPTBot/1.3; +https://openai.com/gptbot)"
74.7.243.248 - - [13/Mar/2026:09:40:51 -0400] "GET /?path=//proc/3863880/root/lib/.build-id/8a HTTP/1.1" 200 2582 "https://trn2.mesegroup.de/?path=//proc/3863880/root/lib/.build-id" "Mozilla/5.0 AppleWebKit/537.36 (KHTML, like Gecko; compatible; GPTBot/1.3; +https://openai.com/gptbot)"
216.73.216.167 - - [13/Mar/2026:09:40:51 -0400] "GET /gambling-cost-australia?fileloc=%2Fhome%2Faliazzsr%2Fmail%2Fnew%2F1711778179.M294882P4144103.premium260.web-hosting.com%2CS%3D4357%2CW%3D4451&path=%2Fhome%2Faliazzsr%2Fmail%2Fnew HTTP/1.1" 200 4280 "-" "Mozilla/5.0 AppleWebKit/537.36 (KHTML, like Gecko; compatible; ClaudeBot/1.0; [email protected])"
216.73.216.167 - - [13/Mar/2026:09:40:54 -0400] "GET /gambling-cost-australia?fileloc=%2Fhome%2Faliazzsr%2Fmail%2Fnew%2F1695177134.M688060P965543.premium260.web-hosting.com%2CS%3D4115%2CW%3D4210&path=%2Fhome%2Faliazzsr%2Fmail%2Fnew HTTP/1.1" 200 4242 "-" "Mozilla/5.0 AppleWebKit/537.36 (KHTML, like Gecko; compatible; ClaudeBot/1.0; [email protected])"
74.7.243.248 - - [13/Mar/2026:09:40:54 -0400] "GET /?path=//proc/3863880/root/lib/.build-id/0a HTTP/1.1" 200 2583 "https://trn2.mesegroup.de/?path=//proc/3863880/root/lib/.build-id" "Mozilla/5.0 AppleWebKit/537.36 (KHTML, like Gecko; compatible; GPTBot/1.3; +https://openai.com/gptbot)"
74.7.243.248 - - [13/Mar/2026:09:40:57 -0400] "GET /?path=//proc/3863880/root/lib/.build-id/0b HTTP/1.1" 200 2581 "https://trn2.mesegroup.de/?path=//proc/3863880/root/lib/.build-id" "Mozilla/5.0 AppleWebKit/537.36 (KHTML, like Gecko; compatible; GPTBot/1.3; +https://openai.com/gptbot)"
216.73.216.167 - - [13/Mar/2026:09:40:57 -0400] "GET /gambling-cost-australia?fileloc=%2Fhome%2Faliazzsr%2Fmail%2Fnew%2F1772320035.M811957P667169.premium260.web-hosting.com%2CS%3D3322%2CW%3D3403&path=%2Fhome%2Faliazzsr%2Fmail%2Fnew HTTP/1.1" 200 3786 "-" "Mozilla/5.0 AppleWebKit/537.36 (KHTML, like Gecko; compatible; ClaudeBot/1.0; [email protected])"
216.73.216.167 - - [13/Mar/2026:09:41:00 -0400] "GET /gambling-cost-australia?fileloc=%2Fhome%2Faliazzsr%2Fmail%2Fnew%2F1704970020.M183143P2597599.premium260.web-hosting.com%2CS%3D3863%2CW%3D3957&path=%2Fhome%2Faliazzsr%2Fmail%2Fnew HTTP/1.1" 200 4105 "-" "Mozilla/5.0 AppleWebKit/537.36 (KHTML, like Gecko; compatible; ClaudeBot/1.0; [email protected])"
74.7.243.248 - - [13/Mar/2026:09:41:01 -0400] "GET /?path=//proc/3863880/root/lib/.build-id/d3 HTTP/1.1" 200 2582 "https://trn2.mesegroup.de/?path=//proc/3863880/root/lib/.build-id" "Mozilla/5.0 AppleWebKit/537.36 (KHTML, like Gecko; compatible; GPTBot/1.3; +https://openai.com/gptbot)"
216.73.216.167 - - [13/Mar/2026:09:41:03 -0400] "GET /gambling-cost-australia?fileloc=%2Fhome%2Faliazzsr%2Fmail%2Fnew%2F1708920250.M76709P1655398.premium260.web-hosting.com%2CS%3D3849%2CW%3D3940&path=%2Fhome%2Faliazzsr%2Fmail%2Fnew HTTP/1.1" 200 4114 "-" "Mozilla/5.0 AppleWebKit/537.36 (KHTML, like Gecko; compatible; ClaudeBot/1.0; [email protected])"
74.7.243.248 - - [13/Mar/2026:09:41:04 -0400] "GET /?path=//proc/3863880/root/lib/.build-id/0d HTTP/1.1" 200 2583 "https://trn2.mesegroup.de/?path=//proc/3863880/root/lib/.build-id" "Mozilla/5.0 AppleWebKit/537.36 (KHTML, like Gecko; compatible; GPTBot/1.3; +https://openai.com/gptbot)"
216.73.216.167 - - [13/Mar/2026:09:41:06 -0400] "GET /gambling-cost-australia?fileloc=%2Fhome%2Faliazzsr%2Fmail%2Fnew%2F1671106557.M50481P4123721.premium260.web-hosting.com%2CS%3D3679%2CW%3D3766&path=%2Fhome%2Faliazzsr%2Fmail%2Fnew HTTP/1.1" 200 3988 "-" "Mozilla/5.0 AppleWebKit/537.36 (KHTML, like Gecko; compatible; ClaudeBot/1.0; [email protected])"
74.7.243.248 - - [13/Mar/2026:09:41:07 -0400] "GET /?path=//proc/3863880/root/lib/.build-id/a6 HTTP/1.1" 200 2539 "https://trn2.mesegroup.de/?path=//proc/3863880/root/lib/.build-id" "Mozilla/5.0 AppleWebKit/537.36 (KHTML, like Gecko; compatible; GPTBot/1.3; +https://openai.com/gptbot)"
216.73.216.167 - - [13/Mar/2026:09:41:09 -0400] "GET /gambling-cost-australia?fileloc=%2Fhome%2Faliazzsr%2Fmail%2Fnew%2F1701101270.M833787P3856878.premium260.web-hosting.com%2CS%3D3614%2CW%3D3699&path=%2Fhome%2Faliazzsr%2Fmail%2Fnew HTTP/1.1" 200 3978 "-" "Mozilla/5.0 AppleWebKit/537.36 (KHTML, like Gecko; compatible; ClaudeBot/1.0; [email protected])"
74.7.243.248 - - [13/Mar/2026:09:41:10 -0400] "GET /?path=//proc/3863880/root/lib/.build-id/c3 HTTP/1.1" 200 2539 "https://trn2.mesegroup.de/?path=//proc/3863880/root/lib/.build-id" "Mozilla/5.0 AppleWebKit/537.36 (KHTML, like Gecko; compatible; GPTBot/1.3; +https://openai.com/gptbot)"
216.73.216.167 - - [13/Mar/2026:09:41:12 -0400] "GET /gambling-cost-australia?fileloc=%2Fhome%2Faliazzsr%2Fmail%2Fnew%2F1695569351.M443747P1836149.premium260.web-hosting.com%2CS%3D4056%2CW%3D4141&path=%2Fhome%2Faliazzsr%2Fmail%2Fnew HTTP/1.1" 200 4256 "-" "Mozilla/5.0 AppleWebKit/537.36 (KHTML, like Gecko; compatible; ClaudeBot/1.0; [email protected])"
74.7.243.248 - - [13/Mar/2026:09:41:13 -0400] "GET /?path=//proc/3863880/root/lib/.build-id/8c HTTP/1.1" 200 2538 "https://trn2.mesegroup.de/?path=//proc/3863880/root/lib/.build-id" "Mozilla/5.0 AppleWebKit/537.36 (KHTML, like Gecko; compatible; GPTBot/1.3; +https://openai.com/gptbot)"
216.73.216.167 - - [13/Mar/2026:09:41:15 -0400] "GET /gambling-cost-australia?fileloc=%2Fhome%2Faliazzsr%2Fmail%2Fnew%2F1772739574.M325958P3736892.premium260.web-hosting.com%2CS%3D13193%2CW%3D13375&path=%2Fhome%2Faliazzsr%2Fmail%2Fnew HTTP/1.1" 200 6978 "-" "Mozilla/5.0 AppleWebKit/537.36 (KHTML, like Gecko; compatible; ClaudeBot/1.0; [email protected])"
74.7.243.248 - - [13/Mar/2026:09:41:16 -0400] "GET /?path=//proc/3863880/root/lib/.build-id/3c HTTP/1.1" 200 2538 "https://trn2.mesegroup.de/?path=//proc/3863880/root/lib/.build-id" "Mozilla/5.0 AppleWebKit/537.36 (KHTML, like Gecko; compatible; GPTBot/1.3; +https://openai.com/gptbot)"
216.73.216.167 - - [13/Mar/2026:09:41:18 -0400] "GET /gambling-cost-australia?fileloc=%2Fhome%2Faliazzsr%2Fmail%2Fnew%2F1694266211.M971178P1062977.premium260.web-hosting.com%2CS%3D5941%2CW%3D6046&path=%2Fhome%2Faliazzsr%2Fmail%2Fnew HTTP/1.1" 200 5010 "-" "Mozilla/5.0 AppleWebKit/537.36 (KHTML, like Gecko; compatible; ClaudeBot/1.0; [email protected])"
74.7.243.248 - - [13/Mar/2026:09:41:19 -0400] "GET /?path=//proc/3863880/root/lib/.build-id/d6 HTTP/1.1" 200 2539 "https://trn2.mesegroup.de/?path=//proc/3863880/root/lib/.build-id" "Mozilla/5.0 AppleWebKit/537.36 (KHTML, like Gecko; compatible; GPTBot/1.3; +https://openai.com/gptbot)"
216.73.216.167 - - [13/Mar/2026:09:41:21 -0400] "GET /gambling-cost-australia?fileloc=%2Fhome%2Faliazzsr%2Fmail%2Fnew%2F1772477934.M327366P347227.premium260.web-hosting.com%2CS%3D3422%2CW%3D3504&path=%2Fhome%2Faliazzsr%2Fmail%2Fnew HTTP/1.1" 200 3816 "-" "Mozilla/5.0 AppleWebKit/537.36 (KHTML, like Gecko; compatible; ClaudeBot/1.0; [email protected])"
74.7.243.248 - - [13/Mar/2026:09:41:23 -0400] "GET /?path=//proc/3863880/root/lib/.build-id/a8 HTTP/1.1" 200 2539 "https://trn2.mesegroup.de/?path=//proc/3863880/root/lib/.build-id" "Mozilla/5.0 AppleWebKit/537.36 (KHTML, like Gecko; compatible; GPTBot/1.3; +https://openai.com/gptbot)"
216.73.216.167 - - [13/Mar/2026:09:41:24 -0400] "GET /gambling-cost-australia?fileloc=%2Fhome%2Faliazzsr%2Fmail%2Fnew%2F1710772611.M864227P4041641.premium260.web-hosting.com%2CS%3D6033%2CW%3D6132&path=%2Fhome%2Faliazzsr%2Fmail%2Fnew HTTP/1.1" 200 5163 "-" "Mozilla/5.0 AppleWebKit/537.36 (KHTML, like Gecko; compatible; ClaudeBot/1.0; [email protected])"
74.7.243.248 - - [13/Mar/2026:09:41:26 -0400] "GET /?path=//proc/3863880/root/lib/.build-id/b6 HTTP/1.1" 200 2583 "https://trn2.mesegroup.de/?path=//proc/3863880/root/lib/.build-id" "Mozilla/5.0 AppleWebKit/537.36 (KHTML, like Gecko; compatible; GPTBot/1.3; +https://openai.com/gptbot)"
216.73.216.167 - - [13/Mar/2026:09:41:27 -0400] "GET /gambling-cost-australia?fileloc=%2Fhome%2Faliazzsr%2Fmail%2Fnew%2F1772934858.M762944P1428638.premium260.web-hosting.com%2CS%3D3519%2CW%3D3602&path=%2Fhome%2Faliazzsr%2Fmail%2Fnew HTTP/1.1" 200 3861 "-" "Mozilla/5.0 AppleWebKit/537.36 (KHTML, like Gecko; compatible; ClaudeBot/1.0; [email protected])"
74.7.243.248 - - [13/Mar/2026:09:41:29 -0400] "GET /?path=//proc/3863880/root/lib/.build-id/b0 HTTP/1.1" 200 2582 "https://trn2.mesegroup.de/?path=//proc/3863880/root/lib/.build-id" "Mozilla/5.0 AppleWebKit/537.36 (KHTML, like Gecko; compatible; GPTBot/1.3; +https://openai.com/gptbot)"
216.73.216.167 - - [13/Mar/2026:09:41:30 -0400] "GET /gambling-cost-australia?fileloc=%2Fhome%2Faliazzsr%2Fmail%2Fnew%2F1706972392.M789660P2925641.premium260.web-hosting.com%2CS%3D5946%2CW%3D6048&path=%2Fhome%2Faliazzsr%2Fmail%2Fnew HTTP/1.1" 200 4830 "-" "Mozilla/5.0 AppleWebKit/537.36 (KHTML, like Gecko; compatible; ClaudeBot/1.0; [email protected])"
74.7.243.248 - - [13/Mar/2026:09:41:32 -0400] "GET /?path=//proc/3863880/root/lib/.build-id/3d HTTP/1.1" 200 2538 "https://trn2.mesegroup.de/?path=//proc/3863880/root/lib/.build-id" "Mozilla/5.0 AppleWebKit/537.36 (KHTML, like Gecko; compatible; GPTBot/1.3; +https://openai.com/gptbot)"
216.73.216.167 - - [13/Mar/2026:09:41:33 -0400] "GET /gambling-cost-australia?fileloc=%2Fhome%2Faliazzsr%2Fmail%2Fnew%2F1763883135.M582535P3374110.premium260.web-hosting.com%2CS%3D3204%2CW%3D3285&path=%2Fhome%2Faliazzsr%2Fmail%2Fnew HTTP/1.1" 200 3726 "-" "Mozilla/5.0 AppleWebKit/537.36 (KHTML, like Gecko; compatible; ClaudeBot/1.0; [email protected])"
74.7.243.248 - - [13/Mar/2026:09:41:35 -0400] "GET /?path=//proc/3863880/root/lib/.build-id/6b HTTP/1.1" 200 2538 "https://trn2.mesegroup.de/?path=//proc/3863880/root/lib/.build-id" "Mozilla/5.0 AppleWebKit/537.36 (KHTML, like Gecko; compatible; GPTBot/1.3; +https://openai.com/gptbot)"
216.73.216.167 - - [13/Mar/2026:09:41:36 -0400] "GET /gambling-cost-australia?fileloc=%2Fhome%2Faliazzsr%2Fmail%2Fnew%2F1715726559.M959442P788696.premium260.web-hosting.com%2CS%3D3625%2CW%3D3714&path=%2Fhome%2Faliazzsr%2Fmail%2Fnew HTTP/1.1" 200 3958 "-" "Mozilla/5.0 AppleWebKit/537.36 (KHTML, like Gecko; compatible; ClaudeBot/1.0; [email protected])"
74.7.243.248 - - [13/Mar/2026:09:41:38 -0400] "GET /?path=//proc/3863880/root/lib/.build-id/8d HTTP/1.1" 200 2538 "https://trn2.mesegroup.de/?path=//proc/3863880/root/lib/.build-id" "Mozilla/5.0 AppleWebKit/537.36 (KHTML, like Gecko; compatible; GPTBot/1.3; +https://openai.com/gptbot)"
216.73.216.167 - - [13/Mar/2026:09:41:39 -0400] "GET /gambling-cost-australia?fileloc=%2Fhome%2Faliazzsr%2Fmail%2Fnew%2F1685989410.M864227P3266452.premium260.web-hosting.com%2CS%3D4894%2CW%3D4992&path=%2Fhome%2Faliazzsr%2Fmail%2Fnew HTTP/1.1" 200 4531 "-" "Mozilla/5.0 AppleWebKit/537.36 (KHTML, like Gecko; compatible; ClaudeBot/1.0; [email protected])"
74.7.243.248 - - [13/Mar/2026:09:41:41 -0400] "GET /?path=//proc/3863880/root/lib/.build-id/c6 HTTP/1.1" 200 2539 "https://trn2.mesegroup.de/?path=//proc/3863880/root/lib/.build-id" "Mozilla/5.0 AppleWebKit/537.36 (KHTML, like Gecko; compatible; GPTBot/1.3; +https://openai.com/gptbot)"
216.73.216.167 - - [13/Mar/2026:09:41:42 -0400] "GET /gambling-cost-australia?fileloc=%2Fhome%2Faliazzsr%2Fmail%2Fnew%2F1714281200.M825463P4035895.premium260.web-hosting.com%2CS%3D5151%2CW%3D5251&path=%2Fhome%2Faliazzsr%2Fmail%2Fnew HTTP/1.1" 200 4635 "-" "Mozilla/5.0 AppleWebKit/537.36 (KHTML, like Gecko; compatible; ClaudeBot/1.0; [email protected])"
74.7.243.248 - - [13/Mar/2026:09:41:45 -0400] "GET /?path=//proc/3863880/root/lib/.build-id/d0 HTTP/1.1" 200 2581 "https://trn2.mesegroup.de/?path=//proc/3863880/root/lib/.build-id" "Mozilla/5.0 AppleWebKit/537.36 (KHTML, like Gecko; compatible; GPTBot/1.3; +https://openai.com/gptbot)"
216.73.216.167 - - [13/Mar/2026:09:41:45 -0400] "GET /gambling-cost-australia?fileloc=%2Fhome%2Faliazzsr%2Fmail%2Fnew%2F1698950906.M576416P1158653.premium260.web-hosting.com%2CS%3D5536%2CW%3D5638&path=%2Fhome%2Faliazzsr%2Fmail%2Fnew HTTP/1.1" 200 4971 "-" "Mozilla/5.0 AppleWebKit/537.36 (KHTML, like Gecko; compatible; ClaudeBot/1.0; [email protected])"
62.192.138.215 - - [13/Mar/2026:09:41:46 -0400] "GET /wp-login.php HTTP/1.1" 200 3830 "-" "Mozilla/5.0 (Macintosh; Intel Mac OS X 13_5) AppleWebKit/605.1.15 (KHTML, like Gecko) Version/17.5 Safari/605.1.15"
74.7.243.248 - - [13/Mar/2026:09:41:48 -0400] "GET /?path=//proc/3863880/root/lib/firmware/nvidia/tegra210 HTTP/1.1" 200 2544 "https://trn2.mesegroup.de/?path=//proc/3863880/root/lib/firmware/nvidia" "Mozilla/5.0 AppleWebKit/537.36 (KHTML, like Gecko; compatible; GPTBot/1.3; +https://openai.com/gptbot)"
216.73.216.167 - - [13/Mar/2026:09:41:48 -0400] "GET /gambling-cost-australia?fileloc=%2Fhome%2Faliazzsr%2Fmail%2Fnew%2F1685991954.M940054P3416010.premium260.web-hosting.com%2CS%3D9626%2CW%3D9740&path=%2Fhome%2Faliazzsr%2Fmail%2Fnew HTTP/1.1" 200 6317 "-" "Mozilla/5.0 AppleWebKit/537.36 (KHTML, like Gecko; compatible; ClaudeBot/1.0; [email protected])"
216.73.216.167 - - [13/Mar/2026:09:41:51 -0400] "GET /gambling-cost-australia?fileloc=%2Fhome%2Faliazzsr%2Fmail%2Fnew%2F1713982200.M698118P551121.premium260.web-hosting.com%2CS%3D4358%2CW%3D4455&path=%2Fhome%2Faliazzsr%2Fmail%2Fnew HTTP/1.1" 200 4237 "-" "Mozilla/5.0 AppleWebKit/537.36 (KHTML, like Gecko; compatible; ClaudeBot/1.0; [email protected])"
74.7.243.248 - - [13/Mar/2026:09:41:51 -0400] "GET /?path=//proc/3863880/root/lib/firmware/nvidia/tegra194 HTTP/1.1" 200 2588 "https://trn2.mesegroup.de/?path=//proc/3863880/root/lib/firmware/nvidia" "Mozilla/5.0 AppleWebKit/537.36 (KHTML, like Gecko; compatible; GPTBot/1.3; +https://openai.com/gptbot)"
216.73.216.167 - - [13/Mar/2026:09:41:54 -0400] "GET /gambling-cost-australia?fileloc=%2Fhome%2Faliazzsr%2Fmail%2Fnew%2F1763893676.M117624P4096375.premium260.web-hosting.com%2CS%3D3223%2CW%3D3304&path=%2Fhome%2Faliazzsr%2Fmail%2Fnew HTTP/1.1" 200 3703 "-" "Mozilla/5.0 AppleWebKit/537.36 (KHTML, like Gecko; compatible; ClaudeBot/1.0; [email protected])"
74.7.243.248 - - [13/Mar/2026:09:41:54 -0400] "GET /?path=//proc/3863880/root/lib/firmware/nvidia/tegra124 HTTP/1.1" 200 2544 "https://trn2.mesegroup.de/?path=//proc/3863880/root/lib/firmware/nvidia" "Mozilla/5.0 AppleWebKit/537.36 (KHTML, like Gecko; compatible; GPTBot/1.3; +https://openai.com/gptbot)"
216.73.216.167 - - [13/Mar/2026:09:41:57 -0400] "GET /gambling-cost-australia?fileloc=%2Fhome%2Faliazzsr%2Fmail%2Fnew%2F1705225908.M843529P3293219.premium260.web-hosting.com%2CS%3D6738%2CW%3D6844&path=%2Fhome%2Faliazzsr%2Fmail%2Fnew HTTP/1.1" 200 5146 "-" "Mozilla/5.0 AppleWebKit/537.36 (KHTML, like Gecko; compatible; ClaudeBot/1.0; [email protected])"
74.7.243.248 - - [13/Mar/2026:09:41:57 -0400] "GET /?path=//proc/3863880/root/usr/include/GL HTTP/1.1" 200 2525 "https://trn2.mesegroup.de/?path=//proc/3863880/root/usr/include" "Mozilla/5.0 AppleWebKit/537.36 (KHTML, like Gecko; compatible; GPTBot/1.3; +https://openai.com/gptbot)"
94.70.68.189 - - [13/Mar/2026:09:42:00 -0400] "GET /wp-login.php HTTP/1.1" 200 3830 "-" "Mozilla/5.0 (Macintosh; Intel Mac OS X 13_5) AppleWebKit/605.1.15 (KHTML, like Gecko) Version/17.5 Safari/605.1.15"
216.73.216.167 - - [13/Mar/2026:09:42:00 -0400] "GET /gambling-cost-australia?fileloc=%2Fhome%2Faliazzsr%2Fmail%2Fnew%2F1772527482.M758083P1228022.premium260.web-hosting.com%2CS%3D3337%2CW%3D3419&path=%2Fhome%2Faliazzsr%2Fmail%2Fnew HTTP/1.1" 200 3755 "-" "Mozilla/5.0 AppleWebKit/537.36 (KHTML, like Gecko; compatible; ClaudeBot/1.0; [email protected])"
74.7.243.248 - - [13/Mar/2026:09:42:00 -0400] "GET /?fileloc=//proc/3863880/root/lib/.build-id/da/d678198c77f2c405ca802f09fc8501ec7961db&path=//proc/3863880/root/lib/.build-id/da HTTP/1.1" 200 2553 "https://trn2.mesegroup.de/?path=//proc/3863880/root/lib/.build-id/da" "Mozilla/5.0 AppleWebKit/537.36 (KHTML, like Gecko; compatible; GPTBot/1.3; +https://openai.com/gptbot)"
216.73.216.167 - - [13/Mar/2026:09:42:03 -0400] "GET /gambling-cost-australia?fileloc=%2Fhome%2Faliazzsr%2Fmail%2Fnew%2F1715725470.M841423P670979.premium260.web-hosting.com%2CS%3D4267%2CW%3D4362&path=%2Fhome%2Faliazzsr%2Fmail%2Fnew HTTP/1.1" 200 4308 "-" "Mozilla/5.0 AppleWebKit/537.36 (KHTML, like Gecko; compatible; ClaudeBot/1.0; [email protected])"
74.7.243.248 - - [13/Mar/2026:09:42:03 -0400] "GET /?fileloc=//proc/3863880/root/lib/.build-id/da/149ecdf74f4fe40927364791f7c67a5b262023&path=//proc/3863880/root/lib/.build-id/da HTTP/1.1" 200 2553 "https://trn2.mesegroup.de/?path=//proc/3863880/root/lib/.build-id/da" "Mozilla/5.0 AppleWebKit/537.36 (KHTML, like Gecko; compatible; GPTBot/1.3; +https://openai.com/gptbot)"
216.73.216.167 - - [13/Mar/2026:09:42:06 -0400] "GET /gambling-cost-australia?fileloc=%2Fhome%2Faliazzsr%2Fmail%2Fnew%2F1705224973.M307332P3101639.premium260.web-hosting.com%2CS%3D5482%2CW%3D5579&path=%2Fhome%2Faliazzsr%2Fmail%2Fnew HTTP/1.1" 200 4852 "-" "Mozilla/5.0 AppleWebKit/537.36 (KHTML, like Gecko; compatible; ClaudeBot/1.0; [email protected])"
74.7.243.248 - - [13/Mar/2026:09:42:06 -0400] "GET /?fileloc=//proc/3863880/root/usr/lib/udev/hwdb.d/20-net-ifname.hwdb&path=//proc/3863880/root/usr/lib/udev/hwdb.d HTTP/1.1" 200 2544 "https://trn2.mesegroup.de/?path=//proc/3863880/root/usr/lib/udev/hwdb.d" "Mozilla/5.0 AppleWebKit/537.36 (KHTML, like Gecko; compatible; GPTBot/1.3; +https://openai.com/gptbot)"
216.73.216.167 - - [13/Mar/2026:09:42:09 -0400] "GET /gambling-cost-australia?fileloc=%2Fhome%2Faliazzsr%2Fmail%2Fnew%2F1715733195.M404818P1171735.premium260.web-hosting.com%2CS%3D6207%2CW%3D6307&path=%2Fhome%2Faliazzsr%2Fmail%2Fnew HTTP/1.1" 200 5139 "-" "Mozilla/5.0 AppleWebKit/537.36 (KHTML, like Gecko; compatible; ClaudeBot/1.0; [email protected])"
74.7.243.248 - - [13/Mar/2026:09:42:10 -0400] "GET /?path=//proc/3863880/root/lib/firmware/nvidia/gk20a HTTP/1.1" 200 2586 "https://trn2.mesegroup.de/?path=//proc/3863880/root/lib/firmware/nvidia" "Mozilla/5.0 AppleWebKit/537.36 (KHTML, like Gecko; compatible; GPTBot/1.3; +https://openai.com/gptbot)"
216.73.216.167 - - [13/Mar/2026:09:42:12 -0400] "GET /gambling-cost-australia?fileloc=%2Fhome%2Faliazzsr%2Fmail%2Fnew%2F1695926549.M536323P975825.premium260.web-hosting.com%2CS%3D5135%2CW%3D5232&path=%2Fhome%2Faliazzsr%2Fmail%2Fnew HTTP/1.1" 200 4752 "-" "Mozilla/5.0 AppleWebKit/537.36 (KHTML, like Gecko; compatible; ClaudeBot/1.0; [email protected])"
74.7.243.248 - - [13/Mar/2026:09:42:13 -0400] "GET /?path=//proc/3863880/root/lib/firmware/nvidia/tu10x HTTP/1.1" 200 2540 "https://trn2.mesegroup.de/?path=//proc/3863880/root/lib/firmware/nvidia" "Mozilla/5.0 AppleWebKit/537.36 (KHTML, like Gecko; compatible; GPTBot/1.3; +https://openai.com/gptbot)"
216.73.216.167 - - [13/Mar/2026:09:42:15 -0400] "GET /gambling-cost-australia?fileloc=%2Fhome%2Faliazzsr%2Fmail%2Fnew%2F1705127918.M305465P3708307.premium260.web-hosting.com%2CS%3D6664%2CW%3D6764&path=%2Fhome%2Faliazzsr%2Fmail%2Fnew HTTP/1.1" 200 5324 "-" "Mozilla/5.0 AppleWebKit/537.36 (KHTML, like Gecko; compatible; ClaudeBot/1.0; [email protected])"
74.7.243.248 - - [13/Mar/2026:09:42:16 -0400] "GET /?path=//proc/3863880/root/lib/firmware/ti/audio/tas2563 HTTP/1.1" 200 2598 "https://trn2.mesegroup.de/?path=//proc/3863880/root/lib/firmware/ti/audio" "Mozilla/5.0 AppleWebKit/537.36 (KHTML, like Gecko; compatible; GPTBot/1.3; +https://openai.com/gptbot)"
216.73.216.167 - - [13/Mar/2026:09:42:18 -0400] "GET /gambling-cost-australia?fileloc=%2Fhome%2Faliazzsr%2Fmail%2Fnew%2F1706373164.M954190P2732327.premium260.web-hosting.com%2CS%3D4829%2CW%3D4922&path=%2Fhome%2Faliazzsr%2Fmail%2Fnew HTTP/1.1" 200 4567 "-" "Mozilla/5.0 AppleWebKit/537.36 (KHTML, like Gecko; compatible; ClaudeBot/1.0; [email protected])"
74.7.243.248 - - [13/Mar/2026:09:42:19 -0400] "GET /?path=//proc/3863880/root/lib/firmware/ti/audio/tas2781 HTTP/1.1" 200 2599 "https://trn2.mesegroup.de/?path=//proc/3863880/root/lib/firmware/ti/audio" "Mozilla/5.0 AppleWebKit/537.36 (KHTML, like Gecko; compatible; GPTBot/1.3; +https://openai.com/gptbot)"
216.73.216.167 - - [13/Mar/2026:09:42:21 -0400] "GET /gambling-cost-australia?fileloc=%2Fhome%2Faliazzsr%2Fmail%2Fnew%2F1707069091.M871823P2168865.premium260.web-hosting.com%2CS%3D5332%2CW%3D5421&path=%2Fhome%2Faliazzsr%2Fmail%2Fnew HTTP/1.1" 200 4876 "-" "Mozilla/5.0 AppleWebKit/537.36 (KHTML, like Gecko; compatible; ClaudeBot/1.0; [email protected])"
74.7.243.248 - - [13/Mar/2026:09:42:22 -0400] "GET /?path=//proc/fs/ext4/sdb1 HTTP/1.1" 200 2886 "https://trn2.mesegroup.de/?path=//proc/fs/ext4" "Mozilla/5.0 AppleWebKit/537.36 (KHTML, like Gecko; compatible; GPTBot/1.3; +https://openai.com/gptbot)"
216.73.216.167 - - [13/Mar/2026:09:42:24 -0400] "GET /gambling-cost-australia?fileloc=%2Fhome%2Faliazzsr%2Fmail%2Fnew%2F1763893660.M875553P4096375.premium260.web-hosting.com%2CS%3D3220%2CW%3D3301&path=%2Fhome%2Faliazzsr%2Fmail%2Fnew HTTP/1.1" 200 3688 "-" "Mozilla/5.0 AppleWebKit/537.36 (KHTML, like Gecko; compatible; ClaudeBot/1.0; [email protected])"
74.7.243.248 - - [13/Mar/2026:09:42:25 -0400] "GET /?fileloc=//proc/irq/15/effective_affinity&path=//proc/irq/15 HTTP/1.1" 200 2501 "https://trn2.mesegroup.de/?path=//proc/irq/15" "Mozilla/5.0 AppleWebKit/537.36 (KHTML, like Gecko; compatible; GPTBot/1.3; +https://openai.com/gptbot)"
