216.73.216.167 - - [13/Mar/2026:09:29:58 -0400] "GET /gambling-cost-australia?fileloc=%2F%2Fdev%2Fshm%2F.tgmj26ma&path=%2F%2Fdev%2Fshm HTTP/1.1" 200 2471 "-" "Mozilla/5.0 AppleWebKit/537.36 (KHTML, like Gecko; compatible; ClaudeBot/1.0; [email protected])"
74.7.243.248 - - [13/Mar/2026:09:29:59 -0400] "GET /?fileloc=//proc/sys/vm/block_dump&path=//proc/sys/vm HTTP/1.1" 200 2494 "https://trn2.mesegroup.de/?path=//proc/sys/vm" "Mozilla/5.0 AppleWebKit/537.36 (KHTML, like Gecko; compatible; GPTBot/1.3; +https://openai.com/gptbot)"
216.73.216.167 - - [13/Mar/2026:09:30:01 -0400] "GET /gambling-cost-australia?fileloc=%2F%2Fdev%2Fshm%2F.ilmhxm98&path=%2F%2Fdev%2Fshm HTTP/1.1" 200 2474 "-" "Mozilla/5.0 AppleWebKit/537.36 (KHTML, like Gecko; compatible; ClaudeBot/1.0; [email protected])"
74.7.243.248 - - [13/Mar/2026:09:30:02 -0400] "GET /?path=//proc/3863880/root/usr/lib/systemd/system/initrd.target.wants HTTP/1.1" 200 2552 "https://trn2.mesegroup.de/?path=//proc/3863880/root/usr/lib/systemd/system" "Mozilla/5.0 AppleWebKit/537.36 (KHTML, like Gecko; compatible; GPTBot/1.3; +https://openai.com/gptbot)"
216.73.216.167 - - [13/Mar/2026:09:30:04 -0400] "GET /gambling-cost-australia?fileloc=%2F%2Fdev%2Fshm%2F.xc1bmz82&path=%2F%2Fdev%2Fshm HTTP/1.1" 200 2423 "-" "Mozilla/5.0 AppleWebKit/537.36 (KHTML, like Gecko; compatible; ClaudeBot/1.0; [email protected])"
74.7.243.248 - - [13/Mar/2026:09:30:05 -0400] "GET /?path=//proc/3863880/root/usr/lib/systemd/system/basic.target.wants HTTP/1.1" 200 2558 "https://trn2.mesegroup.de/?path=//proc/3863880/root/usr/lib/systemd/system" "Mozilla/5.0 AppleWebKit/537.36 (KHTML, like Gecko; compatible; GPTBot/1.3; +https://openai.com/gptbot)"
216.73.216.167 - - [13/Mar/2026:09:30:07 -0400] "GET /gambling-cost-australia?fileloc=%2Fhome%2Faliazzsr%2Ftrn2.mesegroup.de%2Fwp-includes%2Fcss%2Feditor.css&path=%2Fhome%2Faliazzsr%2Ftrn2.mesegroup.de%2Fwp-includes%2Fcss HTTP/1.1" 200 9412 "-" "Mozilla/5.0 AppleWebKit/537.36 (KHTML, like Gecko; compatible; ClaudeBot/1.0; [email protected])"
74.7.243.248 - - [13/Mar/2026:09:30:08 -0400] "GET /?path=//proc/3863880/root/usr/local/lsws HTTP/1.1" 200 2529 "https://trn2.mesegroup.de/?path=//proc/3863880/root/usr/local" "Mozilla/5.0 AppleWebKit/537.36 (KHTML, like Gecko; compatible; GPTBot/1.3; +https://openai.com/gptbot)"
216.73.216.167 - - [13/Mar/2026:09:30:10 -0400] "GET /gambling-cost-australia?fileloc=%2F%2Fbin%2Fmcookie&path=%2F%2Fbin HTTP/1.1" 200 2417 "-" "Mozilla/5.0 AppleWebKit/537.36 (KHTML, like Gecko; compatible; ClaudeBot/1.0; [email protected])"
74.7.243.248 - - [13/Mar/2026:09:30:11 -0400] "GET /?path=//proc/3863880/root/lib/.build-id/e3 HTTP/1.1" 200 2539 "https://trn2.mesegroup.de/?path=//proc/3863880/root/lib/.build-id" "Mozilla/5.0 AppleWebKit/537.36 (KHTML, like Gecko; compatible; GPTBot/1.3; +https://openai.com/gptbot)"
216.73.216.167 - - [13/Mar/2026:09:30:13 -0400] "GET /gambling-cost-australia?fileloc=%2F%2Fdev%2Fshm%2F.gps5p5z0&path=%2F%2Fdev%2Fshm HTTP/1.1" 200 2422 "-" "Mozilla/5.0 AppleWebKit/537.36 (KHTML, like Gecko; compatible; ClaudeBot/1.0; [email protected])"
74.7.243.248 - - [13/Mar/2026:09:30:15 -0400] "GET /?path=//proc/3863880/root/lib/.build-id/b2 HTTP/1.1" 200 2539 "https://trn2.mesegroup.de/?path=//proc/3863880/root/lib/.build-id" "Mozilla/5.0 AppleWebKit/537.36 (KHTML, like Gecko; compatible; GPTBot/1.3; +https://openai.com/gptbot)"
216.73.216.167 - - [13/Mar/2026:09:30:16 -0400] "GET /gambling-cost-australia?path=%2Fhome%2Faliazzsr%2Ftrn3.mesegroup.de%2Fwp-includes%2Fsitemaps HTTP/1.1" 200 3103 "-" "Mozilla/5.0 AppleWebKit/537.36 (KHTML, like Gecko; compatible; ClaudeBot/1.0; [email protected])"
74.7.243.248 - - [13/Mar/2026:09:30:18 -0400] "GET /?path=//proc/3863880/root/lib/.build-id/a7 HTTP/1.1" 200 2539 "https://trn2.mesegroup.de/?path=//proc/3863880/root/lib/.build-id" "Mozilla/5.0 AppleWebKit/537.36 (KHTML, like Gecko; compatible; GPTBot/1.3; +https://openai.com/gptbot)"
216.73.216.167 - - [13/Mar/2026:09:30:19 -0400] "GET /gambling-cost-australia?fileloc=%2F%2Fdev%2Fshm%2F.pj4y4u26&path=%2F%2Fdev%2Fshm HTTP/1.1" 200 2473 "-" "Mozilla/5.0 AppleWebKit/537.36 (KHTML, like Gecko; compatible; ClaudeBot/1.0; [email protected])"
74.7.243.248 - - [13/Mar/2026:09:30:21 -0400] "GET /?path=//proc/3863880/root/lib/.build-id/f3 HTTP/1.1" 200 2583 "https://trn2.mesegroup.de/?path=//proc/3863880/root/lib/.build-id" "Mozilla/5.0 AppleWebKit/537.36 (KHTML, like Gecko; compatible; GPTBot/1.3; +https://openai.com/gptbot)"
216.73.216.167 - - [13/Mar/2026:09:30:22 -0400] "GET /gambling-cost-australia?fileloc=%2F%2Fdev%2Fshm%2F.0t6qvug4&path=%2F%2Fdev%2Fshm HTTP/1.1" 200 2424 "-" "Mozilla/5.0 AppleWebKit/537.36 (KHTML, like Gecko; compatible; ClaudeBot/1.0; [email protected])"
74.7.243.248 - - [13/Mar/2026:09:30:24 -0400] "GET /?path=//proc/3863880/root/lib/.build-id/a1 HTTP/1.1" 200 2539 "https://trn2.mesegroup.de/?path=//proc/3863880/root/lib/.build-id" "Mozilla/5.0 AppleWebKit/537.36 (KHTML, like Gecko; compatible; GPTBot/1.3; +https://openai.com/gptbot)"
216.73.216.167 - - [13/Mar/2026:09:30:25 -0400] "GET /gambling-cost-australia?path=%2Fhome%2Faliazzsr%2Fshop.mesegroup.de%2Fwp-includes%2Fblocks%2Fpost-comments-form HTTP/1.1" 200 3115 "-" "Mozilla/5.0 AppleWebKit/537.36 (KHTML, like Gecko; compatible; ClaudeBot/1.0; [email protected])"
74.7.243.248 - - [13/Mar/2026:09:30:27 -0400] "GET /?path=//proc/3863880/root/lib/.build-id/e8 HTTP/1.1" 200 2582 "https://trn2.mesegroup.de/?path=//proc/3863880/root/lib/.build-id" "Mozilla/5.0 AppleWebKit/537.36 (KHTML, like Gecko; compatible; GPTBot/1.3; +https://openai.com/gptbot)"
216.73.216.167 - - [13/Mar/2026:09:30:28 -0400] "GET /gambling-cost-australia?path=%2Fhome%2Faliazzsr%2Fshop.mesegroup.de%2Fwp-includes%2Fblocks%2Fcolumns HTTP/1.1" 200 3155 "-" "Mozilla/5.0 AppleWebKit/537.36 (KHTML, like Gecko; compatible; ClaudeBot/1.0; [email protected])"
74.7.243.248 - - [13/Mar/2026:09:30:30 -0400] "GET /?path=//proc/3863880/root/lib/.build-id/1a HTTP/1.1" 200 2539 "https://trn2.mesegroup.de/?path=//proc/3863880/root/lib/.build-id" "Mozilla/5.0 AppleWebKit/537.36 (KHTML, like Gecko; compatible; GPTBot/1.3; +https://openai.com/gptbot)"
216.73.216.167 - - [13/Mar/2026:09:30:31 -0400] "GET /gambling-cost-australia?path=%2Fhome%2Faliazzsr%2Fshop.mesegroup.de%2Fwp-includes%2Fblocks%2Fwidget-group HTTP/1.1" 200 2903 "-" "Mozilla/5.0 AppleWebKit/537.36 (KHTML, like Gecko; compatible; ClaudeBot/1.0; [email protected])"
74.7.243.248 - - [13/Mar/2026:09:30:33 -0400] "GET /?path=//proc/3863880/root/lib/.build-id/8f HTTP/1.1" 200 2583 "https://trn2.mesegroup.de/?path=//proc/3863880/root/lib/.build-id" "Mozilla/5.0 AppleWebKit/537.36 (KHTML, like Gecko; compatible; GPTBot/1.3; +https://openai.com/gptbot)"
216.73.216.167 - - [13/Mar/2026:09:30:34 -0400] "GET /gambling-cost-australia?path=%2Fhome%2Faliazzsr%2Fshop.mesegroup.de%2Fwp-includes%2Fblocks%2Fpreformatted HTTP/1.1" 200 3039 "-" "Mozilla/5.0 AppleWebKit/537.36 (KHTML, like Gecko; compatible; ClaudeBot/1.0; [email protected])"
74.7.243.248 - - [13/Mar/2026:09:30:37 -0400] "GET /?path=//proc/3863880/root/lib/.build-id/d4 HTTP/1.1" 200 2582 "https://trn2.mesegroup.de/?path=//proc/3863880/root/lib/.build-id" "Mozilla/5.0 AppleWebKit/537.36 (KHTML, like Gecko; compatible; GPTBot/1.3; +https://openai.com/gptbot)"
216.73.216.167 - - [13/Mar/2026:09:30:38 -0400] "GET /gambling-cost-australia?fileloc=%2Fhome%2Faliazzsr%2Ftrn2.mesegroup.de%2Fwp-includes%2Fl10n%2Fclass-wp-translation-file-php.php&path=%2Fhome%2Faliazzsr%2Ftrn2.mesegroup.de%2Fwp-includes%2Fl10n HTTP/1.1" 200 3268 "-" "Mozilla/5.0 AppleWebKit/537.36 (KHTML, like Gecko; compatible; ClaudeBot/1.0; [email protected])"
74.7.243.248 - - [13/Mar/2026:09:30:40 -0400] "GET /?path=//proc/3863880/root/lib/.build-id/c7 HTTP/1.1" 200 2540 "https://trn2.mesegroup.de/?path=//proc/3863880/root/lib/.build-id" "Mozilla/5.0 AppleWebKit/537.36 (KHTML, like Gecko; compatible; GPTBot/1.3; +https://openai.com/gptbot)"
216.73.216.167 - - [13/Mar/2026:09:30:41 -0400] "GET /gambling-cost-australia?fileloc=%2F%2Flib64%2Flibxcb-icccm.so.4&path=%2F%2Flib64 HTTP/1.1" 200 2484 "-" "Mozilla/5.0 AppleWebKit/537.36 (KHTML, like Gecko; compatible; ClaudeBot/1.0; [email protected])"
74.7.243.248 - - [13/Mar/2026:09:30:43 -0400] "GET /?path=//proc/3863880/root/lib/.build-id/5c HTTP/1.1" 200 2538 "https://trn2.mesegroup.de/?path=//proc/3863880/root/lib/.build-id" "Mozilla/5.0 AppleWebKit/537.36 (KHTML, like Gecko; compatible; GPTBot/1.3; +https://openai.com/gptbot)"
216.73.216.167 - - [13/Mar/2026:09:30:44 -0400] "GET /gambling-cost-australia?fileloc=%2F%2Flib64%2Flibnss_files-2.28.so&path=%2F%2Flib64 HTTP/1.1" 200 2434 "-" "Mozilla/5.0 AppleWebKit/537.36 (KHTML, like Gecko; compatible; ClaudeBot/1.0; [email protected])"
74.7.243.248 - - [13/Mar/2026:09:30:46 -0400] "GET /?path=//proc/3863880/root/lib/.build-id/5d HTTP/1.1" 200 2538 "https://trn2.mesegroup.de/?path=//proc/3863880/root/lib/.build-id" "Mozilla/5.0 AppleWebKit/537.36 (KHTML, like Gecko; compatible; GPTBot/1.3; +https://openai.com/gptbot)"
216.73.216.167 - - [13/Mar/2026:09:30:47 -0400] "GET /gambling-cost-australia?fileloc=%2F%2Flib64%2Flibnssckbi.so&path=%2F%2Flib64 HTTP/1.1" 200 2478 "-" "Mozilla/5.0 AppleWebKit/537.36 (KHTML, like Gecko; compatible; ClaudeBot/1.0; [email protected])"
74.7.243.248 - - [13/Mar/2026:09:30:49 -0400] "GET /?path=//proc/3863880/root/lib/.build-id/4a HTTP/1.1" 200 2582 "https://trn2.mesegroup.de/?path=//proc/3863880/root/lib/.build-id" "Mozilla/5.0 AppleWebKit/537.36 (KHTML, like Gecko; compatible; GPTBot/1.3; +https://openai.com/gptbot)"
216.73.216.167 - - [13/Mar/2026:09:30:50 -0400] "GET /gambling-cost-australia?fileloc=%2Fhome%2Faliazzsr%2Ftrn2.mesegroup.de%2Fwp-includes%2FPHPMailer%2FSMTP-info.php&path=%2Fhome%2Faliazzsr%2Ftrn2.mesegroup.de%2Fwp-includes%2FPHPMailer HTTP/1.1" 200 2891 "-" "Mozilla/5.0 AppleWebKit/537.36 (KHTML, like Gecko; compatible; ClaudeBot/1.0; [email protected])"
74.7.243.248 - - [13/Mar/2026:09:30:53 -0400] "GET /?path=//proc/3863880/root/lib/.build-id/f6 HTTP/1.1" 200 2539 "https://trn2.mesegroup.de/?path=//proc/3863880/root/lib/.build-id" "Mozilla/5.0 AppleWebKit/537.36 (KHTML, like Gecko; compatible; GPTBot/1.3; +https://openai.com/gptbot)"
216.73.216.167 - - [13/Mar/2026:09:30:53 -0400] "GET /gambling-cost-australia?fileloc=%2F%2Flib64%2FlibXxf86vm.so.1&path=%2F%2Flib64 HTTP/1.1" 200 2481 "-" "Mozilla/5.0 AppleWebKit/537.36 (KHTML, like Gecko; compatible; ClaudeBot/1.0; [email protected])"
74.7.243.248 - - [13/Mar/2026:09:30:56 -0400] "GET /?path=//proc/3863880/root/lib/.build-id/e0 HTTP/1.1" 200 2581 "https://trn2.mesegroup.de/?path=//proc/3863880/root/lib/.build-id" "Mozilla/5.0 AppleWebKit/537.36 (KHTML, like Gecko; compatible; GPTBot/1.3; +https://openai.com/gptbot)"
216.73.216.167 - - [13/Mar/2026:09:30:56 -0400] "GET /gambling-cost-australia?fileloc=%2Fhome%2Faliazzsr%2Fshop.mesegroup.de%2Fwp-includes%2Fblocks.php&path=%2Fhome%2Faliazzsr%2Fshop.mesegroup.de%2Fwp-includes HTTP/1.1" 200 26192 "-" "Mozilla/5.0 AppleWebKit/537.36 (KHTML, like Gecko; compatible; ClaudeBot/1.0; [email protected])"
74.7.243.248 - - [13/Mar/2026:09:30:59 -0400] "GET /?path=//proc/3863880/root/lib/.build-id/b9 HTTP/1.1" 200 2539 "https://trn2.mesegroup.de/?path=//proc/3863880/root/lib/.build-id" "Mozilla/5.0 AppleWebKit/537.36 (KHTML, like Gecko; compatible; GPTBot/1.3; +https://openai.com/gptbot)"
216.73.216.167 - - [13/Mar/2026:09:30:59 -0400] "GET /gambling-cost-australia?fileloc=%2F%2Flib64%2Flibwayland-client.so.0&path=%2F%2Flib64 HTTP/1.1" 200 2436 "-" "Mozilla/5.0 AppleWebKit/537.36 (KHTML, like Gecko; compatible; ClaudeBot/1.0; [email protected])"
74.7.243.248 - - [13/Mar/2026:09:31:02 -0400] "GET /?path=//proc/3863880/root/lib/.build-id/8e HTTP/1.1" 200 2582 "https://trn2.mesegroup.de/?path=//proc/3863880/root/lib/.build-id" "Mozilla/5.0 AppleWebKit/537.36 (KHTML, like Gecko; compatible; GPTBot/1.3; +https://openai.com/gptbot)"
216.73.216.167 - - [13/Mar/2026:09:31:02 -0400] "GET /gambling-cost-australia?fileloc=%2Fhome%2Faliazzsr%2Fshop.mesegroup.de%2Fwp-includes%2Fblocks%2Fpost-navigation-link.php&path=%2Fhome%2Faliazzsr%2Fshop.mesegroup.de%2Fwp-includes%2Fblocks HTTP/1.1" 200 4085 "-" "Mozilla/5.0 AppleWebKit/537.36 (KHTML, like Gecko; compatible; ClaudeBot/1.0; [email protected])"
74.7.243.248 - - [13/Mar/2026:09:31:05 -0400] "GET /?path=//proc/3863880/root/lib/.build-id/0e HTTP/1.1" 200 2538 "https://trn2.mesegroup.de/?path=//proc/3863880/root/lib/.build-id" "Mozilla/5.0 AppleWebKit/537.36 (KHTML, like Gecko; compatible; GPTBot/1.3; +https://openai.com/gptbot)"
216.73.216.167 - - [13/Mar/2026:09:31:05 -0400] "GET /gambling-cost-australia?fileloc=%2F%2Flib64%2Flibgstriff-1.0.so.0&path=%2F%2Flib64 HTTP/1.1" 200 2486 "-" "Mozilla/5.0 AppleWebKit/537.36 (KHTML, like Gecko; compatible; ClaudeBot/1.0; [email protected])"
216.73.216.167 - - [13/Mar/2026:09:31:08 -0400] "GET /gambling-cost-australia?fileloc=%2F%2Flib64%2Flibxcb-ewmh.so.2&path=%2F%2Flib64 HTTP/1.1" 200 2482 "-" "Mozilla/5.0 AppleWebKit/537.36 (KHTML, like Gecko; compatible; ClaudeBot/1.0; [email protected])"
74.7.243.248 - - [13/Mar/2026:09:31:08 -0400] "GET /?path=//proc/3863880/root/lib/.build-id/2b HTTP/1.1" 200 2538 "https://trn2.mesegroup.de/?path=//proc/3863880/root/lib/.build-id" "Mozilla/5.0 AppleWebKit/537.36 (KHTML, like Gecko; compatible; GPTBot/1.3; +https://openai.com/gptbot)"
216.73.216.167 - - [13/Mar/2026:09:31:11 -0400] "GET /gambling-cost-australia?fileloc=%2Fhome%2Faliazzsr%2Ftrn3.mesegroup.de%2Fwp-includes%2Fclass-wp-recovery-mode.php&path=%2Fhome%2Faliazzsr%2Ftrn3.mesegroup.de%2Fwp-includes HTTP/1.1" 200 5753 "-" "Mozilla/5.0 AppleWebKit/537.36 (KHTML, like Gecko; compatible; ClaudeBot/1.0; [email protected])"
74.7.243.248 - - [13/Mar/2026:09:31:11 -0400] "GET /?path=//proc/3863880/root/lib/.build-id/c1 HTTP/1.1" 200 2582 "https://trn2.mesegroup.de/?path=//proc/3863880/root/lib/.build-id" "Mozilla/5.0 AppleWebKit/537.36 (KHTML, like Gecko; compatible; GPTBot/1.3; +https://openai.com/gptbot)"
216.73.216.167 - - [13/Mar/2026:09:31:14 -0400] "GET /gambling-cost-australia?fileloc=%2F%2Flib64%2Flibaec.so.0.0.8&path=%2F%2Flib64 HTTP/1.1" 200 2479 "-" "Mozilla/5.0 AppleWebKit/537.36 (KHTML, like Gecko; compatible; ClaudeBot/1.0; [email protected])"
74.7.243.248 - - [13/Mar/2026:09:31:15 -0400] "GET /?path=//proc/3863880/root/lib/.build-id/4b HTTP/1.1" 200 2580 "https://trn2.mesegroup.de/?path=//proc/3863880/root/lib/.build-id" "Mozilla/5.0 AppleWebKit/537.36 (KHTML, like Gecko; compatible; GPTBot/1.3; +https://openai.com/gptbot)"
216.73.216.167 - - [13/Mar/2026:09:31:17 -0400] "GET /gambling-cost-australia?fileloc=%2Fhome%2Faliazzsr%2Fshop.mesegroup.de%2Fwp-includes%2Fblocks%2Flatest-posts.php&path=%2Fhome%2Faliazzsr%2Fshop.mesegroup.de%2Fwp-includes%2Fblocks HTTP/1.1" 200 5143 "-" "Mozilla/5.0 AppleWebKit/537.36 (KHTML, like Gecko; compatible; ClaudeBot/1.0; [email protected])"
74.7.243.248 - - [13/Mar/2026:09:31:18 -0400] "GET /?path=//proc/3863880/root/lib/.build-id/2d HTTP/1.1" 200 2538 "https://trn2.mesegroup.de/?path=//proc/3863880/root/lib/.build-id" "Mozilla/5.0 AppleWebKit/537.36 (KHTML, like Gecko; compatible; GPTBot/1.3; +https://openai.com/gptbot)"
216.73.216.167 - - [13/Mar/2026:09:31:20 -0400] "GET /gambling-cost-australia?fileloc=%2Fhome%2Faliazzsr%2Ftrn2.mesegroup.de%2Fwp-content%2Fplugins%2Fyoast-test-helper%2Fyoast-test-helper.php&path=%2Fhome%2Faliazzsr%2Ftrn2.mesegroup.de%2Fwp-content%2Fplugins%2Fyoast-test-helper HTTP/1.1" 200 9857 "-" "Mozilla/5.0 AppleWebKit/537.36 (KHTML, like Gecko; compatible; ClaudeBot/1.0; [email protected])"
74.7.243.248 - - [13/Mar/2026:09:31:21 -0400] "GET /?path=//proc/3863880/root/lib/.build-id/7c HTTP/1.1" 200 2539 "https://trn2.mesegroup.de/?path=//proc/3863880/root/lib/.build-id" "Mozilla/5.0 AppleWebKit/537.36 (KHTML, like Gecko; compatible; GPTBot/1.3; +https://openai.com/gptbot)"
216.73.216.167 - - [13/Mar/2026:09:31:23 -0400] "GET /gambling-cost-australia?fileloc=%2F%2Flib64%2FlibXtst.so.6&path=%2F%2Flib64 HTTP/1.1" 200 2475 "-" "Mozilla/5.0 AppleWebKit/537.36 (KHTML, like Gecko; compatible; ClaudeBot/1.0; [email protected])"
74.7.243.248 - - [13/Mar/2026:09:31:24 -0400] "GET /?path=//proc/3863880/root/lib/.build-id/b7 HTTP/1.1" 200 2540 "https://trn2.mesegroup.de/?path=//proc/3863880/root/lib/.build-id" "Mozilla/5.0 AppleWebKit/537.36 (KHTML, like Gecko; compatible; GPTBot/1.3; +https://openai.com/gptbot)"
216.73.216.167 - - [13/Mar/2026:09:31:26 -0400] "GET /gambling-cost-australia?fileloc=%2Fhome%2Faliazzsr%2Ftrn2.mesegroup.de%2Fwp-admin%2Fupgrade.php&path=%2Fhome%2Faliazzsr%2Ftrn2.mesegroup.de%2Fwp-admin HTTP/1.1" 200 4444 "-" "Mozilla/5.0 AppleWebKit/537.36 (KHTML, like Gecko; compatible; ClaudeBot/1.0; [email protected])"
74.7.243.248 - - [13/Mar/2026:09:31:27 -0400] "GET /?path=//proc/3863880/root/lib/.build-id/f8 HTTP/1.1" 200 2539 "https://trn2.mesegroup.de/?path=//proc/3863880/root/lib/.build-id" "Mozilla/5.0 AppleWebKit/537.36 (KHTML, like Gecko; compatible; GPTBot/1.3; +https://openai.com/gptbot)"
216.73.216.167 - - [13/Mar/2026:09:31:29 -0400] "GET /gambling-cost-australia?fileloc=%2F%2Flib64%2Flibpcre2-32.so&path=%2F%2Flib64 HTTP/1.1" 200 2429 "-" "Mozilla/5.0 AppleWebKit/537.36 (KHTML, like Gecko; compatible; ClaudeBot/1.0; [email protected])"
74.7.243.248 - - [13/Mar/2026:09:31:30 -0400] "GET /?path=//proc/3863880/root/lib/.build-id/c4 HTTP/1.1" 200 2583 "https://trn2.mesegroup.de/?path=//proc/3863880/root/lib/.build-id" "Mozilla/5.0 AppleWebKit/537.36 (KHTML, like Gecko; compatible; GPTBot/1.3; +https://openai.com/gptbot)"
216.73.216.167 - - [13/Mar/2026:09:31:32 -0400] "GET /gambling-cost-australia?fileloc=%2F%2Flib64%2Flibxcb-randr.so&path=%2F%2Flib64 HTTP/1.1" 200 2430 "-" "Mozilla/5.0 AppleWebKit/537.36 (KHTML, like Gecko; compatible; ClaudeBot/1.0; [email protected])"
74.7.243.248 - - [13/Mar/2026:09:31:34 -0400] "GET /?path=//proc/3863880/root/lib/.build-id/c2 HTTP/1.1" 200 2539 "https://trn2.mesegroup.de/?path=//proc/3863880/root/lib/.build-id" "Mozilla/5.0 AppleWebKit/537.36 (KHTML, like Gecko; compatible; GPTBot/1.3; +https://openai.com/gptbot)"
216.73.216.167 - - [13/Mar/2026:09:31:35 -0400] "GET /gambling-cost-australia?fileloc=%2Fhome%2Faliazzsr%2Fshop.mesegroup.de%2Fwp-includes%2Fclass-wp-roles.php&path=%2Fhome%2Faliazzsr%2Fshop.mesegroup.de%2Fwp-includes HTTP/1.1" 200 4875 "-" "Mozilla/5.0 AppleWebKit/537.36 (KHTML, like Gecko; compatible; ClaudeBot/1.0; [email protected])"
74.7.243.248 - - [13/Mar/2026:09:31:37 -0400] "GET /?path=//proc/3863880/root/lib/.build-id/7a HTTP/1.1" 200 2582 "https://trn2.mesegroup.de/?path=//proc/3863880/root/lib/.build-id" "Mozilla/5.0 AppleWebKit/537.36 (KHTML, like Gecko; compatible; GPTBot/1.3; +https://openai.com/gptbot)"
216.73.216.167 - - [13/Mar/2026:09:31:38 -0400] "GET /gambling-cost-australia?fileloc=%2Fhome%2Faliazzsr%2Ftrn3.mesegroup.de%2Fwp-admin%2Fuser-new.php&path=%2Fhome%2Faliazzsr%2Ftrn3.mesegroup.de%2Fwp-admin HTTP/1.1" 200 9283 "-" "Mozilla/5.0 AppleWebKit/537.36 (KHTML, like Gecko; compatible; ClaudeBot/1.0; [email protected])"
74.7.243.248 - - [13/Mar/2026:09:31:40 -0400] "GET /?path=//proc/3863880/root/lib/.build-id/1d HTTP/1.1" 200 2538 "https://trn2.mesegroup.de/?path=//proc/3863880/root/lib/.build-id" "Mozilla/5.0 AppleWebKit/537.36 (KHTML, like Gecko; compatible; GPTBot/1.3; +https://openai.com/gptbot)"
216.73.216.167 - - [13/Mar/2026:09:31:41 -0400] "GET /gambling-cost-australia?fileloc=%2Fhome%2Faliazzsr%2Ftrn2.mesegroup.de%2Fwp-admin%2Fms-sites.php&path=%2Fhome%2Faliazzsr%2Ftrn2.mesegroup.de%2Fwp-admin HTTP/1.1" 200 2584 "-" "Mozilla/5.0 AppleWebKit/537.36 (KHTML, like Gecko; compatible; ClaudeBot/1.0; [email protected])"
74.7.243.248 - - [13/Mar/2026:09:31:43 -0400] "GET /?path=//proc/3863880/root/lib/.build-id/1b HTTP/1.1" 200 2580 "https://trn2.mesegroup.de/?path=//proc/3863880/root/lib/.build-id" "Mozilla/5.0 AppleWebKit/537.36 (KHTML, like Gecko; compatible; GPTBot/1.3; +https://openai.com/gptbot)"
216.73.216.167 - - [13/Mar/2026:09:31:44 -0400] "GET /gambling-cost-australia?fileloc=%2Fhome%2Faliazzsr%2Ftrn2.mesegroup.de%2Fwp-includes%2Fmedia-template.php&path=%2Fhome%2Faliazzsr%2Ftrn2.mesegroup.de%2Fwp-includes HTTP/1.1" 200 15282 "-" "Mozilla/5.0 AppleWebKit/537.36 (KHTML, like Gecko; compatible; ClaudeBot/1.0; [email protected])"
74.7.243.248 - - [13/Mar/2026:09:31:46 -0400] "GET /?path=//proc/3863880/root/lib/.build-id/b4 HTTP/1.1" 200 2539 "https://trn2.mesegroup.de/?path=//proc/3863880/root/lib/.build-id" "Mozilla/5.0 AppleWebKit/537.36 (KHTML, like Gecko; compatible; GPTBot/1.3; +https://openai.com/gptbot)"
216.73.216.167 - - [13/Mar/2026:09:31:47 -0400] "GET /gambling-cost-australia?fileloc=%2F%2Flib64%2Flibverto.so.1&path=%2F%2Flib64 HTTP/1.1" 200 2477 "-" "Mozilla/5.0 AppleWebKit/537.36 (KHTML, like Gecko; compatible; ClaudeBot/1.0; [email protected])"
74.7.243.248 - - [13/Mar/2026:09:31:49 -0400] "GET /?path=//proc/3863880/root/lib/.build-id/9b HTTP/1.1" 200 2581 "https://trn2.mesegroup.de/?path=//proc/3863880/root/lib/.build-id" "Mozilla/5.0 AppleWebKit/537.36 (KHTML, like Gecko; compatible; GPTBot/1.3; +https://openai.com/gptbot)"
216.73.216.167 - - [13/Mar/2026:09:31:50 -0400] "GET /gambling-cost-australia?fileloc=%2F%2Flib64%2Flibwmflite-0.2.so.7&path=%2F%2Flib64 HTTP/1.1" 200 2484 "-" "Mozilla/5.0 AppleWebKit/537.36 (KHTML, like Gecko; compatible; ClaudeBot/1.0; [email protected])"
74.7.243.248 - - [13/Mar/2026:09:31:52 -0400] "GET /?path=//proc/3863880/root/lib/.build-id/5b HTTP/1.1" 200 2538 "https://trn2.mesegroup.de/?path=//proc/3863880/root/lib/.build-id" "Mozilla/5.0 AppleWebKit/537.36 (KHTML, like Gecko; compatible; GPTBot/1.3; +https://openai.com/gptbot)"
216.73.216.167 - - [13/Mar/2026:09:31:53 -0400] "GET /gambling-cost-australia?fileloc=%2F%2Flib64%2Flibenchant.so.1&path=%2F%2Flib64 HTTP/1.1" 200 2478 "-" "Mozilla/5.0 AppleWebKit/537.36 (KHTML, like Gecko; compatible; ClaudeBot/1.0; [email protected])"
74.7.243.248 - - [13/Mar/2026:09:31:55 -0400] "GET /?path=//proc/3863880/root/lib/.build-id/d9 HTTP/1.1" 200 2582 "https://trn2.mesegroup.de/?path=//proc/3863880/root/lib/.build-id" "Mozilla/5.0 AppleWebKit/537.36 (KHTML, like Gecko; compatible; GPTBot/1.3; +https://openai.com/gptbot)"
216.73.216.167 - - [13/Mar/2026:09:31:56 -0400] "GET /gambling-cost-australia?fileloc=%2F%2Flib64%2Flibgvc.so.6.0.0&path=%2F%2Flib64 HTTP/1.1" 200 2480 "-" "Mozilla/5.0 AppleWebKit/537.36 (KHTML, like Gecko; compatible; ClaudeBot/1.0; [email protected])"
74.7.243.248 - - [13/Mar/2026:09:31:58 -0400] "GET /?path=//proc/3863880/root/lib/.build-id/b5 HTTP/1.1" 200 2583 "https://trn2.mesegroup.de/?path=//proc/3863880/root/lib/.build-id" "Mozilla/5.0 AppleWebKit/537.36 (KHTML, like Gecko; compatible; GPTBot/1.3; +https://openai.com/gptbot)"
216.73.216.167 - - [13/Mar/2026:09:31:59 -0400] "GET /gambling-cost-australia?fileloc=%2Fhome%2Faliazzsr%2Fshop.mesegroup.de%2Fwp-admin%2Fuser-edit.php&path=%2Fhome%2Faliazzsr%2Fshop.mesegroup.de%2Fwp-admin HTTP/1.1" 200 13307 "-" "Mozilla/5.0 AppleWebKit/537.36 (KHTML, like Gecko; compatible; ClaudeBot/1.0; [email protected])"
74.7.243.248 - - [13/Mar/2026:09:32:02 -0400] "GET /?path=//proc/3863880/root/lib/.build-id/5a HTTP/1.1" 200 2539 "https://trn2.mesegroup.de/?path=//proc/3863880/root/lib/.build-id" "Mozilla/5.0 AppleWebKit/537.36 (KHTML, like Gecko; compatible; GPTBot/1.3; +https://openai.com/gptbot)"
216.73.216.167 - - [13/Mar/2026:09:32:02 -0400] "GET /gambling-cost-australia?fileloc=%2F%2Flib64%2FxsltConf.sh&path=%2F%2Flib64 HTTP/1.1" 200 2599 "-" "Mozilla/5.0 AppleWebKit/537.36 (KHTML, like Gecko; compatible; ClaudeBot/1.0; [email protected])"
74.7.243.248 - - [13/Mar/2026:09:32:05 -0400] "GET /?path=//proc/3863880/root/lib/.build-id/f0 HTTP/1.1" 200 2538 "https://trn2.mesegroup.de/?path=//proc/3863880/root/lib/.build-id" "Mozilla/5.0 AppleWebKit/537.36 (KHTML, like Gecko; compatible; GPTBot/1.3; +https://openai.com/gptbot)"
216.73.216.167 - - [13/Mar/2026:09:32:05 -0400] "GET /gambling-cost-australia?fileloc=%2Fhome%2Faliazzsr%2Fshop.mesegroup.de%2Fwp-includes%2Fjs%2Fcustomize-loader.js&path=%2Fhome%2Faliazzsr%2Fshop.mesegroup.de%2Fwp-includes%2Fjs HTTP/1.1" 200 5183 "-" "Mozilla/5.0 AppleWebKit/537.36 (KHTML, like Gecko; compatible; ClaudeBot/1.0; [email protected])"
74.7.243.248 - - [13/Mar/2026:09:32:08 -0400] "GET /?path=//proc/3863880/root/lib/.build-id/3f HTTP/1.1" 200 2583 "https://trn2.mesegroup.de/?path=//proc/3863880/root/lib/.build-id" "Mozilla/5.0 AppleWebKit/537.36 (KHTML, like Gecko; compatible; GPTBot/1.3; +https://openai.com/gptbot)"
216.73.216.167 - - [13/Mar/2026:09:32:08 -0400] "GET /gambling-cost-australia?path=%2Fhome%2Faliazzsr%2Ftrn2.mesegroup.de%2Fwp-content%2Fthemes%2Fauthor_template_1773123123 HTTP/1.1" 200 3866 "-" "Mozilla/5.0 AppleWebKit/537.36 (KHTML, like Gecko; compatible; ClaudeBot/1.0; [email protected])"
74.7.243.248 - - [13/Mar/2026:09:32:11 -0400] "GET /?path=//proc/3863880/root/lib/.build-id/2a HTTP/1.1" 200 2582 "https://trn2.mesegroup.de/?path=//proc/3863880/root/lib/.build-id" "Mozilla/5.0 AppleWebKit/537.36 (KHTML, like Gecko; compatible; GPTBot/1.3; +https://openai.com/gptbot)"
216.73.216.167 - - [13/Mar/2026:09:32:11 -0400] "GET /gambling-cost-australia?fileloc=%2F%2Flib64%2Flibfreetype.so.6.16.1&path=%2F%2Flib64 HTTP/1.1" 200 2485 "-" "Mozilla/5.0 AppleWebKit/537.36 (KHTML, like Gecko; compatible; ClaudeBot/1.0; [email protected])"
74.7.243.248 - - [13/Mar/2026:09:32:14 -0400] "GET /?path=//proc/3863880/root/lib/.build-id/0f HTTP/1.1" 200 2583 "https://trn2.mesegroup.de/?path=//proc/3863880/root/lib/.build-id" "Mozilla/5.0 AppleWebKit/537.36 (KHTML, like Gecko; compatible; GPTBot/1.3; +https://openai.com/gptbot)"
216.73.216.167 - - [13/Mar/2026:09:32:14 -0400] "GET /gambling-cost-australia?fileloc=%2F%2Flib64%2Flibgstreamer-1.0.so.0&path=%2F%2Flib64 HTTP/1.1" 200 2487 "-" "Mozilla/5.0 AppleWebKit/537.36 (KHTML, like Gecko; compatible; ClaudeBot/1.0; [email protected])"
74.7.243.248 - - [13/Mar/2026:09:32:17 -0400] "GET /?path=//proc/3863880/root/lib/.build-id/c5 HTTP/1.1" 200 2583 "https://trn2.mesegroup.de/?path=//proc/3863880/root/lib/.build-id" "Mozilla/5.0 AppleWebKit/537.36 (KHTML, like Gecko; compatible; GPTBot/1.3; +https://openai.com/gptbot)"
216.73.216.167 - - [13/Mar/2026:09:32:17 -0400] "GET /gambling-cost-australia?fileloc=%2Fhome%2Faliazzsr%2Fshop.mesegroup.de%2Fwp-includes%2Ftemplate.php&path=%2Fhome%2Faliazzsr%2Fshop.mesegroup.de%2Fwp-includes HTTP/1.1" 200 7156 "-" "Mozilla/5.0 AppleWebKit/537.36 (KHTML, like Gecko; compatible; ClaudeBot/1.0; [email protected])"
216.73.216.167 - - [13/Mar/2026:09:32:20 -0400] "GET /gambling-cost-australia?fileloc=%2F%2Flib64%2Flibnm.so.0.1.0&path=%2F%2Flib64 HTTP/1.1" 200 2430 "-" "Mozilla/5.0 AppleWebKit/537.36 (KHTML, like Gecko; compatible; ClaudeBot/1.0; [email protected])"
74.7.243.248 - - [13/Mar/2026:09:32:20 -0400] "GET /?path=//proc/3863880/root/lib/.build-id/d5 HTTP/1.1" 200 2539 "https://trn2.mesegroup.de/?path=//proc/3863880/root/lib/.build-id" "Mozilla/5.0 AppleWebKit/537.36 (KHTML, like Gecko; compatible; GPTBot/1.3; +https://openai.com/gptbot)"
74.7.243.248 - - [13/Mar/2026:09:32:24 -0400] "GET /?path=//proc/3863880/root/lib/.build-id/4d HTTP/1.1" 200 2538 "https://trn2.mesegroup.de/?path=//proc/3863880/root/lib/.build-id" "Mozilla/5.0 AppleWebKit/537.36 (KHTML, like Gecko; compatible; GPTBot/1.3; +https://openai.com/gptbot)"
216.73.216.167 - - [13/Mar/2026:09:32:26 -0400] "GET /gambling-cost-australia?fileloc=%2Fhome%2Faliazzsr%2Fshop.mesegroup.de%2Fwp-includes%2Fblocks%2Fcalendar.php&path=%2Fhome%2Faliazzsr%2Fshop.mesegroup.de%2Fwp-includes%2Fblocks HTTP/1.1" 200 4449 "-" "Mozilla/5.0 AppleWebKit/537.36 (KHTML, like Gecko; compatible; ClaudeBot/1.0; [email protected])"
74.7.243.248 - - [13/Mar/2026:09:32:27 -0400] "GET /?path=//proc/3863880/root/lib/.build-id/6e HTTP/1.1" 200 2539 "https://trn2.mesegroup.de/?path=//proc/3863880/root/lib/.build-id" "Mozilla/5.0 AppleWebKit/537.36 (KHTML, like Gecko; compatible; GPTBot/1.3; +https://openai.com/gptbot)"
216.73.216.167 - - [13/Mar/2026:09:32:29 -0400] "GET /gambling-cost-australia?fileloc=%2Fhome%2Faliazzsr%2Fshop.mesegroup.de%2Fwp-includes%2Fjs%2Fhoverintent-js.min.js&path=%2Fhome%2Faliazzsr%2Fshop.mesegroup.de%2Fwp-includes%2Fjs HTTP/1.1" 200 3227 "-" "Mozilla/5.0 AppleWebKit/537.36 (KHTML, like Gecko; compatible; ClaudeBot/1.0; [email protected])"
74.7.243.248 - - [13/Mar/2026:09:32:30 -0400] "GET /?path=//proc/3863880/root/lib/.build-id/b1 HTTP/1.1" 200 2539 "https://trn2.mesegroup.de/?path=//proc/3863880/root/lib/.build-id" "Mozilla/5.0 AppleWebKit/537.36 (KHTML, like Gecko; compatible; GPTBot/1.3; +https://openai.com/gptbot)"
216.73.216.167 - - [13/Mar/2026:09:32:32 -0400] "GET /gambling-cost-australia?fileloc=%2Fhome%2Faliazzsr%2Ftrn3.mesegroup.de%2Fwp-includes%2Ffonts%2Fclass-wp-font-face.php&path=%2Fhome%2Faliazzsr%2Ftrn3.mesegroup.de%2Fwp-includes%2Ffonts HTTP/1.1" 200 5485 "-" "Mozilla/5.0 AppleWebKit/537.36 (KHTML, like Gecko; compatible; ClaudeBot/1.0; [email protected])"
74.7.243.248 - - [13/Mar/2026:09:32:33 -0400] "GET /?path=//proc/3863880/root/lib/.build-id/d2 HTTP/1.1" 200 2539 "https://trn2.mesegroup.de/?path=//proc/3863880/root/lib/.build-id" "Mozilla/5.0 AppleWebKit/537.36 (KHTML, like Gecko; compatible; GPTBot/1.3; +https://openai.com/gptbot)"
216.73.216.167 - - [13/Mar/2026:09:32:35 -0400] "GET /gambling-cost-australia?fileloc=%2Fhome%2Faliazzsr%2Fshop.mesegroup.de%2Fwp-includes%2Fblocks%2Fsite-logo.php&path=%2Fhome%2Faliazzsr%2Fshop.mesegroup.de%2Fwp-includes%2Fblocks HTTP/1.1" 200 4364 "-" "Mozilla/5.0 AppleWebKit/537.36 (KHTML, like Gecko; compatible; ClaudeBot/1.0; [email protected])"
74.7.243.248 - - [13/Mar/2026:09:32:36 -0400] "GET /?path=//proc/3863880/root/lib/.build-id/9a HTTP/1.1" 200 2539 "https://trn2.mesegroup.de/?path=//proc/3863880/root/lib/.build-id" "Mozilla/5.0 AppleWebKit/537.36 (KHTML, like Gecko; compatible; GPTBot/1.3; +https://openai.com/gptbot)"
216.73.216.167 - - [13/Mar/2026:09:32:38 -0400] "GET /gambling-cost-australia?fileloc=%2Fhome%2Faliazzsr%2Fshop.mesegroup.de%2Fwp-includes%2Fjs%2Fbackbone.js&path=%2Fhome%2Faliazzsr%2Fshop.mesegroup.de%2Fwp-includes%2Fjs HTTP/1.1" 200 25931 "-" "Mozilla/5.0 AppleWebKit/537.36 (KHTML, like Gecko; compatible; ClaudeBot/1.0; [email protected])"
74.7.243.248 - - [13/Mar/2026:09:32:39 -0400] "GET /?path=//proc/3863880/root/lib/.build-id/2c HTTP/1.1" 200 2538 "https://trn2.mesegroup.de/?path=//proc/3863880/root/lib/.build-id" "Mozilla/5.0 AppleWebKit/537.36 (KHTML, like Gecko; compatible; GPTBot/1.3; +https://openai.com/gptbot)"
216.73.216.167 - - [13/Mar/2026:09:32:41 -0400] "GET /gambling-cost-australia?fileloc=%2Fhome%2Faliazzsr%2Fshop.mesegroup.de%2Fwp-includes%2Fjs%2Fwp-embed.min.js&path=%2Fhome%2Faliazzsr%2Fshop.mesegroup.de%2Fwp-includes%2Fjs HTTP/1.1" 200 3188 "-" "Mozilla/5.0 AppleWebKit/537.36 (KHTML, like Gecko; compatible; ClaudeBot/1.0; [email protected])"
74.7.243.248 - - [13/Mar/2026:09:32:42 -0400] "GET /?path=//proc/3863880/root/lib/.build-id/a4 HTTP/1.1" 200 2539 "https://trn2.mesegroup.de/?path=//proc/3863880/root/lib/.build-id" "Mozilla/5.0 AppleWebKit/537.36 (KHTML, like Gecko; compatible; GPTBot/1.3; +https://openai.com/gptbot)"
216.73.216.167 - - [13/Mar/2026:09:32:44 -0400] "GET /gambling-cost-australia?fileloc=%2Fhome%2Faliazzsr%2Fshop.mesegroup.de%2Fwp-includes%2Fjs%2Fcomment-reply.min.js&path=%2Fhome%2Faliazzsr%2Fshop.mesegroup.de%2Fwp-includes%2Fjs HTTP/1.1" 200 3911 "-" "Mozilla/5.0 AppleWebKit/537.36 (KHTML, like Gecko; compatible; ClaudeBot/1.0; [email protected])"
74.7.243.248 - - [13/Mar/2026:09:32:45 -0400] "GET /?path=//proc/3863880/root/lib/.build-id/c9 HTTP/1.1" 200 2539 "https://trn2.mesegroup.de/?path=//proc/3863880/root/lib/.build-id" "Mozilla/5.0 AppleWebKit/537.36 (KHTML, like Gecko; compatible; GPTBot/1.3; +https://openai.com/gptbot)"
216.73.216.167 - - [13/Mar/2026:09:32:47 -0400] "GET /gambling-cost-australia?fileloc=%2Fhome%2Faliazzsr%2Ftrn3.mesegroup.de%2Fwp-includes%2Fpomo%2Fstreams.php&path=%2Fhome%2Faliazzsr%2Ftrn3.mesegroup.de%2Fwp-includes%2Fpomo HTTP/1.1" 200 4366 "-" "Mozilla/5.0 AppleWebKit/537.36 (KHTML, like Gecko; compatible; ClaudeBot/1.0; [email protected])"
74.7.243.248 - - [13/Mar/2026:09:32:48 -0400] "GET /?path=//proc/3863880/root/lib/.build-id/a9 HTTP/1.1" 200 2539 "https://trn2.mesegroup.de/?path=//proc/3863880/root/lib/.build-id" "Mozilla/5.0 AppleWebKit/537.36 (KHTML, like Gecko; compatible; GPTBot/1.3; +https://openai.com/gptbot)"
216.73.216.167 - - [13/Mar/2026:09:32:50 -0400] "GET /gambling-cost-australia?fileloc=%2Fhome%2Faliazzsr%2Fshop.mesegroup.de%2Fwp-includes%2FIXR%2Fclass-IXR-introspectionserver.php&path=%2Fhome%2Faliazzsr%2Fshop.mesegroup.de%2Fwp-includes%2FIXR HTTP/1.1" 200 3851 "-" "Mozilla/5.0 AppleWebKit/537.36 (KHTML, like Gecko; compatible; ClaudeBot/1.0; [email protected])"
74.7.243.248 - - [13/Mar/2026:09:32:52 -0400] "GET /?path=//proc/3863880/root/lib/.build-id/7b HTTP/1.1" 200 2539 "https://trn2.mesegroup.de/?path=//proc/3863880/root/lib/.build-id" "Mozilla/5.0 AppleWebKit/537.36 (KHTML, like Gecko; compatible; GPTBot/1.3; +https://openai.com/gptbot)"
216.73.216.167 - - [13/Mar/2026:09:32:53 -0400] "GET /gambling-cost-australia?fileloc=%2Fhome%2Faliazzsr%2Ftrn2.mesegroup.de%2Fwp-includes%2Fsodium_compat%2F.htaccess&path=%2Fhome%2Faliazzsr%2Ftrn2.mesegroup.de%2Fwp-includes%2Fsodium_compat HTTP/1.1" 403 1242 "-" "Mozilla/5.0 AppleWebKit/537.36 (KHTML, like Gecko; compatible; ClaudeBot/1.0; [email protected])"
74.7.243.248 - - [13/Mar/2026:09:32:55 -0400] "GET /?path=//proc/3863880/root/lib/.build-id/a5 HTTP/1.1" 200 2539 "https://trn2.mesegroup.de/?path=//proc/3863880/root/lib/.build-id" "Mozilla/5.0 AppleWebKit/537.36 (KHTML, like Gecko; compatible; GPTBot/1.3; +https://openai.com/gptbot)"
216.73.216.167 - - [13/Mar/2026:09:32:56 -0400] "GET /gambling-cost-australia?fileloc=%2Fhome%2Faliazzsr%2Fshop.mesegroup.de%2Fwp-includes%2Fblocks%2Fquery-no-results.php&path=%2Fhome%2Faliazzsr%2Fshop.mesegroup.de%2Fwp-includes%2Fblocks HTTP/1.1" 200 3216 "-" "Mozilla/5.0 AppleWebKit/537.36 (KHTML, like Gecko; compatible; ClaudeBot/1.0; [email protected])"
74.7.243.248 - - [13/Mar/2026:09:32:58 -0400] "GET /?path=//proc/3863880/root/lib/.build-id/6f HTTP/1.1" 200 2539 "https://trn2.mesegroup.de/?path=//proc/3863880/root/lib/.build-id" "Mozilla/5.0 AppleWebKit/537.36 (KHTML, like Gecko; compatible; GPTBot/1.3; +https://openai.com/gptbot)"
216.73.216.167 - - [13/Mar/2026:09:32:59 -0400] "GET /gambling-cost-australia?fileloc=%2Fhome%2Faliazzsr%2Fshop.mesegroup.de%2Fwp-includes%2Fjs%2Fjson2.js&path=%2Fhome%2Faliazzsr%2Fshop.mesegroup.de%2Fwp-includes%2Fjs HTTP/1.1" 200 8170 "-" "Mozilla/5.0 AppleWebKit/537.36 (KHTML, like Gecko; compatible; ClaudeBot/1.0; [email protected])"
74.7.243.248 - - [13/Mar/2026:09:33:01 -0400] "GET /?path=//proc/3863880/root/lib/.build-id/7d HTTP/1.1" 200 2581 "https://trn2.mesegroup.de/?path=//proc/3863880/root/lib/.build-id" "Mozilla/5.0 AppleWebKit/537.36 (KHTML, like Gecko; compatible; GPTBot/1.3; +https://openai.com/gptbot)"
216.73.216.167 - - [13/Mar/2026:09:33:02 -0400] "GET /gambling-cost-australia?fileloc=%2Fhome%2Faliazzsr%2Fshop.mesegroup.de%2Fwp-includes%2Fsitemaps%2Fclass-wp-sitemaps-provider.php&path=%2Fhome%2Faliazzsr%2Fshop.mesegroup.de%2Fwp-includes%2Fsitemaps HTTP/1.1" 200 3950 "-" "Mozilla/5.0 AppleWebKit/537.36 (KHTML, like Gecko; compatible; ClaudeBot/1.0; [email protected])"
74.7.243.248 - - [13/Mar/2026:09:33:04 -0400] "GET /?path=//proc/3863880/root/lib/.build-id/9d HTTP/1.1" 200 2538 "https://trn2.mesegroup.de/?path=//proc/3863880/root/lib/.build-id" "Mozilla/5.0 AppleWebKit/537.36 (KHTML, like Gecko; compatible; GPTBot/1.3; +https://openai.com/gptbot)"
216.73.216.167 - - [13/Mar/2026:09:33:05 -0400] "GET /gambling-cost-australia?fileloc=%2Fhome%2Faliazzsr%2Fshop.mesegroup.de%2Fwp-includes%2Fjs%2Fwp-auth-check.js&path=%2Fhome%2Faliazzsr%2Fshop.mesegroup.de%2Fwp-includes%2Fjs HTTP/1.1" 200 4055 "-" "Mozilla/5.0 AppleWebKit/537.36 (KHTML, like Gecko; compatible; ClaudeBot/1.0; [email protected])"
74.7.243.248 - - [13/Mar/2026:09:33:08 -0400] "GET /?path=//proc/3863880/root/lib/.build-id/1c HTTP/1.1" 200 2538 "https://trn2.mesegroup.de/?path=//proc/3863880/root/lib/.build-id" "Mozilla/5.0 AppleWebKit/537.36 (KHTML, like Gecko; compatible; GPTBot/1.3; +https://openai.com/gptbot)"
216.73.216.167 - - [13/Mar/2026:09:33:08 -0400] "GET /gambling-cost-australia?fileloc=%2Fhome%2Faliazzsr%2Fshop.mesegroup.de%2Fwp-includes%2Fsitemaps%2Fclass-wp-sitemaps-index.php&path=%2Fhome%2Faliazzsr%2Fshop.mesegroup.de%2Fwp-includes%2Fsitemaps HTTP/1.1" 200 3249 "-" "Mozilla/5.0 AppleWebKit/537.36 (KHTML, like Gecko; compatible; ClaudeBot/1.0; [email protected])"
74.7.243.248 - - [13/Mar/2026:09:33:11 -0400] "GET /?path=//proc/3863880/root/lib/.build-id/d7 HTTP/1.1" 200 2539 "https://trn2.mesegroup.de/?path=//proc/3863880/root/lib/.build-id" "Mozilla/5.0 AppleWebKit/537.36 (KHTML, like Gecko; compatible; GPTBot/1.3; +https://openai.com/gptbot)"
216.73.216.167 - - [13/Mar/2026:09:33:11 -0400] "GET /gambling-cost-australia?fileloc=%2Fhome%2Faliazzsr%2Fshop.mesegroup.de%2Fwp-includes%2Fjs%2Fwp-custom-header.min.js&path=%2Fhome%2Faliazzsr%2Fshop.mesegroup.de%2Fwp-includes%2Fjs HTTP/1.1" 200 4130 "-" "Mozilla/5.0 AppleWebKit/537.36 (KHTML, like Gecko; compatible; ClaudeBot/1.0; [email protected])"
74.7.243.248 - - [13/Mar/2026:09:33:14 -0400] "GET /?path=//proc/3863880/root/lib/.build-id/4c HTTP/1.1" 200 2582 "https://trn2.mesegroup.de/?path=//proc/3863880/root/lib/.build-id" "Mozilla/5.0 AppleWebKit/537.36 (KHTML, like Gecko; compatible; GPTBot/1.3; +https://openai.com/gptbot)"
216.73.216.167 - - [13/Mar/2026:09:33:14 -0400] "GET /gambling-cost-australia?fileloc=%2Fhome%2Faliazzsr%2Fshop.mesegroup.de%2Fwp-includes%2Fjs%2Fwp-api.min.js&path=%2Fhome%2Faliazzsr%2Fshop.mesegroup.de%2Fwp-includes%2Fjs HTTP/1.1" 200 6890 "-" "Mozilla/5.0 AppleWebKit/537.36 (KHTML, like Gecko; compatible; ClaudeBot/1.0; [email protected])"
74.7.243.248 - - [13/Mar/2026:09:33:17 -0400] "GET /?path=//proc/3863880/root/lib/.build-id/e6 HTTP/1.1" 200 2539 "https://trn2.mesegroup.de/?path=//proc/3863880/root/lib/.build-id" "Mozilla/5.0 AppleWebKit/537.36 (KHTML, like Gecko; compatible; GPTBot/1.3; +https://openai.com/gptbot)"
216.73.216.167 - - [13/Mar/2026:09:33:17 -0400] "GET /gambling-cost-australia?fileloc=%2Fhome%2Faliazzsr%2Fshop.mesegroup.de%2Fwp-includes%2Fblocks%2Fmedia-text.php&path=%2Fhome%2Faliazzsr%2Fshop.mesegroup.de%2Fwp-includes%2Fblocks HTTP/1.1" 200 3894 "-" "Mozilla/5.0 AppleWebKit/537.36 (KHTML, like Gecko; compatible; ClaudeBot/1.0; [email protected])"
216.73.216.167 - - [13/Mar/2026:09:33:20 -0400] "GET /gambling-cost-australia?fileloc=%2Fhome%2Faliazzsr%2Fshop.mesegroup.de%2Fwp-includes%2Fjs%2Fwp-backbone.js&path=%2Fhome%2Faliazzsr%2Fshop.mesegroup.de%2Fwp-includes%2Fjs HTTP/1.1" 200 6275 "-" "Mozilla/5.0 AppleWebKit/537.36 (KHTML, like Gecko; compatible; ClaudeBot/1.0; [email protected])"
74.7.243.248 - - [13/Mar/2026:09:33:20 -0400] "GET /?path=//proc/3863880/root/lib/.build-id/9c HTTP/1.1" 200 2582 "https://trn2.mesegroup.de/?path=//proc/3863880/root/lib/.build-id" "Mozilla/5.0 AppleWebKit/537.36 (KHTML, like Gecko; compatible; GPTBot/1.3; +https://openai.com/gptbot)"
216.73.216.167 - - [13/Mar/2026:09:33:23 -0400] "GET /gambling-cost-australia?fileloc=%2Fhome%2Faliazzsr%2Ftrn3.mesegroup.de%2Fwp-includes%2Ffonts%2Fclass-wp-font-face-resolver.php&path=%2Fhome%2Faliazzsr%2Ftrn3.mesegroup.de%2Fwp-includes%2Ffonts HTTP/1.1" 200 4137 "-" "Mozilla/5.0 AppleWebKit/537.36 (KHTML, like Gecko; compatible; ClaudeBot/1.0; [email protected])"
74.7.243.248 - - [13/Mar/2026:09:33:23 -0400] "GET /?path=//proc/3863880/root/lib/.build-id/a2 HTTP/1.1" 200 2539 "https://trn2.mesegroup.de/?path=//proc/3863880/root/lib/.build-id" "Mozilla/5.0 AppleWebKit/537.36 (KHTML, like Gecko; compatible; GPTBot/1.3; +https://openai.com/gptbot)"
216.73.216.167 - - [13/Mar/2026:09:33:26 -0400] "GET /gambling-cost-australia?fileloc=%2Fhome%2Faliazzsr%2Ftrn2.mesegroup.de%2Fwp-content%2Fplugins%2Fyoast-test-helper%2F.htaccess&path=%2Fhome%2Faliazzsr%2Ftrn2.mesegroup.de%2Fwp-content%2Fplugins%2Fyoast-test-helper HTTP/1.1" 403 1242 "-" "Mozilla/5.0 AppleWebKit/537.36 (KHTML, like Gecko; compatible; ClaudeBot/1.0; [email protected])"
74.7.243.248 - - [13/Mar/2026:09:33:27 -0400] "GET /?path=//proc/3863880/root/lib/.build-id/d1 HTTP/1.1" 200 2539 "https://trn2.mesegroup.de/?path=//proc/3863880/root/lib/.build-id" "Mozilla/5.0 AppleWebKit/537.36 (KHTML, like Gecko; compatible; GPTBot/1.3; +https://openai.com/gptbot)"
216.73.216.167 - - [13/Mar/2026:09:33:29 -0400] "GET /gambling-cost-australia?fileloc=%2Fhome%2Faliazzsr%2Ftrn3.mesegroup.de%2Fwp-includes%2Fpomo%2Fentry.php&path=%2Fhome%2Faliazzsr%2Ftrn3.mesegroup.de%2Fwp-includes%2Fpomo HTTP/1.1" 200 3761 "-" "Mozilla/5.0 AppleWebKit/537.36 (KHTML, like Gecko; compatible; ClaudeBot/1.0; [email protected])"
74.7.243.248 - - [13/Mar/2026:09:33:30 -0400] "GET /?path=//proc/3863880/root/lib/.build-id/3e HTTP/1.1" 200 2582 "https://trn2.mesegroup.de/?path=//proc/3863880/root/lib/.build-id" "Mozilla/5.0 AppleWebKit/537.36 (KHTML, like Gecko; compatible; GPTBot/1.3; +https://openai.com/gptbot)"
216.73.216.167 - - [13/Mar/2026:09:33:32 -0400] "GET /gambling-cost-australia?fileloc=%2Fhome%2Faliazzsr%2Fshop.mesegroup.de%2Fwp-includes%2Fjs%2Futils.min.js&path=%2Fhome%2Faliazzsr%2Fshop.mesegroup.de%2Fwp-includes%2Fjs HTTP/1.1" 200 3306 "-" "Mozilla/5.0 AppleWebKit/537.36 (KHTML, like Gecko; compatible; ClaudeBot/1.0; [email protected])"
74.7.243.248 - - [13/Mar/2026:09:33:33 -0400] "GET /?path=//proc/3863880/root/usr/lib/environment.d HTTP/1.1" 200 2576 "https://trn2.mesegroup.de/?path=//proc/3863880/root/usr/lib" "Mozilla/5.0 AppleWebKit/537.36 (KHTML, like Gecko; compatible; GPTBot/1.3; +https://openai.com/gptbot)"
216.73.216.167 - - [13/Mar/2026:09:33:35 -0400] "GET /gambling-cost-australia?fileloc=%2Fhome%2Faliazzsr%2Fshop.mesegroup.de%2Fwp-includes%2Fblocks%2Flatest-comments.php&path=%2Fhome%2Faliazzsr%2Fshop.mesegroup.de%2Fwp-includes%2Fblocks HTTP/1.1" 200 4355 "-" "Mozilla/5.0 AppleWebKit/537.36 (KHTML, like Gecko; compatible; ClaudeBot/1.0; [email protected])"
74.7.243.248 - - [13/Mar/2026:09:33:36 -0400] "GET /?path=//proc/3863880/root/lib/firmware/4.18.0-553.54.1.lve.el8.x86_64 HTTP/1.1" 200 2527 "https://trn2.mesegroup.de/?path=//proc/3863880/root/lib/firmware" "Mozilla/5.0 AppleWebKit/537.36 (KHTML, like Gecko; compatible; GPTBot/1.3; +https://openai.com/gptbot)"
216.73.216.167 - - [13/Mar/2026:09:33:38 -0400] "GET /gambling-cost-australia?fileloc=%2Fhome%2Faliazzsr%2Ftrn3.mesegroup.de%2Fwp-includes%2Fsodium_compat%2Fcomposer.json&path=%2Fhome%2Faliazzsr%2Ftrn3.mesegroup.de%2Fwp-includes%2Fsodium_compat HTTP/1.1" 200 3192 "-" "Mozilla/5.0 AppleWebKit/537.36 (KHTML, like Gecko; compatible; ClaudeBot/1.0; [email protected])"
74.7.243.248 - - [13/Mar/2026:09:33:39 -0400] "GET /?path=//proc/3643431/root/lib64/ImageMagick-6.9.13 HTTP/1.1" 200 2530 "https://trn2.mesegroup.de/?path=//proc/3643431/root/lib64" "Mozilla/5.0 AppleWebKit/537.36 (KHTML, like Gecko; compatible; GPTBot/1.3; +https://openai.com/gptbot)"
216.73.216.167 - - [13/Mar/2026:09:33:41 -0400] "GET /gambling-cost-australia?fileloc=%2Fhome%2Faliazzsr%2Fshop.mesegroup.de%2Fwp-includes%2Fjs%2Fcustomize-preview-widgets.js&path=%2Fhome%2Faliazzsr%2Fshop.mesegroup.de%2Fwp-includes%2Fjs HTTP/1.1" 200 8553 "-" "Mozilla/5.0 AppleWebKit/537.36 (KHTML, like Gecko; compatible; ClaudeBot/1.0; [email protected])"
74.7.243.248 - - [13/Mar/2026:09:33:42 -0400] "GET /?path=//proc/3863880/root/lib/systemd/system/systemd-udev-trigger.service.d HTTP/1.1" 200 2546 "https://trn2.mesegroup.de/?path=//proc/3863880/root/lib/systemd/system" "Mozilla/5.0 AppleWebKit/537.36 (KHTML, like Gecko; compatible; GPTBot/1.3; +https://openai.com/gptbot)"
216.73.216.167 - - [13/Mar/2026:09:33:44 -0400] "GET /gambling-cost-australia?fileloc=%2Fhome%2Faliazzsr%2Fshop.mesegroup.de%2Fwp-includes%2FID3%2Fgetid3.php&path=%2Fhome%2Faliazzsr%2Fshop.mesegroup.de%2Fwp-includes%2FID3 HTTP/1.1" 200 23649 "-" "Mozilla/5.0 AppleWebKit/537.36 (KHTML, like Gecko; compatible; ClaudeBot/1.0; [email protected])"
74.7.243.248 - - [13/Mar/2026:09:33:45 -0400] "GET /?path=//proc/3863880/root/usr/lib/systemd/system/systemd-udev-trigger.service.d HTTP/1.1" 200 2558 "https://trn2.mesegroup.de/?path=//proc/3863880/root/usr/lib/systemd/system" "Mozilla/5.0 AppleWebKit/537.36 (KHTML, like Gecko; compatible; GPTBot/1.3; +https://openai.com/gptbot)"
216.73.216.167 - - [13/Mar/2026:09:33:47 -0400] "GET /gambling-cost-australia?fileloc=%2Fhome%2Faliazzsr%2Fshop.mesegroup.de%2Fwp-includes%2Fblocks%2Fpost-author-name.php&path=%2Fhome%2Faliazzsr%2Fshop.mesegroup.de%2Fwp-includes%2Fblocks HTTP/1.1" 200 3211 "-" "Mozilla/5.0 AppleWebKit/537.36 (KHTML, like Gecko; compatible; ClaudeBot/1.0; [email protected])"
74.7.243.248 - - [13/Mar/2026:09:33:48 -0400] "GET /?path=//proc/3863880/root/usr/lib/firmware/realtek/rt1320 HTTP/1.1" 200 2595 "https://trn2.mesegroup.de/?path=//proc/3863880/root/usr/lib/firmware/realtek" "Mozilla/5.0 AppleWebKit/537.36 (KHTML, like Gecko; compatible; GPTBot/1.3; +https://openai.com/gptbot)"
216.73.216.167 - - [13/Mar/2026:09:33:50 -0400] "GET /gambling-cost-australia?fileloc=%2Fhome%2Faliazzsr%2Fshop.mesegroup.de%2Fwp-includes%2Fblocks%2Fsearch.php&path=%2Fhome%2Faliazzsr%2Fshop.mesegroup.de%2Fwp-includes%2Fblocks HTTP/1.1" 200 8050 "-" "Mozilla/5.0 AppleWebKit/537.36 (KHTML, like Gecko; compatible; ClaudeBot/1.0; [email protected])"
74.7.243.248 - - [13/Mar/2026:09:33:52 -0400] "GET /?fileloc=//proc/sys/fs/overflowgid&path=//proc/sys/fs HTTP/1.1" 200 2496 "https://trn2.mesegroup.de/?path=//proc/sys/fs" "Mozilla/5.0 AppleWebKit/537.36 (KHTML, like Gecko; compatible; GPTBot/1.3; +https://openai.com/gptbot)"
216.73.216.167 - - [13/Mar/2026:09:33:53 -0400] "GET /gambling-cost-australia?fileloc=%2Fhome%2Faliazzsr%2Ftrn3.mesegroup.de%2Fwp-includes%2Fclass-wp-simplepie-file.php&path=%2Fhome%2Faliazzsr%2Ftrn3.mesegroup.de%2Fwp-includes HTTP/1.1" 200 3823 "-" "Mozilla/5.0 AppleWebKit/537.36 (KHTML, like Gecko; compatible; ClaudeBot/1.0; [email protected])"
74.7.243.248 - - [13/Mar/2026:09:33:55 -0400] "GET /?fileloc=//proc/sys/fs/overflowuid&path=//proc/sys/fs HTTP/1.1" 200 2496 "https://trn2.mesegroup.de/?path=//proc/sys/fs" "Mozilla/5.0 AppleWebKit/537.36 (KHTML, like Gecko; compatible; GPTBot/1.3; +https://openai.com/gptbot)"
216.73.216.167 - - [13/Mar/2026:09:33:56 -0400] "GET /gambling-cost-australia?fileloc=%2F%2Flib64%2Fgirepository-1.0%2FModulemd-2.0.typelib&path=%2F%2Flib64%2Fgirepository-1.0 HTTP/1.1" 200 2503 "-" "Mozilla/5.0 AppleWebKit/537.36 (KHTML, like Gecko; compatible; ClaudeBot/1.0; [email protected])"
74.7.243.248 - - [13/Mar/2026:09:33:58 -0400] "GET /?fileloc=//proc/irq/27/spurious&path=//proc/irq/27 HTTP/1.1" 200 2480 "https://trn2.mesegroup.de/?path=//proc/irq/27" "Mozilla/5.0 AppleWebKit/537.36 (KHTML, like Gecko; compatible; GPTBot/1.3; +https://openai.com/gptbot)"
216.73.216.167 - - [13/Mar/2026:09:33:59 -0400] "GET /gambling-cost-australia?fileloc=%2Fhome%2Faliazzsr%2Fhtml.vqode.com%2FJust-tutor-lah%2Funlocked-profile.html&path=%2Fhome%2Faliazzsr%2Fhtml.vqode.com%2FJust-tutor-lah HTTP/1.1" 200 6964 "-" "Mozilla/5.0 AppleWebKit/537.36 (KHTML, like Gecko; compatible; ClaudeBot/1.0; [email protected])"
74.7.243.248 - - [13/Mar/2026:09:34:01 -0400] "GET /?fileloc=//proc/irq/24/spurious&path=//proc/irq/24 HTTP/1.1" 200 2515 "https://trn2.mesegroup.de/?path=//proc/irq/24" "Mozilla/5.0 AppleWebKit/537.36 (KHTML, like Gecko; compatible; GPTBot/1.3; +https://openai.com/gptbot)"
216.73.216.167 - - [13/Mar/2026:09:34:02 -0400] "GET /gambling-cost-australia?fileloc=%2Fhome%2Faliazzsr%2Ftrn3.mesegroup.de%2Fwp-admin%2Fasync-upload.php&path=%2Fhome%2Faliazzsr%2Ftrn3.mesegroup.de%2Fwp-admin HTTP/1.1" 200 4508 "-" "Mozilla/5.0 AppleWebKit/537.36 (KHTML, like Gecko; compatible; ClaudeBot/1.0; [email protected])"
74.7.243.248 - - [13/Mar/2026:09:34:04 -0400] "GET /?fileloc=//proc/irq/13/spurious&path=//proc/irq/13 HTTP/1.1" 200 2466 "https://trn2.mesegroup.de/?path=//proc/irq/13" "Mozilla/5.0 AppleWebKit/537.36 (KHTML, like Gecko; compatible; GPTBot/1.3; +https://openai.com/gptbot)"
216.73.216.167 - - [13/Mar/2026:09:34:05 -0400] "GET /gambling-cost-australia?fileloc=%2Fhome%2Faliazzsr%2Ftrn3.mesegroup.de%2Fwp-includes%2Fcomment.php&path=%2Fhome%2Faliazzsr%2Ftrn3.mesegroup.de%2Fwp-includes HTTP/1.1" 200 32580 "-" "Mozilla/5.0 AppleWebKit/537.36 (KHTML, like Gecko; compatible; ClaudeBot/1.0; [email protected])"
74.7.243.248 - - [13/Mar/2026:09:34:07 -0400] "GET /?fileloc=//proc/irq/36/spurious&path=//proc/irq/36 HTTP/1.1" 200 2527 "https://trn2.mesegroup.de/?path=//proc/irq/36" "Mozilla/5.0 AppleWebKit/537.36 (KHTML, like Gecko; compatible; GPTBot/1.3; +https://openai.com/gptbot)"
216.73.216.167 - - [13/Mar/2026:09:34:08 -0400] "GET /gambling-cost-australia?fileloc=%2Fhome%2Faliazzsr%2Fshop.mesegroup.de%2Fwp-includes%2Fclass-wp-user-query.php&path=%2Fhome%2Faliazzsr%2Fshop.mesegroup.de%2Fwp-includes HTTP/1.1" 200 12455 "-" "Mozilla/5.0 AppleWebKit/537.36 (KHTML, like Gecko; compatible; ClaudeBot/1.0; [email protected])"
74.7.243.248 - - [13/Mar/2026:09:34:10 -0400] "GET /?fileloc=//proc/irq/14/spurious&path=//proc/irq/14 HTTP/1.1" 200 2515 "https://trn2.mesegroup.de/?path=//proc/irq/14" "Mozilla/5.0 AppleWebKit/537.36 (KHTML, like Gecko; compatible; GPTBot/1.3; +https://openai.com/gptbot)"
216.73.216.167 - - [13/Mar/2026:09:34:11 -0400] "GET /gambling-cost-australia?fileloc=%2Fhome%2Faliazzsr%2Fshop.mesegroup.de%2Fwp-includes%2Fclass-wp-url-pattern-prefixer.php&path=%2Fhome%2Faliazzsr%2Fshop.mesegroup.de%2Fwp-includes HTTP/1.1" 200 4114 "-" "Mozilla/5.0 AppleWebKit/537.36 (KHTML, like Gecko; compatible; ClaudeBot/1.0; [email protected])"
