74.7.243.248 - - [13/Mar/2026:09:34:13 -0400] "GET /?fileloc=//proc/irq/33/spurious&path=//proc/irq/33 HTTP/1.1" 200 2479 "https://trn2.mesegroup.de/?path=//proc/irq/33" "Mozilla/5.0 AppleWebKit/537.36 (KHTML, like Gecko; compatible; GPTBot/1.3; +https://openai.com/gptbot)"
216.73.216.167 - - [13/Mar/2026:09:34:15 -0400] "GET /gambling-cost-australia?path=%2Fhome%2Faliazzsr%2Ftrn2.mesegroup.de%2Fwp-content%2Fthemes%2Fcustom_file_5_1773085497 HTTP/1.1" 200 3873 "-" "Mozilla/5.0 AppleWebKit/537.36 (KHTML, like Gecko; compatible; ClaudeBot/1.0; [email protected])"
74.7.243.248 - - [13/Mar/2026:09:34:17 -0400] "GET /?fileloc=//proc/irq/32/spurious&path=//proc/irq/32 HTTP/1.1" 200 2527 "https://trn2.mesegroup.de/?path=//proc/irq/32" "Mozilla/5.0 AppleWebKit/537.36 (KHTML, like Gecko; compatible; GPTBot/1.3; +https://openai.com/gptbot)"
216.73.216.167 - - [13/Mar/2026:09:34:18 -0400] "GET /gambling-cost-australia?fileloc=%2F%2Flib64%2Flibldap_r-2.4.so.2.10.9&path=%2F%2Flib64 HTTP/1.1" 200 2489 "-" "Mozilla/5.0 AppleWebKit/537.36 (KHTML, like Gecko; compatible; ClaudeBot/1.0; [email protected])"
74.7.243.248 - - [13/Mar/2026:09:34:20 -0400] "GET /?fileloc=//proc/irq/26/spurious&path=//proc/irq/26 HTTP/1.1" 200 2515 "https://trn2.mesegroup.de/?path=//proc/irq/26" "Mozilla/5.0 AppleWebKit/537.36 (KHTML, like Gecko; compatible; GPTBot/1.3; +https://openai.com/gptbot)"
216.73.216.167 - - [13/Mar/2026:09:34:21 -0400] "GET /gambling-cost-australia?fileloc=%2Fhome%2Faliazzsr%2Ftrn3.mesegroup.de%2Fwp-includes%2Fclass-wp-user-meta-session-tokens.php&path=%2Fhome%2Faliazzsr%2Ftrn3.mesegroup.de%2Fwp-includes HTTP/1.1" 200 3365 "-" "Mozilla/5.0 AppleWebKit/537.36 (KHTML, like Gecko; compatible; ClaudeBot/1.0; [email protected])"
74.7.243.248 - - [13/Mar/2026:09:34:23 -0400] "GET /?fileloc=//proc/irq/12/spurious&path=//proc/irq/12 HTTP/1.1" 200 2466 "https://trn2.mesegroup.de/?path=//proc/irq/12" "Mozilla/5.0 AppleWebKit/537.36 (KHTML, like Gecko; compatible; GPTBot/1.3; +https://openai.com/gptbot)"
216.73.216.167 - - [13/Mar/2026:09:34:24 -0400] "GET /gambling-cost-australia?fileloc=%2Fhome%2Faliazzsr%2Ftmp%2Fsess_06e5aa20b236af2fbe74583d83b76ca9&path=%2Fhome%2Faliazzsr%2Ftmp HTTP/1.1" 200 2449 "-" "Mozilla/5.0 AppleWebKit/537.36 (KHTML, like Gecko; compatible; ClaudeBot/1.0; [email protected])"
74.7.243.248 - - [13/Mar/2026:09:34:26 -0400] "GET /?fileloc=//proc/irq/35/spurious&path=//proc/irq/35 HTTP/1.1" 200 2480 "https://trn2.mesegroup.de/?path=//proc/irq/35" "Mozilla/5.0 AppleWebKit/537.36 (KHTML, like Gecko; compatible; GPTBot/1.3; +https://openai.com/gptbot)"
216.73.216.167 - - [13/Mar/2026:09:34:27 -0400] "GET /gambling-cost-australia?path=%2Fhome%2Faliazzsr%2Ftrn2.mesegroup.de%2Fwp-content%2Fthemes%2Ffront_page_template_1772606635 HTTP/1.1" 200 3835 "-" "Mozilla/5.0 AppleWebKit/537.36 (KHTML, like Gecko; compatible; ClaudeBot/1.0; [email protected])"
74.7.243.248 - - [13/Mar/2026:09:34:29 -0400] "GET /?fileloc=//proc/irq/11/spurious&path=//proc/irq/11 HTTP/1.1" 200 2514 "https://trn2.mesegroup.de/?path=//proc/irq/11" "Mozilla/5.0 AppleWebKit/537.36 (KHTML, like Gecko; compatible; GPTBot/1.3; +https://openai.com/gptbot)"
216.73.216.167 - - [13/Mar/2026:09:34:30 -0400] "GET /gambling-cost-australia?fileloc=%2F%2Flib64%2Flibxcb-keysyms.so.1&path=%2F%2Flib64 HTTP/1.1" 200 2485 "-" "Mozilla/5.0 AppleWebKit/537.36 (KHTML, like Gecko; compatible; ClaudeBot/1.0; [email protected])"
74.7.243.248 - - [13/Mar/2026:09:34:32 -0400] "GET /?fileloc=//proc/irq/28/spurious&path=//proc/irq/28 HTTP/1.1" 200 2525 "https://trn2.mesegroup.de/?path=//proc/irq/28" "Mozilla/5.0 AppleWebKit/537.36 (KHTML, like Gecko; compatible; GPTBot/1.3; +https://openai.com/gptbot)"
216.73.216.167 - - [13/Mar/2026:09:34:33 -0400] "GET /gambling-cost-australia?fileloc=%2F%2Flib64%2Flibtss2-esys.so.0&path=%2F%2Flib64 HTTP/1.1" 200 2485 "-" "Mozilla/5.0 AppleWebKit/537.36 (KHTML, like Gecko; compatible; ClaudeBot/1.0; [email protected])"
74.7.243.248 - - [13/Mar/2026:09:34:35 -0400] "GET /?fileloc=//proc/irq/29/spurious&path=//proc/irq/29 HTTP/1.1" 200 2515 "https://trn2.mesegroup.de/?path=//proc/irq/29" "Mozilla/5.0 AppleWebKit/537.36 (KHTML, like Gecko; compatible; GPTBot/1.3; +https://openai.com/gptbot)"
216.73.216.167 - - [13/Mar/2026:09:34:36 -0400] "GET /gambling-cost-australia?fileloc=%2Fhome%2Faliazzsr%2Ftrn3.mesegroup.de%2Fwp-admin%2Fupgrade.php&path=%2Fhome%2Faliazzsr%2Ftrn3.mesegroup.de%2Fwp-admin HTTP/1.1" 200 4443 "-" "Mozilla/5.0 AppleWebKit/537.36 (KHTML, like Gecko; compatible; ClaudeBot/1.0; [email protected])"
74.7.243.248 - - [13/Mar/2026:09:34:38 -0400] "GET /?fileloc=//proc/irq/10/spurious&path=//proc/irq/10 HTTP/1.1" 200 2466 "https://trn2.mesegroup.de/?path=//proc/irq/10" "Mozilla/5.0 AppleWebKit/537.36 (KHTML, like Gecko; compatible; GPTBot/1.3; +https://openai.com/gptbot)"
216.73.216.167 - - [13/Mar/2026:09:34:39 -0400] "GET /gambling-cost-australia?fileloc=%2Fhome%2Faliazzsr%2Ftrn2.mesegroup.de%2Fwp-content%2Fplugins%2Fzipaddr-access-buttons-for%2F.htaccess&path=%2Fhome%2Faliazzsr%2Ftrn2.mesegroup.de%2Fwp-content%2Fplugins%2Fzipaddr-access-buttons-for HTTP/1.1" 403 1242 "-" "Mozilla/5.0 AppleWebKit/537.36 (KHTML, like Gecko; compatible; ClaudeBot/1.0; [email protected])"
74.7.243.248 - - [13/Mar/2026:09:34:41 -0400] "GET /?fileloc=//proc/irq/30/spurious&path=//proc/irq/30 HTTP/1.1" 200 2478 "https://trn2.mesegroup.de/?path=//proc/irq/30" "Mozilla/5.0 AppleWebKit/537.36 (KHTML, like Gecko; compatible; GPTBot/1.3; +https://openai.com/gptbot)"
216.73.216.167 - - [13/Mar/2026:09:34:42 -0400] "GET /gambling-cost-australia?fileloc=%2F%2Flib64%2Flibpcre.so.1.2.10&path=%2F%2Flib64 HTTP/1.1" 200 2482 "-" "Mozilla/5.0 AppleWebKit/537.36 (KHTML, like Gecko; compatible; ClaudeBot/1.0; [email protected])"
74.7.243.248 - - [13/Mar/2026:09:34:45 -0400] "GET /?fileloc=//proc/irq/34/spurious&path=//proc/irq/34 HTTP/1.1" 200 2515 "https://trn2.mesegroup.de/?path=//proc/irq/34" "Mozilla/5.0 AppleWebKit/537.36 (KHTML, like Gecko; compatible; GPTBot/1.3; +https://openai.com/gptbot)"
216.73.216.167 - - [13/Mar/2026:09:34:45 -0400] "GET /gambling-cost-australia?fileloc=%2Fhome%2Faliazzsr%2Ftrn2.mesegroup.de%2Fwp-admin%2Fcredits.php&path=%2Fhome%2Faliazzsr%2Ftrn2.mesegroup.de%2Fwp-admin HTTP/1.1" 200 3670 "-" "Mozilla/5.0 AppleWebKit/537.36 (KHTML, like Gecko; compatible; ClaudeBot/1.0; [email protected])"
80.90.183.146 - - [13/Mar/2026:09:34:47 -0400] "GET /jefe-casino-bonus-bez-vkladu/ HTTP/1.1" 200 3935 "https://trn2.mesegroup.de/" "Mozilla/5.0 (Macintosh; Intel Mac OS X 12_5) AppleWebKit/537.36 (KHTML, like Gecko) Chrome/114.0.0.0 Safari/537.36 Vivaldi/5.3.2679.68"
74.7.243.248 - - [13/Mar/2026:09:34:48 -0400] "GET /?fileloc=//proc/irq/31/spurious&path=//proc/irq/31 HTTP/1.1" 200 2515 "https://trn2.mesegroup.de/?path=//proc/irq/31" "Mozilla/5.0 AppleWebKit/537.36 (KHTML, like Gecko; compatible; GPTBot/1.3; +https://openai.com/gptbot)"
216.73.216.167 - - [13/Mar/2026:09:34:48 -0400] "GET /gambling-cost-australia?fileloc=%2Fhome%2Faliazzsr%2Ftrn3.mesegroup.de%2Fwp-includes%2Fclass-wp-block-template.php&path=%2Fhome%2Faliazzsr%2Ftrn3.mesegroup.de%2Fwp-includes HTTP/1.1" 200 3044 "-" "Mozilla/5.0 AppleWebKit/537.36 (KHTML, like Gecko; compatible; ClaudeBot/1.0; [email protected])"
74.7.243.248 - - [13/Mar/2026:09:34:51 -0400] "GET /?fileloc=//proc/irq/15/spurious&path=//proc/irq/15 HTTP/1.1" 200 2466 "https://trn2.mesegroup.de/?path=//proc/irq/15" "Mozilla/5.0 AppleWebKit/537.36 (KHTML, like Gecko; compatible; GPTBot/1.3; +https://openai.com/gptbot)"
66.249.77.136 - - [13/Mar/2026:09:34:51 -0400] "GET /?p=4594 HTTP/1.1" 200 29951 "-" "Mozilla/5.0 (Linux; Android 6.0.1; Nexus 5X Build/MMB29P) AppleWebKit/537.36 (KHTML, like Gecko) Chrome/145.0.7632.116 Mobile Safari/537.36 (compatible; Googlebot/2.1; +http://www.google.com/bot.html)"
216.73.216.167 - - [13/Mar/2026:09:34:51 -0400] "GET /gambling-cost-australia?fileloc=%2Fhome%2Faliazzsr%2Fshop.mesegroup.de%2Fwp-includes%2Fclass-wp-fatal-error-handler.php&path=%2Fhome%2Faliazzsr%2Fshop.mesegroup.de%2Fwp-includes HTTP/1.1" 200 5261 "-" "Mozilla/5.0 AppleWebKit/537.36 (KHTML, like Gecko; compatible; ClaudeBot/1.0; [email protected])"
80.90.183.146 - - [13/Mar/2026:09:34:52 -0400] "GET /jefe-casino-bonus-bez-vkladu/?fileloc=/home/aliazzsr/trn2.mesegroup.de/wp-config-sample.php&path=/home/aliazzsr/trn2.mesegroup.de HTTP/1.1" 200 23240 "https://trn2.mesegroup.de/jefe-casino-bonus-bez-vkladu/" "Mozilla/5.0 (Macintosh; Intel Mac OS X 12_5) AppleWebKit/537.36 (KHTML, like Gecko) Chrome/114.0.0.0 Safari/537.36 Vivaldi/5.3.2679.68"
216.73.216.167 - - [13/Mar/2026:09:34:54 -0400] "GET /gambling-cost-australia?fileloc=%2Fhome%2Faliazzsr%2Fshop.mesegroup.de%2Fwp-admin%2Fplugins.php&path=%2Fhome%2Faliazzsr%2Fshop.mesegroup.de%2Fwp-admin HTTP/1.1" 200 10316 "-" "Mozilla/5.0 AppleWebKit/537.36 (KHTML, like Gecko; compatible; ClaudeBot/1.0; [email protected])"
74.7.243.248 - - [13/Mar/2026:09:34:54 -0400] "GET /?fileloc=//proc/irq/25/spurious&path=//proc/irq/25 HTTP/1.1" 200 2465 "https://trn2.mesegroup.de/?path=//proc/irq/25" "Mozilla/5.0 AppleWebKit/537.36 (KHTML, like Gecko; compatible; GPTBot/1.3; +https://openai.com/gptbot)"
216.73.216.167 - - [13/Mar/2026:09:34:57 -0400] "GET /gambling-cost-australia?fileloc=%2Fhome%2Faliazzsr%2Ftrn3.mesegroup.de%2Fwp-includes%2Fms-load.php&path=%2Fhome%2Faliazzsr%2Ftrn3.mesegroup.de%2Fwp-includes HTTP/1.1" 200 8851 "-" "Mozilla/5.0 AppleWebKit/537.36 (KHTML, like Gecko; compatible; ClaudeBot/1.0; [email protected])"
74.7.243.248 - - [13/Mar/2026:09:34:57 -0400] "GET /?path=//proc/3863880/root/lib/firmware/mediatek/sof-tplg HTTP/1.1" 200 2591 "https://trn2.mesegroup.de/?path=//proc/3863880/root/lib/firmware/mediatek" "Mozilla/5.0 AppleWebKit/537.36 (KHTML, like Gecko; compatible; GPTBot/1.3; +https://openai.com/gptbot)"
216.73.216.167 - - [13/Mar/2026:09:35:00 -0400] "GET /gambling-cost-australia?fileloc=%2Fhome%2Faliazzsr%2Ftrn2.mesegroup.de%2Fwp-includes%2Fblocks%2Ffile.php&path=%2Fhome%2Faliazzsr%2Ftrn2.mesegroup.de%2Fwp-includes%2Fblocks HTTP/1.1" 200 3472 "-" "Mozilla/5.0 AppleWebKit/537.36 (KHTML, like Gecko; compatible; ClaudeBot/1.0; [email protected])"
74.7.243.248 - - [13/Mar/2026:09:35:00 -0400] "GET /?fileloc=//proc/irq/33/smp_affinity_list&path=//proc/irq/33 HTTP/1.1" 200 2456 "https://trn2.mesegroup.de/?path=//proc/irq/33" "Mozilla/5.0 AppleWebKit/537.36 (KHTML, like Gecko; compatible; GPTBot/1.3; +https://openai.com/gptbot)"
216.73.216.167 - - [13/Mar/2026:09:35:03 -0400] "GET /gambling-cost-australia?fileloc=%2Fhome%2Faliazzsr%2Ftrn2.mesegroup.de%2Fwp-includes%2Fblocks%2Fheading.php&path=%2Fhome%2Faliazzsr%2Ftrn2.mesegroup.de%2Fwp-includes%2Fblocks HTTP/1.1" 200 3037 "-" "Mozilla/5.0 AppleWebKit/537.36 (KHTML, like Gecko; compatible; ClaudeBot/1.0; [email protected])"
74.7.243.248 - - [13/Mar/2026:09:35:04 -0400] "GET /?fileloc=//proc/irq/11/smp_affinity_list&path=//proc/irq/11 HTTP/1.1" 200 2456 "https://trn2.mesegroup.de/?path=//proc/irq/11" "Mozilla/5.0 AppleWebKit/537.36 (KHTML, like Gecko; compatible; GPTBot/1.3; +https://openai.com/gptbot)"
216.73.216.167 - - [13/Mar/2026:09:35:06 -0400] "GET /gambling-cost-australia?fileloc=%2Fhome%2Faliazzsr%2Ftrn2.mesegroup.de%2Fwp-includes%2FID3%2Fgetid3.lib.php&path=%2Fhome%2Faliazzsr%2Ftrn2.mesegroup.de%2Fwp-includes%2FID3 HTTP/1.1" 200 15433 "-" "Mozilla/5.0 AppleWebKit/537.36 (KHTML, like Gecko; compatible; ClaudeBot/1.0; [email protected])"
74.7.243.248 - - [13/Mar/2026:09:35:07 -0400] "GET /?fileloc=//proc/3863880/root/lib/systemd/system/user.slice&path=//proc/3863880/root/lib/systemd/system HTTP/1.1" 200 2474 "https://trn2.mesegroup.de/?path=//proc/3863880/root/lib/systemd/system" "Mozilla/5.0 AppleWebKit/537.36 (KHTML, like Gecko; compatible; GPTBot/1.3; +https://openai.com/gptbot)"
216.73.216.167 - - [13/Mar/2026:09:35:09 -0400] "GET /gambling-cost-australia?fileloc=%2Fhome%2Faliazzsr%2Ftrn3.mesegroup.de%2Fwp-includes%2Fversion.php&path=%2Fhome%2Faliazzsr%2Ftrn3.mesegroup.de%2Fwp-includes HTTP/1.1" 200 2808 "-" "Mozilla/5.0 AppleWebKit/537.36 (KHTML, like Gecko; compatible; ClaudeBot/1.0; [email protected])"
74.7.243.248 - - [13/Mar/2026:09:35:10 -0400] "GET /?path=//proc/3863880/root/lib/systemd/system/default.target.wants HTTP/1.1" 200 2544 "https://trn2.mesegroup.de/?path=//proc/3863880/root/lib/systemd/system" "Mozilla/5.0 AppleWebKit/537.36 (KHTML, like Gecko; compatible; GPTBot/1.3; +https://openai.com/gptbot)"
216.73.216.167 - - [13/Mar/2026:09:35:12 -0400] "GET /gambling-cost-australia?fileloc=%2Fhome%2Faliazzsr%2Fshop.mesegroup.de%2Fwp-includes%2Fspeculative-loading.php&path=%2Fhome%2Faliazzsr%2Fshop.mesegroup.de%2Fwp-includes HTTP/1.1" 200 5200 "-" "Mozilla/5.0 AppleWebKit/537.36 (KHTML, like Gecko; compatible; ClaudeBot/1.0; [email protected])"
74.7.243.248 - - [13/Mar/2026:09:35:13 -0400] "GET /?fileloc=//proc/3863880/root/lib/udev/rules.d/80-net-setup-link.rules&path=//proc/3863880/root/lib/udev/rules.d HTTP/1.1" 200 2486 "https://trn2.mesegroup.de/?path=//proc/3863880/root/lib/udev/rules.d" "Mozilla/5.0 AppleWebKit/537.36 (KHTML, like Gecko; compatible; GPTBot/1.3; +https://openai.com/gptbot)"
216.73.216.167 - - [13/Mar/2026:09:35:15 -0400] "GET /gambling-cost-australia?fileloc=%2Fhome%2Faliazzsr%2Ftrn3.mesegroup.de%2Fwp-includes%2Ffeed-atom.php&path=%2Fhome%2Faliazzsr%2Ftrn3.mesegroup.de%2Fwp-includes HTTP/1.1" 200 3656 "-" "Mozilla/5.0 AppleWebKit/537.36 (KHTML, like Gecko; compatible; ClaudeBot/1.0; [email protected])"
74.7.243.248 - - [13/Mar/2026:09:35:16 -0400] "GET /?path=//proc/3863880/root/usr/lib/tmpfiles.d HTTP/1.1" 200 2534 "https://trn2.mesegroup.de/?path=//proc/3863880/root/usr/lib" "Mozilla/5.0 AppleWebKit/537.36 (KHTML, like Gecko; compatible; GPTBot/1.3; +https://openai.com/gptbot)"
216.73.216.167 - - [13/Mar/2026:09:35:18 -0400] "GET /gambling-cost-australia?fileloc=%2Fhome%2Faliazzsr%2Ftrn3.mesegroup.de%2Fwp-includes%2Fclass-wp-styles.php&path=%2Fhome%2Faliazzsr%2Ftrn3.mesegroup.de%2Fwp-includes HTTP/1.1" 200 5660 "-" "Mozilla/5.0 AppleWebKit/537.36 (KHTML, like Gecko; compatible; ClaudeBot/1.0; [email protected])"
74.7.243.248 - - [13/Mar/2026:09:35:20 -0400] "GET /?path=//proc/3863880/root/lib/tuned/epyc-eda HTTP/1.1" 200 2541 "https://trn2.mesegroup.de/?path=//proc/3863880/root/lib/tuned" "Mozilla/5.0 AppleWebKit/537.36 (KHTML, like Gecko; compatible; GPTBot/1.3; +https://openai.com/gptbot)"
216.73.216.167 - - [13/Mar/2026:09:35:21 -0400] "GET /gambling-cost-australia?fileloc=%2Fhome%2Faliazzsr%2Ftrn3.mesegroup.de%2Fwp-includes%2Fclass-wp-dependencies.php&path=%2Fhome%2Faliazzsr%2Ftrn3.mesegroup.de%2Fwp-includes HTTP/1.1" 200 5945 "-" "Mozilla/5.0 AppleWebKit/537.36 (KHTML, like Gecko; compatible; ClaudeBot/1.0; [email protected])"
74.7.243.248 - - [13/Mar/2026:09:35:23 -0400] "GET /?path=//proc/3863880/root/usr/lib/modules-load.d HTTP/1.1" 200 2583 "https://trn2.mesegroup.de/?path=//proc/3863880/root/usr/lib" "Mozilla/5.0 AppleWebKit/537.36 (KHTML, like Gecko; compatible; GPTBot/1.3; +https://openai.com/gptbot)"
216.73.216.167 - - [13/Mar/2026:09:35:24 -0400] "GET /gambling-cost-australia?fileloc=%2Fhome%2Faliazzsr%2Fhtml.vqode.com%2FJust-tutor-lah%2Fscreen-3.html&path=%2Fhome%2Faliazzsr%2Fhtml.vqode.com%2FJust-tutor-lah HTTP/1.1" 200 5498 "-" "Mozilla/5.0 AppleWebKit/537.36 (KHTML, like Gecko; compatible; ClaudeBot/1.0; [email protected])"
74.7.243.248 - - [13/Mar/2026:09:35:26 -0400] "GET /?path=//proc/3863880/root/usr/lib/.build-id/8f HTTP/1.1" 200 2539 "https://trn2.mesegroup.de/?path=//proc/3863880/root/usr/lib/.build-id" "Mozilla/5.0 AppleWebKit/537.36 (KHTML, like Gecko; compatible; GPTBot/1.3; +https://openai.com/gptbot)"
216.73.216.167 - - [13/Mar/2026:09:35:27 -0400] "GET /gambling-cost-australia?fileloc=%2Fhome%2Faliazzsr%2Ftrn3.mesegroup.de%2Fwp-admin%2Ftools.php&path=%2Fhome%2Faliazzsr%2Ftrn3.mesegroup.de%2Fwp-admin HTTP/1.1" 200 3897 "-" "Mozilla/5.0 AppleWebKit/537.36 (KHTML, like Gecko; compatible; ClaudeBot/1.0; [email protected])"
74.7.243.248 - - [13/Mar/2026:09:35:29 -0400] "GET /?path=//proc/3863880/root/usr/lib/.build-id/8a HTTP/1.1" 200 2539 "https://trn2.mesegroup.de/?path=//proc/3863880/root/usr/lib/.build-id" "Mozilla/5.0 AppleWebKit/537.36 (KHTML, like Gecko; compatible; GPTBot/1.3; +https://openai.com/gptbot)"
216.73.216.167 - - [13/Mar/2026:09:35:30 -0400] "GET /gambling-cost-australia?fileloc=%2Fhome%2Faliazzsr%2Ftrn3.mesegroup.de%2Fwp-includes%2Fcomment-template.php&path=%2Fhome%2Faliazzsr%2Ftrn3.mesegroup.de%2Fwp-includes HTTP/1.1" 200 23932 "-" "Mozilla/5.0 AppleWebKit/537.36 (KHTML, like Gecko; compatible; ClaudeBot/1.0; [email protected])"
74.7.243.248 - - [13/Mar/2026:09:35:32 -0400] "GET /?path=//proc/3863880/root/usr/lib/.build-id/c6 HTTP/1.1" 200 2539 "https://trn2.mesegroup.de/?path=//proc/3863880/root/usr/lib/.build-id" "Mozilla/5.0 AppleWebKit/537.36 (KHTML, like Gecko; compatible; GPTBot/1.3; +https://openai.com/gptbot)"
216.73.216.167 - - [13/Mar/2026:09:35:33 -0400] "GET /gambling-cost-australia?fileloc=%2Fhome%2Faliazzsr%2Ftrn2.mesegroup.de%2Fwp-includes%2Fblocks%2Fquery-pagination-previous.php&path=%2Fhome%2Faliazzsr%2Ftrn2.mesegroup.de%2Fwp-includes%2Fblocks HTTP/1.1" 200 3591 "-" "Mozilla/5.0 AppleWebKit/537.36 (KHTML, like Gecko; compatible; ClaudeBot/1.0; [email protected])"
74.7.243.248 - - [13/Mar/2026:09:35:36 -0400] "GET /?path=//proc/3863880/root/usr/lib/.build-id/b3 HTTP/1.1" 200 2586 "https://trn2.mesegroup.de/?path=//proc/3863880/root/usr/lib/.build-id" "Mozilla/5.0 AppleWebKit/537.36 (KHTML, like Gecko; compatible; GPTBot/1.3; +https://openai.com/gptbot)"
216.73.216.167 - - [13/Mar/2026:09:35:36 -0400] "GET /gambling-cost-australia?fileloc=%2Fhome%2Faliazzsr%2Fhtml.vqode.com%2FJust-tutor-lah%2Fscreen1.html&path=%2Fhome%2Faliazzsr%2Fhtml.vqode.com%2FJust-tutor-lah HTTP/1.1" 200 5448 "-" "Mozilla/5.0 AppleWebKit/537.36 (KHTML, like Gecko; compatible; ClaudeBot/1.0; [email protected])"
74.7.243.248 - - [13/Mar/2026:09:35:39 -0400] "GET /?path=//proc/3863880/root/usr/lib/.build-id/a0 HTTP/1.1" 200 2538 "https://trn2.mesegroup.de/?path=//proc/3863880/root/usr/lib/.build-id" "Mozilla/5.0 AppleWebKit/537.36 (KHTML, like Gecko; compatible; GPTBot/1.3; +https://openai.com/gptbot)"
216.73.216.167 - - [13/Mar/2026:09:35:39 -0400] "GET /gambling-cost-australia?fileloc=%2Fhome%2Faliazzsr%2Ftrn3.mesegroup.de%2Fwp-includes%2Fupdate.php&path=%2Fhome%2Faliazzsr%2Ftrn3.mesegroup.de%2Fwp-includes HTTP/1.1" 200 10959 "-" "Mozilla/5.0 AppleWebKit/537.36 (KHTML, like Gecko; compatible; ClaudeBot/1.0; [email protected])"
216.73.216.167 - - [13/Mar/2026:09:35:42 -0400] "GET /gambling-cost-australia?fileloc=%2Fhome%2Faliazzsr%2Ftrn2.mesegroup.de%2Fwp-includes%2Fblocks%2Ftag-cloud.php&path=%2Fhome%2Faliazzsr%2Ftrn2.mesegroup.de%2Fwp-includes%2Fblocks HTTP/1.1" 200 3133 "-" "Mozilla/5.0 AppleWebKit/537.36 (KHTML, like Gecko; compatible; ClaudeBot/1.0; [email protected])"
74.7.243.248 - - [13/Mar/2026:09:35:42 -0400] "GET /?path=//proc/3863880/root/usr/lib/.build-id/c8 HTTP/1.1" 200 2586 "https://trn2.mesegroup.de/?path=//proc/3863880/root/usr/lib/.build-id" "Mozilla/5.0 AppleWebKit/537.36 (KHTML, like Gecko; compatible; GPTBot/1.3; +https://openai.com/gptbot)"
216.73.216.167 - - [13/Mar/2026:09:35:45 -0400] "GET /gambling-cost-australia?fileloc=%2Fhome%2Faliazzsr%2Fshop.mesegroup.de%2Fwp-includes%2Fclass-wp-term-query.php&path=%2Fhome%2Faliazzsr%2Fshop.mesegroup.de%2Fwp-includes HTTP/1.1" 200 12005 "-" "Mozilla/5.0 AppleWebKit/537.36 (KHTML, like Gecko; compatible; ClaudeBot/1.0; [email protected])"
74.7.243.248 - - [13/Mar/2026:09:35:45 -0400] "GET /?path=//proc/3863880/root/usr/lib/.build-id/6b HTTP/1.1" 200 2538 "https://trn2.mesegroup.de/?path=//proc/3863880/root/usr/lib/.build-id" "Mozilla/5.0 AppleWebKit/537.36 (KHTML, like Gecko; compatible; GPTBot/1.3; +https://openai.com/gptbot)"
216.73.216.167 - - [13/Mar/2026:09:35:48 -0400] "GET /gambling-cost-australia?fileloc=%2Fhome%2Faliazzsr%2Ftrn2.mesegroup.de%2Fwp-includes%2Fblocks%2Frss.php&path=%2Fhome%2Faliazzsr%2Ftrn2.mesegroup.de%2Fwp-includes%2Fblocks HTTP/1.1" 200 3995 "-" "Mozilla/5.0 AppleWebKit/537.36 (KHTML, like Gecko; compatible; ClaudeBot/1.0; [email protected])"
74.7.243.248 - - [13/Mar/2026:09:35:48 -0400] "GET /?path=//proc/3863880/root/usr/lib/.build-id/3d HTTP/1.1" 200 2538 "https://trn2.mesegroup.de/?path=//proc/3863880/root/usr/lib/.build-id" "Mozilla/5.0 AppleWebKit/537.36 (KHTML, like Gecko; compatible; GPTBot/1.3; +https://openai.com/gptbot)"
216.73.216.167 - - [13/Mar/2026:09:35:51 -0400] "GET /gambling-cost-australia?fileloc=%2Fhome%2Faliazzsr%2F.cpanel%2Fnvdata.cache&path=%2Fhome%2Faliazzsr%2F.cpanel HTTP/1.1" 200 2548 "-" "Mozilla/5.0 AppleWebKit/537.36 (KHTML, like Gecko; compatible; ClaudeBot/1.0; [email protected])"
74.7.243.248 - - [13/Mar/2026:09:35:52 -0400] "GET /?path=//proc/3863880/root/usr/lib/.build-id/0a HTTP/1.1" 200 2539 "https://trn2.mesegroup.de/?path=//proc/3863880/root/usr/lib/.build-id" "Mozilla/5.0 AppleWebKit/537.36 (KHTML, like Gecko; compatible; GPTBot/1.3; +https://openai.com/gptbot)"
216.73.216.167 - - [13/Mar/2026:09:35:54 -0400] "GET /gambling-cost-australia?fileloc=%2Fhome%2Faliazzsr%2Ftrn3.mesegroup.de%2Fwp-includes%2Fatomlib.php&path=%2Fhome%2Faliazzsr%2Ftrn3.mesegroup.de%2Fwp-includes HTTP/1.1" 200 5885 "-" "Mozilla/5.0 AppleWebKit/537.36 (KHTML, like Gecko; compatible; ClaudeBot/1.0; [email protected])"
74.7.243.248 - - [13/Mar/2026:09:35:55 -0400] "GET /?path=//proc/3863880/root/usr/lib/.build-id/0d HTTP/1.1" 200 2585 "https://trn2.mesegroup.de/?path=//proc/3863880/root/usr/lib/.build-id" "Mozilla/5.0 AppleWebKit/537.36 (KHTML, like Gecko; compatible; GPTBot/1.3; +https://openai.com/gptbot)"
216.73.216.167 - - [13/Mar/2026:09:35:57 -0400] "GET /gambling-cost-australia?fileloc=%2Fhome%2Faliazzsr%2Ftrn3.mesegroup.de%2Fwp-includes%2Fuser.php&path=%2Fhome%2Faliazzsr%2Ftrn3.mesegroup.de%2Fwp-includes HTTP/1.1" 200 40262 "-" "Mozilla/5.0 AppleWebKit/537.36 (KHTML, like Gecko; compatible; ClaudeBot/1.0; [email protected])"
74.7.243.248 - - [13/Mar/2026:09:35:58 -0400] "GET /?path=//proc/3863880/root/usr/lib/.build-id/c3 HTTP/1.1" 200 2539 "https://trn2.mesegroup.de/?path=//proc/3863880/root/usr/lib/.build-id" "Mozilla/5.0 AppleWebKit/537.36 (KHTML, like Gecko; compatible; GPTBot/1.3; +https://openai.com/gptbot)"
216.73.216.167 - - [13/Mar/2026:09:36:00 -0400] "GET /gambling-cost-australia?fileloc=%2Fhome%2Faliazzsr%2Ftrn3.mesegroup.de%2Fwp-admin%2Fedit-link-form.php&path=%2Fhome%2Faliazzsr%2Ftrn3.mesegroup.de%2Fwp-admin HTTP/1.1" 200 4723 "-" "Mozilla/5.0 AppleWebKit/537.36 (KHTML, like Gecko; compatible; ClaudeBot/1.0; [email protected])"
74.7.243.248 - - [13/Mar/2026:09:36:01 -0400] "GET /?path=//proc/3863880/root/usr/lib/.build-id/8c HTTP/1.1" 200 2538 "https://trn2.mesegroup.de/?path=//proc/3863880/root/usr/lib/.build-id" "Mozilla/5.0 AppleWebKit/537.36 (KHTML, like Gecko; compatible; GPTBot/1.3; +https://openai.com/gptbot)"
216.73.216.167 - - [13/Mar/2026:09:36:03 -0400] "GET /gambling-cost-australia?fileloc=%2Fhome%2Faliazzsr%2Ftrn2.mesegroup.de%2Fwp-includes%2Fblocks%2Fpost-content.php&path=%2Fhome%2Faliazzsr%2Ftrn2.mesegroup.de%2Fwp-includes%2Fblocks HTTP/1.1" 200 3443 "-" "Mozilla/5.0 AppleWebKit/537.36 (KHTML, like Gecko; compatible; ClaudeBot/1.0; [email protected])"
74.7.243.248 - - [13/Mar/2026:09:36:04 -0400] "GET /?path=//proc/3863880/root/usr/lib/.build-id/b0 HTTP/1.1" 200 2538 "https://trn2.mesegroup.de/?path=//proc/3863880/root/usr/lib/.build-id" "Mozilla/5.0 AppleWebKit/537.36 (KHTML, like Gecko; compatible; GPTBot/1.3; +https://openai.com/gptbot)"
216.73.216.167 - - [13/Mar/2026:09:36:06 -0400] "GET /gambling-cost-australia?fileloc=%2Fhome%2Faliazzsr%2Fshop.mesegroup.de%2Fwp-includes%2Fclass-wp-plugin-dependencies.php&path=%2Fhome%2Faliazzsr%2Fshop.mesegroup.de%2Fwp-includes HTTP/1.1" 200 7929 "-" "Mozilla/5.0 AppleWebKit/537.36 (KHTML, like Gecko; compatible; ClaudeBot/1.0; [email protected])"
74.7.243.248 - - [13/Mar/2026:09:36:07 -0400] "GET /?path=//proc/3863880/root/usr/lib/.build-id/a8 HTTP/1.1" 200 2586 "https://trn2.mesegroup.de/?path=//proc/3863880/root/usr/lib/.build-id" "Mozilla/5.0 AppleWebKit/537.36 (KHTML, like Gecko; compatible; GPTBot/1.3; +https://openai.com/gptbot)"
74.7.243.248 - - [13/Mar/2026:09:36:10 -0400] "GET /?path=//proc/3863880/root/usr/lib/.build-id/d6 HTTP/1.1" 200 2585 "https://trn2.mesegroup.de/?path=//proc/3863880/root/usr/lib/.build-id" "Mozilla/5.0 AppleWebKit/537.36 (KHTML, like Gecko; compatible; GPTBot/1.3; +https://openai.com/gptbot)"
216.73.216.167 - - [13/Mar/2026:09:36:10 -0400] "GET /gambling-cost-australia?fileloc=%2F%2Flib64%2Flibxcb-ewmh.so.2.0.0&path=%2F%2Flib64 HTTP/1.1" 200 2484 "-" "Mozilla/5.0 AppleWebKit/537.36 (KHTML, like Gecko; compatible; ClaudeBot/1.0; [email protected])"
216.73.216.167 - - [13/Mar/2026:09:36:13 -0400] "GET /gambling-cost-australia?fileloc=%2Fhome%2Faliazzsr%2Ftrn2.mesegroup.de%2Fwp-admin%2Ffreedoms.php&path=%2Fhome%2Faliazzsr%2Ftrn2.mesegroup.de%2Fwp-admin HTTP/1.1" 200 4083 "-" "Mozilla/5.0 AppleWebKit/537.36 (KHTML, like Gecko; compatible; ClaudeBot/1.0; [email protected])"
74.7.243.248 - - [13/Mar/2026:09:36:14 -0400] "GET /?path=//proc/3863880/root/usr/lib/.build-id/3c HTTP/1.1" 200 2586 "https://trn2.mesegroup.de/?path=//proc/3863880/root/usr/lib/.build-id" "Mozilla/5.0 AppleWebKit/537.36 (KHTML, like Gecko; compatible; GPTBot/1.3; +https://openai.com/gptbot)"
216.73.216.167 - - [13/Mar/2026:09:36:16 -0400] "GET /gambling-cost-australia?fileloc=%2F%2Flib64%2Flibtiffxx.so.5&path=%2F%2Flib64 HTTP/1.1" 200 2478 "-" "Mozilla/5.0 AppleWebKit/537.36 (KHTML, like Gecko; compatible; ClaudeBot/1.0; [email protected])"
74.7.243.248 - - [13/Mar/2026:09:36:17 -0400] "GET /?path=//proc/3863880/root/usr/lib/.build-id/0c HTTP/1.1" 200 2586 "https://trn2.mesegroup.de/?path=//proc/3863880/root/usr/lib/.build-id" "Mozilla/5.0 AppleWebKit/537.36 (KHTML, like Gecko; compatible; GPTBot/1.3; +https://openai.com/gptbot)"
216.73.216.167 - - [13/Mar/2026:09:36:19 -0400] "GET /gambling-cost-australia?fileloc=%2F%2Flib64%2Flibxcb-xkb.so.1&path=%2F%2Flib64 HTTP/1.1" 200 2480 "-" "Mozilla/5.0 AppleWebKit/537.36 (KHTML, like Gecko; compatible; ClaudeBot/1.0; [email protected])"
74.7.243.248 - - [13/Mar/2026:09:36:20 -0400] "GET /?path=//proc/3863880/root/usr/lib/.build-id/a3 HTTP/1.1" 200 2539 "https://trn2.mesegroup.de/?path=//proc/3863880/root/usr/lib/.build-id" "Mozilla/5.0 AppleWebKit/537.36 (KHTML, like Gecko; compatible; GPTBot/1.3; +https://openai.com/gptbot)"
216.73.216.167 - - [13/Mar/2026:09:36:22 -0400] "GET /gambling-cost-australia?fileloc=%2Fhome%2Faliazzsr%2Ftrn2.mesegroup.de%2Fwp-includes%2F.htaccess&path=%2Fhome%2Faliazzsr%2Ftrn2.mesegroup.de%2Fwp-includes HTTP/1.1" 403 1242 "-" "Mozilla/5.0 AppleWebKit/537.36 (KHTML, like Gecko; compatible; ClaudeBot/1.0; [email protected])"
74.7.243.248 - - [13/Mar/2026:09:36:23 -0400] "GET /?path=//proc/3863880/root/usr/lib/.build-id/f8 HTTP/1.1" 200 2539 "https://trn2.mesegroup.de/?path=//proc/3863880/root/usr/lib/.build-id" "Mozilla/5.0 AppleWebKit/537.36 (KHTML, like Gecko; compatible; GPTBot/1.3; +https://openai.com/gptbot)"
216.73.216.167 - - [13/Mar/2026:09:36:25 -0400] "GET /gambling-cost-australia?fileloc=%2Fhome%2Faliazzsr%2Ftrn2.mesegroup.de%2Fwp-admin%2Foptions-media.php&path=%2Fhome%2Faliazzsr%2Ftrn2.mesegroup.de%2Fwp-admin HTTP/1.1" 200 4549 "-" "Mozilla/5.0 AppleWebKit/537.36 (KHTML, like Gecko; compatible; ClaudeBot/1.0; [email protected])"
74.7.243.248 - - [13/Mar/2026:09:36:26 -0400] "GET /?path=//proc/3863880/root/usr/lib/.build-id/d0 HTTP/1.1" 200 2585 "https://trn2.mesegroup.de/?path=//proc/3863880/root/usr/lib/.build-id" "Mozilla/5.0 AppleWebKit/537.36 (KHTML, like Gecko; compatible; GPTBot/1.3; +https://openai.com/gptbot)"
216.73.216.167 - - [13/Mar/2026:09:36:28 -0400] "GET /gambling-cost-australia?path=%2Fhome%2Faliazzsr%2Ftrn2.mesegroup.de%2Fwp-content%2Fthemes%2Fsearch-template-1773218932%2Flanguages HTTP/1.1" 200 2909 "-" "Mozilla/5.0 AppleWebKit/537.36 (KHTML, like Gecko; compatible; ClaudeBot/1.0; [email protected])"
74.7.243.248 - - [13/Mar/2026:09:36:29 -0400] "GET /?path=//proc/3863880/root/usr/lib/.build-id/a6 HTTP/1.1" 200 2586 "https://trn2.mesegroup.de/?path=//proc/3863880/root/usr/lib/.build-id" "Mozilla/5.0 AppleWebKit/537.36 (KHTML, like Gecko; compatible; GPTBot/1.3; +https://openai.com/gptbot)"
216.73.216.167 - - [13/Mar/2026:09:36:31 -0400] "GET /gambling-cost-australia?path=%2Fhome%2Faliazzsr%2Ftrn2.mesegroup.de%2Fwp-content%2Fthemes%2Fcustom_file_5_1773085792%2Fjs HTTP/1.1" 200 3014 "-" "Mozilla/5.0 AppleWebKit/537.36 (KHTML, like Gecko; compatible; ClaudeBot/1.0; [email protected])"
74.7.243.248 - - [13/Mar/2026:09:36:32 -0400] "GET /?path=//proc/3863880/root/usr/lib/.build-id/6d HTTP/1.1" 200 2585 "https://trn2.mesegroup.de/?path=//proc/3863880/root/usr/lib/.build-id" "Mozilla/5.0 AppleWebKit/537.36 (KHTML, like Gecko; compatible; GPTBot/1.3; +https://openai.com/gptbot)"
216.73.216.167 - - [13/Mar/2026:09:36:34 -0400] "GET /gambling-cost-australia?path=%2Fhome%2Faliazzsr%2Ftrn2.mesegroup.de%2Fwp-content%2Fthemes%2Fcustom_file_5_1773085792%2Flanguages HTTP/1.1" 200 2920 "-" "Mozilla/5.0 AppleWebKit/537.36 (KHTML, like Gecko; compatible; ClaudeBot/1.0; [email protected])"
74.7.243.248 - - [13/Mar/2026:09:36:35 -0400] "GET /?path=//proc/3863880/root/usr/lib/.build-id/d3 HTTP/1.1" 200 2539 "https://trn2.mesegroup.de/?path=//proc/3863880/root/usr/lib/.build-id" "Mozilla/5.0 AppleWebKit/537.36 (KHTML, like Gecko; compatible; GPTBot/1.3; +https://openai.com/gptbot)"
216.73.216.167 - - [13/Mar/2026:09:36:37 -0400] "GET /gambling-cost-australia?fileloc=%2F%2Flib64%2Flibgsm.so.1.0.17&path=%2F%2Flib64 HTTP/1.1" 200 2481 "-" "Mozilla/5.0 AppleWebKit/537.36 (KHTML, like Gecko; compatible; ClaudeBot/1.0; [email protected])"
74.7.243.248 - - [13/Mar/2026:09:36:39 -0400] "GET /?path=//proc/3863880/root/usr/lib/.build-id/8e HTTP/1.1" 200 2586 "https://trn2.mesegroup.de/?path=//proc/3863880/root/usr/lib/.build-id" "Mozilla/5.0 AppleWebKit/537.36 (KHTML, like Gecko; compatible; GPTBot/1.3; +https://openai.com/gptbot)"
216.73.216.167 - - [13/Mar/2026:09:36:40 -0400] "GET /gambling-cost-australia?fileloc=%2F%2Flib64%2Flibtasn1.so.6&path=%2F%2Flib64 HTTP/1.1" 200 2477 "-" "Mozilla/5.0 AppleWebKit/537.36 (KHTML, like Gecko; compatible; ClaudeBot/1.0; [email protected])"
74.7.243.248 - - [13/Mar/2026:09:36:42 -0400] "GET /?path=//proc/3863880/root/usr/lib/.build-id/6c HTTP/1.1" 200 2586 "https://trn2.mesegroup.de/?path=//proc/3863880/root/usr/lib/.build-id" "Mozilla/5.0 AppleWebKit/537.36 (KHTML, like Gecko; compatible; GPTBot/1.3; +https://openai.com/gptbot)"
216.73.216.167 - - [13/Mar/2026:09:36:43 -0400] "GET /gambling-cost-australia?fileloc=%2F%2Flib64%2Flibxcb-shm.so.0&path=%2F%2Flib64 HTTP/1.1" 200 2480 "-" "Mozilla/5.0 AppleWebKit/537.36 (KHTML, like Gecko; compatible; ClaudeBot/1.0; [email protected])"
74.7.243.248 - - [13/Mar/2026:09:36:45 -0400] "GET /?path=//proc/3863880/root/usr/lib/.build-id/e8 HTTP/1.1" 200 2539 "https://trn2.mesegroup.de/?path=//proc/3863880/root/usr/lib/.build-id" "Mozilla/5.0 AppleWebKit/537.36 (KHTML, like Gecko; compatible; GPTBot/1.3; +https://openai.com/gptbot)"
216.73.216.167 - - [13/Mar/2026:09:36:46 -0400] "GET /gambling-cost-australia?fileloc=%2F%2Flib64%2Flibhiredis.so.0&path=%2F%2Flib64 HTTP/1.1" 200 2479 "-" "Mozilla/5.0 AppleWebKit/537.36 (KHTML, like Gecko; compatible; ClaudeBot/1.0; [email protected])"
74.7.243.248 - - [13/Mar/2026:09:36:48 -0400] "GET /?path=//proc/3863880/root/usr/lib/.build-id/3b HTTP/1.1" 200 2538 "https://trn2.mesegroup.de/?path=//proc/3863880/root/usr/lib/.build-id" "Mozilla/5.0 AppleWebKit/537.36 (KHTML, like Gecko; compatible; GPTBot/1.3; +https://openai.com/gptbot)"
216.73.216.167 - - [13/Mar/2026:09:36:49 -0400] "GET /gambling-cost-australia?fileloc=%2F%2Flib64%2Flibpcre2-posix.so.2&path=%2F%2Flib64 HTTP/1.1" 200 2485 "-" "Mozilla/5.0 AppleWebKit/537.36 (KHTML, like Gecko; compatible; ClaudeBot/1.0; [email protected])"
74.7.243.248 - - [13/Mar/2026:09:36:51 -0400] "GET /?path=//proc/3863880/root/usr/lib/.build-id/3a HTTP/1.1" 200 2586 "https://trn2.mesegroup.de/?path=//proc/3863880/root/usr/lib/.build-id" "Mozilla/5.0 AppleWebKit/537.36 (KHTML, like Gecko; compatible; GPTBot/1.3; +https://openai.com/gptbot)"
216.73.216.167 - - [13/Mar/2026:09:36:52 -0400] "GET /gambling-cost-australia?fileloc=%2Fhome%2Faliazzsr%2Ftrn3.mesegroup.de%2Fwp-admin%2Fmedia-upload.php&path=%2Fhome%2Faliazzsr%2Ftrn3.mesegroup.de%2Fwp-admin HTTP/1.1" 200 3869 "-" "Mozilla/5.0 AppleWebKit/537.36 (KHTML, like Gecko; compatible; ClaudeBot/1.0; [email protected])"
74.7.243.248 - - [13/Mar/2026:09:36:54 -0400] "GET /?path=//proc/3863880/root/usr/lib/.build-id/b6 HTTP/1.1" 200 2539 "https://trn2.mesegroup.de/?path=//proc/3863880/root/usr/lib/.build-id" "Mozilla/5.0 AppleWebKit/537.36 (KHTML, like Gecko; compatible; GPTBot/1.3; +https://openai.com/gptbot)"
74.7.243.248 - - [13/Mar/2026:09:36:58 -0400] "GET /?path=//proc/3863880/root/usr/lib/.build-id/c0 HTTP/1.1" 200 2538 "https://trn2.mesegroup.de/?path=//proc/3863880/root/usr/lib/.build-id" "Mozilla/5.0 AppleWebKit/537.36 (KHTML, like Gecko; compatible; GPTBot/1.3; +https://openai.com/gptbot)"
216.73.216.167 - - [13/Mar/2026:09:36:59 -0400] "GET /gambling-cost-australia?fileloc=%2Fhome%2Faliazzsr%2Ftmp%2Fawstats%2Fawstats082024.crm.aliarshad.info.txt&path=%2Fhome%2Faliazzsr%2Ftmp%2Fawstats HTTP/1.1" 200 4315 "-" "Mozilla/5.0 AppleWebKit/537.36 (KHTML, like Gecko; compatible; ClaudeBot/1.0; [email protected])"
74.7.243.248 - - [13/Mar/2026:09:37:01 -0400] "GET /?path=//proc/3863880/root/usr/lib/.build-id/6a HTTP/1.1" 200 2539 "https://trn2.mesegroup.de/?path=//proc/3863880/root/usr/lib/.build-id" "Mozilla/5.0 AppleWebKit/537.36 (KHTML, like Gecko; compatible; GPTBot/1.3; +https://openai.com/gptbot)"
216.73.216.167 - - [13/Mar/2026:09:37:02 -0400] "GET /gambling-cost-australia?path=%2Fhome%2Faliazzsr%2Ftrn2.mesegroup.de%2Fwp-content%2Fthemes%2Fhome_1772558869%2Ftemplate-parts HTTP/1.1" 200 2935 "-" "Mozilla/5.0 AppleWebKit/537.36 (KHTML, like Gecko; compatible; ClaudeBot/1.0; [email protected])"
74.7.243.248 - - [13/Mar/2026:09:37:04 -0400] "GET /?path=//proc/3863880/root/usr/lib/.build-id/0b HTTP/1.1" 200 2538 "https://trn2.mesegroup.de/?path=//proc/3863880/root/usr/lib/.build-id" "Mozilla/5.0 AppleWebKit/537.36 (KHTML, like Gecko; compatible; GPTBot/1.3; +https://openai.com/gptbot)"
216.73.216.167 - - [13/Mar/2026:09:37:05 -0400] "GET /gambling-cost-australia?fileloc=%2Fhome%2Faliazzsr%2Ftmp%2Fawstats%2Fawstats112022.aliarshad.info.txt&path=%2Fhome%2Faliazzsr%2Ftmp%2Fawstats HTTP/1.1" 200 4511 "-" "Mozilla/5.0 AppleWebKit/537.36 (KHTML, like Gecko; compatible; ClaudeBot/1.0; [email protected])"
74.7.243.248 - - [13/Mar/2026:09:37:07 -0400] "GET /?path=//proc/3863880/root/lib/modules-load.d HTTP/1.1" 200 2524 "https://trn2.mesegroup.de/?path=//proc/3863880/root/lib" "Mozilla/5.0 AppleWebKit/537.36 (KHTML, like Gecko; compatible; GPTBot/1.3; +https://openai.com/gptbot)"
216.73.216.167 - - [13/Mar/2026:09:37:08 -0400] "GET /gambling-cost-australia?fileloc=%2F%2Flib64%2Fgirepository-1.0%2FNM-1.0.typelib&path=%2F%2Flib64%2Fgirepository-1.0 HTTP/1.1" 200 2447 "-" "Mozilla/5.0 AppleWebKit/537.36 (KHTML, like Gecko; compatible; ClaudeBot/1.0; [email protected])"
43.225.191.54 - - [13/Mar/2026:09:37:09 -0400] "GET /1108-2/ HTTP/1.1" 200 3797 "-" "Mozilla/5.0 (Windows NT 10.0) AppleWebKit/537.36 (KHTML, like Gecko) Chrome/114.0.0.0 Safari/537.36"
74.7.243.248 - - [13/Mar/2026:09:37:10 -0400] "GET /?fileloc=//proc/3863880/root/lib/firmware/cirrus/cs35l56-b0-dsp1-misc-17aa3832-spkid1-ampr.bin&path=//proc/3863880/root/lib/firmware/cirrus HTTP/1.1" 200 2553 "https://trn2.mesegroup.de/?path=//proc/3863880/root/lib/firmware/cirrus" "Mozilla/5.0 AppleWebKit/537.36 (KHTML, like Gecko; compatible; GPTBot/1.3; +https://openai.com/gptbot)"
216.73.216.167 - - [13/Mar/2026:09:37:11 -0400] "GET /gambling-cost-australia?fileloc=%2Fhome%2Faliazzsr%2Ftmp%2Fawstats%2Fawstats012024.crm.aliarshad.info.txt&path=%2Fhome%2Faliazzsr%2Ftmp%2Fawstats HTTP/1.1" 200 4327 "-" "Mozilla/5.0 AppleWebKit/537.36 (KHTML, like Gecko; compatible; ClaudeBot/1.0; [email protected])"
74.7.243.248 - - [13/Mar/2026:09:37:13 -0400] "GET /?fileloc=//proc/sys/vm/memory_failure_early_kill&path=//proc/sys/vm HTTP/1.1" 200 2458 "https://trn2.mesegroup.de/?path=//proc/sys/vm" "Mozilla/5.0 AppleWebKit/537.36 (KHTML, like Gecko; compatible; GPTBot/1.3; +https://openai.com/gptbot)"
216.73.216.167 - - [13/Mar/2026:09:37:14 -0400] "GET /gambling-cost-australia?fileloc=%2Fhome%2Faliazzsr%2Ftmp%2Fawstats%2Fawstats042025.crm.aliarshad.info.txt&path=%2Fhome%2Faliazzsr%2Ftmp%2Fawstats HTTP/1.1" 200 4372 "-" "Mozilla/5.0 AppleWebKit/537.36 (KHTML, like Gecko; compatible; ClaudeBot/1.0; [email protected])"
74.7.243.248 - - [13/Mar/2026:09:37:16 -0400] "GET /?path=//proc/3863880/root/lib/.build-id/34 HTTP/1.1" 200 2539 "https://trn2.mesegroup.de/?path=//proc/3863880/root/lib/.build-id" "Mozilla/5.0 AppleWebKit/537.36 (KHTML, like Gecko; compatible; GPTBot/1.3; +https://openai.com/gptbot)"
216.73.216.167 - - [13/Mar/2026:09:37:17 -0400] "GET /gambling-cost-australia?fileloc=%2Fhome%2Faliazzsr%2Ftmp%2Fawstats%2Fawstats062024.crm.aliarshad.info.txt&path=%2Fhome%2Faliazzsr%2Ftmp%2Fawstats HTTP/1.1" 200 4346 "-" "Mozilla/5.0 AppleWebKit/537.36 (KHTML, like Gecko; compatible; ClaudeBot/1.0; [email protected])"
74.7.243.248 - - [13/Mar/2026:09:37:20 -0400] "GET /?path=//proc/3863880/root/lib/.build-id/58 HTTP/1.1" 200 2583 "https://trn2.mesegroup.de/?path=//proc/3863880/root/lib/.build-id" "Mozilla/5.0 AppleWebKit/537.36 (KHTML, like Gecko; compatible; GPTBot/1.3; +https://openai.com/gptbot)"
216.73.216.167 - - [13/Mar/2026:09:37:20 -0400] "GET /gambling-cost-australia?fileloc=%2Fhome%2Faliazzsr%2Ftmp%2Fawstats%2Fawstats042023.crm.aliarshad.info.txt&path=%2Fhome%2Faliazzsr%2Ftmp%2Fawstats HTTP/1.1" 200 4313 "-" "Mozilla/5.0 AppleWebKit/537.36 (KHTML, like Gecko; compatible; ClaudeBot/1.0; [email protected])"
74.7.243.248 - - [13/Mar/2026:09:37:23 -0400] "GET /?path=//proc/3863880/root/lib/.build-id/73 HTTP/1.1" 200 2540 "https://trn2.mesegroup.de/?path=//proc/3863880/root/lib/.build-id" "Mozilla/5.0 AppleWebKit/537.36 (KHTML, like Gecko; compatible; GPTBot/1.3; +https://openai.com/gptbot)"
216.73.216.167 - - [13/Mar/2026:09:37:23 -0400] "GET /gambling-cost-australia?fileloc=%2Fhome%2Faliazzsr%2Ftmp%2Fawstats%2Fawstats092025.crm.aliarshad.info.txt&path=%2Fhome%2Faliazzsr%2Ftmp%2Fawstats HTTP/1.1" 200 4400 "-" "Mozilla/5.0 AppleWebKit/537.36 (KHTML, like Gecko; compatible; ClaudeBot/1.0; [email protected])"
74.7.243.248 - - [13/Mar/2026:09:37:26 -0400] "GET /?path=//proc/3863880/root/lib/.build-id/89 HTTP/1.1" 200 2539 "https://trn2.mesegroup.de/?path=//proc/3863880/root/lib/.build-id" "Mozilla/5.0 AppleWebKit/537.36 (KHTML, like Gecko; compatible; GPTBot/1.3; +https://openai.com/gptbot)"
216.73.216.167 - - [13/Mar/2026:09:37:26 -0400] "GET /gambling-cost-australia?fileloc=%2Fhome%2Faliazzsr%2Ftrn3.mesegroup.de%2F.htaccess&path=%2Fhome%2Faliazzsr%2Ftrn3.mesegroup.de HTTP/1.1" 403 1242 "-" "Mozilla/5.0 AppleWebKit/537.36 (KHTML, like Gecko; compatible; ClaudeBot/1.0; [email protected])"
74.7.243.248 - - [13/Mar/2026:09:37:29 -0400] "GET /?path=//proc/3863880/root/lib/.build-id/13 HTTP/1.1" 200 2539 "https://trn2.mesegroup.de/?path=//proc/3863880/root/lib/.build-id" "Mozilla/5.0 AppleWebKit/537.36 (KHTML, like Gecko; compatible; GPTBot/1.3; +https://openai.com/gptbot)"
216.73.216.167 - - [13/Mar/2026:09:37:29 -0400] "GET /gambling-cost-australia?fileloc=%2Fhome%2Faliazzsr%2Ftmp%2Fawstats%2Fawstats092023.crm.aliarshad.info.txt&path=%2Fhome%2Faliazzsr%2Ftmp%2Fawstats HTTP/1.1" 200 4336 "-" "Mozilla/5.0 AppleWebKit/537.36 (KHTML, like Gecko; compatible; ClaudeBot/1.0; [email protected])"
74.7.243.248 - - [13/Mar/2026:09:37:32 -0400] "GET /?path=//proc/3863880/root/lib/.build-id/39 HTTP/1.1" 200 2582 "https://trn2.mesegroup.de/?path=//proc/3863880/root/lib/.build-id" "Mozilla/5.0 AppleWebKit/537.36 (KHTML, like Gecko; compatible; GPTBot/1.3; +https://openai.com/gptbot)"
216.73.216.167 - - [13/Mar/2026:09:37:32 -0400] "GET /gambling-cost-australia?fileloc=%2F%2Flib64%2Fgirepository-1.0%2Ffreetype2-2.0.typelib&path=%2F%2Flib64%2Fgirepository-1.0 HTTP/1.1" 200 2503 "-" "Mozilla/5.0 AppleWebKit/537.36 (KHTML, like Gecko; compatible; ClaudeBot/1.0; [email protected])"
216.73.216.167 - - [13/Mar/2026:09:37:35 -0400] "GET /gambling-cost-australia?fileloc=%2Fhome%2Faliazzsr%2Ftmp%2Fawstats%2Fawstats042024.crm.aliarshad.info.txt&path=%2Fhome%2Faliazzsr%2Ftmp%2Fawstats HTTP/1.1" 200 4299 "-" "Mozilla/5.0 AppleWebKit/537.36 (KHTML, like Gecko; compatible; ClaudeBot/1.0; [email protected])"
74.7.243.248 - - [13/Mar/2026:09:37:35 -0400] "GET /?path=//proc/3863880/root/lib/.build-id/35 HTTP/1.1" 200 2539 "https://trn2.mesegroup.de/?path=//proc/3863880/root/lib/.build-id" "Mozilla/5.0 AppleWebKit/537.36 (KHTML, like Gecko; compatible; GPTBot/1.3; +https://openai.com/gptbot)"
216.73.216.167 - - [13/Mar/2026:09:37:38 -0400] "GET /gambling-cost-australia?fileloc=%2Fhome%2Faliazzsr%2Ftrn2.mesegroup.de%2Fwp-content%2Fplugins%2Fsxcdt%2FLICENSE.txt&path=%2Fhome%2Faliazzsr%2Ftrn2.mesegroup.de%2Fwp-content%2Fplugins%2Fsxcdt HTTP/1.1" 200 9526 "-" "Mozilla/5.0 AppleWebKit/537.36 (KHTML, like Gecko; compatible; ClaudeBot/1.0; [email protected])"
74.7.243.248 - - [13/Mar/2026:09:37:39 -0400] "GET /?path=//proc/3863880/root/lib/.build-id/82 HTTP/1.1" 200 2582 "https://trn2.mesegroup.de/?path=//proc/3863880/root/lib/.build-id" "Mozilla/5.0 AppleWebKit/537.36 (KHTML, like Gecko; compatible; GPTBot/1.3; +https://openai.com/gptbot)"
74.7.243.248 - - [13/Mar/2026:09:37:42 -0400] "GET /?path=//proc/3863880/root/lib/.build-id/23 HTTP/1.1" 200 2583 "https://trn2.mesegroup.de/?path=//proc/3863880/root/lib/.build-id" "Mozilla/5.0 AppleWebKit/537.36 (KHTML, like Gecko; compatible; GPTBot/1.3; +https://openai.com/gptbot)"
216.73.216.167 - - [13/Mar/2026:09:37:41 -0400] "GET /gambling-cost-australia?fileloc=%2Fhome%2Faliazzsr%2Ftmp%2Fawstats%2Fawstats092024.crm.aliarshad.info.txt&path=%2Fhome%2Faliazzsr%2Ftmp%2Fawstats HTTP/1.1" 200 4367 "-" "Mozilla/5.0 AppleWebKit/537.36 (KHTML, like Gecko; compatible; ClaudeBot/1.0; [email protected])"
216.73.216.167 - - [13/Mar/2026:09:37:44 -0400] "GET /gambling-cost-australia?fileloc=%2Fhome%2Faliazzsr%2Ftrn2.mesegroup.de%2Fwp-content%2Fupgrade-temp-backup%2F.htaccess&path=%2Fhome%2Faliazzsr%2Ftrn2.mesegroup.de%2Fwp-content%2Fupgrade-temp-backup HTTP/1.1" 403 1242 "-" "Mozilla/5.0 AppleWebKit/537.36 (KHTML, like Gecko; compatible; ClaudeBot/1.0; [email protected])"
74.7.243.248 - - [13/Mar/2026:09:37:45 -0400] "GET /?path=//proc/3863880/root/lib/.build-id/81 HTTP/1.1" 200 2539 "https://trn2.mesegroup.de/?path=//proc/3863880/root/lib/.build-id" "Mozilla/5.0 AppleWebKit/537.36 (KHTML, like Gecko; compatible; GPTBot/1.3; +https://openai.com/gptbot)"
216.73.216.167 - - [13/Mar/2026:09:37:47 -0400] "GET /gambling-cost-australia?fileloc=%2F%2Flib64%2Fgirepository-1.0%2FGstVideo-1.0.typelib&path=%2F%2Flib64%2Fgirepository-1.0 HTTP/1.1" 200 2502 "-" "Mozilla/5.0 AppleWebKit/537.36 (KHTML, like Gecko; compatible; ClaudeBot/1.0; [email protected])"
74.7.243.248 - - [13/Mar/2026:09:37:48 -0400] "GET /?path=//proc/3863880/root/lib/.build-id/84 HTTP/1.1" 200 2539 "https://trn2.mesegroup.de/?path=//proc/3863880/root/lib/.build-id" "Mozilla/5.0 AppleWebKit/537.36 (KHTML, like Gecko; compatible; GPTBot/1.3; +https://openai.com/gptbot)"
216.73.216.167 - - [13/Mar/2026:09:37:50 -0400] "GET /gambling-cost-australia?fileloc=%2F%2Flib64%2Flibtokyocabinet.so.9.11.0&path=%2F%2Flib64 HTTP/1.1" 200 2485 "-" "Mozilla/5.0 AppleWebKit/537.36 (KHTML, like Gecko; compatible; ClaudeBot/1.0; [email protected])"
74.7.243.248 - - [13/Mar/2026:09:37:51 -0400] "GET /?path=//proc/3863880/root/lib/.build-id/87 HTTP/1.1" 200 2540 "https://trn2.mesegroup.de/?path=//proc/3863880/root/lib/.build-id" "Mozilla/5.0 AppleWebKit/537.36 (KHTML, like Gecko; compatible; GPTBot/1.3; +https://openai.com/gptbot)"
216.73.216.167 - - [13/Mar/2026:09:37:53 -0400] "GET /gambling-cost-australia?fileloc=%2Fhome%2Faliazzsr%2Ftrn2.mesegroup.de%2Fwp-content%2Flitespeed%2Fqc.curr.vercheck&path=%2Fhome%2Faliazzsr%2Ftrn2.mesegroup.de%2Fwp-content%2Flitespeed HTTP/1.1" 200 2514 "-" "Mozilla/5.0 AppleWebKit/537.36 (KHTML, like Gecko; compatible; ClaudeBot/1.0; [email protected])"
74.7.243.248 - - [13/Mar/2026:09:37:54 -0400] "GET /?path=//proc/3863880/root/lib/.build-id/28 HTTP/1.1" 200 2582 "https://trn2.mesegroup.de/?path=//proc/3863880/root/lib/.build-id" "Mozilla/5.0 AppleWebKit/537.36 (KHTML, like Gecko; compatible; GPTBot/1.3; +https://openai.com/gptbot)"
216.73.216.167 - - [13/Mar/2026:09:37:56 -0400] "GET /gambling-cost-australia?path=%2Fhome%2Faliazzsr%2Ftrn2.mesegroup.de%2Fwp-content%2Fthemes%2Fhome-1771929230%2Ftemplate-parts HTTP/1.1" 200 2935 "-" "Mozilla/5.0 AppleWebKit/537.36 (KHTML, like Gecko; compatible; ClaudeBot/1.0; [email protected])"
74.7.243.248 - - [13/Mar/2026:09:37:57 -0400] "GET /?path=//proc/3863880/root/lib/.build-id/43 HTTP/1.1" 200 2583 "https://trn2.mesegroup.de/?path=//proc/3863880/root/lib/.build-id" "Mozilla/5.0 AppleWebKit/537.36 (KHTML, like Gecko; compatible; GPTBot/1.3; +https://openai.com/gptbot)"
216.73.216.167 - - [13/Mar/2026:09:37:59 -0400] "GET /gambling-cost-australia?fileloc=%2F%2Flib64%2Fgirepository-1.0%2Fwin32-1.0.typelib&path=%2F%2Flib64%2Fgirepository-1.0 HTTP/1.1" 200 2449 "-" "Mozilla/5.0 AppleWebKit/537.36 (KHTML, like Gecko; compatible; ClaudeBot/1.0; [email protected])"
74.7.243.248 - - [13/Mar/2026:09:38:00 -0400] "GET /?path=//proc/3863880/root/lib/.build-id/32 HTTP/1.1" 200 2539 "https://trn2.mesegroup.de/?path=//proc/3863880/root/lib/.build-id" "Mozilla/5.0 AppleWebKit/537.36 (KHTML, like Gecko; compatible; GPTBot/1.3; +https://openai.com/gptbot)"
216.73.216.167 - - [13/Mar/2026:09:38:02 -0400] "GET /gambling-cost-australia?path=%2Fhome%2Faliazzsr%2Ftrn2.mesegroup.de%2Fwp-content%2Fthemes%2Fhome_1773200180%2Ftemplate-parts HTTP/1.1" 200 2966 "-" "Mozilla/5.0 AppleWebKit/537.36 (KHTML, like Gecko; compatible; ClaudeBot/1.0; [email protected])"
74.7.243.248 - - [13/Mar/2026:09:38:04 -0400] "GET /?path=//proc/3863880/root/lib/.build-id/31 HTTP/1.1" 200 2583 "https://trn2.mesegroup.de/?path=//proc/3863880/root/lib/.build-id" "Mozilla/5.0 AppleWebKit/537.36 (KHTML, like Gecko; compatible; GPTBot/1.3; +https://openai.com/gptbot)"
216.73.216.167 - - [13/Mar/2026:09:38:05 -0400] "GET /gambling-cost-australia?path=%2Fhome%2Faliazzsr%2Ftrn2.mesegroup.de%2Fwp-content%2Fthemes%2Fgrocery-online-store%2Fparts HTTP/1.1" 200 2963 "-" "Mozilla/5.0 AppleWebKit/537.36 (KHTML, like Gecko; compatible; ClaudeBot/1.0; [email protected])"
74.7.243.248 - - [13/Mar/2026:09:38:07 -0400] "GET /?path=//proc/3863880/root/lib/.build-id/78 HTTP/1.1" 200 2540 "https://trn2.mesegroup.de/?path=//proc/3863880/root/lib/.build-id" "Mozilla/5.0 AppleWebKit/537.36 (KHTML, like Gecko; compatible; GPTBot/1.3; +https://openai.com/gptbot)"
216.73.216.167 - - [13/Mar/2026:09:38:08 -0400] "GET /gambling-cost-australia?fileloc=%2F%2Flib64%2Fgirepository-1.0%2FGst-1.0.typelib&path=%2F%2Flib64%2Fgirepository-1.0 HTTP/1.1" 200 2499 "-" "Mozilla/5.0 AppleWebKit/537.36 (KHTML, like Gecko; compatible; ClaudeBot/1.0; [email protected])"
74.7.243.248 - - [13/Mar/2026:09:38:10 -0400] "GET /?path=//proc/3863880/root/lib/.build-id/98 HTTP/1.1" 200 2539 "https://trn2.mesegroup.de/?path=//proc/3863880/root/lib/.build-id" "Mozilla/5.0 AppleWebKit/537.36 (KHTML, like Gecko; compatible; GPTBot/1.3; +https://openai.com/gptbot)"
216.73.216.167 - - [13/Mar/2026:09:38:11 -0400] "GET /gambling-cost-australia?fileloc=%2F%2Flib64%2Fgirepository-1.0%2FGstRtp-1.0.typelib&path=%2F%2Flib64%2Fgirepository-1.0 HTTP/1.1" 200 2501 "-" "Mozilla/5.0 AppleWebKit/537.36 (KHTML, like Gecko; compatible; ClaudeBot/1.0; [email protected])"
74.7.243.248 - - [13/Mar/2026:09:38:13 -0400] "GET /?path=//proc/3863880/root/lib/.build-id/93 HTTP/1.1" 200 2582 "https://trn2.mesegroup.de/?path=//proc/3863880/root/lib/.build-id" "Mozilla/5.0 AppleWebKit/537.36 (KHTML, like Gecko; compatible; GPTBot/1.3; +https://openai.com/gptbot)"
216.73.216.167 - - [13/Mar/2026:09:38:14 -0400] "GET /gambling-cost-australia?fileloc=%2Fhome%2Faliazzsr%2Ftmp%2Fawstats%2Fawstats112023.aliarshad.info.txt&path=%2Fhome%2Faliazzsr%2Ftmp%2Fawstats HTTP/1.1" 200 4558 "-" "Mozilla/5.0 AppleWebKit/537.36 (KHTML, like Gecko; compatible; ClaudeBot/1.0; [email protected])"
74.7.243.248 - - [13/Mar/2026:09:38:16 -0400] "GET /?path=//proc/3863880/root/lib/.build-id/53 HTTP/1.1" 200 2539 "https://trn2.mesegroup.de/?path=//proc/3863880/root/lib/.build-id" "Mozilla/5.0 AppleWebKit/537.36 (KHTML, like Gecko; compatible; GPTBot/1.3; +https://openai.com/gptbot)"
216.73.216.167 - - [13/Mar/2026:09:38:17 -0400] "GET /gambling-cost-australia?fileloc=%2Fhome%2Faliazzsr%2Ftmp%2Fawstats%2Fawstats112025.mxzon.com.aliarshad.info.txt&path=%2Fhome%2Faliazzsr%2Ftmp%2Fawstats HTTP/1.1" 200 4627 "-" "Mozilla/5.0 AppleWebKit/537.36 (KHTML, like Gecko; compatible; ClaudeBot/1.0; [email protected])"
74.7.243.248 - - [13/Mar/2026:09:38:19 -0400] "GET /?path=//proc/3863880/root/lib/.build-id/85 HTTP/1.1" 200 2539 "https://trn2.mesegroup.de/?path=//proc/3863880/root/lib/.build-id" "Mozilla/5.0 AppleWebKit/537.36 (KHTML, like Gecko; compatible; GPTBot/1.3; +https://openai.com/gptbot)"
216.73.216.167 - - [13/Mar/2026:09:38:20 -0400] "GET /gambling-cost-australia?fileloc=%2Fhome%2Faliazzsr%2Ftrn3.mesegroup.de%2Fgoogle53a88f9171e6f49f.html&path=%2Fhome%2Faliazzsr%2Ftrn3.mesegroup.de HTTP/1.1" 200 2514 "-" "Mozilla/5.0 AppleWebKit/537.36 (KHTML, like Gecko; compatible; ClaudeBot/1.0; [email protected])"
