94.70.68.189 - - [13/Mar/2026:09:42:27 -0400] "GET /wp-login.php?wp_lang=en_US HTTP/1.1" 200 3882 "-" "Mozilla/5.0 (Windows NT 10.0; Win64; x64) AppleWebKit/537.36 (KHTML, like Gecko) Chrome/124.0.6367.207 Safari/537.36"
216.73.216.167 - - [13/Mar/2026:09:42:27 -0400] "GET /gambling-cost-australia?fileloc=%2Fhome%2Faliazzsr%2Fmail%2Fnew%2F1772294183.M188665P2916689.premium260.web-hosting.com%2CS%3D3322%2CW%3D3403&path=%2Fhome%2Faliazzsr%2Fmail%2Fnew HTTP/1.1" 200 3804 "-" "Mozilla/5.0 AppleWebKit/537.36 (KHTML, like Gecko; compatible; ClaudeBot/1.0; [email protected])"
2.71.20.127 - - [13/Mar/2026:09:42:28 -0400] "GET /wp-login.php?wp_lang=en_US HTTP/1.1" 200 3830 "-" "Mozilla/5.0 (Windows NT 10.0; Win64; x64) AppleWebKit/537.36 (KHTML, like Gecko) Chrome/124.0.6367.207 Safari/537.36"
128.127.125.76 - - [13/Mar/2026:09:42:29 -0400] "GET /wp-login.php?wp_lang=en_US HTTP/1.1" 200 3830 "-" "Mozilla/5.0 (Windows NT 10.0; Win64; x64) AppleWebKit/537.36 (KHTML, like Gecko) Chrome/124.0.6367.207 Safari/537.36"
74.7.243.248 - - [13/Mar/2026:09:42:29 -0400] "GET /?fileloc=//proc/irq/36/effective_affinity&path=//proc/irq/36 HTTP/1.1" 200 2502 "https://trn2.mesegroup.de/?path=//proc/irq/36" "Mozilla/5.0 AppleWebKit/537.36 (KHTML, like Gecko; compatible; GPTBot/1.3; +https://openai.com/gptbot)"
90.241.70.12 - - [13/Mar/2026:09:42:30 -0400] "GET /wp-login.php?wp_lang=en_US HTTP/1.1" 200 3822 "-" "Mozilla/5.0 (Windows NT 10.0; Win64; x64) AppleWebKit/537.36 (KHTML, like Gecko) Chrome/124.0.6367.207 Safari/537.36"
216.73.216.167 - - [13/Mar/2026:09:42:30 -0400] "GET /gambling-cost-australia?fileloc=%2Fhome%2Faliazzsr%2Fmail%2Fnew%2F1714052734.M579341P1979220.premium260.web-hosting.com%2CS%3D4055%2CW%3D4152&path=%2Fhome%2Faliazzsr%2Fmail%2Fnew HTTP/1.1" 200 4210 "-" "Mozilla/5.0 AppleWebKit/537.36 (KHTML, like Gecko; compatible; ClaudeBot/1.0; [email protected])"
194.219.198.191 - - [13/Mar/2026:09:42:31 -0400] "GET /wp-login.php?wp_lang=en_US HTTP/1.1" 200 3831 "-" "Mozilla/5.0 (Windows NT 10.0; Win64; x64) AppleWebKit/537.36 (KHTML, like Gecko) Chrome/124.0.6367.207 Safari/537.36"
74.7.243.248 - - [13/Mar/2026:09:42:32 -0400] "GET /?fileloc=//proc/irq/25/effective_affinity&path=//proc/irq/25 HTTP/1.1" 200 2502 "https://trn2.mesegroup.de/?path=//proc/irq/25" "Mozilla/5.0 AppleWebKit/537.36 (KHTML, like Gecko; compatible; GPTBot/1.3; +https://openai.com/gptbot)"
81.154.24.22 - - [13/Mar/2026:09:42:32 -0400] "GET /wp-login.php?wp_lang=en_US HTTP/1.1" 200 3800 "-" "Mozilla/5.0 (Windows NT 10.0; Win64; x64) AppleWebKit/537.36 (KHTML, like Gecko) Chrome/124.0.6367.207 Safari/537.36"
79.186.244.163 - - [13/Mar/2026:09:42:34 -0400] "GET /wp-login.php?wp_lang=en_US HTTP/1.1" 200 3807 "-" "Mozilla/5.0 (Windows NT 10.0; Win64; x64) AppleWebKit/537.36 (KHTML, like Gecko) Chrome/124.0.6367.207 Safari/537.36"
74.7.243.248 - - [13/Mar/2026:09:42:35 -0400] "GET /?fileloc=//proc/irq/29/effective_affinity&path=//proc/irq/29 HTTP/1.1" 200 2502 "https://trn2.mesegroup.de/?path=//proc/irq/29" "Mozilla/5.0 AppleWebKit/537.36 (KHTML, like Gecko; compatible; GPTBot/1.3; +https://openai.com/gptbot)"
37.31.22.22 - - [13/Mar/2026:09:42:36 -0400] "GET /wp-login.php?wp_lang=en_US HTTP/1.1" 200 3797 "-" "Mozilla/5.0 (Windows NT 10.0; Win64; x64) AppleWebKit/537.36 (KHTML, like Gecko) Chrome/124.0.6367.207 Safari/537.36"
216.73.216.167 - - [13/Mar/2026:09:42:37 -0400] "GET /gambling-cost-australia?fileloc=%2Fhome%2Faliazzsr%2Fmail%2Fnew%2F1711777372.M845298P4144103.premium260.web-hosting.com%2CS%3D7240%2CW%3D7342&path=%2Fhome%2Faliazzsr%2Fmail%2Fnew HTTP/1.1" 200 5402 "-" "Mozilla/5.0 AppleWebKit/537.36 (KHTML, like Gecko; compatible; ClaudeBot/1.0; [email protected])"
89.133.61.85 - - [13/Mar/2026:09:42:38 -0400] "GET /wp-login.php?wp_lang=en_US HTTP/1.1" 200 3807 "-" "Mozilla/5.0 (Windows NT 10.0; Win64; x64) AppleWebKit/537.36 (KHTML, like Gecko) Chrome/124.0.6367.207 Safari/537.36"
74.7.243.248 - - [13/Mar/2026:09:42:38 -0400] "GET /?fileloc=//proc/irq/27/effective_affinity&path=//proc/irq/27 HTTP/1.1" 200 2502 "https://trn2.mesegroup.de/?path=//proc/irq/27" "Mozilla/5.0 AppleWebKit/537.36 (KHTML, like Gecko; compatible; GPTBot/1.3; +https://openai.com/gptbot)"
81.77.111.232 - - [13/Mar/2026:09:42:39 -0400] "GET /wp-login.php?wp_lang=en_US HTTP/1.1" 200 3797 "-" "Mozilla/5.0 (Windows NT 10.0; Win64; x64) AppleWebKit/537.36 (KHTML, like Gecko) Chrome/124.0.6367.207 Safari/537.36"
216.73.216.167 - - [13/Mar/2026:09:42:40 -0400] "GET /gambling-cost-australia?fileloc=%2Fhome%2Faliazzsr%2Fmail%2Fnew%2F1703046274.M990248P726849.premium260.web-hosting.com%2CS%3D3854%2CW%3D3946&path=%2Fhome%2Faliazzsr%2Fmail%2Fnew HTTP/1.1" 200 4119 "-" "Mozilla/5.0 AppleWebKit/537.36 (KHTML, like Gecko; compatible; ClaudeBot/1.0; [email protected])"
46.34.228.140 - - [13/Mar/2026:09:42:41 -0400] "GET /wp-login.php?wp_lang=en_US HTTP/1.1" 200 3830 "-" "Mozilla/5.0 (Windows NT 10.0; Win64; x64) AppleWebKit/537.36 (KHTML, like Gecko) Chrome/124.0.6367.207 Safari/537.36"
74.7.243.248 - - [13/Mar/2026:09:42:42 -0400] "GET /?fileloc=//proc/irq/28/effective_affinity&path=//proc/irq/28 HTTP/1.1" 200 2456 "https://trn2.mesegroup.de/?path=//proc/irq/28" "Mozilla/5.0 AppleWebKit/537.36 (KHTML, like Gecko; compatible; GPTBot/1.3; +https://openai.com/gptbot)"
78.23.136.186 - - [13/Mar/2026:09:42:42 -0400] "GET /wp-login.php?wp_lang=en_US HTTP/1.1" 200 3797 "-" "Mozilla/5.0 (Windows NT 10.0; Win64; x64) AppleWebKit/537.36 (KHTML, like Gecko) Chrome/124.0.6367.207 Safari/537.36"
141.226.14.73 - - [13/Mar/2026:09:42:43 -0400] "GET /wp-login.php?wp_lang=en_US HTTP/1.1" 200 3850 "-" "Mozilla/5.0 (Windows NT 10.0; Win64; x64) AppleWebKit/537.36 (KHTML, like Gecko) Chrome/124.0.6367.207 Safari/537.36"
216.73.216.167 - - [13/Mar/2026:09:42:43 -0400] "GET /gambling-cost-australia?fileloc=%2Fhome%2Faliazzsr%2Fmail%2Fnew%2F1707568629.M988805P1287114.premium260.web-hosting.com%2CS%3D8081%2CW%3D8192&path=%2Fhome%2Faliazzsr%2Fmail%2Fnew HTTP/1.1" 200 5879 "-" "Mozilla/5.0 AppleWebKit/537.36 (KHTML, like Gecko; compatible; ClaudeBot/1.0; [email protected])"
89.44.96.11 - - [13/Mar/2026:09:42:45 -0400] "GET /wp-login.php?wp_lang=en_US HTTP/1.1" 200 3797 "-" "Mozilla/5.0 (Windows NT 10.0; Win64; x64) AppleWebKit/537.36 (KHTML, like Gecko) Chrome/124.0.6367.207 Safari/537.36"
74.7.243.248 - - [13/Mar/2026:09:42:45 -0400] "GET /?fileloc=//proc/irq/26/effective_affinity&path=//proc/irq/26 HTTP/1.1" 200 2456 "https://trn2.mesegroup.de/?path=//proc/irq/26" "Mozilla/5.0 AppleWebKit/537.36 (KHTML, like Gecko; compatible; GPTBot/1.3; +https://openai.com/gptbot)"
216.73.216.167 - - [13/Mar/2026:09:42:46 -0400] "GET /gambling-cost-australia?fileloc=%2Fhome%2Faliazzsr%2Fmail%2Fnew%2F1705225036.M567748P3101639.premium260.web-hosting.com%2CS%3D6984%2CW%3D7091&path=%2Fhome%2Faliazzsr%2Fmail%2Fnew HTTP/1.1" 200 5416 "-" "Mozilla/5.0 AppleWebKit/537.36 (KHTML, like Gecko; compatible; ClaudeBot/1.0; [email protected])"
74.7.243.248 - - [13/Mar/2026:09:42:48 -0400] "GET /?fileloc=//proc/irq/35/effective_affinity&path=//proc/irq/35 HTTP/1.1" 200 2456 "https://trn2.mesegroup.de/?path=//proc/irq/35" "Mozilla/5.0 AppleWebKit/537.36 (KHTML, like Gecko; compatible; GPTBot/1.3; +https://openai.com/gptbot)"
78.130.213.110 - - [13/Mar/2026:09:42:49 -0400] "GET /wp-login.php?wp_lang=en_US HTTP/1.1" 200 3797 "-" "Mozilla/5.0 (Windows NT 10.0; Win64; x64) AppleWebKit/537.36 (KHTML, like Gecko) Chrome/124.0.6367.207 Safari/537.36"
216.73.216.167 - - [13/Mar/2026:09:42:49 -0400] "GET /gambling-cost-australia?fileloc=%2Fhome%2Faliazzsr%2Fmail%2Fnew%2F1726394119.M991010P3714421.premium260.web-hosting.com%2CS%3D3148%2CW%3D3229&path=%2Fhome%2Faliazzsr%2Fmail%2Fnew HTTP/1.1" 200 3702 "-" "Mozilla/5.0 AppleWebKit/537.36 (KHTML, like Gecko; compatible; ClaudeBot/1.0; [email protected])"
85.60.142.175 - - [13/Mar/2026:09:42:51 -0400] "GET /wp-login.php?wp_lang=en_US HTTP/1.1" 200 3797 "-" "Mozilla/5.0 (Windows NT 10.0; Win64; x64) AppleWebKit/537.36 (KHTML, like Gecko) Chrome/124.0.6367.207 Safari/537.36"
74.7.243.248 - - [13/Mar/2026:09:42:51 -0400] "GET /?path=//proc/3863880/root/usr/lib/systemd/system/systemd-logind.service.d HTTP/1.1" 200 2604 "https://trn2.mesegroup.de/?path=//proc/3863880/root/usr/lib/systemd/system" "Mozilla/5.0 AppleWebKit/537.36 (KHTML, like Gecko; compatible; GPTBot/1.3; +https://openai.com/gptbot)"
89.133.61.85 - - [13/Mar/2026:09:42:52 -0400] "GET /wp-login.php?wp_lang=en_US HTTP/1.1" 200 3830 "-" "Mozilla/5.0 (Windows NT 10.0; Win64; x64) AppleWebKit/537.36 (KHTML, like Gecko) Chrome/124.0.6367.207 Safari/537.36"
216.73.216.167 - - [13/Mar/2026:09:42:52 -0400] "GET /gambling-cost-australia?fileloc=%2Fhome%2Faliazzsr%2Fmail%2Fnew%2F1702800998.M701448P1106133.premium260.web-hosting.com%2CS%3D6868%2CW%3D6971&path=%2Fhome%2Faliazzsr%2Fmail%2Fnew HTTP/1.1" 200 5310 "-" "Mozilla/5.0 AppleWebKit/537.36 (KHTML, like Gecko; compatible; ClaudeBot/1.0; [email protected])"
79.122.108.195 - - [13/Mar/2026:09:42:54 -0400] "GET /wp-login.php?wp_lang=en_US HTTP/1.1" 200 3797 "-" "Mozilla/5.0 (Windows NT 10.0; Win64; x64) AppleWebKit/537.36 (KHTML, like Gecko) Chrome/124.0.6367.207 Safari/537.36"
74.7.243.248 - - [13/Mar/2026:09:42:54 -0400] "GET /?path=//proc/3863880/root/lib/firmware/nvidia/gp10b HTTP/1.1" 200 2540 "https://trn2.mesegroup.de/?path=//proc/3863880/root/lib/firmware/nvidia" "Mozilla/5.0 AppleWebKit/537.36 (KHTML, like Gecko; compatible; GPTBot/1.3; +https://openai.com/gptbot)"
216.73.216.167 - - [13/Mar/2026:09:42:55 -0400] "GET /gambling-cost-australia?fileloc=%2Fhome%2Faliazzsr%2Fmail%2Fnew%2F1696378303.M112037P3030238.premium260.web-hosting.com%2CS%3D3556%2CW%3D3641&path=%2Fhome%2Faliazzsr%2Fmail%2Fnew HTTP/1.1" 200 3942 "-" "Mozilla/5.0 AppleWebKit/537.36 (KHTML, like Gecko; compatible; ClaudeBot/1.0; [email protected])"
87.13.134.102 - - [13/Mar/2026:09:42:55 -0400] "GET /wp-login.php?wp_lang=en_US HTTP/1.1" 200 3797 "-" "Mozilla/5.0 (Windows NT 10.0; Win64; x64) AppleWebKit/537.36 (KHTML, like Gecko) Chrome/124.0.6367.207 Safari/537.36"
83.115.217.18 - - [13/Mar/2026:09:42:57 -0400] "GET /wp-login.php?wp_lang=en_US HTTP/1.1" 200 3830 "-" "Mozilla/5.0 (Windows NT 10.0; Win64; x64) AppleWebKit/537.36 (KHTML, like Gecko) Chrome/124.0.6367.207 Safari/537.36"
74.7.243.248 - - [13/Mar/2026:09:42:57 -0400] "GET /?path=//proc/3863880/root/lib/firmware/nvidia/gm20b HTTP/1.1" 200 2586 "https://trn2.mesegroup.de/?path=//proc/3863880/root/lib/firmware/nvidia" "Mozilla/5.0 AppleWebKit/537.36 (KHTML, like Gecko; compatible; GPTBot/1.3; +https://openai.com/gptbot)"
94.248.185.167 - - [13/Mar/2026:09:42:58 -0400] "GET /wp-login.php?wp_lang=en_US HTTP/1.1" 200 3797 "-" "Mozilla/5.0 (Windows NT 10.0; Win64; x64) AppleWebKit/537.36 (KHTML, like Gecko) Chrome/124.0.6367.207 Safari/537.36"
216.73.216.167 - - [13/Mar/2026:09:42:58 -0400] "GET /gambling-cost-australia?fileloc=%2Fhome%2Faliazzsr%2Fmail%2Fnew%2F1772593201.M653186P1850445.premium260.web-hosting.com%2CS%3D3299%2CW%3D3380&path=%2Fhome%2Faliazzsr%2Fmail%2Fnew HTTP/1.1" 200 3737 "-" "Mozilla/5.0 AppleWebKit/537.36 (KHTML, like Gecko; compatible; ClaudeBot/1.0; [email protected])"
62.178.168.60 - - [13/Mar/2026:09:42:58 -0400] "GET /wp-login.php?wp_lang=en_US HTTP/1.1" 200 3831 "-" "Mozilla/5.0 (Windows NT 10.0; Win64; x64) AppleWebKit/537.36 (KHTML, like Gecko) Chrome/124.0.6367.207 Safari/537.36"
74.7.243.248 - - [13/Mar/2026:09:43:00 -0400] "GET /?path=//proc/3863880/root/usr/lib/modules/4.18.0-513.5.1.lve.el8.x86_64 HTTP/1.1" 200 2543 "https://trn2.mesegroup.de/?path=//proc/3863880/root/usr/lib/modules" "Mozilla/5.0 AppleWebKit/537.36 (KHTML, like Gecko; compatible; GPTBot/1.3; +https://openai.com/gptbot)"
86.121.250.95 - - [13/Mar/2026:09:43:01 -0400] "GET /wp-login.php?wp_lang=en_US HTTP/1.1" 200 3807 "-" "Mozilla/5.0 (Windows NT 10.0; Win64; x64) AppleWebKit/537.36 (KHTML, like Gecko) Chrome/124.0.6367.207 Safari/537.36"
216.73.216.167 - - [13/Mar/2026:09:43:01 -0400] "GET /gambling-cost-australia?fileloc=%2Fhome%2Faliazzsr%2Fmail%2Fnew%2F1773049693.M226452P1271710.premium260.web-hosting.com%2CS%3D3285%2CW%3D3367&path=%2Fhome%2Faliazzsr%2Fmail%2Fnew HTTP/1.1" 200 3766 "-" "Mozilla/5.0 AppleWebKit/537.36 (KHTML, like Gecko; compatible; ClaudeBot/1.0; [email protected])"
66.81.163.150 - - [13/Mar/2026:09:43:02 -0400] "GET /wp-login.php?wp_lang=en_US HTTP/1.1" 200 3850 "-" "Mozilla/5.0 (Windows NT 10.0; Win64; x64) AppleWebKit/537.36 (KHTML, like Gecko) Chrome/124.0.6367.207 Safari/537.36"
95.18.98.87 - - [13/Mar/2026:09:43:03 -0400] "GET /wp-login.php?wp_lang=en_US HTTP/1.1" 200 3800 "-" "Mozilla/5.0 (Windows NT 10.0; Win64; x64) AppleWebKit/537.36 (KHTML, like Gecko) Chrome/124.0.6367.207 Safari/537.36"
74.7.243.248 - - [13/Mar/2026:09:43:03 -0400] "GET /?path=//proc/3863880/root/lib/modules/4.18.0-553.45.1.lve.el8.x86_64 HTTP/1.1" 200 2527 "https://trn2.mesegroup.de/?path=//proc/3863880/root/lib/modules" "Mozilla/5.0 AppleWebKit/537.36 (KHTML, like Gecko; compatible; GPTBot/1.3; +https://openai.com/gptbot)"
216.73.216.167 - - [13/Mar/2026:09:43:04 -0400] "GET /gambling-cost-australia?fileloc=%2Fhome%2Faliazzsr%2Fmail%2Fnew%2F1772921652.M117497P505651.premium260.web-hosting.com%2CS%3D3488%2CW%3D3573&path=%2Fhome%2Faliazzsr%2Fmail%2Fnew HTTP/1.1" 200 3895 "-" "Mozilla/5.0 AppleWebKit/537.36 (KHTML, like Gecko; compatible; ClaudeBot/1.0; [email protected])"
74.7.243.248 - - [13/Mar/2026:09:43:06 -0400] "GET /?path=//proc/3863880/root/usr/lib/modules/4.18.0-553.45.1.lve.el8.x86_64 HTTP/1.1" 200 2591 "https://trn2.mesegroup.de/?path=//proc/3863880/root/usr/lib/modules" "Mozilla/5.0 AppleWebKit/537.36 (KHTML, like Gecko; compatible; GPTBot/1.3; +https://openai.com/gptbot)"
216.73.216.167 - - [13/Mar/2026:09:43:07 -0400] "GET /gambling-cost-australia?fileloc=%2Fhome%2Faliazzsr%2Fmail%2Fnew%2F1772948891.M841366P2401995.premium260.web-hosting.com%2CS%3D3454%2CW%3D3537&path=%2Fhome%2Faliazzsr%2Fmail%2Fnew HTTP/1.1" 200 3850 "-" "Mozilla/5.0 AppleWebKit/537.36 (KHTML, like Gecko; compatible; ClaudeBot/1.0; [email protected])"
84.164.127.199 - - [13/Mar/2026:09:43:09 -0400] "GET /wp-login.php?wp_lang=en_US HTTP/1.1" 200 3797 "-" "Mozilla/5.0 (Windows NT 10.0; Win64; x64) AppleWebKit/537.36 (KHTML, like Gecko) Chrome/124.0.6367.207 Safari/537.36"
74.7.243.248 - - [13/Mar/2026:09:43:10 -0400] "GET /?path=//proc/3863880/root/lib/modules/4.18.0-477.10.1.lve.el8.x86_64 HTTP/1.1" 200 2579 "https://trn2.mesegroup.de/?path=//proc/3863880/root/lib/modules" "Mozilla/5.0 AppleWebKit/537.36 (KHTML, like Gecko; compatible; GPTBot/1.3; +https://openai.com/gptbot)"
216.73.216.167 - - [13/Mar/2026:09:43:10 -0400] "GET /gambling-cost-australia?fileloc=%2Fhome%2Faliazzsr%2Fmail%2Fnew%2F1699223971.M681713P1719711.premium260.web-hosting.com%2CS%3D7030%2CW%3D7139&path=%2Fhome%2Faliazzsr%2Fmail%2Fnew HTTP/1.1" 200 5203 "-" "Mozilla/5.0 AppleWebKit/537.36 (KHTML, like Gecko; compatible; ClaudeBot/1.0; [email protected])"
84.40.156.66 - - [13/Mar/2026:09:43:10 -0400] "GET /wp-login.php?wp_lang=en_US HTTP/1.1" 200 3797 "-" "Mozilla/5.0 (Windows NT 10.0; Win64; x64) AppleWebKit/537.36 (KHTML, like Gecko) Chrome/124.0.6367.207 Safari/537.36"
81.241.52.76 - - [13/Mar/2026:09:43:12 -0400] "GET /wp-login.php?wp_lang=en_US HTTP/1.1" 200 3797 "-" "Mozilla/5.0 (Windows NT 10.0; Win64; x64) AppleWebKit/537.36 (KHTML, like Gecko) Chrome/124.0.6367.207 Safari/537.36"
74.7.243.248 - - [13/Mar/2026:09:43:13 -0400] "GET /?path=//proc/3863880/root/usr/lib/modules/4.18.0-477.10.1.lve.el8.x86_64 HTTP/1.1" 200 2546 "https://trn2.mesegroup.de/?path=//proc/3863880/root/usr/lib/modules" "Mozilla/5.0 AppleWebKit/537.36 (KHTML, like Gecko; compatible; GPTBot/1.3; +https://openai.com/gptbot)"
62.178.168.60 - - [13/Mar/2026:09:43:13 -0400] "GET /wp-login.php?wp_lang=en_US HTTP/1.1" 200 3843 "-" "Mozilla/5.0 (Windows NT 10.0; Win64; x64) AppleWebKit/537.36 (KHTML, like Gecko) Chrome/124.0.6367.207 Safari/537.36"
216.73.216.167 - - [13/Mar/2026:09:43:13 -0400] "GET /gambling-cost-australia?fileloc=%2Fhome%2Faliazzsr%2Fmail%2Fnew%2F1685985289.M613331P2980132.premium260.web-hosting.com%2CS%3D16201%2CW%3D16478&path=%2Fhome%2Faliazzsr%2Fmail%2Fnew HTTP/1.1" 200 6949 "-" "Mozilla/5.0 AppleWebKit/537.36 (KHTML, like Gecko; compatible; ClaudeBot/1.0; [email protected])"
78.199.205.209 - - [13/Mar/2026:09:43:15 -0400] "GET /wp-login.php?wp_lang=en_US HTTP/1.1" 200 3797 "-" "Mozilla/5.0 (Windows NT 10.0; Win64; x64) AppleWebKit/537.36 (KHTML, like Gecko) Chrome/124.0.6367.207 Safari/537.36"
74.7.243.248 - - [13/Mar/2026:09:43:16 -0400] "GET /?path=//proc/3863880/root/usr/lib/firmware/LENOVO/ish HTTP/1.1" 200 2556 "https://trn2.mesegroup.de/?path=//proc/3863880/root/usr/lib/firmware/LENOVO" "Mozilla/5.0 AppleWebKit/537.36 (KHTML, like Gecko; compatible; GPTBot/1.3; +https://openai.com/gptbot)"
216.73.216.167 - - [13/Mar/2026:09:43:16 -0400] "GET /gambling-cost-australia?fileloc=%2Fhome%2Faliazzsr%2Fmail%2Fnew%2F1699487244.M642230P311967.premium260.web-hosting.com%2CS%3D4405%2CW%3D4499&path=%2Fhome%2Faliazzsr%2Fmail%2Fnew HTTP/1.1" 200 4344 "-" "Mozilla/5.0 AppleWebKit/537.36 (KHTML, like Gecko; compatible; ClaudeBot/1.0; [email protected])"
151.45.79.5 - - [13/Mar/2026:09:43:17 -0400] "GET /wp-login.php?wp_lang=en_US HTTP/1.1" 200 3831 "-" "Mozilla/5.0 (Windows NT 10.0; Win64; x64) AppleWebKit/537.36 (KHTML, like Gecko) Chrome/124.0.6367.207 Safari/537.36"
74.7.243.248 - - [13/Mar/2026:09:43:19 -0400] "GET /?path=//proc/3863880/root/usr/lib/systemd/system/system-update.target.wants HTTP/1.1" 200 2603 "https://trn2.mesegroup.de/?path=//proc/3863880/root/usr/lib/systemd/system" "Mozilla/5.0 AppleWebKit/537.36 (KHTML, like Gecko; compatible; GPTBot/1.3; +https://openai.com/gptbot)"
216.73.216.167 - - [13/Mar/2026:09:43:19 -0400] "GET /gambling-cost-australia?fileloc=%2Fhome%2Faliazzsr%2Fmail%2Fnew%2F1698701550.M776112P2816619.premium260.web-hosting.com%2CS%3D8310%2CW%3D8418&path=%2Fhome%2Faliazzsr%2Fmail%2Fnew HTTP/1.1" 200 5748 "-" "Mozilla/5.0 AppleWebKit/537.36 (KHTML, like Gecko; compatible; ClaudeBot/1.0; [email protected])"
2.201.160.229 - - [13/Mar/2026:09:43:20 -0400] "GET /wp-login.php?wp_lang=en_US HTTP/1.1" 200 3797 "-" "Mozilla/5.0 (Windows NT 10.0; Win64; x64) AppleWebKit/537.36 (KHTML, like Gecko) Chrome/124.0.6367.207 Safari/537.36"
45.200.179.85 - - [13/Mar/2026:09:43:21 -0400] "GET /wp-login.php?wp_lang=en_US HTTP/1.1" 200 3800 "-" "Mozilla/5.0 (Windows NT 10.0; Win64; x64) AppleWebKit/537.36 (KHTML, like Gecko) Chrome/124.0.6367.207 Safari/537.36"
91.44.174.28 - - [13/Mar/2026:09:43:21 -0400] "GET /wp-login.php?wp_lang=en_US HTTP/1.1" 200 3850 "-" "Mozilla/5.0 (Windows NT 10.0; Win64; x64) AppleWebKit/537.36 (KHTML, like Gecko) Chrome/124.0.6367.207 Safari/537.36"
74.7.243.248 - - [13/Mar/2026:09:43:22 -0400] "GET /?fileloc=//lib64/ldb/libldb-key-value.so&path=//lib64/ldb HTTP/1.1" 200 2440 "https://trn2.mesegroup.de/?path=//lib64/ldb" "Mozilla/5.0 AppleWebKit/537.36 (KHTML, like Gecko; compatible; GPTBot/1.3; +https://openai.com/gptbot)"
188.117.243.171 - - [13/Mar/2026:09:43:23 -0400] "GET /wp-login.php?wp_lang=en_US HTTP/1.1" 200 3797 "-" "Mozilla/5.0 (Windows NT 10.0; Win64; x64) AppleWebKit/537.36 (KHTML, like Gecko) Chrome/124.0.6367.207 Safari/537.36"
216.73.216.167 - - [13/Mar/2026:09:43:23 -0400] "GET /gambling-cost-australia?fileloc=%2Fhome%2Faliazzsr%2Fmail%2Fnew%2F1696466637.M964178P620086.premium260.web-hosting.com%2CS%3D4667%2CW%3D4759&path=%2Fhome%2Faliazzsr%2Fmail%2Fnew HTTP/1.1" 200 4603 "-" "Mozilla/5.0 AppleWebKit/537.36 (KHTML, like Gecko; compatible; ClaudeBot/1.0; [email protected])"
37.133.210.244 - - [13/Mar/2026:09:43:24 -0400] "GET /wp-login.php?wp_lang=en_US HTTP/1.1" 200 3850 "-" "Mozilla/5.0 (Windows NT 10.0; Win64; x64) AppleWebKit/537.36 (KHTML, like Gecko) Chrome/124.0.6367.207 Safari/537.36"
74.7.243.248 - - [13/Mar/2026:09:43:25 -0400] "GET /?fileloc=//opt/ai-bolit/wrapper&path=//opt/ai-bolit HTTP/1.1" 200 2434 "https://trn2.mesegroup.de/?path=//opt/ai-bolit" "Mozilla/5.0 AppleWebKit/537.36 (KHTML, like Gecko; compatible; GPTBot/1.3; +https://openai.com/gptbot)"
216.73.216.167 - - [13/Mar/2026:09:43:26 -0400] "GET /gambling-cost-australia?fileloc=%2Fhome%2Faliazzsr%2Fmail%2Fnew%2F1715723634.M931582P618052.premium260.web-hosting.com%2CS%3D4597%2CW%3D4686&path=%2Fhome%2Faliazzsr%2Fmail%2Fnew HTTP/1.1" 200 4444 "-" "Mozilla/5.0 AppleWebKit/537.36 (KHTML, like Gecko; compatible; ClaudeBot/1.0; [email protected])"
74.7.243.248 - - [13/Mar/2026:09:43:29 -0400] "GET /?fileloc=//proc/scsi/sg/version&path=//proc/scsi/sg HTTP/1.1" 200 2510 "https://trn2.mesegroup.de/?path=//proc/scsi/sg" "Mozilla/5.0 AppleWebKit/537.36 (KHTML, like Gecko; compatible; GPTBot/1.3; +https://openai.com/gptbot)"
216.73.216.167 - - [13/Mar/2026:09:43:29 -0400] "GET /gambling-cost-australia?fileloc=%2Fhome%2Faliazzsr%2Fmail%2Fnew%2F1710154813.M73502P1775729.premium260.web-hosting.com%2CS%3D7875%2CW%3D7973&path=%2Fhome%2Faliazzsr%2Fmail%2Fnew HTTP/1.1" 200 5489 "-" "Mozilla/5.0 AppleWebKit/537.36 (KHTML, like Gecko; compatible; ClaudeBot/1.0; [email protected])"
74.7.243.248 - - [13/Mar/2026:09:43:32 -0400] "GET /?fileloc=//proc/scsi/sg/devices&path=//proc/scsi/sg HTTP/1.1" 200 2468 "https://trn2.mesegroup.de/?path=//proc/scsi/sg" "Mozilla/5.0 AppleWebKit/537.36 (KHTML, like Gecko; compatible; GPTBot/1.3; +https://openai.com/gptbot)"
216.73.216.167 - - [13/Mar/2026:09:43:32 -0400] "GET /gambling-cost-australia?fileloc=%2Fhome%2Faliazzsr%2Fmail%2Fnew%2F1703045932.M975391P726849.premium260.web-hosting.com%2CS%3D7423%2CW%3D7530&path=%2Fhome%2Faliazzsr%2Fmail%2Fnew HTTP/1.1" 200 5389 "-" "Mozilla/5.0 AppleWebKit/537.36 (KHTML, like Gecko; compatible; ClaudeBot/1.0; [email protected])"
74.7.243.248 - - [13/Mar/2026:09:43:35 -0400] "GET /bao-casino-ch-2026-review/?path=//lib/.build-id/78 HTTP/1.1" 200 3851 "https://trn2.mesegroup.de/bao-casino-ch-2026-review/?path=//lib/.build-id" "Mozilla/5.0 AppleWebKit/537.36 (KHTML, like Gecko; compatible; GPTBot/1.3; +https://openai.com/gptbot)"
216.73.216.167 - - [13/Mar/2026:09:43:35 -0400] "GET /gambling-cost-australia?fileloc=%2Fhome%2Faliazzsr%2Fmail%2Fnew%2F1697865341.M809733P1866462.premium260.web-hosting.com%2CS%3D3576%2CW%3D3661&path=%2Fhome%2Faliazzsr%2Fmail%2Fnew HTTP/1.1" 200 3952 "-" "Mozilla/5.0 AppleWebKit/537.36 (KHTML, like Gecko; compatible; ClaudeBot/1.0; [email protected])"
74.7.243.248 - - [13/Mar/2026:09:43:38 -0400] "GET /?fileloc=//usr/lib64/libaio.so.1&path=//usr/lib64 HTTP/1.1" 200 2489 "https://trn2.mesegroup.de/?path=//usr/lib64" "Mozilla/5.0 AppleWebKit/537.36 (KHTML, like Gecko; compatible; GPTBot/1.3; +https://openai.com/gptbot)"
216.73.216.167 - - [13/Mar/2026:09:43:41 -0400] "GET /gambling-cost-australia?fileloc=%2Fhome%2Faliazzsr%2Fmail%2Fnew%2F1772997443.M410519P1640112.premium260.web-hosting.com%2CS%3D3366%2CW%3D3447&path=%2Fhome%2Faliazzsr%2Fmail%2Fnew HTTP/1.1" 200 3760 "-" "Mozilla/5.0 AppleWebKit/537.36 (KHTML, like Gecko; compatible; ClaudeBot/1.0; [email protected])"
74.7.243.248 - - [13/Mar/2026:09:43:41 -0400] "GET /?fileloc=//usr/lib64/rcrt1.o&path=//usr/lib64 HTTP/1.1" 200 2486 "https://trn2.mesegroup.de/?path=//usr/lib64" "Mozilla/5.0 AppleWebKit/537.36 (KHTML, like Gecko; compatible; GPTBot/1.3; +https://openai.com/gptbot)"
216.73.216.167 - - [13/Mar/2026:09:43:44 -0400] "GET /gambling-cost-australia?fileloc=%2Fhome%2Faliazzsr%2Fmail%2Fnew%2F1773021173.M266028P3265461.premium260.web-hosting.com%2CS%3D3499%2CW%3D3582&path=%2Fhome%2Faliazzsr%2Fmail%2Fnew HTTP/1.1" 200 3913 "-" "Mozilla/5.0 AppleWebKit/537.36 (KHTML, like Gecko; compatible; ClaudeBot/1.0; [email protected])"
74.7.243.248 - - [13/Mar/2026:09:43:44 -0400] "GET /?fileloc=//lib64/libstdc++.so.6&path=//lib64 HTTP/1.1" 200 2477 "https://trn2.mesegroup.de/?path=//lib64" "Mozilla/5.0 AppleWebKit/537.36 (KHTML, like Gecko; compatible; GPTBot/1.3; +https://openai.com/gptbot)"
216.73.216.167 - - [13/Mar/2026:09:43:47 -0400] "GET /gambling-cost-australia?fileloc=%2Fhome%2Faliazzsr%2Fmail%2Fnew%2F1699487247.M6889P311967.premium260.web-hosting.com%2CS%3D5543%2CW%3D5644&path=%2Fhome%2Faliazzsr%2Fmail%2Fnew HTTP/1.1" 200 4839 "-" "Mozilla/5.0 AppleWebKit/537.36 (KHTML, like Gecko; compatible; ClaudeBot/1.0; [email protected])"
74.7.243.248 - - [13/Mar/2026:09:43:48 -0400] "GET /?fileloc=//usr/lib64/libtic.so.6.1&path=//usr/lib64 HTTP/1.1" 200 2492 "https://trn2.mesegroup.de/?path=//usr/lib64" "Mozilla/5.0 AppleWebKit/537.36 (KHTML, like Gecko; compatible; GPTBot/1.3; +https://openai.com/gptbot)"
216.73.216.167 - - [13/Mar/2026:09:43:50 -0400] "GET /gambling-cost-australia?fileloc=%2Fhome%2Faliazzsr%2Fmail%2Fnew%2F1763884349.M378908P3451182.premium260.web-hosting.com%2CS%3D3260%2CW%3D3342&path=%2Fhome%2Faliazzsr%2Fmail%2Fnew HTTP/1.1" 200 3704 "-" "Mozilla/5.0 AppleWebKit/537.36 (KHTML, like Gecko; compatible; ClaudeBot/1.0; [email protected])"
74.7.243.248 - - [13/Mar/2026:09:43:51 -0400] "GET /?fileloc=//usr/lib64/libnsl.so.2&path=//usr/lib64 HTTP/1.1" 200 2490 "https://trn2.mesegroup.de/?path=//usr/lib64" "Mozilla/5.0 AppleWebKit/537.36 (KHTML, like Gecko; compatible; GPTBot/1.3; +https://openai.com/gptbot)"
216.73.216.167 - - [13/Mar/2026:09:43:53 -0400] "GET /gambling-cost-australia?fileloc=%2Fhome%2Faliazzsr%2Fmail%2Fnew%2F1698911343.M95680P2112603.premium260.web-hosting.com%2CS%3D7985%2CW%3D8093&path=%2Fhome%2Faliazzsr%2Fmail%2Fnew HTTP/1.1" 200 5926 "-" "Mozilla/5.0 AppleWebKit/537.36 (KHTML, like Gecko; compatible; ClaudeBot/1.0; [email protected])"
74.7.243.248 - - [13/Mar/2026:09:43:54 -0400] "GET /?fileloc=//usr/lib64/libipt.so.1&path=//usr/lib64 HTTP/1.1" 200 2490 "https://trn2.mesegroup.de/?path=//usr/lib64" "Mozilla/5.0 AppleWebKit/537.36 (KHTML, like Gecko; compatible; GPTBot/1.3; +https://openai.com/gptbot)"
216.73.216.167 - - [13/Mar/2026:09:43:56 -0400] "GET /gambling-cost-australia?fileloc=%2Fhome%2Faliazzsr%2Fmail%2Fnew%2F1720946116.M601954P615033.premium260.web-hosting.com%2CS%3D3220%2CW%3D3304&path=%2Fhome%2Faliazzsr%2Fmail%2Fnew HTTP/1.1" 200 3707 "-" "Mozilla/5.0 AppleWebKit/537.36 (KHTML, like Gecko; compatible; ClaudeBot/1.0; [email protected])"
74.7.243.248 - - [13/Mar/2026:09:43:57 -0400] "GET /?fileloc=//usr/lib64/libpci.so.3&path=//usr/lib64 HTTP/1.1" 200 2490 "https://trn2.mesegroup.de/?path=//usr/lib64" "Mozilla/5.0 AppleWebKit/537.36 (KHTML, like Gecko; compatible; GPTBot/1.3; +https://openai.com/gptbot)"
216.73.216.167 - - [13/Mar/2026:09:43:59 -0400] "GET /gambling-cost-australia?fileloc=%2Fhome%2Faliazzsr%2Fmail%2Fnew%2F1763883004.M628163P3374110.premium260.web-hosting.com%2CS%3D3190%2CW%3D3271&path=%2Fhome%2Faliazzsr%2Fmail%2Fnew HTTP/1.1" 200 3711 "-" "Mozilla/5.0 AppleWebKit/537.36 (KHTML, like Gecko; compatible; ClaudeBot/1.0; [email protected])"
74.7.243.248 - - [13/Mar/2026:09:44:00 -0400] "GET /?fileloc=//usr/lib64/libacl.so.1&path=//usr/lib64 HTTP/1.1" 200 2440 "https://trn2.mesegroup.de/?path=//usr/lib64" "Mozilla/5.0 AppleWebKit/537.36 (KHTML, like Gecko; compatible; GPTBot/1.3; +https://openai.com/gptbot)"
216.73.216.167 - - [13/Mar/2026:09:44:02 -0400] "GET /gambling-cost-australia?fileloc=%2Fhome%2Faliazzsr%2Fmail%2Fnew%2F1702278471.M50841P3548288.premium260.web-hosting.com%2CS%3D7295%2CW%3D7400&path=%2Fhome%2Faliazzsr%2Fmail%2Fnew HTTP/1.1" 200 5369 "-" "Mozilla/5.0 AppleWebKit/537.36 (KHTML, like Gecko; compatible; ClaudeBot/1.0; [email protected])"
74.7.243.248 - - [13/Mar/2026:09:44:03 -0400] "GET /?fileloc=//usr/lib64/libelf.so.1&path=//usr/lib64 HTTP/1.1" 200 2490 "https://trn2.mesegroup.de/?path=//usr/lib64" "Mozilla/5.0 AppleWebKit/537.36 (KHTML, like Gecko; compatible; GPTBot/1.3; +https://openai.com/gptbot)"
216.73.216.167 - - [13/Mar/2026:09:44:05 -0400] "GET /gambling-cost-australia?fileloc=%2Fhome%2Faliazzsr%2Fmail%2Fnew%2F1707501538.M390867P320217.premium260.web-hosting.com%2CS%3D4496%2CW%3D4585&path=%2Fhome%2Faliazzsr%2Fmail%2Fnew HTTP/1.1" 200 4410 "-" "Mozilla/5.0 AppleWebKit/537.36 (KHTML, like Gecko; compatible; ClaudeBot/1.0; [email protected])"
74.7.243.248 - - [13/Mar/2026:09:44:06 -0400] "GET /?fileloc=//lib64/libjson-c.so.4&path=//lib64 HTTP/1.1" 200 2479 "https://trn2.mesegroup.de/?path=//lib64" "Mozilla/5.0 AppleWebKit/537.36 (KHTML, like Gecko; compatible; GPTBot/1.3; +https://openai.com/gptbot)"
216.73.216.167 - - [13/Mar/2026:09:44:08 -0400] "GET /gambling-cost-australia?fileloc=%2Fhome%2Faliazzsr%2Fmail%2Fnew%2F1698657416.M345018P3698965.premium260.web-hosting.com%2CS%3D6894%2CW%3D6997&path=%2Fhome%2Faliazzsr%2Fmail%2Fnew HTTP/1.1" 200 5299 "-" "Mozilla/5.0 AppleWebKit/537.36 (KHTML, like Gecko; compatible; ClaudeBot/1.0; [email protected])"
74.7.243.248 - - [13/Mar/2026:09:44:10 -0400] "GET /?fileloc=//usr/lib64/libss.so.2.0&path=//usr/lib64 HTTP/1.1" 200 2491 "https://trn2.mesegroup.de/?path=//usr/lib64" "Mozilla/5.0 AppleWebKit/537.36 (KHTML, like Gecko; compatible; GPTBot/1.3; +https://openai.com/gptbot)"
216.73.216.167 - - [13/Mar/2026:09:44:11 -0400] "GET /gambling-cost-australia?fileloc=%2Fhome%2Faliazzsr%2Fmail%2Fnew%2F1705130256.M35820P3708307.premium260.web-hosting.com%2CS%3D9816%2CW%3D9934&path=%2Fhome%2Faliazzsr%2Fmail%2Fnew HTTP/1.1" 200 6129 "-" "Mozilla/5.0 AppleWebKit/537.36 (KHTML, like Gecko; compatible; ClaudeBot/1.0; [email protected])"
74.7.243.248 - - [13/Mar/2026:09:44:13 -0400] "GET /?fileloc=//usr/lib64/libnsl.so.1&path=//usr/lib64 HTTP/1.1" 200 2490 "https://trn2.mesegroup.de/?path=//usr/lib64" "Mozilla/5.0 AppleWebKit/537.36 (KHTML, like Gecko; compatible; GPTBot/1.3; +https://openai.com/gptbot)"
74.7.243.248 - - [13/Mar/2026:09:44:16 -0400] "GET /?fileloc=//lib64/libxcb-util.so.1&path=//lib64 HTTP/1.1" 200 2480 "https://trn2.mesegroup.de/?path=//lib64" "Mozilla/5.0 AppleWebKit/537.36 (KHTML, like Gecko; compatible; GPTBot/1.3; +https://openai.com/gptbot)"
216.73.216.167 - - [13/Mar/2026:09:44:18 -0400] "GET /gambling-cost-australia?fileloc=%2Fhome%2Faliazzsr%2Fmail%2Fnew%2F1707211798.M286530P3467419.premium260.web-hosting.com%2CS%3D4592%2CW%3D4691&path=%2Fhome%2Faliazzsr%2Fmail%2Fnew HTTP/1.1" 200 4366 "-" "Mozilla/5.0 AppleWebKit/537.36 (KHTML, like Gecko; compatible; ClaudeBot/1.0; [email protected])"
74.7.243.248 - - [13/Mar/2026:09:44:19 -0400] "GET /?fileloc=//usr/lib64/crt1.o&path=//usr/lib64 HTTP/1.1" 200 2438 "https://trn2.mesegroup.de/?path=//usr/lib64" "Mozilla/5.0 AppleWebKit/537.36 (KHTML, like Gecko; compatible; GPTBot/1.3; +https://openai.com/gptbot)"
216.73.216.167 - - [13/Mar/2026:09:44:20 -0400] "GET /gambling-cost-australia?fileloc=%2Fhome%2Faliazzsr%2Fmail%2Fnew%2F1694622364.M531425P1838753.premium260.web-hosting.com%2CS%3D9570%2CW%3D9683&path=%2Fhome%2Faliazzsr%2Fmail%2Fnew HTTP/1.1" 200 6530 "-" "Mozilla/5.0 AppleWebKit/537.36 (KHTML, like Gecko; compatible; ClaudeBot/1.0; [email protected])"
74.7.243.248 - - [13/Mar/2026:09:44:22 -0400] "GET /?fileloc=//usr/lib64/crtn.o&path=//usr/lib64 HTTP/1.1" 200 2438 "https://trn2.mesegroup.de/?path=//usr/lib64" "Mozilla/5.0 AppleWebKit/537.36 (KHTML, like Gecko; compatible; GPTBot/1.3; +https://openai.com/gptbot)"
216.73.216.167 - - [13/Mar/2026:09:44:23 -0400] "GET /gambling-cost-australia?fileloc=%2Fhome%2Faliazzsr%2Fmail%2Fnew%2F1685988455.M979070P2980132.premium260.web-hosting.com%2CS%3D7201%2CW%3D7309&path=%2Fhome%2Faliazzsr%2Fmail%2Fnew HTTP/1.1" 200 5384 "-" "Mozilla/5.0 AppleWebKit/537.36 (KHTML, like Gecko; compatible; ClaudeBot/1.0; [email protected])"
74.7.243.248 - - [13/Mar/2026:09:44:25 -0400] "GET /?fileloc=//usr/lib64/libsmi.so.2&path=//usr/lib64 HTTP/1.1" 200 2490 "https://trn2.mesegroup.de/?path=//usr/lib64" "Mozilla/5.0 AppleWebKit/537.36 (KHTML, like Gecko; compatible; GPTBot/1.3; +https://openai.com/gptbot)"
216.73.216.167 - - [13/Mar/2026:09:44:26 -0400] "GET /gambling-cost-australia?fileloc=%2Fhome%2Faliazzsr%2Fmail%2Fnew%2F1772327447.M713416P1214916.premium260.web-hosting.com%2CS%3D3505%2CW%3D3588&path=%2Fhome%2Faliazzsr%2Fmail%2Fnew HTTP/1.1" 200 3864 "-" "Mozilla/5.0 AppleWebKit/537.36 (KHTML, like Gecko; compatible; ClaudeBot/1.0; [email protected])"
74.7.243.248 - - [13/Mar/2026:09:44:28 -0400] "GET /?fileloc=//usr/lib64/libtic.so.5&path=//usr/lib64 HTTP/1.1" 200 2490 "https://trn2.mesegroup.de/?path=//usr/lib64" "Mozilla/5.0 AppleWebKit/537.36 (KHTML, like Gecko; compatible; GPTBot/1.3; +https://openai.com/gptbot)"
216.73.216.167 - - [13/Mar/2026:09:44:29 -0400] "GET /gambling-cost-australia?fileloc=%2Fhome%2Faliazzsr%2Fmail%2Fnew%2F1710746308.M177425P2090679.premium260.web-hosting.com%2CS%3D6238%2CW%3D6338&path=%2Fhome%2Faliazzsr%2Fmail%2Fnew HTTP/1.1" 200 5218 "-" "Mozilla/5.0 AppleWebKit/537.36 (KHTML, like Gecko; compatible; ClaudeBot/1.0; [email protected])"
74.7.243.248 - - [13/Mar/2026:09:44:31 -0400] "GET /?fileloc=//usr/lib64/libcollection.so.4.1.1&path=//usr/lib64 HTTP/1.1" 200 2495 "https://trn2.mesegroup.de/?path=//usr/lib64" "Mozilla/5.0 AppleWebKit/537.36 (KHTML, like Gecko; compatible; GPTBot/1.3; +https://openai.com/gptbot)"
216.73.216.167 - - [13/Mar/2026:09:44:32 -0400] "GET /gambling-cost-australia?fileloc=%2Fhome%2Faliazzsr%2Fmail%2Fnew%2F1687897126.M87102P3482577.premium260.web-hosting.com%2CS%3D3587%2CW%3D3672&path=%2Fhome%2Faliazzsr%2Fmail%2Fnew HTTP/1.1" 200 4000 "-" "Mozilla/5.0 AppleWebKit/537.36 (KHTML, like Gecko; compatible; ClaudeBot/1.0; [email protected])"
74.7.243.248 - - [13/Mar/2026:09:44:35 -0400] "GET /?path=//var/lve/lveinfo.ver.cagefs HTTP/1.1" 200 2820 "https://trn2.mesegroup.de/?path=//var/lve" "Mozilla/5.0 AppleWebKit/537.36 (KHTML, like Gecko; compatible; GPTBot/1.3; +https://openai.com/gptbot)"
216.73.216.167 - - [13/Mar/2026:09:44:35 -0400] "GET /gambling-cost-australia?fileloc=%2Fhome%2Faliazzsr%2Fmail%2Fnew%2F1710176529.M46686P3798073.premium260.web-hosting.com%2CS%3D5200%2CW%3D5299&path=%2Fhome%2Faliazzsr%2Fmail%2Fnew HTTP/1.1" 200 4691 "-" "Mozilla/5.0 AppleWebKit/537.36 (KHTML, like Gecko; compatible; ClaudeBot/1.0; [email protected])"
74.7.243.248 - - [13/Mar/2026:09:44:38 -0400] "GET /fresh-casino-de-2026-review/?path=/ HTTP/1.1" 200 3108 "https://trn2.mesegroup.de/fresh-casino-de-2026-review/" "Mozilla/5.0 AppleWebKit/537.36 (KHTML, like Gecko; compatible; GPTBot/1.3; +https://openai.com/gptbot)"
216.73.216.167 - - [13/Mar/2026:09:44:38 -0400] "GET /gambling-cost-australia?fileloc=%2Fhome%2Faliazzsr%2Fmail%2Fnew%2F1694678176.M239343P966318.premium260.web-hosting.com%2CS%3D5525%2CW%3D5625&path=%2Fhome%2Faliazzsr%2Fmail%2Fnew HTTP/1.1" 200 4881 "-" "Mozilla/5.0 AppleWebKit/537.36 (KHTML, like Gecko; compatible; ClaudeBot/1.0; [email protected])"
74.7.243.248 - - [13/Mar/2026:09:44:41 -0400] "GET /sugar-casino-at-2026-review/?path=/ HTTP/1.1" 200 3108 "https://trn2.mesegroup.de/sugar-casino-at-2026-review/" "Mozilla/5.0 AppleWebKit/537.36 (KHTML, like Gecko; compatible; GPTBot/1.3; +https://openai.com/gptbot)"
216.73.216.167 - - [13/Mar/2026:09:44:41 -0400] "GET /gambling-cost-australia?fileloc=%2Fhome%2Faliazzsr%2Fmail%2Fnew%2F1714276469.M304031P3597843.premium260.web-hosting.com%2CS%3D5233%2CW%3D5327&path=%2Fhome%2Faliazzsr%2Fmail%2Fnew HTTP/1.1" 200 4788 "-" "Mozilla/5.0 AppleWebKit/537.36 (KHTML, like Gecko; compatible; ClaudeBot/1.0; [email protected])"
74.7.243.248 - - [13/Mar/2026:09:44:44 -0400] "GET /?fileloc=//opt/alt/tests/alt-php85-pecl-yaml_2.2.3-2.el8/tests/yaml_001.phpt&path=//opt/alt/tests/alt-php85-pecl-yaml_2.2.3-2.el8/tests HTTP/1.1" 200 3080 "https://trn2.mesegroup.de/?path=//opt/alt/tests/alt-php85-pecl-yaml_2.2.3-2.el8/tests" "Mozilla/5.0 AppleWebKit/537.36 (KHTML, like Gecko; compatible; GPTBot/1.3; +https://openai.com/gptbot)"
216.73.216.167 - - [13/Mar/2026:09:44:44 -0400] "GET /gambling-cost-australia?fileloc=%2Fhome%2Faliazzsr%2Fmail%2Fnew%2F1685985272.M149454P3029922.premium260.web-hosting.com%2CS%3D4390%2CW%3D4487&path=%2Fhome%2Faliazzsr%2Fmail%2Fnew HTTP/1.1" 200 4431 "-" "Mozilla/5.0 AppleWebKit/537.36 (KHTML, like Gecko; compatible; ClaudeBot/1.0; [email protected])"
74.7.243.248 - - [13/Mar/2026:09:44:47 -0400] "GET /?path=//lib/modules/4.18.0-553.45.1.lve.el8.x86_64/kernel/drivers/memstick/core HTTP/1.1" 200 2877 "https://trn2.mesegroup.de/?path=//lib/modules/4.18.0-553.45.1.lve.el8.x86_64/kernel/drivers/memstick" "Mozilla/5.0 AppleWebKit/537.36 (KHTML, like Gecko; compatible; GPTBot/1.3; +https://openai.com/gptbot)"
216.73.216.167 - - [13/Mar/2026:09:44:47 -0400] "GET /gambling-cost-australia?fileloc=%2Fhome%2Faliazzsr%2Fmail%2Fnew%2F1772832334.M581546P2144063.premium260.web-hosting.com%2CS%3D3605%2CW%3D3689&path=%2Fhome%2Faliazzsr%2Fmail%2Fnew HTTP/1.1" 200 3913 "-" "Mozilla/5.0 AppleWebKit/537.36 (KHTML, like Gecko; compatible; ClaudeBot/1.0; [email protected])"
154.221.53.16 - - [13/Mar/2026:09:44:49 -0400] "GET /wp-login.php?wp_lang=en_US HTTP/1.1" 200 3822 "-" "Mozilla/5.0 (Windows NT 10.0; Win64; x64) AppleWebKit/537.36 (KHTML, like Gecko) Chrome/124.0.6367.207 Safari/537.36"
74.7.243.248 - - [13/Mar/2026:09:44:50 -0400] "GET /?path=//lib/modules/4.18.0-553.45.1.lve.el8.x86_64/kernel/sound/pci/echoaudio HTTP/1.1" 200 3272 "https://trn2.mesegroup.de/?path=//lib/modules/4.18.0-553.45.1.lve.el8.x86_64/kernel/sound/pci" "Mozilla/5.0 AppleWebKit/537.36 (KHTML, like Gecko; compatible; GPTBot/1.3; +https://openai.com/gptbot)"
216.73.216.167 - - [13/Mar/2026:09:44:50 -0400] "GET /gambling-cost-australia?fileloc=%2Fhome%2Faliazzsr%2Fmail%2Fnew%2F1698318129.M919449P2816547.premium260.web-hosting.com%2CS%3D6335%2CW%3D6428&path=%2Fhome%2Faliazzsr%2Fmail%2Fnew HTTP/1.1" 200 5056 "-" "Mozilla/5.0 AppleWebKit/537.36 (KHTML, like Gecko; compatible; ClaudeBot/1.0; [email protected])"
74.7.243.248 - - [13/Mar/2026:09:44:53 -0400] "GET /?path=//lib/modules/4.18.0-553.45.1.lve.el8.x86_64/kernel/drivers/crypto/cavium HTTP/1.1" 200 2803 "https://trn2.mesegroup.de/?path=//lib/modules/4.18.0-553.45.1.lve.el8.x86_64/kernel/drivers/crypto" "Mozilla/5.0 AppleWebKit/537.36 (KHTML, like Gecko; compatible; GPTBot/1.3; +https://openai.com/gptbot)"
216.73.216.167 - - [13/Mar/2026:09:44:53 -0400] "GET /gambling-cost-australia?fileloc=%2Fhome%2Faliazzsr%2Fmail%2Fnew%2F1701317690.M569263P3662522.premium260.web-hosting.com%2CS%3D5994%2CW%3D6095&path=%2Fhome%2Faliazzsr%2Fmail%2Fnew HTTP/1.1" 200 5029 "-" "Mozilla/5.0 AppleWebKit/537.36 (KHTML, like Gecko; compatible; ClaudeBot/1.0; [email protected])"
216.73.216.167 - - [13/Mar/2026:09:44:56 -0400] "GET /gambling-cost-australia?fileloc=%2Fhome%2Faliazzsr%2Fmail%2Fnew%2F1699120424.M195245P2624398.premium260.web-hosting.com%2CS%3D4579%2CW%3D4676&path=%2Fhome%2Faliazzsr%2Fmail%2Fnew HTTP/1.1" 200 4490 "-" "Mozilla/5.0 AppleWebKit/537.36 (KHTML, like Gecko; compatible; ClaudeBot/1.0; [email protected])"
74.7.243.248 - - [13/Mar/2026:09:44:57 -0400] "GET /?path=//lib/modules/4.18.0-553.45.1.lve.el8.x86_64/kernel/drivers/pinctrl/intel HTTP/1.1" 200 3286 "https://trn2.mesegroup.de/?path=//lib/modules/4.18.0-553.45.1.lve.el8.x86_64/kernel/drivers/pinctrl" "Mozilla/5.0 AppleWebKit/537.36 (KHTML, like Gecko; compatible; GPTBot/1.3; +https://openai.com/gptbot)"
216.73.216.167 - - [13/Mar/2026:09:44:59 -0400] "GET /gambling-cost-australia?fileloc=%2Fhome%2Faliazzsr%2Fmail%2Fnew%2F1680459488.M561066P2414195.premium260.web-hosting.com%2CS%3D3396%2CW%3D3480&path=%2Fhome%2Faliazzsr%2Fmail%2Fnew HTTP/1.1" 200 3820 "-" "Mozilla/5.0 AppleWebKit/537.36 (KHTML, like Gecko; compatible; ClaudeBot/1.0; [email protected])"
74.7.243.248 - - [13/Mar/2026:09:45:00 -0400] "GET /?path=//lib/modules/4.18.0-553.45.1.lve.el8.x86_64/kernel/drivers/hwtracing/stm HTTP/1.1" 200 3095 "https://trn2.mesegroup.de/?path=//lib/modules/4.18.0-553.45.1.lve.el8.x86_64/kernel/drivers/hwtracing" "Mozilla/5.0 AppleWebKit/537.36 (KHTML, like Gecko; compatible; GPTBot/1.3; +https://openai.com/gptbot)"
216.73.216.167 - - [13/Mar/2026:09:45:02 -0400] "GET /gambling-cost-australia?fileloc=%2Fhome%2Faliazzsr%2Fmail%2Fnew%2F1711777589.M125742P4144103.premium260.web-hosting.com%2CS%3D10244%2CW%3D10429&path=%2Fhome%2Faliazzsr%2Fmail%2Fnew HTTP/1.1" 200 5433 "-" "Mozilla/5.0 AppleWebKit/537.36 (KHTML, like Gecko; compatible; ClaudeBot/1.0; [email protected])"
74.7.243.248 - - [13/Mar/2026:09:45:03 -0400] "GET /?path=//lib/modules/4.18.0-553.45.1.lve.el8.x86_64/kernel/drivers/target/iscsi HTTP/1.1" 200 2924 "https://trn2.mesegroup.de/?path=//lib/modules/4.18.0-553.45.1.lve.el8.x86_64/kernel/drivers/target" "Mozilla/5.0 AppleWebKit/537.36 (KHTML, like Gecko; compatible; GPTBot/1.3; +https://openai.com/gptbot)"
154.221.57.162 - - [13/Mar/2026:09:45:06 -0400] "GET /wp-login.php?wp_lang=en_US HTTP/1.1" 200 3797 "-" "Mozilla/5.0 (Windows NT 10.0; Win64; x64) AppleWebKit/537.36 (KHTML, like Gecko) Chrome/124.0.6367.207 Safari/537.36"
216.73.216.167 - - [13/Mar/2026:09:45:05 -0400] "GET /gambling-cost-australia?fileloc=%2Fhome%2Faliazzsr%2Fmail%2Fnew%2F1713197553.M869490P3389404.premium260.web-hosting.com%2CS%3D6660%2CW%3D6761&path=%2Fhome%2Faliazzsr%2Fmail%2Fnew HTTP/1.1" 200 5278 "-" "Mozilla/5.0 AppleWebKit/537.36 (KHTML, like Gecko; compatible; ClaudeBot/1.0; [email protected])"
74.7.243.248 - - [13/Mar/2026:09:45:06 -0400] "GET /?path=//lib/modules/4.18.0-553.45.1.lve.el8.x86_64/kernel/drivers/infiniband/hw HTTP/1.1" 200 3084 "https://trn2.mesegroup.de/?path=//lib/modules/4.18.0-553.45.1.lve.el8.x86_64/kernel/drivers/infiniband" "Mozilla/5.0 AppleWebKit/537.36 (KHTML, like Gecko; compatible; GPTBot/1.3; +https://openai.com/gptbot)"
216.73.216.167 - - [13/Mar/2026:09:45:09 -0400] "GET /gambling-cost-australia?fileloc=%2Fhome%2Faliazzsr%2Fmail%2Fnew%2F1710752954.M503857P2492180.premium260.web-hosting.com%2CS%3D6628%2CW%3D6730&path=%2Fhome%2Faliazzsr%2Fmail%2Fnew HTTP/1.1" 200 5161 "-" "Mozilla/5.0 AppleWebKit/537.36 (KHTML, like Gecko; compatible; ClaudeBot/1.0; [email protected])"
74.7.243.248 - - [13/Mar/2026:09:45:09 -0400] "GET /?fileloc=//var/lve/lveinfo.ver.cagefs/lveinfo.ver&path=//var/lve/lveinfo.ver.cagefs HTTP/1.1" 200 2456 "https://trn2.mesegroup.de/?path=//var/lve/lveinfo.ver.cagefs" "Mozilla/5.0 AppleWebKit/537.36 (KHTML, like Gecko; compatible; GPTBot/1.3; +https://openai.com/gptbot)"
216.73.216.167 - - [13/Mar/2026:09:45:11 -0400] "GET /gambling-cost-australia?fileloc=%2Fhome%2Faliazzsr%2Fmail%2Fnew%2F1688814888.M637959P1686192.premium260.web-hosting.com%2CS%3D3714%2CW%3D3799&path=%2Fhome%2Faliazzsr%2Fmail%2Fnew HTTP/1.1" 200 3998 "-" "Mozilla/5.0 AppleWebKit/537.36 (KHTML, like Gecko; compatible; ClaudeBot/1.0; [email protected])"
74.7.243.248 - - [13/Mar/2026:09:45:12 -0400] "GET /fresh-casino-de-2026-review/?path=//bin HTTP/1.1" 200 16850 "https://trn2.mesegroup.de/fresh-casino-de-2026-review/?path=/" "Mozilla/5.0 AppleWebKit/537.36 (KHTML, like Gecko; compatible; GPTBot/1.3; +https://openai.com/gptbot)"
216.73.216.167 - - [13/Mar/2026:09:45:14 -0400] "GET /gambling-cost-australia?fileloc=%2Fhome%2Faliazzsr%2Fmail%2Fnew%2F1772388970.M93440P1427804.premium260.web-hosting.com%2CS%3D3469%2CW%3D3552&path=%2Fhome%2Faliazzsr%2Fmail%2Fnew HTTP/1.1" 200 3938 "-" "Mozilla/5.0 AppleWebKit/537.36 (KHTML, like Gecko; compatible; ClaudeBot/1.0; [email protected])"
74.7.243.248 - - [13/Mar/2026:09:45:15 -0400] "GET /?path=//lib/modules/4.18.0-553.45.1.lve.el8.x86_64/kernel/drivers/memstick/host HTTP/1.1" 200 2999 "https://trn2.mesegroup.de/?path=//lib/modules/4.18.0-553.45.1.lve.el8.x86_64/kernel/drivers/memstick" "Mozilla/5.0 AppleWebKit/537.36 (KHTML, like Gecko; compatible; GPTBot/1.3; +https://openai.com/gptbot)"
216.73.216.167 - - [13/Mar/2026:09:45:17 -0400] "GET /gambling-cost-australia?fileloc=%2Fhome%2Faliazzsr%2Fmail%2Fnew%2F1705039562.M770612P3005701.premium260.web-hosting.com%2CS%3D4821%2CW%3D4910&path=%2Fhome%2Faliazzsr%2Fmail%2Fnew HTTP/1.1" 200 4616 "-" "Mozilla/5.0 AppleWebKit/537.36 (KHTML, like Gecko; compatible; ClaudeBot/1.0; [email protected])"
74.7.243.248 - - [13/Mar/2026:09:45:18 -0400] "GET /?path=//lib/modules/4.18.0-553.45.1.lve.el8.x86_64/kernel/drivers/infiniband/sw HTTP/1.1" 200 2893 "https://trn2.mesegroup.de/?path=//lib/modules/4.18.0-553.45.1.lve.el8.x86_64/kernel/drivers/infiniband" "Mozilla/5.0 AppleWebKit/537.36 (KHTML, like Gecko; compatible; GPTBot/1.3; +https://openai.com/gptbot)"
216.73.216.167 - - [13/Mar/2026:09:45:20 -0400] "GET /gambling-cost-australia?fileloc=%2Fhome%2Faliazzsr%2Fmail%2Fnew%2F1709037360.M597318P3416848.premium260.web-hosting.com%2CS%3D16537%2CW%3D16813&path=%2Fhome%2Faliazzsr%2Fmail%2Fnew HTTP/1.1" 200 6639 "-" "Mozilla/5.0 AppleWebKit/537.36 (KHTML, like Gecko; compatible; ClaudeBot/1.0; [email protected])"
74.7.243.248 - - [13/Mar/2026:09:45:21 -0400] "GET /?path=//proc/3863880/root/lib/NetworkManager/system-connections HTTP/1.1" 200 2591 "https://trn2.mesegroup.de/?path=//proc/3863880/root/lib/NetworkManager" "Mozilla/5.0 AppleWebKit/537.36 (KHTML, like Gecko; compatible; GPTBot/1.3; +https://openai.com/gptbot)"
216.73.216.167 - - [13/Mar/2026:09:45:23 -0400] "GET /gambling-cost-australia?fileloc=%2Fhome%2Faliazzsr%2Fmail%2Fnew%2F1772303198.M148251P3520354.premium260.web-hosting.com%2CS%3D4766%2CW%3D4857&path=%2Fhome%2Faliazzsr%2Fmail%2Fnew HTTP/1.1" 200 4551 "-" "Mozilla/5.0 AppleWebKit/537.36 (KHTML, like Gecko; compatible; ClaudeBot/1.0; [email protected])"
74.7.243.248 - - [13/Mar/2026:09:45:25 -0400] "GET /?fileloc=//lib/modules/4.18.0-553.45.1.lve.el8.x86_64/kernel/sound/pci/echoaudio/snd-mona.ko.xz&path=//lib/modules/4.18.0-553.45.1.lve.el8.x86_64/kernel/sound/pci/echoaudio HTTP/1.1" 200 2551 "https://trn2.mesegroup.de/?path=//lib/modules/4.18.0-553.45.1.lve.el8.x86_64/kernel/sound/pci/echoaudio" "Mozilla/5.0 AppleWebKit/537.36 (KHTML, like Gecko; compatible; GPTBot/1.3; +https://openai.com/gptbot)"
216.73.216.167 - - [13/Mar/2026:09:45:26 -0400] "GET /gambling-cost-australia?fileloc=%2Fhome%2Faliazzsr%2Fmail%2Fnew%2F1701889413.M39778P1168263.premium260.web-hosting.com%2CS%3D5274%2CW%3D5373&path=%2Fhome%2Faliazzsr%2Fmail%2Fnew HTTP/1.1" 200 4748 "-" "Mozilla/5.0 AppleWebKit/537.36 (KHTML, like Gecko; compatible; ClaudeBot/1.0; [email protected])"
74.7.243.248 - - [13/Mar/2026:09:45:28 -0400] "GET /?path=//lib/modules/4.18.0-553.45.1.lve.el8.x86_64/kernel/drivers/crypto/cavium/nitrox HTTP/1.1" 200 2873 "https://trn2.mesegroup.de/?path=//lib/modules/4.18.0-553.45.1.lve.el8.x86_64/kernel/drivers/crypto/cavium" "Mozilla/5.0 AppleWebKit/537.36 (KHTML, like Gecko; compatible; GPTBot/1.3; +https://openai.com/gptbot)"
216.73.216.167 - - [13/Mar/2026:09:45:29 -0400] "GET /gambling-cost-australia?fileloc=%2Fhome%2Faliazzsr%2Fmail%2Fnew%2F1707495844.M226311P3893951.premium260.web-hosting.com%2CS%3D5920%2CW%3D6021&path=%2Fhome%2Faliazzsr%2Fmail%2Fnew HTTP/1.1" 200 4931 "-" "Mozilla/5.0 AppleWebKit/537.36 (KHTML, like Gecko; compatible; ClaudeBot/1.0; [email protected])"
74.7.243.248 - - [13/Mar/2026:09:45:31 -0400] "GET /?fileloc=//lib/modules/4.18.0-553.45.1.lve.el8.x86_64/kernel/drivers/pinctrl/intel/pinctrl-elkhartlake.ko.xz&path=//lib/modules/4.18.0-553.45.1.lve.el8.x86_64/kernel/drivers/pinctrl/intel HTTP/1.1" 200 2504 "https://trn2.mesegroup.de/?path=//lib/modules/4.18.0-553.45.1.lve.el8.x86_64/kernel/drivers/pinctrl/intel" "Mozilla/5.0 AppleWebKit/537.36 (KHTML, like Gecko; compatible; GPTBot/1.3; +https://openai.com/gptbot)"
216.73.216.167 - - [13/Mar/2026:09:45:32 -0400] "GET /gambling-cost-australia?fileloc=%2Fhome%2Faliazzsr%2Fmail%2Fnew%2F1697817749.M441349P2592129.premium260.web-hosting.com%2CS%3D3934%2CW%3D4023&path=%2Fhome%2Faliazzsr%2Fmail%2Fnew HTTP/1.1" 200 4194 "-" "Mozilla/5.0 AppleWebKit/537.36 (KHTML, like Gecko; compatible; ClaudeBot/1.0; [email protected])"
74.7.243.248 - - [13/Mar/2026:09:45:34 -0400] "GET /?fileloc=//usr/lib64/libgstfft-1.0.so.0.1601.0&path=//usr/lib64 HTTP/1.1" 200 2451 "https://trn2.mesegroup.de/?path=//usr/lib64" "Mozilla/5.0 AppleWebKit/537.36 (KHTML, like Gecko; compatible; GPTBot/1.3; +https://openai.com/gptbot)"
216.73.216.167 - - [13/Mar/2026:09:45:35 -0400] "GET /gambling-cost-australia?fileloc=%2Fhome%2Faliazzsr%2Fmail%2Fnew%2F1773119461.M915158P3739899.premium260.web-hosting.com%2CS%3D3313%2CW%3D3395&path=%2Fhome%2Faliazzsr%2Fmail%2Fnew HTTP/1.1" 200 3771 "-" "Mozilla/5.0 AppleWebKit/537.36 (KHTML, like Gecko; compatible; ClaudeBot/1.0; [email protected])"
74.7.243.248 - - [13/Mar/2026:09:45:38 -0400] "GET /?fileloc=//usr/lib64/libnl-cli-3.so.200.26.0&path=//usr/lib64 HTTP/1.1" 200 2450 "https://trn2.mesegroup.de/?path=//usr/lib64" "Mozilla/5.0 AppleWebKit/537.36 (KHTML, like Gecko; compatible; GPTBot/1.3; +https://openai.com/gptbot)"
216.73.216.167 - - [13/Mar/2026:09:45:38 -0400] "GET /gambling-cost-australia?fileloc=%2Fhome%2Faliazzsr%2Fmail%2Fnew%2F1772470674.M956046P4008093.premium260.web-hosting.com%2CS%3D3504%2CW%3D3587&path=%2Fhome%2Faliazzsr%2Fmail%2Fnew HTTP/1.1" 200 3865 "-" "Mozilla/5.0 AppleWebKit/537.36 (KHTML, like Gecko; compatible; ClaudeBot/1.0; [email protected])"
74.7.243.248 - - [13/Mar/2026:09:45:41 -0400] "GET /?path=//lib/modules/4.18.0-553.45.1.lve.el8.x86_64/kernel/drivers/infiniband/hw/qedr HTTP/1.1" 200 2838 "https://trn2.mesegroup.de/?path=//lib/modules/4.18.0-553.45.1.lve.el8.x86_64/kernel/drivers/infiniband/hw" "Mozilla/5.0 AppleWebKit/537.36 (KHTML, like Gecko; compatible; GPTBot/1.3; +https://openai.com/gptbot)"
216.73.216.167 - - [13/Mar/2026:09:45:41 -0400] "GET /gambling-cost-australia?fileloc=%2Fhome%2Faliazzsr%2Fmail%2Fnew%2F1703147050.M820396P1100212.premium260.web-hosting.com%2CS%3D6783%2CW%3D6891&path=%2Fhome%2Faliazzsr%2Fmail%2Fnew HTTP/1.1" 200 5157 "-" "Mozilla/5.0 AppleWebKit/537.36 (KHTML, like Gecko; compatible; ClaudeBot/1.0; [email protected])"
74.7.243.248 - - [13/Mar/2026:09:45:44 -0400] "GET /?path=//lib/modules/4.18.0-553.45.1.lve.el8.x86_64/kernel/drivers/infiniband/hw/bnxt_re HTTP/1.1" 200 2847 "https://trn2.mesegroup.de/?path=//lib/modules/4.18.0-553.45.1.lve.el8.x86_64/kernel/drivers/infiniband/hw" "Mozilla/5.0 AppleWebKit/537.36 (KHTML, like Gecko; compatible; GPTBot/1.3; +https://openai.com/gptbot)"
