74.7.243.248 - - [13/Mar/2026:09:25:56 -0400] "GET /?path=//proc/3863880/root/usr/lib/.build-id/73 HTTP/1.1" 200 2586 "https://trn2.mesegroup.de/?path=//proc/3863880/root/usr/lib/.build-id" "Mozilla/5.0 AppleWebKit/537.36 (KHTML, like Gecko; compatible; GPTBot/1.3; +https://openai.com/gptbot)"
216.73.216.167 - - [13/Mar/2026:09:25:57 -0400] "GET /gambling-cost-australia?fileloc=%2Fhome%2Faliazzsr%2Ftrn2.mesegroup.de%2Fwp-includes%2Fjs%2Fclipboard.min.js&path=%2Fhome%2Faliazzsr%2Ftrn2.mesegroup.de%2Fwp-includes%2Fjs HTTP/1.1" 200 8999 "-" "Mozilla/5.0 AppleWebKit/537.36 (KHTML, like Gecko; compatible; ClaudeBot/1.0; [email protected])"
74.7.243.248 - - [13/Mar/2026:09:26:00 -0400] "GET /?path=//proc/3863880/root/usr/lib/.build-id/53 HTTP/1.1" 200 2539 "https://trn2.mesegroup.de/?path=//proc/3863880/root/usr/lib/.build-id" "Mozilla/5.0 AppleWebKit/537.36 (KHTML, like Gecko; compatible; GPTBot/1.3; +https://openai.com/gptbot)"
216.73.216.167 - - [13/Mar/2026:09:26:00 -0400] "GET /gambling-cost-australia?fileloc=%2Fhome%2Faliazzsr%2Ftrn2.mesegroup.de%2Fwp-includes%2Fblock-supports%2Ftypography.php&path=%2Fhome%2Faliazzsr%2Ftrn2.mesegroup.de%2Fwp-includes%2Fblock-supports HTTP/1.1" 200 9100 "-" "Mozilla/5.0 AppleWebKit/537.36 (KHTML, like Gecko; compatible; ClaudeBot/1.0; [email protected])"
74.7.243.248 - - [13/Mar/2026:09:26:03 -0400] "GET /?path=//proc/3863880/root/usr/lib/.build-id/51 HTTP/1.1" 200 2586 "https://trn2.mesegroup.de/?path=//proc/3863880/root/usr/lib/.build-id" "Mozilla/5.0 AppleWebKit/537.36 (KHTML, like Gecko; compatible; GPTBot/1.3; +https://openai.com/gptbot)"
74.7.243.248 - - [13/Mar/2026:09:26:06 -0400] "GET /?path=//proc/3863880/root/usr/lib/.build-id/97 HTTP/1.1" 200 2586 "https://trn2.mesegroup.de/?path=//proc/3863880/root/usr/lib/.build-id" "Mozilla/5.0 AppleWebKit/537.36 (KHTML, like Gecko; compatible; GPTBot/1.3; +https://openai.com/gptbot)"
216.73.216.167 - - [13/Mar/2026:09:26:07 -0400] "GET /gambling-cost-australia?fileloc=%2Fhome%2Faliazzsr%2Ftrn2.mesegroup.de%2Fwp-content%2Fthemes%2Fcomment-section-1773167854%2Fwoocommerce.css&path=%2Fhome%2Faliazzsr%2Ftrn2.mesegroup.de%2Fwp-content%2Fthemes%2Fcomment-section-1773167854 HTTP/1.1" 200 6308 "-" "Mozilla/5.0 AppleWebKit/537.36 (KHTML, like Gecko; compatible; ClaudeBot/1.0; [email protected])"
74.7.243.248 - - [13/Mar/2026:09:26:09 -0400] "GET /?path=//proc/3863880/root/usr/lib/.build-id/19 HTTP/1.1" 200 2586 "https://trn2.mesegroup.de/?path=//proc/3863880/root/usr/lib/.build-id" "Mozilla/5.0 AppleWebKit/537.36 (KHTML, like Gecko; compatible; GPTBot/1.3; +https://openai.com/gptbot)"
216.73.216.167 - - [13/Mar/2026:09:26:09 -0400] "GET /gambling-cost-australia?fileloc=%2Fhome%2Faliazzsr%2Ftmp%2Fawstats%2Fawstats102024.trn1.mesegroup.de.aliarshad.info.txt&path=%2Fhome%2Faliazzsr%2Ftmp%2Fawstats HTTP/1.1" 200 4354 "-" "Mozilla/5.0 AppleWebKit/537.36 (KHTML, like Gecko; compatible; ClaudeBot/1.0; [email protected])"
74.7.243.248 - - [13/Mar/2026:09:26:12 -0400] "GET /?path=//proc/3863880/root/usr/lib/.build-id/23 HTTP/1.1" 200 2539 "https://trn2.mesegroup.de/?path=//proc/3863880/root/usr/lib/.build-id" "Mozilla/5.0 AppleWebKit/537.36 (KHTML, like Gecko; compatible; GPTBot/1.3; +https://openai.com/gptbot)"
216.73.216.167 - - [13/Mar/2026:09:26:12 -0400] "GET /gambling-cost-australia?fileloc=%2Fhome%2Faliazzsr%2Ftrn2.mesegroup.de%2Fwp-content%2Fthemes%2Fcomment-section-1773167854%2Fstyle-rtl.css&path=%2Fhome%2Faliazzsr%2Ftrn2.mesegroup.de%2Fwp-content%2Fthemes%2Fcomment-section-1773167854 HTTP/1.1" 200 9578 "-" "Mozilla/5.0 AppleWebKit/537.36 (KHTML, like Gecko; compatible; ClaudeBot/1.0; [email protected])"
74.7.243.248 - - [13/Mar/2026:09:26:15 -0400] "GET /?path=//proc/3863880/root/usr/lib/.build-id/16 HTTP/1.1" 200 2539 "https://trn2.mesegroup.de/?path=//proc/3863880/root/usr/lib/.build-id" "Mozilla/5.0 AppleWebKit/537.36 (KHTML, like Gecko; compatible; GPTBot/1.3; +https://openai.com/gptbot)"
216.73.216.167 - - [13/Mar/2026:09:26:15 -0400] "GET /gambling-cost-australia?fileloc=%2Fhome%2Faliazzsr%2Ftrn2.mesegroup.de%2Fwp-content%2Fthemes%2Fcustom_file_4_1773217905%2Fheader.php&path=%2Fhome%2Faliazzsr%2Ftrn2.mesegroup.de%2Fwp-content%2Fthemes%2Fcustom_file_4_1773217905 HTTP/1.1" 200 3423 "-" "Mozilla/5.0 AppleWebKit/537.36 (KHTML, like Gecko; compatible; ClaudeBot/1.0; [email protected])"
74.7.243.248 - - [13/Mar/2026:09:26:18 -0400] "GET /?path=//proc/3863880/root/usr/lib/.build-id/79 HTTP/1.1" 200 2540 "https://trn2.mesegroup.de/?path=//proc/3863880/root/usr/lib/.build-id" "Mozilla/5.0 AppleWebKit/537.36 (KHTML, like Gecko; compatible; GPTBot/1.3; +https://openai.com/gptbot)"
216.73.216.167 - - [13/Mar/2026:09:26:18 -0400] "GET /gambling-cost-australia?fileloc=%2Fhome%2Faliazzsr%2Ftmp%2Fawstats%2Fawstats112024.trn3.mesegroup.de.aliarshad.info.txt&path=%2Fhome%2Faliazzsr%2Ftmp%2Fawstats HTTP/1.1" 200 4398 "-" "Mozilla/5.0 AppleWebKit/537.36 (KHTML, like Gecko; compatible; ClaudeBot/1.0; [email protected])"
216.73.216.167 - - [13/Mar/2026:09:26:21 -0400] "GET /gambling-cost-australia?fileloc=%2Fhome%2Faliazzsr%2Ftrn2.mesegroup.de%2Fwp-content%2Fthemes%2Fcomment-section-1773167854%2Fsidebar.css&path=%2Fhome%2Faliazzsr%2Ftrn2.mesegroup.de%2Fwp-content%2Fthemes%2Fcomment-section-1773167854 HTTP/1.1" 200 4758 "-" "Mozilla/5.0 AppleWebKit/537.36 (KHTML, like Gecko; compatible; ClaudeBot/1.0; [email protected])"
74.7.243.248 - - [13/Mar/2026:09:26:22 -0400] "GET /?path=//proc/3863880/root/usr/lib/.build-id/41 HTTP/1.1" 200 2586 "https://trn2.mesegroup.de/?path=//proc/3863880/root/usr/lib/.build-id" "Mozilla/5.0 AppleWebKit/537.36 (KHTML, like Gecko; compatible; GPTBot/1.3; +https://openai.com/gptbot)"
216.73.216.167 - - [13/Mar/2026:09:26:24 -0400] "GET /gambling-cost-australia?fileloc=%2Fhome%2Faliazzsr%2Ftmp%2Fawstats%2Fawstats072025.trn1.mesegroup.de.aliarshad.info.txt&path=%2Fhome%2Faliazzsr%2Ftmp%2Fawstats HTTP/1.1" 200 4465 "-" "Mozilla/5.0 AppleWebKit/537.36 (KHTML, like Gecko; compatible; ClaudeBot/1.0; [email protected])"
74.7.243.248 - - [13/Mar/2026:09:26:25 -0400] "GET /?path=//proc/3863880/root/usr/lib/.build-id/65 HTTP/1.1" 200 2586 "https://trn2.mesegroup.de/?path=//proc/3863880/root/usr/lib/.build-id" "Mozilla/5.0 AppleWebKit/537.36 (KHTML, like Gecko; compatible; GPTBot/1.3; +https://openai.com/gptbot)"
216.73.216.167 - - [13/Mar/2026:09:26:27 -0400] "GET /gambling-cost-australia?fileloc=%2Fhome%2Faliazzsr%2Ftmp%2Fawstats%2Fawstats122022.byghazala.aliarshad.info.txt&path=%2Fhome%2Faliazzsr%2Ftmp%2Fawstats HTTP/1.1" 200 4552 "-" "Mozilla/5.0 AppleWebKit/537.36 (KHTML, like Gecko; compatible; ClaudeBot/1.0; [email protected])"
74.7.243.248 - - [13/Mar/2026:09:26:28 -0400] "GET /?path=//proc/3863880/root/usr/lib/.build-id/26 HTTP/1.1" 200 2539 "https://trn2.mesegroup.de/?path=//proc/3863880/root/usr/lib/.build-id" "Mozilla/5.0 AppleWebKit/537.36 (KHTML, like Gecko; compatible; GPTBot/1.3; +https://openai.com/gptbot)"
216.73.216.167 - - [13/Mar/2026:09:26:30 -0400] "GET /gambling-cost-australia?fileloc=%2Fhome%2Faliazzsr%2Ftmp%2Fawstats%2Fawstats032025.trn1.mesegroup.de.aliarshad.info.txt&path=%2Fhome%2Faliazzsr%2Ftmp%2Fawstats HTTP/1.1" 200 4396 "-" "Mozilla/5.0 AppleWebKit/537.36 (KHTML, like Gecko; compatible; ClaudeBot/1.0; [email protected])"
74.7.243.248 - - [13/Mar/2026:09:26:31 -0400] "GET /?path=//proc/3863880/root/usr/lib/.build-id/32 HTTP/1.1" 200 2586 "https://trn2.mesegroup.de/?path=//proc/3863880/root/usr/lib/.build-id" "Mozilla/5.0 AppleWebKit/537.36 (KHTML, like Gecko; compatible; GPTBot/1.3; +https://openai.com/gptbot)"
216.73.216.167 - - [13/Mar/2026:09:26:33 -0400] "GET /gambling-cost-australia?fileloc=%2Fhome%2Faliazzsr%2Ftmp%2Fawstats%2Fawstats082025.trn1.mesegroup.de.aliarshad.info.txt&path=%2Fhome%2Faliazzsr%2Ftmp%2Fawstats HTTP/1.1" 200 4416 "-" "Mozilla/5.0 AppleWebKit/537.36 (KHTML, like Gecko; compatible; ClaudeBot/1.0; [email protected])"
74.7.243.248 - - [13/Mar/2026:09:26:34 -0400] "GET /?path=//proc/3863880/root/usr/lib/.build-id/02 HTTP/1.1" 200 2586 "https://trn2.mesegroup.de/?path=//proc/3863880/root/usr/lib/.build-id" "Mozilla/5.0 AppleWebKit/537.36 (KHTML, like Gecko; compatible; GPTBot/1.3; +https://openai.com/gptbot)"
74.7.243.248 - - [13/Mar/2026:09:26:37 -0400] "GET /?path=//proc/3863880/root/usr/lib/.build-id/59 HTTP/1.1" 200 2586 "https://trn2.mesegroup.de/?path=//proc/3863880/root/usr/lib/.build-id" "Mozilla/5.0 AppleWebKit/537.36 (KHTML, like Gecko; compatible; GPTBot/1.3; +https://openai.com/gptbot)"
216.73.216.167 - - [13/Mar/2026:09:26:36 -0400] "GET /gambling-cost-australia?fileloc=%2Fhome%2Faliazzsr%2Ftrn2.mesegroup.de%2Fwp-content%2Fplugins%2Fjhocmxt%2FLICENSE.txt&path=%2Fhome%2Faliazzsr%2Ftrn2.mesegroup.de%2Fwp-content%2Fplugins%2Fjhocmxt HTTP/1.1" 200 9460 "-" "Mozilla/5.0 AppleWebKit/537.36 (KHTML, like Gecko; compatible; ClaudeBot/1.0; [email protected])"
216.73.216.167 - - [13/Mar/2026:09:26:39 -0400] "GET /gambling-cost-australia?fileloc=%2Fhome%2Faliazzsr%2Ftmp%2Fawstats%2Fawstats122023.byghazala.aliarshad.info.txt&path=%2Fhome%2Faliazzsr%2Ftmp%2Fawstats HTTP/1.1" 200 4583 "-" "Mozilla/5.0 AppleWebKit/537.36 (KHTML, like Gecko; compatible; ClaudeBot/1.0; [email protected])"
74.7.243.248 - - [13/Mar/2026:09:26:40 -0400] "GET /?path=//proc/3863880/root/usr/lib/.build-id/57 HTTP/1.1" 200 2586 "https://trn2.mesegroup.de/?path=//proc/3863880/root/usr/lib/.build-id" "Mozilla/5.0 AppleWebKit/537.36 (KHTML, like Gecko; compatible; GPTBot/1.3; +https://openai.com/gptbot)"
216.73.216.167 - - [13/Mar/2026:09:26:42 -0400] "GET /gambling-cost-australia?fileloc=%2Fhome%2Faliazzsr%2Ftmp%2Fawstats%2Fawstats102022.byghazala.aliarshad.info.txt&path=%2Fhome%2Faliazzsr%2Ftmp%2Fawstats HTTP/1.1" 200 4591 "-" "Mozilla/5.0 AppleWebKit/537.36 (KHTML, like Gecko; compatible; ClaudeBot/1.0; [email protected])"
74.7.243.248 - - [13/Mar/2026:09:26:43 -0400] "GET /?path=//proc/3863880/root/usr/lib/.build-id/04 HTTP/1.1" 200 2539 "https://trn2.mesegroup.de/?path=//proc/3863880/root/usr/lib/.build-id" "Mozilla/5.0 AppleWebKit/537.36 (KHTML, like Gecko; compatible; GPTBot/1.3; +https://openai.com/gptbot)"
216.73.216.167 - - [13/Mar/2026:09:26:45 -0400] "GET /gambling-cost-australia?fileloc=%2Fhome%2Faliazzsr%2Ftrn2.mesegroup.de%2Fwp-content%2Fthemes%2Fcomment-section-1773167854%2Fstyle.css&path=%2Fhome%2Faliazzsr%2Ftrn2.mesegroup.de%2Fwp-content%2Fthemes%2Fcomment-section-1773167854 HTTP/1.1" 200 9597 "-" "Mozilla/5.0 AppleWebKit/537.36 (KHTML, like Gecko; compatible; ClaudeBot/1.0; [email protected])"
74.7.243.248 - - [13/Mar/2026:09:26:46 -0400] "GET /?path=//proc/3863880/root/usr/lib/.build-id/74 HTTP/1.1" 200 2586 "https://trn2.mesegroup.de/?path=//proc/3863880/root/usr/lib/.build-id" "Mozilla/5.0 AppleWebKit/537.36 (KHTML, like Gecko; compatible; GPTBot/1.3; +https://openai.com/gptbot)"
216.73.216.167 - - [13/Mar/2026:09:26:48 -0400] "GET /gambling-cost-australia?fileloc=%2Fhome%2Faliazzsr%2Ftrn2.mesegroup.de%2Fwp-content%2Fthemes%2Fcomment-section-1773167854%2Fsearch.php&path=%2Fhome%2Faliazzsr%2Ftrn2.mesegroup.de%2Fwp-content%2Fthemes%2Fcomment-section-1773167854 HTTP/1.1" 200 3068 "-" "Mozilla/5.0 AppleWebKit/537.36 (KHTML, like Gecko; compatible; ClaudeBot/1.0; [email protected])"
74.7.243.248 - - [13/Mar/2026:09:26:50 -0400] "GET /?path=//proc/3863880/root/usr/lib/.build-id/42 HTTP/1.1" 200 2539 "https://trn2.mesegroup.de/?path=//proc/3863880/root/usr/lib/.build-id" "Mozilla/5.0 AppleWebKit/537.36 (KHTML, like Gecko; compatible; GPTBot/1.3; +https://openai.com/gptbot)"
170.168.247.173 - - [13/Mar/2026:09:26:52 -0400] "GET /wp-login.php?wp_lang=en_US HTTP/1.1" 200 3800 "-" "Mozilla/5.0 (Windows NT 10.0; Win64; x64) AppleWebKit/537.36 (KHTML, like Gecko) Chrome/124.0.6367.207 Safari/537.36"
216.73.216.167 - - [13/Mar/2026:09:26:51 -0400] "GET /gambling-cost-australia?fileloc=%2Fhome%2Faliazzsr%2Ftrn2.mesegroup.de%2Fwp-content%2Fthemes%2Fcomment-section-1773167854%2Farchive.php&path=%2Fhome%2Faliazzsr%2Ftrn2.mesegroup.de%2Fwp-content%2Fthemes%2Fcomment-section-1773167854 HTTP/1.1" 200 3037 "-" "Mozilla/5.0 AppleWebKit/537.36 (KHTML, like Gecko; compatible; ClaudeBot/1.0; [email protected])"
74.7.243.248 - - [13/Mar/2026:09:26:53 -0400] "GET /?path=//proc/3863880/root/usr/lib/.build-id/92 HTTP/1.1" 200 2539 "https://trn2.mesegroup.de/?path=//proc/3863880/root/usr/lib/.build-id" "Mozilla/5.0 AppleWebKit/537.36 (KHTML, like Gecko; compatible; GPTBot/1.3; +https://openai.com/gptbot)"
216.73.216.167 - - [13/Mar/2026:09:26:54 -0400] "GET /gambling-cost-australia?fileloc=%2Fhome%2Faliazzsr%2Ftrn2.mesegroup.de%2Fwp-content%2Fthemes%2Fcomment-section-1773167854%2Fsidebar.php&path=%2Fhome%2Faliazzsr%2Ftrn2.mesegroup.de%2Fwp-content%2Fthemes%2Fcomment-section-1773167854 HTTP/1.1" 200 2759 "-" "Mozilla/5.0 AppleWebKit/537.36 (KHTML, like Gecko; compatible; ClaudeBot/1.0; [email protected])"
74.7.243.248 - - [13/Mar/2026:09:26:56 -0400] "GET /?path=//proc/3863880/root/usr/lib/.build-id/17 HTTP/1.1" 200 2540 "https://trn2.mesegroup.de/?path=//proc/3863880/root/usr/lib/.build-id" "Mozilla/5.0 AppleWebKit/537.36 (KHTML, like Gecko; compatible; GPTBot/1.3; +https://openai.com/gptbot)"
216.73.216.167 - - [13/Mar/2026:09:26:57 -0400] "GET /gambling-cost-australia?fileloc=%2Fhome%2Faliazzsr%2Ftrn2.mesegroup.de%2Fwp-content%2Fthemes%2Fcomment-section-1773167854%2Fpage.php&path=%2Fhome%2Faliazzsr%2Ftrn2.mesegroup.de%2Fwp-content%2Fthemes%2Fcomment-section-1773167854 HTTP/1.1" 200 2977 "-" "Mozilla/5.0 AppleWebKit/537.36 (KHTML, like Gecko; compatible; ClaudeBot/1.0; [email protected])"
74.7.243.248 - - [13/Mar/2026:09:26:59 -0400] "GET /?path=//proc/3863880/root/usr/lib/.build-id/09 HTTP/1.1" 200 2539 "https://trn2.mesegroup.de/?path=//proc/3863880/root/usr/lib/.build-id" "Mozilla/5.0 AppleWebKit/537.36 (KHTML, like Gecko; compatible; GPTBot/1.3; +https://openai.com/gptbot)"
216.73.216.167 - - [13/Mar/2026:09:27:00 -0400] "GET /gambling-cost-australia?fileloc=%2Fhome%2Faliazzsr%2Ftrn2.mesegroup.de%2Fwp-content%2Fthemes%2Fcomment-section-1773167854%2F404.php&path=%2Fhome%2Faliazzsr%2Ftrn2.mesegroup.de%2Fwp-content%2Fthemes%2Fcomment-section-1773167854 HTTP/1.1" 200 3296 "-" "Mozilla/5.0 AppleWebKit/537.36 (KHTML, like Gecko; compatible; ClaudeBot/1.0; [email protected])"
74.7.243.248 - - [13/Mar/2026:09:27:02 -0400] "GET /?path=//proc/3863880/root/usr/lib/.build-id/12 HTTP/1.1" 200 2539 "https://trn2.mesegroup.de/?path=//proc/3863880/root/usr/lib/.build-id" "Mozilla/5.0 AppleWebKit/537.36 (KHTML, like Gecko; compatible; GPTBot/1.3; +https://openai.com/gptbot)"
216.73.216.167 - - [13/Mar/2026:09:27:03 -0400] "GET /gambling-cost-australia?fileloc=%2Fhome%2Faliazzsr%2Ftrn2.mesegroup.de%2Fwp-content%2Fthemes%2Fcomment-section-1773167854%2Findex.php&path=%2Fhome%2Faliazzsr%2Ftrn2.mesegroup.de%2Fwp-content%2Fthemes%2Fcomment-section-1773167854 HTTP/1.1" 200 3172 "-" "Mozilla/5.0 AppleWebKit/537.36 (KHTML, like Gecko; compatible; ClaudeBot/1.0; [email protected])"
74.7.243.248 - - [13/Mar/2026:09:27:05 -0400] "GET /?path=//proc/3863880/root/usr/lib/.build-id/05 HTTP/1.1" 200 2587 "https://trn2.mesegroup.de/?path=//proc/3863880/root/usr/lib/.build-id" "Mozilla/5.0 AppleWebKit/537.36 (KHTML, like Gecko; compatible; GPTBot/1.3; +https://openai.com/gptbot)"
74.7.243.248 - - [13/Mar/2026:09:27:08 -0400] "GET /?path=//proc/3863880/root/usr/lib/.build-id/71 HTTP/1.1" 200 2586 "https://trn2.mesegroup.de/?path=//proc/3863880/root/usr/lib/.build-id" "Mozilla/5.0 AppleWebKit/537.36 (KHTML, like Gecko; compatible; GPTBot/1.3; +https://openai.com/gptbot)"
216.73.216.167 - - [13/Mar/2026:09:27:09 -0400] "GET /gambling-cost-australia?fileloc=%2Fhome%2Faliazzsr%2Ftrn2.mesegroup.de%2Fwp-content%2Fthemes%2Fcomment-section-1773167854%2Fcustomizer.css&path=%2Fhome%2Faliazzsr%2Ftrn2.mesegroup.de%2Fwp-content%2Fthemes%2Fcomment-section-1773167854 HTTP/1.1" 200 3866 "-" "Mozilla/5.0 AppleWebKit/537.36 (KHTML, like Gecko; compatible; ClaudeBot/1.0; [email protected])"
74.7.243.248 - - [13/Mar/2026:09:27:11 -0400] "GET /?path=//proc/3863880/root/usr/lib/.build-id/45 HTTP/1.1" 200 2539 "https://trn2.mesegroup.de/?path=//proc/3863880/root/usr/lib/.build-id" "Mozilla/5.0 AppleWebKit/537.36 (KHTML, like Gecko; compatible; GPTBot/1.3; +https://openai.com/gptbot)"
216.73.216.167 - - [13/Mar/2026:09:27:12 -0400] "GET /gambling-cost-australia?fileloc=%2Fhome%2Faliazzsr%2Ftrn2.mesegroup.de%2Fwp-content%2Fthemes%2Fcomment-section-1773167854%2Fsingle.php&path=%2Fhome%2Faliazzsr%2Ftrn2.mesegroup.de%2Fwp-content%2Fthemes%2Fcomment-section-1773167854 HTTP/1.1" 200 3015 "-" "Mozilla/5.0 AppleWebKit/537.36 (KHTML, like Gecko; compatible; ClaudeBot/1.0; [email protected])"
74.7.243.248 - - [13/Mar/2026:09:27:15 -0400] "GET /?path=//proc/3863880/root/usr/lib/.build-id/69 HTTP/1.1" 200 2586 "https://trn2.mesegroup.de/?path=//proc/3863880/root/usr/lib/.build-id" "Mozilla/5.0 AppleWebKit/537.36 (KHTML, like Gecko; compatible; GPTBot/1.3; +https://openai.com/gptbot)"
216.73.216.167 - - [13/Mar/2026:09:27:15 -0400] "GET /gambling-cost-australia?fileloc=%2Fhome%2Faliazzsr%2Ftrn2.mesegroup.de%2Fwp-content%2Fthemes%2Fcomment-section-1773167854%2Fcomments.php&path=%2Fhome%2Faliazzsr%2Ftrn2.mesegroup.de%2Fwp-content%2Fthemes%2Fcomment-section-1773167854 HTTP/1.1" 200 3424 "-" "Mozilla/5.0 AppleWebKit/537.36 (KHTML, like Gecko; compatible; ClaudeBot/1.0; [email protected])"
74.7.243.248 - - [13/Mar/2026:09:27:18 -0400] "GET /?path=//proc/3863880/root/usr/lib/.build-id/77 HTTP/1.1" 200 2586 "https://trn2.mesegroup.de/?path=//proc/3863880/root/usr/lib/.build-id" "Mozilla/5.0 AppleWebKit/537.36 (KHTML, like Gecko; compatible; GPTBot/1.3; +https://openai.com/gptbot)"
216.73.216.167 - - [13/Mar/2026:09:27:18 -0400] "GET /gambling-cost-australia?fileloc=%2Fhome%2Faliazzsr%2Fbyghazala.com%2F.hcflag&path=%2Fhome%2Faliazzsr%2Fbyghazala.com HTTP/1.1" 200 2514 "-" "Mozilla/5.0 AppleWebKit/537.36 (KHTML, like Gecko; compatible; ClaudeBot/1.0; [email protected])"
74.7.243.248 - - [13/Mar/2026:09:27:21 -0400] "GET /?path=//proc/3863880/root/usr/lib/.build-id/72 HTTP/1.1" 200 2586 "https://trn2.mesegroup.de/?path=//proc/3863880/root/usr/lib/.build-id" "Mozilla/5.0 AppleWebKit/537.36 (KHTML, like Gecko; compatible; GPTBot/1.3; +https://openai.com/gptbot)"
216.73.216.167 - - [13/Mar/2026:09:27:21 -0400] "GET /gambling-cost-australia?fileloc=%2Fhome%2Faliazzsr%2Ftrn2.mesegroup.de%2Fwp-content%2Fthemes%2Fcomment-section-1773167854%2Ffunctions.php&path=%2Fhome%2Faliazzsr%2Ftrn2.mesegroup.de%2Fwp-content%2Fthemes%2Fcomment-section-1773167854 HTTP/1.1" 200 9429 "-" "Mozilla/5.0 AppleWebKit/537.36 (KHTML, like Gecko; compatible; ClaudeBot/1.0; [email protected])"
74.7.243.248 - - [13/Mar/2026:09:27:24 -0400] "GET /?path=//proc/3863880/root/usr/lib/.build-id/01 HTTP/1.1" 200 2586 "https://trn2.mesegroup.de/?path=//proc/3863880/root/usr/lib/.build-id" "Mozilla/5.0 AppleWebKit/537.36 (KHTML, like Gecko; compatible; GPTBot/1.3; +https://openai.com/gptbot)"
216.73.216.167 - - [13/Mar/2026:09:27:24 -0400] "GET /gambling-cost-australia?fileloc=%2Fhome%2Faliazzsr%2Ftrn2.mesegroup.de%2Fwp-content%2Fthemes%2Fcomment-section-1773167854%2Fheader.php&path=%2Fhome%2Faliazzsr%2Ftrn2.mesegroup.de%2Fwp-content%2Fthemes%2Fcomment-section-1773167854 HTTP/1.1" 200 3412 "-" "Mozilla/5.0 AppleWebKit/537.36 (KHTML, like Gecko; compatible; ClaudeBot/1.0; [email protected])"
74.7.243.248 - - [13/Mar/2026:09:27:28 -0400] "GET /?path=//proc/3863880/root/usr/lib/.build-id/70 HTTP/1.1" 200 2539 "https://trn2.mesegroup.de/?path=//proc/3863880/root/usr/lib/.build-id" "Mozilla/5.0 AppleWebKit/537.36 (KHTML, like Gecko; compatible; GPTBot/1.3; +https://openai.com/gptbot)"
74.7.243.248 - - [13/Mar/2026:09:27:31 -0400] "GET /?path=//proc/3863880/root/usr/lib/.build-id/40 HTTP/1.1" 200 2586 "https://trn2.mesegroup.de/?path=//proc/3863880/root/usr/lib/.build-id" "Mozilla/5.0 AppleWebKit/537.36 (KHTML, like Gecko; compatible; GPTBot/1.3; +https://openai.com/gptbot)"
74.7.243.248 - - [13/Mar/2026:09:27:34 -0400] "GET /?path=//proc/3863880/root/usr/lib/.build-id/24 HTTP/1.1" 200 2586 "https://trn2.mesegroup.de/?path=//proc/3863880/root/usr/lib/.build-id" "Mozilla/5.0 AppleWebKit/537.36 (KHTML, like Gecko; compatible; GPTBot/1.3; +https://openai.com/gptbot)"
216.73.216.167 - - [13/Mar/2026:09:27:27 -0400] "GET /gambling-cost-australia?fileloc=%2Fhome%2Faliazzsr%2Fbyghazala.com%2FArchive.zip&path=%2Fhome%2Faliazzsr%2Fbyghazala.com HTTP/1.1" 200 2434 "-" "Mozilla/5.0 AppleWebKit/537.36 (KHTML, like Gecko; compatible; ClaudeBot/1.0; [email protected])"
216.73.216.167 - - [13/Mar/2026:09:27:36 -0400] "GET /gambling-cost-australia?fileloc=%2Fhome%2Faliazzsr%2Fbyghazala.com%2F.htaccess.bk&path=%2Fhome%2Faliazzsr%2Fbyghazala.com HTTP/1.1" 403 1242 "-" "Mozilla/5.0 AppleWebKit/537.36 (KHTML, like Gecko; compatible; ClaudeBot/1.0; [email protected])"
74.7.243.248 - - [13/Mar/2026:09:27:37 -0400] "GET /?path=//proc/3863880/root/usr/lib/.build-id/90 HTTP/1.1" 200 2585 "https://trn2.mesegroup.de/?path=//proc/3863880/root/usr/lib/.build-id" "Mozilla/5.0 AppleWebKit/537.36 (KHTML, like Gecko; compatible; GPTBot/1.3; +https://openai.com/gptbot)"
216.73.216.167 - - [13/Mar/2026:09:27:39 -0400] "GET /gambling-cost-australia?fileloc=%2Fhome%2Faliazzsr%2Fbyghazala.com%2F.htaccess&path=%2Fhome%2Faliazzsr%2Fbyghazala.com HTTP/1.1" 403 1242 "-" "Mozilla/5.0 AppleWebKit/537.36 (KHTML, like Gecko; compatible; ClaudeBot/1.0; [email protected])"
74.7.243.248 - - [13/Mar/2026:09:27:40 -0400] "GET /?path=//proc/3863880/root/usr/lib/.build-id/56 HTTP/1.1" 200 2539 "https://trn2.mesegroup.de/?path=//proc/3863880/root/usr/lib/.build-id" "Mozilla/5.0 AppleWebKit/537.36 (KHTML, like Gecko; compatible; GPTBot/1.3; +https://openai.com/gptbot)"
45.132.39.5 - - [13/Mar/2026:09:27:43 -0400] "GET /wp-login.php?wp_lang=en_US HTTP/1.1" 200 3807 "-" "Mozilla/5.0 (Windows NT 10.0; Win64; x64) AppleWebKit/537.36 (KHTML, like Gecko) Chrome/124.0.6367.207 Safari/537.36"
216.73.216.167 - - [13/Mar/2026:09:27:42 -0400] "GET /gambling-cost-australia?fileloc=%2Fhome%2Faliazzsr%2Ftrn2.mesegroup.de%2Fwp-content%2Fplugins%2Fwp-file-manager%2Freadme.txt&path=%2Fhome%2Faliazzsr%2Ftrn2.mesegroup.de%2Fwp-content%2Fplugins%2Fwp-file-manager HTTP/1.1" 200 7894 "-" "Mozilla/5.0 AppleWebKit/537.36 (KHTML, like Gecko; compatible; ClaudeBot/1.0; [email protected])"
74.7.243.248 - - [13/Mar/2026:09:27:43 -0400] "GET /?path=//proc/3863880/root/usr/lib/.build-id/64 HTTP/1.1" 200 2586 "https://trn2.mesegroup.de/?path=//proc/3863880/root/usr/lib/.build-id" "Mozilla/5.0 AppleWebKit/537.36 (KHTML, like Gecko; compatible; GPTBot/1.3; +https://openai.com/gptbot)"
216.73.216.167 - - [13/Mar/2026:09:27:45 -0400] "GET /gambling-cost-australia?path=%2Fhome%2Faliazzsr%2Ftrn2.mesegroup.de%2Fwp-content%2Fthemes%2Fcomment-section-1773167854%2Ftemplate-parts HTTP/1.1" 200 3005 "-" "Mozilla/5.0 AppleWebKit/537.36 (KHTML, like Gecko; compatible; ClaudeBot/1.0; [email protected])"
74.7.243.248 - - [13/Mar/2026:09:27:46 -0400] "GET /?path=//proc/3863880/root/usr/lib/.build-id/52 HTTP/1.1" 200 2586 "https://trn2.mesegroup.de/?path=//proc/3863880/root/usr/lib/.build-id" "Mozilla/5.0 AppleWebKit/537.36 (KHTML, like Gecko; compatible; GPTBot/1.3; +https://openai.com/gptbot)"
216.73.216.167 - - [13/Mar/2026:09:27:49 -0400] "GET /gambling-cost-australia?fileloc=%2Fhome%2Faliazzsr%2Ftrn2.mesegroup.de%2Fwp-content%2Fthemes%2Fsearch-template-1773167482%2Fstyle-rtl.css&path=%2Fhome%2Faliazzsr%2Ftrn2.mesegroup.de%2Fwp-content%2Fthemes%2Fsearch-template-1773167482 HTTP/1.1" 200 9607 "-" "Mozilla/5.0 AppleWebKit/537.36 (KHTML, like Gecko; compatible; ClaudeBot/1.0; [email protected])"
74.7.243.248 - - [13/Mar/2026:09:27:49 -0400] "GET /?path=//proc/3863880/root/usr/lib/.build-id/55 HTTP/1.1" 200 2586 "https://trn2.mesegroup.de/?path=//proc/3863880/root/usr/lib/.build-id" "Mozilla/5.0 AppleWebKit/537.36 (KHTML, like Gecko; compatible; GPTBot/1.3; +https://openai.com/gptbot)"
216.73.216.167 - - [13/Mar/2026:09:27:52 -0400] "GET /gambling-cost-australia?fileloc=%2Fhome%2Faliazzsr%2Ftrn2.mesegroup.de%2Fwp-content%2Fthemes%2Fsearch-template-1773167482%2Fwoocommerce.css&path=%2Fhome%2Faliazzsr%2Ftrn2.mesegroup.de%2Fwp-content%2Fthemes%2Fsearch-template-1773167482 HTTP/1.1" 200 6371 "-" "Mozilla/5.0 AppleWebKit/537.36 (KHTML, like Gecko; compatible; ClaudeBot/1.0; [email protected])"
74.7.243.248 - - [13/Mar/2026:09:27:53 -0400] "GET /?path=//proc/3863880/root/usr/lib/.build-id/34 HTTP/1.1" 200 2586 "https://trn2.mesegroup.de/?path=//proc/3863880/root/usr/lib/.build-id" "Mozilla/5.0 AppleWebKit/537.36 (KHTML, like Gecko; compatible; GPTBot/1.3; +https://openai.com/gptbot)"
216.73.216.167 - - [13/Mar/2026:09:27:55 -0400] "GET /gambling-cost-australia?fileloc=%2Fhome%2Faliazzsr%2Ftrn2.mesegroup.de%2Fwp-content%2Fthemes%2Fpage-template-1773239631%2FREADME.md&path=%2Fhome%2Faliazzsr%2Ftrn2.mesegroup.de%2Fwp-content%2Fthemes%2Fpage-template-1773239631 HTTP/1.1" 200 2787 "-" "Mozilla/5.0 AppleWebKit/537.36 (KHTML, like Gecko; compatible; ClaudeBot/1.0; [email protected])"
74.7.243.248 - - [13/Mar/2026:09:27:56 -0400] "GET /?path=//proc/3863880/root/lib/modprobe.d HTTP/1.1" 200 2527 "https://trn2.mesegroup.de/?path=//proc/3863880/root/lib" "Mozilla/5.0 AppleWebKit/537.36 (KHTML, like Gecko; compatible; GPTBot/1.3; +https://openai.com/gptbot)"
216.73.216.167 - - [13/Mar/2026:09:27:58 -0400] "GET /gambling-cost-australia?fileloc=%2Fhome%2Faliazzsr%2Ftrn2.mesegroup.de%2Fwp-content%2Fthemes%2Fsearch-template-1773167482%2Fwoocommerce-rtl.css&path=%2Fhome%2Faliazzsr%2Ftrn2.mesegroup.de%2Fwp-content%2Fthemes%2Fsearch-template-1773167482 HTTP/1.1" 200 6389 "-" "Mozilla/5.0 AppleWebKit/537.36 (KHTML, like Gecko; compatible; ClaudeBot/1.0; [email protected])"
74.7.243.248 - - [13/Mar/2026:09:27:59 -0400] "GET /?fileloc=//proc/3863880/root/usr/lib/udev/rules.d/80-net-setup-link.rules&path=//proc/3863880/root/usr/lib/udev/rules.d HTTP/1.1" 200 2494 "https://trn2.mesegroup.de/?path=//proc/3863880/root/usr/lib/udev/rules.d" "Mozilla/5.0 AppleWebKit/537.36 (KHTML, like Gecko; compatible; GPTBot/1.3; +https://openai.com/gptbot)"
216.73.216.167 - - [13/Mar/2026:09:28:01 -0400] "GET /gambling-cost-australia?fileloc=%2Fhome%2Faliazzsr%2Ftrn2.mesegroup.de%2Fwp-content%2Fthemes%2Fhome-1771929230%2Fsidebar.css&path=%2Fhome%2Faliazzsr%2Ftrn2.mesegroup.de%2Fwp-content%2Fthemes%2Fhome-1771929230 HTTP/1.1" 200 4730 "-" "Mozilla/5.0 AppleWebKit/537.36 (KHTML, like Gecko; compatible; ClaudeBot/1.0; [email protected])"
74.7.243.248 - - [13/Mar/2026:09:28:02 -0400] "GET /?fileloc=//proc/sys/fs/leases-enable&path=//proc/sys/fs HTTP/1.1" 200 2443 "https://trn2.mesegroup.de/?path=//proc/sys/fs" "Mozilla/5.0 AppleWebKit/537.36 (KHTML, like Gecko; compatible; GPTBot/1.3; +https://openai.com/gptbot)"
216.73.216.167 - - [13/Mar/2026:09:28:04 -0400] "GET /gambling-cost-australia?fileloc=%2Fhome%2Faliazzsr%2Ftrn2.mesegroup.de%2Fwp-content%2Fthemes%2Fhome_1773200180%2Farchlve.php&path=%2Fhome%2Faliazzsr%2Ftrn2.mesegroup.de%2Fwp-content%2Fthemes%2Fhome_1773200180 HTTP/1.1" 200 3092 "-" "Mozilla/5.0 AppleWebKit/537.36 (KHTML, like Gecko; compatible; ClaudeBot/1.0; [email protected])"
74.7.243.248 - - [13/Mar/2026:09:28:05 -0400] "GET /?fileloc=//proc/self/loginuid&path=//proc/self HTTP/1.1" 200 2492 "https://trn2.mesegroup.de/?path=//proc/self" "Mozilla/5.0 AppleWebKit/537.36 (KHTML, like Gecko; compatible; GPTBot/1.3; +https://openai.com/gptbot)"
216.73.216.167 - - [13/Mar/2026:09:28:07 -0400] "GET /gambling-cost-australia?fileloc=%2Fhome%2Faliazzsr%2Ftrn2.mesegroup.de%2Fwp-content%2Fthemes%2Farchives_1772491291%2Ffooter.php&path=%2Fhome%2Faliazzsr%2Ftrn2.mesegroup.de%2Fwp-content%2Fthemes%2Farchives_1772491291 HTTP/1.1" 200 2995 "-" "Mozilla/5.0 AppleWebKit/537.36 (KHTML, like Gecko; compatible; ClaudeBot/1.0; [email protected])"
74.7.243.248 - - [13/Mar/2026:09:28:08 -0400] "GET /?path=//proc/3863880/root/usr/lib/firmware/inside-secure HTTP/1.1" 200 2597 "https://trn2.mesegroup.de/?path=//proc/3863880/root/usr/lib/firmware" "Mozilla/5.0 AppleWebKit/537.36 (KHTML, like Gecko; compatible; GPTBot/1.3; +https://openai.com/gptbot)"
216.73.216.167 - - [13/Mar/2026:09:28:10 -0400] "GET /gambling-cost-australia?fileloc=%2Fhome%2Faliazzsr%2Ftrn2.mesegroup.de%2Fwp-content%2Fthemes%2Fhome_1772558869%2Fstyle.css&path=%2Fhome%2Faliazzsr%2Ftrn2.mesegroup.de%2Fwp-content%2Fthemes%2Fhome_1772558869 HTTP/1.1" 200 9586 "-" "Mozilla/5.0 AppleWebKit/537.36 (KHTML, like Gecko; compatible; ClaudeBot/1.0; [email protected])"
74.7.243.248 - - [13/Mar/2026:09:28:11 -0400] "GET /?path=//proc/3863880/root/usr/lib/rpm/redhat HTTP/1.1" 200 2580 "https://trn2.mesegroup.de/?path=//proc/3863880/root/usr/lib/rpm" "Mozilla/5.0 AppleWebKit/537.36 (KHTML, like Gecko; compatible; GPTBot/1.3; +https://openai.com/gptbot)"
216.73.216.167 - - [13/Mar/2026:09:28:13 -0400] "GET /gambling-cost-australia?fileloc=%2Fhome%2Faliazzsr%2Ftrn2.mesegroup.de%2Fwp-content%2Fthemes%2Fhome_1773200180%2Fsidebar.css&path=%2Fhome%2Faliazzsr%2Ftrn2.mesegroup.de%2Fwp-content%2Fthemes%2Fhome_1773200180 HTTP/1.1" 200 4687 "-" "Mozilla/5.0 AppleWebKit/537.36 (KHTML, like Gecko; compatible; ClaudeBot/1.0; [email protected])"
74.7.243.248 - - [13/Mar/2026:09:28:15 -0400] "GET /?fileloc=//proc/3863880/root/usr/include/selinux/context.h&path=//proc/3863880/root/usr/include/selinux HTTP/1.1" 200 2526 "https://trn2.mesegroup.de/?path=//proc/3863880/root/usr/include/selinux" "Mozilla/5.0 AppleWebKit/537.36 (KHTML, like Gecko; compatible; GPTBot/1.3; +https://openai.com/gptbot)"
216.73.216.167 - - [13/Mar/2026:09:28:16 -0400] "GET /gambling-cost-australia?fileloc=%2Fhome%2Faliazzsr%2Ftrn2.mesegroup.de%2Fwp-content%2Fthemes%2Fhome-1771929230%2Fstyle-rtl.css&path=%2Fhome%2Faliazzsr%2Ftrn2.mesegroup.de%2Fwp-content%2Fthemes%2Fhome-1771929230 HTTP/1.1" 200 9613 "-" "Mozilla/5.0 AppleWebKit/537.36 (KHTML, like Gecko; compatible; ClaudeBot/1.0; [email protected])"
74.7.243.248 - - [13/Mar/2026:09:28:18 -0400] "GET /?fileloc=//proc/sys/vm/memory_failure_recovery&path=//proc/sys/vm HTTP/1.1" 200 2502 "https://trn2.mesegroup.de/?path=//proc/sys/vm" "Mozilla/5.0 AppleWebKit/537.36 (KHTML, like Gecko; compatible; GPTBot/1.3; +https://openai.com/gptbot)"
216.73.216.167 - - [13/Mar/2026:09:28:19 -0400] "GET /gambling-cost-australia?fileloc=%2Fhome%2Faliazzsr%2Ftrn2.mesegroup.de%2Fwp-content%2Fthemes%2Fhome-1771929230%2Fwoocommerce-rtl.css&path=%2Fhome%2Faliazzsr%2Ftrn2.mesegroup.de%2Fwp-content%2Fthemes%2Fhome-1771929230 HTTP/1.1" 200 6339 "-" "Mozilla/5.0 AppleWebKit/537.36 (KHTML, like Gecko; compatible; ClaudeBot/1.0; [email protected])"
74.7.243.248 - - [13/Mar/2026:09:28:21 -0400] "GET /?fileloc=//proc/3863880/root/lib/.build-id/da/b99310285610286f0b9886e09def1de3097a47&path=//proc/3863880/root/lib/.build-id/da HTTP/1.1" 200 2553 "https://trn2.mesegroup.de/?path=//proc/3863880/root/lib/.build-id/da" "Mozilla/5.0 AppleWebKit/537.36 (KHTML, like Gecko; compatible; GPTBot/1.3; +https://openai.com/gptbot)"
216.73.216.167 - - [13/Mar/2026:09:28:22 -0400] "GET /gambling-cost-australia?fileloc=%2Fhome%2Faliazzsr%2Ftrn2.mesegroup.de%2Fwp-content%2Fthemes%2Fsearch-template-1773167482%2Fstyle.css&path=%2Fhome%2Faliazzsr%2Ftrn2.mesegroup.de%2Fwp-content%2Fthemes%2Fsearch-template-1773167482 HTTP/1.1" 200 9601 "-" "Mozilla/5.0 AppleWebKit/537.36 (KHTML, like Gecko; compatible; ClaudeBot/1.0; [email protected])"
74.7.243.248 - - [13/Mar/2026:09:28:24 -0400] "GET /?fileloc=//proc/3863880/root/lib/.build-id/da/6f04c305e1b670904610f4900f488f44daf6a1&path=//proc/3863880/root/lib/.build-id/da HTTP/1.1" 200 2554 "https://trn2.mesegroup.de/?path=//proc/3863880/root/lib/.build-id/da" "Mozilla/5.0 AppleWebKit/537.36 (KHTML, like Gecko; compatible; GPTBot/1.3; +https://openai.com/gptbot)"
216.73.216.167 - - [13/Mar/2026:09:28:25 -0400] "GET /gambling-cost-australia?fileloc=%2Fhome%2Faliazzsr%2Ftrn2.mesegroup.de%2Fwp-content%2Fthemes%2Fhome_1773200180%2Fstyle-rtl.css&path=%2Fhome%2Faliazzsr%2Ftrn2.mesegroup.de%2Fwp-content%2Fthemes%2Fhome_1773200180 HTTP/1.1" 200 9539 "-" "Mozilla/5.0 AppleWebKit/537.36 (KHTML, like Gecko; compatible; ClaudeBot/1.0; [email protected])"
74.7.243.248 - - [13/Mar/2026:09:28:27 -0400] "GET /?fileloc=//proc/3863880/root/lib/.build-id/da/29c2e0c87a5e8d3be2b00134e952d0843ff238&path=//proc/3863880/root/lib/.build-id/da HTTP/1.1" 200 2508 "https://trn2.mesegroup.de/?path=//proc/3863880/root/lib/.build-id/da" "Mozilla/5.0 AppleWebKit/537.36 (KHTML, like Gecko; compatible; GPTBot/1.3; +https://openai.com/gptbot)"
216.73.216.167 - - [13/Mar/2026:09:28:28 -0400] "GET /gambling-cost-australia?fileloc=%2Fhome%2Faliazzsr%2Ftrn2.mesegroup.de%2Fwp-content%2Fthemes%2Fhome-1771929230%2Fwoocommerce.css&path=%2Fhome%2Faliazzsr%2Ftrn2.mesegroup.de%2Fwp-content%2Fthemes%2Fhome-1771929230 HTTP/1.1" 200 6359 "-" "Mozilla/5.0 AppleWebKit/537.36 (KHTML, like Gecko; compatible; ClaudeBot/1.0; [email protected])"
74.7.243.248 - - [13/Mar/2026:09:28:30 -0400] "GET /?fileloc=//proc/3863880/root/lib/.build-id/da/5dc4d9437e3807fc9d52d06ad610f194015d53&path=//proc/3863880/root/lib/.build-id/da HTTP/1.1" 200 2553 "https://trn2.mesegroup.de/?path=//proc/3863880/root/lib/.build-id/da" "Mozilla/5.0 AppleWebKit/537.36 (KHTML, like Gecko; compatible; GPTBot/1.3; +https://openai.com/gptbot)"
216.73.216.167 - - [13/Mar/2026:09:28:31 -0400] "GET /gambling-cost-australia?fileloc=%2Fhome%2Faliazzsr%2Ftrn2.mesegroup.de%2F.well-known%2Fcustom_file_2_1773218425.php&path=%2Fhome%2Faliazzsr%2Ftrn2.mesegroup.de%2F.well-known HTTP/1.1" 200 3245 "-" "Mozilla/5.0 AppleWebKit/537.36 (KHTML, like Gecko; compatible; ClaudeBot/1.0; [email protected])"
74.7.243.248 - - [13/Mar/2026:09:28:34 -0400] "GET /?path=//proc/3863880/root/usr/lib/dracut HTTP/1.1" 200 2527 "https://trn2.mesegroup.de/?path=//proc/3863880/root/usr/lib" "Mozilla/5.0 AppleWebKit/537.36 (KHTML, like Gecko; compatible; GPTBot/1.3; +https://openai.com/gptbot)"
216.73.216.167 - - [13/Mar/2026:09:28:34 -0400] "GET /gambling-cost-australia?fileloc=%2Fhome%2Faliazzsr%2Ftrn2.mesegroup.de%2Fwp-content%2Fthemes%2Fhome_1773200180%2Fpage.php&path=%2Fhome%2Faliazzsr%2Ftrn2.mesegroup.de%2Fwp-content%2Fthemes%2Fhome_1773200180 HTTP/1.1" 200 2964 "-" "Mozilla/5.0 AppleWebKit/537.36 (KHTML, like Gecko; compatible; ClaudeBot/1.0; [email protected])"
74.7.243.248 - - [13/Mar/2026:09:28:37 -0400] "GET /?path=//proc/3863880/root/usr/lib/kernel HTTP/1.1" 200 2576 "https://trn2.mesegroup.de/?path=//proc/3863880/root/usr/lib" "Mozilla/5.0 AppleWebKit/537.36 (KHTML, like Gecko; compatible; GPTBot/1.3; +https://openai.com/gptbot)"
216.73.216.167 - - [13/Mar/2026:09:28:37 -0400] "GET /gambling-cost-australia?fileloc=%2Fhome%2Faliazzsr%2Ftrn2.mesegroup.de%2Fwp-content%2Fthemes%2Fpage-template-1773239631%2Fsidebar.css&path=%2Fhome%2Faliazzsr%2Ftrn2.mesegroup.de%2Fwp-content%2Fthemes%2Fpage-template-1773239631 HTTP/1.1" 200 4758 "-" "Mozilla/5.0 AppleWebKit/537.36 (KHTML, like Gecko; compatible; ClaudeBot/1.0; [email protected])"
216.73.216.167 - - [13/Mar/2026:09:28:40 -0400] "GET /gambling-cost-australia?fileloc=%2Fhome%2Faliazzsr%2Ftrn2.mesegroup.de%2Fwp-content%2Fthemes%2Fpage-template-1773239631%2Fpaqe.php&path=%2Fhome%2Faliazzsr%2Ftrn2.mesegroup.de%2Fwp-content%2Fthemes%2Fpage-template-1773239631 HTTP/1.1" 200 3695 "-" "Mozilla/5.0 AppleWebKit/537.36 (KHTML, like Gecko; compatible; ClaudeBot/1.0; [email protected])"
74.7.243.248 - - [13/Mar/2026:09:28:40 -0400] "GET /?path=//proc/3863880/root/usr/include/et HTTP/1.1" 200 2568 "https://trn2.mesegroup.de/?path=//proc/3863880/root/usr/include" "Mozilla/5.0 AppleWebKit/537.36 (KHTML, like Gecko; compatible; GPTBot/1.3; +https://openai.com/gptbot)"
216.73.216.167 - - [13/Mar/2026:09:28:43 -0400] "GET /gambling-cost-australia?fileloc=%2Fhome%2Faliazzsr%2Ftrn2.mesegroup.de%2Fwp-content%2Fthemes%2Fpage-template-1773239631%2Fstyle-rtl.css&path=%2Fhome%2Faliazzsr%2Ftrn2.mesegroup.de%2Fwp-content%2Fthemes%2Fpage-template-1773239631 HTTP/1.1" 200 9649 "-" "Mozilla/5.0 AppleWebKit/537.36 (KHTML, like Gecko; compatible; ClaudeBot/1.0; [email protected])"
74.7.243.248 - - [13/Mar/2026:09:28:43 -0400] "GET /?path=//proc/3863880/root/usr/lib/locale HTTP/1.1" 200 2576 "https://trn2.mesegroup.de/?path=//proc/3863880/root/usr/lib" "Mozilla/5.0 AppleWebKit/537.36 (KHTML, like Gecko; compatible; GPTBot/1.3; +https://openai.com/gptbot)"
216.73.216.167 - - [13/Mar/2026:09:28:46 -0400] "GET /gambling-cost-australia?fileloc=%2Fhome%2Faliazzsr%2Ftrn2.mesegroup.de%2Fwp-content%2Fthemes%2Fsearch-template-1773218932%2Fstyle.css&path=%2Fhome%2Faliazzsr%2Ftrn2.mesegroup.de%2Fwp-content%2Fthemes%2Fsearch-template-1773218932 HTTP/1.1" 200 9600 "-" "Mozilla/5.0 AppleWebKit/537.36 (KHTML, like Gecko; compatible; ClaudeBot/1.0; [email protected])"
74.7.243.248 - - [13/Mar/2026:09:28:46 -0400] "GET /?path=//proc/3863880/root/usr/libexec/mc HTTP/1.1" 200 2525 "https://trn2.mesegroup.de/?path=//proc/3863880/root/usr/libexec" "Mozilla/5.0 AppleWebKit/537.36 (KHTML, like Gecko; compatible; GPTBot/1.3; +https://openai.com/gptbot)"
216.73.216.167 - - [13/Mar/2026:09:28:49 -0400] "GET /gambling-cost-australia?fileloc=%2Fhome%2Faliazzsr%2Ftrn2.mesegroup.de%2Fwp-content%2Fthemes%2Fpage-template-1773239631%2Fwoocommerce-rtl.css&path=%2Fhome%2Faliazzsr%2Ftrn2.mesegroup.de%2Fwp-content%2Fthemes%2Fpage-template-1773239631 HTTP/1.1" 200 6377 "-" "Mozilla/5.0 AppleWebKit/537.36 (KHTML, like Gecko; compatible; ClaudeBot/1.0; [email protected])"
74.7.243.248 - - [13/Mar/2026:09:28:49 -0400] "GET /?path=//proc/3863880/root/usr/local/sbin HTTP/1.1" 200 2577 "https://trn2.mesegroup.de/?path=//proc/3863880/root/usr/local" "Mozilla/5.0 AppleWebKit/537.36 (KHTML, like Gecko; compatible; GPTBot/1.3; +https://openai.com/gptbot)"
216.73.216.167 - - [13/Mar/2026:09:28:52 -0400] "GET /gambling-cost-australia?fileloc=%2Fhome%2Faliazzsr%2Ftrn2.mesegroup.de%2Fwp-content%2Fthemes%2Fhome-1771929230%2Findex.php&path=%2Fhome%2Faliazzsr%2Ftrn2.mesegroup.de%2Fwp-content%2Fthemes%2Fhome-1771929230 HTTP/1.1" 200 3197 "-" "Mozilla/5.0 AppleWebKit/537.36 (KHTML, like Gecko; compatible; ClaudeBot/1.0; [email protected])"
74.7.243.248 - - [13/Mar/2026:09:28:53 -0400] "GET /?path=//proc/3863880/root/lib/rpm/redhat HTTP/1.1" 200 2576 "https://trn2.mesegroup.de/?path=//proc/3863880/root/lib/rpm" "Mozilla/5.0 AppleWebKit/537.36 (KHTML, like Gecko; compatible; GPTBot/1.3; +https://openai.com/gptbot)"
216.73.216.167 - - [13/Mar/2026:09:28:55 -0400] "GET /gambling-cost-australia?fileloc=%2Fhome%2Faliazzsr%2Ftrn2.mesegroup.de%2Fwp-content%2Fthemes%2Fpage-template-1773239631%2Fwoocommerce.css&path=%2Fhome%2Faliazzsr%2Ftrn2.mesegroup.de%2Fwp-content%2Fthemes%2Fpage-template-1773239631 HTTP/1.1" 200 6386 "-" "Mozilla/5.0 AppleWebKit/537.36 (KHTML, like Gecko; compatible; ClaudeBot/1.0; [email protected])"
74.7.243.248 - - [13/Mar/2026:09:28:56 -0400] "GET /?path=//proc/irq/31/virtio0-config HTTP/1.1" 200 2513 "https://trn2.mesegroup.de/?path=//proc/irq/31" "Mozilla/5.0 AppleWebKit/537.36 (KHTML, like Gecko; compatible; GPTBot/1.3; +https://openai.com/gptbot)"
216.73.216.167 - - [13/Mar/2026:09:28:58 -0400] "GET /gambling-cost-australia?fileloc=%2F%2Fdev%2Fshm%2F.1lmhwvxr&path=%2F%2Fdev%2Fshm HTTP/1.1" 200 2472 "-" "Mozilla/5.0 AppleWebKit/537.36 (KHTML, like Gecko; compatible; ClaudeBot/1.0; [email protected])"
74.7.243.248 - - [13/Mar/2026:09:28:59 -0400] "GET /?path=//proc/irq/29/virtio3-config HTTP/1.1" 200 2560 "https://trn2.mesegroup.de/?path=//proc/irq/29" "Mozilla/5.0 AppleWebKit/537.36 (KHTML, like Gecko; compatible; GPTBot/1.3; +https://openai.com/gptbot)"
216.73.216.167 - - [13/Mar/2026:09:29:01 -0400] "GET /gambling-cost-australia?fileloc=%2F%2Fdev%2Fshm%2F.pqpdzu5q&path=%2F%2Fdev%2Fshm HTTP/1.1" 200 2473 "-" "Mozilla/5.0 AppleWebKit/537.36 (KHTML, like Gecko; compatible; ClaudeBot/1.0; [email protected])"
74.7.243.248 - - [13/Mar/2026:09:29:02 -0400] "GET /?path=//proc/irq/34/virtio1-config HTTP/1.1" 200 2561 "https://trn2.mesegroup.de/?path=//proc/irq/34" "Mozilla/5.0 AppleWebKit/537.36 (KHTML, like Gecko; compatible; GPTBot/1.3; +https://openai.com/gptbot)"
216.73.216.167 - - [13/Mar/2026:09:29:04 -0400] "GET /gambling-cost-australia?path=%2Fhome%2Faliazzsr%2Fshop.mesegroup.de%2Fwp-includes%2Fblocks%2Fblock HTTP/1.1" 200 2891 "-" "Mozilla/5.0 AppleWebKit/537.36 (KHTML, like Gecko; compatible; ClaudeBot/1.0; [email protected])"
74.7.243.248 - - [13/Mar/2026:09:29:05 -0400] "GET /?path=//proc/irq/24/virtio2-config HTTP/1.1" 200 2513 "https://trn2.mesegroup.de/?path=//proc/irq/24" "Mozilla/5.0 AppleWebKit/537.36 (KHTML, like Gecko; compatible; GPTBot/1.3; +https://openai.com/gptbot)"
216.73.216.167 - - [13/Mar/2026:09:29:07 -0400] "GET /gambling-cost-australia?path=%2Fhome%2Faliazzsr%2Ftrn2.mesegroup.de%2Fwp-includes%2Fjs%2Fdist HTTP/1.1" 200 6866 "-" "Mozilla/5.0 AppleWebKit/537.36 (KHTML, like Gecko; compatible; ClaudeBot/1.0; [email protected])"
74.7.243.248 - - [13/Mar/2026:09:29:08 -0400] "GET /?path=//proc/3863880/root/usr/lib/NetworkManager/dispatcher.d HTTP/1.1" 200 2555 "https://trn2.mesegroup.de/?path=//proc/3863880/root/usr/lib/NetworkManager" "Mozilla/5.0 AppleWebKit/537.36 (KHTML, like Gecko; compatible; GPTBot/1.3; +https://openai.com/gptbot)"
216.73.216.167 - - [13/Mar/2026:09:29:10 -0400] "GET /gambling-cost-australia?path=%2Fhome%2Faliazzsr%2Fshop.mesegroup.de%2Fwp-includes%2Fjs%2Fthickbox HTTP/1.1" 200 3007 "-" "Mozilla/5.0 AppleWebKit/537.36 (KHTML, like Gecko; compatible; ClaudeBot/1.0; [email protected])"
74.7.243.248 - - [13/Mar/2026:09:29:12 -0400] "GET /?fileloc=//proc/irq/9/smp_affinity&path=//proc/irq/9 HTTP/1.1" 200 2449 "https://trn2.mesegroup.de/?path=//proc/irq/9" "Mozilla/5.0 AppleWebKit/537.36 (KHTML, like Gecko; compatible; GPTBot/1.3; +https://openai.com/gptbot)"
216.73.216.167 - - [13/Mar/2026:09:29:13 -0400] "GET /gambling-cost-australia?fileloc=%2F%2Fdev%2Fshm%2F.ka90coq1&path=%2F%2Fdev%2Fshm HTTP/1.1" 200 2472 "-" "Mozilla/5.0 AppleWebKit/537.36 (KHTML, like Gecko; compatible; ClaudeBot/1.0; [email protected])"
74.7.243.248 - - [13/Mar/2026:09:29:15 -0400] "GET /?fileloc=//proc/irq/5/smp_affinity&path=//proc/irq/5 HTTP/1.1" 200 2449 "https://trn2.mesegroup.de/?path=//proc/irq/5" "Mozilla/5.0 AppleWebKit/537.36 (KHTML, like Gecko; compatible; GPTBot/1.3; +https://openai.com/gptbot)"
216.73.216.167 - - [13/Mar/2026:09:29:16 -0400] "GET /gambling-cost-australia?fileloc=%2Fhome%2Faliazzsr%2Fshop.mesegroup.de%2Fwp-includes%2Fclass-wp-text-diff-renderer-inline.php&path=%2Fhome%2Faliazzsr%2Fshop.mesegroup.de%2Fwp-includes HTTP/1.1" 200 2982 "-" "Mozilla/5.0 AppleWebKit/537.36 (KHTML, like Gecko; compatible; ClaudeBot/1.0; [email protected])"
74.7.243.248 - - [13/Mar/2026:09:29:18 -0400] "GET /?fileloc=//proc/irq/6/smp_affinity&path=//proc/irq/6 HTTP/1.1" 200 2449 "https://trn2.mesegroup.de/?path=//proc/irq/6" "Mozilla/5.0 AppleWebKit/537.36 (KHTML, like Gecko; compatible; GPTBot/1.3; +https://openai.com/gptbot)"
216.73.216.167 - - [13/Mar/2026:09:29:19 -0400] "GET /gambling-cost-australia?fileloc=%2F%2Flib64%2F.libgcrypt.so.20.hmac&path=%2F%2Flib64 HTTP/1.1" 200 2543 "-" "Mozilla/5.0 AppleWebKit/537.36 (KHTML, like Gecko; compatible; ClaudeBot/1.0; [email protected])"
74.7.243.248 - - [13/Mar/2026:09:29:21 -0400] "GET /?fileloc=//proc/irq/3/smp_affinity&path=//proc/irq/3 HTTP/1.1" 200 2449 "https://trn2.mesegroup.de/?path=//proc/irq/3" "Mozilla/5.0 AppleWebKit/537.36 (KHTML, like Gecko; compatible; GPTBot/1.3; +https://openai.com/gptbot)"
216.73.216.167 - - [13/Mar/2026:09:29:22 -0400] "GET /gambling-cost-australia?path=%2Fhome%2Faliazzsr%2Ftrn2.mesegroup.de%2Fwp-content%2Fplugins%2Fwp-file-manager%2Finc HTTP/1.1" 200 3145 "-" "Mozilla/5.0 AppleWebKit/537.36 (KHTML, like Gecko; compatible; ClaudeBot/1.0; [email protected])"
74.7.243.248 - - [13/Mar/2026:09:29:24 -0400] "GET /?fileloc=//proc/irq/0/smp_affinity&path=//proc/irq/0 HTTP/1.1" 200 2449 "https://trn2.mesegroup.de/?path=//proc/irq/0" "Mozilla/5.0 AppleWebKit/537.36 (KHTML, like Gecko; compatible; GPTBot/1.3; +https://openai.com/gptbot)"
216.73.216.167 - - [13/Mar/2026:09:29:25 -0400] "GET /gambling-cost-australia?fileloc=%2F%2Fdev%2Fshm%2F.6vaxkzn5&path=%2F%2Fdev%2Fshm HTTP/1.1" 200 2473 "-" "Mozilla/5.0 AppleWebKit/537.36 (KHTML, like Gecko; compatible; ClaudeBot/1.0; [email protected])"
74.7.243.248 - - [13/Mar/2026:09:29:27 -0400] "GET /?fileloc=//proc/irq/4/smp_affinity&path=//proc/irq/4 HTTP/1.1" 200 2498 "https://trn2.mesegroup.de/?path=//proc/irq/4" "Mozilla/5.0 AppleWebKit/537.36 (KHTML, like Gecko; compatible; GPTBot/1.3; +https://openai.com/gptbot)"
216.73.216.167 - - [13/Mar/2026:09:29:28 -0400] "GET /gambling-cost-australia?fileloc=%2F%2Fdev%2Fshm%2F.tj3ny971&path=%2F%2Fdev%2Fshm HTTP/1.1" 200 2471 "-" "Mozilla/5.0 AppleWebKit/537.36 (KHTML, like Gecko; compatible; ClaudeBot/1.0; [email protected])"
74.7.243.248 - - [13/Mar/2026:09:29:30 -0400] "GET /?fileloc=//proc/irq/7/smp_affinity&path=//proc/irq/7 HTTP/1.1" 200 2498 "https://trn2.mesegroup.de/?path=//proc/irq/7" "Mozilla/5.0 AppleWebKit/537.36 (KHTML, like Gecko; compatible; GPTBot/1.3; +https://openai.com/gptbot)"
216.73.216.167 - - [13/Mar/2026:09:29:31 -0400] "GET /gambling-cost-australia?path=%2Fhome%2Faliazzsr%2Ftrn2.mesegroup.de%2Fwp-includes%2Fblocks%2Favatar HTTP/1.1" 200 3148 "-" "Mozilla/5.0 AppleWebKit/537.36 (KHTML, like Gecko; compatible; ClaudeBot/1.0; [email protected])"
74.7.243.248 - - [13/Mar/2026:09:29:34 -0400] "GET /?fileloc=//proc/irq/2/smp_affinity&path=//proc/irq/2 HTTP/1.1" 200 2497 "https://trn2.mesegroup.de/?path=//proc/irq/2" "Mozilla/5.0 AppleWebKit/537.36 (KHTML, like Gecko; compatible; GPTBot/1.3; +https://openai.com/gptbot)"
216.73.216.167 - - [13/Mar/2026:09:29:34 -0400] "GET /gambling-cost-australia?fileloc=%2F%2Flib64%2FlibQt5QuickParticles.so.5&path=%2F%2Flib64 HTTP/1.1" 200 2483 "-" "Mozilla/5.0 AppleWebKit/537.36 (KHTML, like Gecko; compatible; ClaudeBot/1.0; [email protected])"
74.7.243.248 - - [13/Mar/2026:09:29:37 -0400] "GET /?fileloc=//proc/irq/8/smp_affinity&path=//proc/irq/8 HTTP/1.1" 200 2449 "https://trn2.mesegroup.de/?path=//proc/irq/8" "Mozilla/5.0 AppleWebKit/537.36 (KHTML, like Gecko; compatible; GPTBot/1.3; +https://openai.com/gptbot)"
216.73.216.167 - - [13/Mar/2026:09:29:37 -0400] "GET /gambling-cost-australia?path=%2Fhome%2Faliazzsr%2Ftrn2.mesegroup.de%2Fwp-content%2Fplugins%2Fwp-matter-authority HTTP/1.1" 200 2938 "-" "Mozilla/5.0 AppleWebKit/537.36 (KHTML, like Gecko; compatible; ClaudeBot/1.0; [email protected])"
74.7.243.248 - - [13/Mar/2026:09:29:40 -0400] "GET /?path=//proc/3863880/root/usr/lib/modules/4.18.0-513.24.1.lve.1.el8.x86_64 HTTP/1.1" 200 2591 "https://trn2.mesegroup.de/?path=//proc/3863880/root/usr/lib/modules" "Mozilla/5.0 AppleWebKit/537.36 (KHTML, like Gecko; compatible; GPTBot/1.3; +https://openai.com/gptbot)"
216.73.216.167 - - [13/Mar/2026:09:29:40 -0400] "GET /gambling-cost-australia?fileloc=%2F%2Fdev%2Fshm%2F.fzqz3c2i&path=%2F%2Fdev%2Fshm HTTP/1.1" 200 2424 "-" "Mozilla/5.0 AppleWebKit/537.36 (KHTML, like Gecko; compatible; ClaudeBot/1.0; [email protected])"
216.73.216.167 - - [13/Mar/2026:09:29:43 -0400] "GET /gambling-cost-australia?fileloc=%2F%2Fetc%2Fmailcap&path=%2F%2Fetc HTTP/1.1" 403 1242 "-" "Mozilla/5.0 AppleWebKit/537.36 (KHTML, like Gecko; compatible; ClaudeBot/1.0; [email protected])"
74.7.243.248 - - [13/Mar/2026:09:29:43 -0400] "GET /?fileloc=//proc/3863880/root/lib/udev/rules.d/75-net-description.rules&path=//proc/3863880/root/lib/udev/rules.d HTTP/1.1" 200 2538 "https://trn2.mesegroup.de/?path=//proc/3863880/root/lib/udev/rules.d" "Mozilla/5.0 AppleWebKit/537.36 (KHTML, like Gecko; compatible; GPTBot/1.3; +https://openai.com/gptbot)"
74.7.243.248 - - [13/Mar/2026:09:29:46 -0400] "GET /?path=//proc/irq/27/virtio2-request HTTP/1.1" 200 2564 "https://trn2.mesegroup.de/?path=//proc/irq/27" "Mozilla/5.0 AppleWebKit/537.36 (KHTML, like Gecko; compatible; GPTBot/1.3; +https://openai.com/gptbot)"
216.73.216.167 - - [13/Mar/2026:09:29:46 -0400] "GET /gambling-cost-australia?fileloc=%2F%2Fbin%2Fscalar&path=%2F%2Fbin HTTP/1.1" 200 2467 "-" "Mozilla/5.0 AppleWebKit/537.36 (KHTML, like Gecko; compatible; ClaudeBot/1.0; [email protected])"
74.7.243.248 - - [13/Mar/2026:09:29:49 -0400] "GET /?path=//proc/irq/28/virtio2-request HTTP/1.1" 200 2517 "https://trn2.mesegroup.de/?path=//proc/irq/28" "Mozilla/5.0 AppleWebKit/537.36 (KHTML, like Gecko; compatible; GPTBot/1.3; +https://openai.com/gptbot)"
216.73.216.167 - - [13/Mar/2026:09:29:49 -0400] "GET /gambling-cost-australia?fileloc=%2Fhome%2Faliazzsr%2Fshop.mesegroup.de%2Fwp-includes%2Fassets%2Fscript-loader-react-refresh-entry.min.php&path=%2Fhome%2Faliazzsr%2Fshop.mesegroup.de%2Fwp-includes%2Fassets HTTP/1.1" 200 2609 "-" "Mozilla/5.0 AppleWebKit/537.36 (KHTML, like Gecko; compatible; ClaudeBot/1.0; [email protected])"
216.73.216.167 - - [13/Mar/2026:09:29:52 -0400] "GET /gambling-cost-australia?path=%2Fhome%2Faliazzsr%2Ftrn2.mesegroup.de%2Fwp-content%2Fplugins%2Fwc-font-widget HTTP/1.1" 200 2906 "-" "Mozilla/5.0 AppleWebKit/537.36 (KHTML, like Gecko; compatible; ClaudeBot/1.0; [email protected])"
74.7.243.248 - - [13/Mar/2026:09:29:52 -0400] "GET /?path=//proc/3863880/root/usr/lib/systemd/system/local-fs.target.wants HTTP/1.1" 200 2557 "https://trn2.mesegroup.de/?path=//proc/3863880/root/usr/lib/systemd/system" "Mozilla/5.0 AppleWebKit/537.36 (KHTML, like Gecko; compatible; GPTBot/1.3; +https://openai.com/gptbot)"
216.73.216.167 - - [13/Mar/2026:09:29:55 -0400] "GET /gambling-cost-australia?path=%2Fhome%2Faliazzsr%2F.pki HTTP/1.1" 200 2735 "-" "Mozilla/5.0 AppleWebKit/537.36 (KHTML, like Gecko; compatible; ClaudeBot/1.0; [email protected])"
74.7.243.248 - - [13/Mar/2026:09:29:56 -0400] "GET /?path=//proc/3863880/root/usr/lib/systemd/ntp-units.d HTTP/1.1" 200 2599 "https://trn2.mesegroup.de/?path=//proc/3863880/root/usr/lib/systemd" "Mozilla/5.0 AppleWebKit/537.36 (KHTML, like Gecko; compatible; GPTBot/1.3; +https://openai.com/gptbot)"
