216.73.216.167 - - [13/Mar/2026:09:08:26 -0400] "GET /gambling-cost-australia?path=%2F%2Flib%2F.build-id%2F87 HTTP/1.1" 200 3911 "-" "Mozilla/5.0 AppleWebKit/537.36 (KHTML, like Gecko; compatible; ClaudeBot/1.0; [email protected])"
74.7.243.248 - - [13/Mar/2026:09:08:28 -0400] "GET /?path=//proc/3863880/root/lib/tuned/virtual-guest HTTP/1.1" 200 2578 "https://trn2.mesegroup.de/?path=//proc/3863880/root/lib/tuned" "Mozilla/5.0 AppleWebKit/537.36 (KHTML, like Gecko; compatible; GPTBot/1.3; +https://openai.com/gptbot)"
216.73.216.167 - - [13/Mar/2026:09:08:29 -0400] "GET /gambling-cost-australia?path=%2F%2Flib%2F.build-id%2F44 HTTP/1.1" 200 4132 "-" "Mozilla/5.0 AppleWebKit/537.36 (KHTML, like Gecko; compatible; ClaudeBot/1.0; [email protected])"
74.7.243.248 - - [13/Mar/2026:09:08:31 -0400] "GET /?path=//proc/3863880/root/usr/include/asm-generic HTTP/1.1" 200 2582 "https://trn2.mesegroup.de/?path=//proc/3863880/root/usr/include" "Mozilla/5.0 AppleWebKit/537.36 (KHTML, like Gecko; compatible; GPTBot/1.3; +https://openai.com/gptbot)"
216.73.216.167 - - [13/Mar/2026:09:08:32 -0400] "GET /gambling-cost-australia?path=%2F%2Flib%2F.build-id%2F1b HTTP/1.1" 200 3751 "-" "Mozilla/5.0 AppleWebKit/537.36 (KHTML, like Gecko; compatible; ClaudeBot/1.0; [email protected])"
74.7.243.248 - - [13/Mar/2026:09:08:35 -0400] "GET /?path=//proc/3643431/net/stat HTTP/1.1" 200 2511 "https://trn2.mesegroup.de/?path=//proc/3643431/net" "Mozilla/5.0 AppleWebKit/537.36 (KHTML, like Gecko; compatible; GPTBot/1.3; +https://openai.com/gptbot)"
216.73.216.167 - - [13/Mar/2026:09:08:35 -0400] "GET /gambling-cost-australia?fileloc=%2F%2Fusr%2Fsbin%2Fdnssec-importkey&path=%2F%2Fusr%2Fsbin HTTP/1.1" 200 2491 "-" "Mozilla/5.0 AppleWebKit/537.36 (KHTML, like Gecko; compatible; ClaudeBot/1.0; [email protected])"
216.73.216.167 - - [13/Mar/2026:09:08:38 -0400] "GET /gambling-cost-australia?path=%2F%2Fvar%2Fsoftaculous%2Fsmarty HTTP/1.1" 200 3331 "-" "Mozilla/5.0 AppleWebKit/537.36 (KHTML, like Gecko; compatible; ClaudeBot/1.0; [email protected])"
74.7.243.248 - - [13/Mar/2026:09:08:38 -0400] "GET /?path=//proc/3863880/net/stat HTTP/1.1" 200 2511 "https://trn2.mesegroup.de/?path=//proc/3863880/net" "Mozilla/5.0 AppleWebKit/537.36 (KHTML, like Gecko; compatible; GPTBot/1.3; +https://openai.com/gptbot)"
216.73.216.167 - - [13/Mar/2026:09:08:41 -0400] "GET /gambling-cost-australia?fileloc=%2F%2Fusr%2Fsbin%2Fpam_timestamp_check&path=%2F%2Fusr%2Fsbin HTTP/1.1" 200 2490 "-" "Mozilla/5.0 AppleWebKit/537.36 (KHTML, like Gecko; compatible; ClaudeBot/1.0; [email protected])"
74.7.243.248 - - [13/Mar/2026:09:08:41 -0400] "GET /?path=//proc/3863880/root/usr/lib/firmware/mediatek/mt8188 HTTP/1.1" 200 2548 "https://trn2.mesegroup.de/?path=//proc/3863880/root/usr/lib/firmware/mediatek" "Mozilla/5.0 AppleWebKit/537.36 (KHTML, like Gecko; compatible; GPTBot/1.3; +https://openai.com/gptbot)"
216.73.216.167 - - [13/Mar/2026:09:08:44 -0400] "GET /gambling-cost-australia?path=%2F%2Flib%2F.build-id%2F08 HTTP/1.1" 200 3545 "-" "Mozilla/5.0 AppleWebKit/537.36 (KHTML, like Gecko; compatible; ClaudeBot/1.0; [email protected])"
74.7.243.248 - - [13/Mar/2026:09:08:44 -0400] "GET /?path=//proc/3863880/root/lib/systemd/system/sysinit.target.wants HTTP/1.1" 200 2549 "https://trn2.mesegroup.de/?path=//proc/3863880/root/lib/systemd/system" "Mozilla/5.0 AppleWebKit/537.36 (KHTML, like Gecko; compatible; GPTBot/1.3; +https://openai.com/gptbot)"
216.73.216.167 - - [13/Mar/2026:09:08:47 -0400] "GET /gambling-cost-australia?fileloc=%2F%2Fusr%2Fbin%2Fxsltproc&path=%2F%2Fusr%2Fbin HTTP/1.1" 200 2429 "-" "Mozilla/5.0 AppleWebKit/537.36 (KHTML, like Gecko; compatible; ClaudeBot/1.0; [email protected])"
74.7.243.248 - - [13/Mar/2026:09:08:47 -0400] "GET /?path=//proc/3643431/root/lib64/gtk-2.0 HTTP/1.1" 200 2572 "https://trn2.mesegroup.de/?path=//proc/3643431/root/lib64" "Mozilla/5.0 AppleWebKit/537.36 (KHTML, like Gecko; compatible; GPTBot/1.3; +https://openai.com/gptbot)"
216.73.216.167 - - [13/Mar/2026:09:08:50 -0400] "GET /gambling-cost-australia?path=%2F%2Flib%2F.build-id%2F79 HTTP/1.1" 200 3845 "-" "Mozilla/5.0 AppleWebKit/537.36 (KHTML, like Gecko; compatible; ClaudeBot/1.0; [email protected])"
74.7.243.248 - - [13/Mar/2026:09:08:50 -0400] "GET /?path=//proc/3863880/root/lib/.build-id/e4 HTTP/1.1" 200 2582 "https://trn2.mesegroup.de/?path=//proc/3863880/root/lib/.build-id" "Mozilla/5.0 AppleWebKit/537.36 (KHTML, like Gecko; compatible; GPTBot/1.3; +https://openai.com/gptbot)"
216.73.216.167 - - [13/Mar/2026:09:08:53 -0400] "GET /gambling-cost-australia?fileloc=%2F%2Fproc%2Ftty%2Fldiscs&path=%2F%2Fproc%2Ftty HTTP/1.1" 200 2506 "-" "Mozilla/5.0 AppleWebKit/537.36 (KHTML, like Gecko; compatible; ClaudeBot/1.0; [email protected])"
74.7.243.248 - - [13/Mar/2026:09:08:53 -0400] "GET /?path=//proc/3863880/root/lib/.build-id/e9 HTTP/1.1" 200 2583 "https://trn2.mesegroup.de/?path=//proc/3863880/root/lib/.build-id" "Mozilla/5.0 AppleWebKit/537.36 (KHTML, like Gecko; compatible; GPTBot/1.3; +https://openai.com/gptbot)"
216.73.216.167 - - [13/Mar/2026:09:08:56 -0400] "GET /gambling-cost-australia?fileloc=%2F%2Fusr%2Fbin%2Freplace&path=%2F%2Fusr%2Fbin HTTP/1.1" 200 2480 "-" "Mozilla/5.0 AppleWebKit/537.36 (KHTML, like Gecko; compatible; ClaudeBot/1.0; [email protected])"
74.7.243.248 - - [13/Mar/2026:09:08:56 -0400] "GET /?path=//proc/3863880/root/lib/.build-id/e5 HTTP/1.1" 200 2539 "https://trn2.mesegroup.de/?path=//proc/3863880/root/lib/.build-id" "Mozilla/5.0 AppleWebKit/537.36 (KHTML, like Gecko; compatible; GPTBot/1.3; +https://openai.com/gptbot)"
216.73.216.167 - - [13/Mar/2026:09:08:59 -0400] "GET /gambling-cost-australia?path=%2F%2Flib%2F.build-id%2F72 HTTP/1.1" 200 3900 "-" "Mozilla/5.0 AppleWebKit/537.36 (KHTML, like Gecko; compatible; ClaudeBot/1.0; [email protected])"
74.7.243.248 - - [13/Mar/2026:09:09:00 -0400] "GET /?path=//proc/3863880/root/lib/.build-id/f1 HTTP/1.1" 200 2583 "https://trn2.mesegroup.de/?path=//proc/3863880/root/lib/.build-id" "Mozilla/5.0 AppleWebKit/537.36 (KHTML, like Gecko; compatible; GPTBot/1.3; +https://openai.com/gptbot)"
216.73.216.167 - - [13/Mar/2026:09:09:02 -0400] "GET /gambling-cost-australia?path=%2F%2Flib%2F.build-id%2F91 HTTP/1.1" 200 3961 "-" "Mozilla/5.0 AppleWebKit/537.36 (KHTML, like Gecko; compatible; ClaudeBot/1.0; [email protected])"
74.7.243.248 - - [13/Mar/2026:09:09:03 -0400] "GET /?path=//proc/3863880/root/lib/.build-id/e2 HTTP/1.1" 200 2582 "https://trn2.mesegroup.de/?path=//proc/3863880/root/lib/.build-id" "Mozilla/5.0 AppleWebKit/537.36 (KHTML, like Gecko; compatible; GPTBot/1.3; +https://openai.com/gptbot)"
216.73.216.167 - - [13/Mar/2026:09:09:05 -0400] "GET /gambling-cost-australia?path=%2F%2Fvar%2Fsoftaculous%2Fmyweb HTTP/1.1" 200 3210 "-" "Mozilla/5.0 AppleWebKit/537.36 (KHTML, like Gecko; compatible; ClaudeBot/1.0; [email protected])"
74.7.243.248 - - [13/Mar/2026:09:09:06 -0400] "GET /?path=//proc/3863880/root/lib/.build-id/5e HTTP/1.1" 200 2539 "https://trn2.mesegroup.de/?path=//proc/3863880/root/lib/.build-id" "Mozilla/5.0 AppleWebKit/537.36 (KHTML, like Gecko; compatible; GPTBot/1.3; +https://openai.com/gptbot)"
216.73.216.167 - - [13/Mar/2026:09:09:08 -0400] "GET /gambling-cost-australia?fileloc=%2F%2Fusr%2Fbin%2Ffind&path=%2F%2Fusr%2Fbin HTTP/1.1" 200 2482 "-" "Mozilla/5.0 AppleWebKit/537.36 (KHTML, like Gecko; compatible; ClaudeBot/1.0; [email protected])"
74.7.243.248 - - [13/Mar/2026:09:09:09 -0400] "GET /?path=//proc/3863880/root/lib/.build-id/4e HTTP/1.1" 200 2582 "https://trn2.mesegroup.de/?path=//proc/3863880/root/lib/.build-id" "Mozilla/5.0 AppleWebKit/537.36 (KHTML, like Gecko; compatible; GPTBot/1.3; +https://openai.com/gptbot)"
216.73.216.167 - - [13/Mar/2026:09:09:11 -0400] "GET /gambling-cost-australia?path=%2F%2Flib%2F.build-id%2F99 HTTP/1.1" 200 3617 "-" "Mozilla/5.0 AppleWebKit/537.36 (KHTML, like Gecko; compatible; ClaudeBot/1.0; [email protected])"
74.7.243.248 - - [13/Mar/2026:09:09:12 -0400] "GET /?path=//proc/3863880/root/lib/.build-id/5f HTTP/1.1" 200 2539 "https://trn2.mesegroup.de/?path=//proc/3863880/root/lib/.build-id" "Mozilla/5.0 AppleWebKit/537.36 (KHTML, like Gecko; compatible; GPTBot/1.3; +https://openai.com/gptbot)"
216.73.216.167 - - [13/Mar/2026:09:09:14 -0400] "GET /gambling-cost-australia?fileloc=%2F%2Fusr%2Fbin%2Fmysqlbinlog&path=%2F%2Fusr%2Fbin HTTP/1.1" 200 2485 "-" "Mozilla/5.0 AppleWebKit/537.36 (KHTML, like Gecko; compatible; ClaudeBot/1.0; [email protected])"
74.7.243.248 - - [13/Mar/2026:09:09:15 -0400] "GET /?path=//proc/3863880/root/lib/.build-id/f4 HTTP/1.1" 200 2583 "https://trn2.mesegroup.de/?path=//proc/3863880/root/lib/.build-id" "Mozilla/5.0 AppleWebKit/537.36 (KHTML, like Gecko; compatible; GPTBot/1.3; +https://openai.com/gptbot)"
216.73.216.167 - - [13/Mar/2026:09:09:17 -0400] "GET /gambling-cost-australia?fileloc=%2F%2Fproc%2Fself%2Foom_score&path=%2F%2Fproc%2Fself HTTP/1.1" 200 2438 "-" "Mozilla/5.0 AppleWebKit/537.36 (KHTML, like Gecko; compatible; ClaudeBot/1.0; [email protected])"
74.7.243.248 - - [13/Mar/2026:09:09:18 -0400] "GET /?path=//proc/3863880/root/lib/.build-id/f2 HTTP/1.1" 200 2539 "https://trn2.mesegroup.de/?path=//proc/3863880/root/lib/.build-id" "Mozilla/5.0 AppleWebKit/537.36 (KHTML, like Gecko; compatible; GPTBot/1.3; +https://openai.com/gptbot)"
216.73.216.167 - - [13/Mar/2026:09:09:20 -0400] "GET /gambling-cost-australia?fileloc=%2F%2Fusr%2Fbin%2Fnamei&path=%2F%2Fusr%2Fbin HTTP/1.1" 200 2482 "-" "Mozilla/5.0 AppleWebKit/537.36 (KHTML, like Gecko; compatible; ClaudeBot/1.0; [email protected])"
74.7.243.248 - - [13/Mar/2026:09:09:22 -0400] "GET /?path=//proc/3863880/root/lib/.build-id/9e HTTP/1.1" 200 2583 "https://trn2.mesegroup.de/?path=//proc/3863880/root/lib/.build-id" "Mozilla/5.0 AppleWebKit/537.36 (KHTML, like Gecko; compatible; GPTBot/1.3; +https://openai.com/gptbot)"
216.73.216.167 - - [13/Mar/2026:09:09:23 -0400] "GET /gambling-cost-australia?fileloc=%2F%2Fusr%2Fbin%2Fmailx&path=%2F%2Fusr%2Fbin HTTP/1.1" 200 2482 "-" "Mozilla/5.0 AppleWebKit/537.36 (KHTML, like Gecko; compatible; ClaudeBot/1.0; [email protected])"
74.7.243.248 - - [13/Mar/2026:09:09:25 -0400] "GET /?path=//proc/3863880/root/lib/.build-id/9f HTTP/1.1" 200 2539 "https://trn2.mesegroup.de/?path=//proc/3863880/root/lib/.build-id" "Mozilla/5.0 AppleWebKit/537.36 (KHTML, like Gecko; compatible; GPTBot/1.3; +https://openai.com/gptbot)"
216.73.216.167 - - [13/Mar/2026:09:09:26 -0400] "GET /gambling-cost-australia?path=%2F%2Fvar%2Fsoftaculous%2Fvty HTTP/1.1" 200 3111 "-" "Mozilla/5.0 AppleWebKit/537.36 (KHTML, like Gecko; compatible; ClaudeBot/1.0; [email protected])"
74.7.243.248 - - [13/Mar/2026:09:09:28 -0400] "GET /?path=//proc/3863880/root/lib/.build-id/2f HTTP/1.1" 200 2583 "https://trn2.mesegroup.de/?path=//proc/3863880/root/lib/.build-id" "Mozilla/5.0 AppleWebKit/537.36 (KHTML, like Gecko; compatible; GPTBot/1.3; +https://openai.com/gptbot)"
216.73.216.167 - - [13/Mar/2026:09:09:29 -0400] "GET /gambling-cost-australia?path=%2F%2Flib%2F.build-id%2F63 HTTP/1.1" 200 3551 "-" "Mozilla/5.0 AppleWebKit/537.36 (KHTML, like Gecko; compatible; ClaudeBot/1.0; [email protected])"
74.7.243.248 - - [13/Mar/2026:09:09:31 -0400] "GET /?path=//proc/3863880/root/lib/.build-id/e7 HTTP/1.1" 200 2582 "https://trn2.mesegroup.de/?path=//proc/3863880/root/lib/.build-id" "Mozilla/5.0 AppleWebKit/537.36 (KHTML, like Gecko; compatible; GPTBot/1.3; +https://openai.com/gptbot)"
216.73.216.167 - - [13/Mar/2026:09:09:33 -0400] "GET /gambling-cost-australia?path=%2Fhome%2Faliazzsr%2Ftrn3.mesegroup.de%2Fwp-admin%2Fincludes HTTP/1.1" 200 6414 "-" "Mozilla/5.0 AppleWebKit/537.36 (KHTML, like Gecko; compatible; ClaudeBot/1.0; [email protected])"
74.7.243.248 - - [13/Mar/2026:09:09:34 -0400] "GET /?path=//proc/3863880/root/lib/.build-id/4f HTTP/1.1" 200 2583 "https://trn2.mesegroup.de/?path=//proc/3863880/root/lib/.build-id" "Mozilla/5.0 AppleWebKit/537.36 (KHTML, like Gecko; compatible; GPTBot/1.3; +https://openai.com/gptbot)"
216.73.216.167 - - [13/Mar/2026:09:09:36 -0400] "GET /gambling-cost-australia?fileloc=%2F%2Flib64%2Fbind9-export%2Flibisc-export.so.1107.0.7&path=%2F%2Flib64%2Fbind9-export HTTP/1.1" 200 2497 "-" "Mozilla/5.0 AppleWebKit/537.36 (KHTML, like Gecko; compatible; ClaudeBot/1.0; [email protected])"
74.7.243.248 - - [13/Mar/2026:09:09:37 -0400] "GET /?path=//proc/3863880/root/lib/.build-id/f5 HTTP/1.1" 200 2583 "https://trn2.mesegroup.de/?path=//proc/3863880/root/lib/.build-id" "Mozilla/5.0 AppleWebKit/537.36 (KHTML, like Gecko; compatible; GPTBot/1.3; +https://openai.com/gptbot)"
216.73.216.167 - - [13/Mar/2026:09:09:39 -0400] "GET /gambling-cost-australia?path=%2F%2Fvar%2Fsoftaculous%2Fpurifier HTTP/1.1" 200 3285 "-" "Mozilla/5.0 AppleWebKit/537.36 (KHTML, like Gecko; compatible; ClaudeBot/1.0; [email protected])"
74.7.243.248 - - [13/Mar/2026:09:09:40 -0400] "GET /?path=//proc/3863880/root/lib/.build-id/1f HTTP/1.1" 200 2583 "https://trn2.mesegroup.de/?path=//proc/3863880/root/lib/.build-id" "Mozilla/5.0 AppleWebKit/537.36 (KHTML, like Gecko; compatible; GPTBot/1.3; +https://openai.com/gptbot)"
216.73.216.167 - - [13/Mar/2026:09:09:42 -0400] "GET /gambling-cost-australia?fileloc=%2Fhome%2Faliazzsr%2Fapi.crm.vqode.com%2Fweb%2Findex.php&path=%2Fhome%2Faliazzsr%2Fapi.crm.vqode.com%2Fweb HTTP/1.1" 200 2749 "-" "Mozilla/5.0 AppleWebKit/537.36 (KHTML, like Gecko; compatible; ClaudeBot/1.0; [email protected])"
74.7.243.248 - - [13/Mar/2026:09:09:43 -0400] "GET /?path=//proc/3863880/root/lib/.build-id/f7 HTTP/1.1" 200 2539 "https://trn2.mesegroup.de/?path=//proc/3863880/root/lib/.build-id" "Mozilla/5.0 AppleWebKit/537.36 (KHTML, like Gecko; compatible; GPTBot/1.3; +https://openai.com/gptbot)"
216.73.216.167 - - [13/Mar/2026:09:09:45 -0400] "GET /gambling-cost-australia?fileloc=%2F%2Fdev%2Fshm%2F.zt3e41gr&path=%2F%2Fdev%2Fshm HTTP/1.1" 200 2473 "-" "Mozilla/5.0 AppleWebKit/537.36 (KHTML, like Gecko; compatible; ClaudeBot/1.0; [email protected])"
74.7.243.248 - - [13/Mar/2026:09:09:46 -0400] "GET /?path=//proc/3863880/root/lib/.build-id/2e HTTP/1.1" 200 2582 "https://trn2.mesegroup.de/?path=//proc/3863880/root/lib/.build-id" "Mozilla/5.0 AppleWebKit/537.36 (KHTML, like Gecko; compatible; GPTBot/1.3; +https://openai.com/gptbot)"
216.73.216.167 - - [13/Mar/2026:09:09:48 -0400] "GET /gambling-cost-australia?path=%2F%2Fvar%2Fsoftaculous%2Fqtoa HTTP/1.1" 200 3391 "-" "Mozilla/5.0 AppleWebKit/537.36 (KHTML, like Gecko; compatible; ClaudeBot/1.0; [email protected])"
74.7.243.248 - - [13/Mar/2026:09:09:49 -0400] "GET /?path=//proc/3863880/root/lib/.build-id/1e HTTP/1.1" 200 2582 "https://trn2.mesegroup.de/?path=//proc/3863880/root/lib/.build-id" "Mozilla/5.0 AppleWebKit/537.36 (KHTML, like Gecko; compatible; GPTBot/1.3; +https://openai.com/gptbot)"
216.73.216.167 - - [13/Mar/2026:09:09:51 -0400] "GET /gambling-cost-australia?fileloc=%2F%2Fusr%2Fbin%2Fperlthanks&path=%2F%2Fusr%2Fbin HTTP/1.1" 200 19057 "-" "Mozilla/5.0 AppleWebKit/537.36 (KHTML, like Gecko; compatible; ClaudeBot/1.0; [email protected])"
74.7.243.248 - - [13/Mar/2026:09:09:53 -0400] "GET /?path=//proc/3863880/root/lib/.build-id/7f HTTP/1.1" 200 2583 "https://trn2.mesegroup.de/?path=//proc/3863880/root/lib/.build-id" "Mozilla/5.0 AppleWebKit/537.36 (KHTML, like Gecko; compatible; GPTBot/1.3; +https://openai.com/gptbot)"
216.73.216.167 - - [13/Mar/2026:09:09:54 -0400] "GET /gambling-cost-australia?fileloc=%2F%2Fdev%2Fshm%2F.uwvb5pz4&path=%2F%2Fdev%2Fshm HTTP/1.1" 200 2473 "-" "Mozilla/5.0 AppleWebKit/537.36 (KHTML, like Gecko; compatible; ClaudeBot/1.0; [email protected])"
74.7.243.248 - - [13/Mar/2026:09:09:56 -0400] "GET /?path=//proc/3863880/root/lib/.build-id/e1 HTTP/1.1" 200 2538 "https://trn2.mesegroup.de/?path=//proc/3863880/root/lib/.build-id" "Mozilla/5.0 AppleWebKit/537.36 (KHTML, like Gecko; compatible; GPTBot/1.3; +https://openai.com/gptbot)"
216.73.216.167 - - [13/Mar/2026:09:09:57 -0400] "GET /gambling-cost-australia?fileloc=%2Fhome%2Faliazzsr%2Ftrn2.mesegroup.de%2Fcgi-bin%2Fcgi-bin%2Fcgi-bin%2Findex.php&path=%2Fhome%2Faliazzsr%2Ftrn2.mesegroup.de%2Fcgi-bin%2Fcgi-bin%2Fcgi-bin HTTP/1.1" 200 2737 "-" "Mozilla/5.0 AppleWebKit/537.36 (KHTML, like Gecko; compatible; ClaudeBot/1.0; [email protected])"
74.7.243.248 - - [13/Mar/2026:09:09:59 -0400] "GET /?path=//proc/3863880/root/lib/.build-id/7e HTTP/1.1" 200 2539 "https://trn2.mesegroup.de/?path=//proc/3863880/root/lib/.build-id" "Mozilla/5.0 AppleWebKit/537.36 (KHTML, like Gecko; compatible; GPTBot/1.3; +https://openai.com/gptbot)"
160.250.186.93 - - [13/Mar/2026:09:09:59 -0400] "GET /jefe-casino-bonus-bez-vkladu/ HTTP/1.1" 200 3831 "https://trn2.mesegroup.de/" "Mozilla/5.0 (Macintosh; Intel Mac OS X 12_5) AppleWebKit/605.1.15 (KHTML, like Gecko) Version/15.4 Safari/605.1.15"
160.250.186.93 - - [13/Mar/2026:09:10:00 -0400] "GET /jefe-casino-bonus-bez-vkladu/?fileloc=/home/aliazzsr/trn2.mesegroup.de/wp-config-sample.php&path=/home/aliazzsr/trn2.mesegroup.de HTTP/1.1" 200 23254 "https://trn2.mesegroup.de/jefe-casino-bonus-bez-vkladu/" "Mozilla/5.0 (Macintosh; Intel Mac OS X 12_5) AppleWebKit/605.1.15 (KHTML, like Gecko) Version/15.4 Safari/605.1.15"
216.73.216.167 - - [13/Mar/2026:09:10:00 -0400] "GET /gambling-cost-australia?fileloc=%2F%2Fdev%2Fshm%2F.8vjk5ott&path=%2F%2Fdev%2Fshm HTTP/1.1" 200 2471 "-" "Mozilla/5.0 AppleWebKit/537.36 (KHTML, like Gecko; compatible; ClaudeBot/1.0; [email protected])"
74.7.243.248 - - [13/Mar/2026:09:10:02 -0400] "GET /?path=//proc/3863880/root/lib/.build-id/37 HTTP/1.1" 200 2540 "https://trn2.mesegroup.de/?path=//proc/3863880/root/lib/.build-id" "Mozilla/5.0 AppleWebKit/537.36 (KHTML, like Gecko; compatible; GPTBot/1.3; +https://openai.com/gptbot)"
216.73.216.167 - - [13/Mar/2026:09:10:03 -0400] "GET /gambling-cost-australia?path=%2F%2Fvar%2Fsoftaculous%2Fmoodle50 HTTP/1.1" 200 3732 "-" "Mozilla/5.0 AppleWebKit/537.36 (KHTML, like Gecko; compatible; ClaudeBot/1.0; [email protected])"
74.7.243.248 - - [13/Mar/2026:09:10:05 -0400] "GET /?path=//proc/self/cwd HTTP/1.1" 200 3761 "https://trn2.mesegroup.de/?path=//proc/self" "Mozilla/5.0 AppleWebKit/537.36 (KHTML, like Gecko; compatible; GPTBot/1.3; +https://openai.com/gptbot)"
216.73.216.167 - - [13/Mar/2026:09:10:06 -0400] "GET /gambling-cost-australia?fileloc=%2F%2Fdev%2Fshm%2F.mkhnuwln&path=%2F%2Fdev%2Fshm HTTP/1.1" 200 2423 "-" "Mozilla/5.0 AppleWebKit/537.36 (KHTML, like Gecko; compatible; ClaudeBot/1.0; [email protected])"
74.7.243.248 - - [13/Mar/2026:09:10:08 -0400] "GET /?path=//proc/3863880/root/usr/lib/systemd/system/default.target.wants HTTP/1.1" 200 2556 "https://trn2.mesegroup.de/?path=//proc/3863880/root/usr/lib/systemd/system" "Mozilla/5.0 AppleWebKit/537.36 (KHTML, like Gecko; compatible; GPTBot/1.3; +https://openai.com/gptbot)"
216.73.216.167 - - [13/Mar/2026:09:10:09 -0400] "GET /gambling-cost-australia?path=%2F%2Flib%2Flocale%2Fen_IE HTTP/1.1" 200 3226 "-" "Mozilla/5.0 AppleWebKit/537.36 (KHTML, like Gecko; compatible; ClaudeBot/1.0; [email protected])"
74.7.243.248 - - [13/Mar/2026:09:10:11 -0400] "GET /?fileloc=//proc/sys/fs/enforce_symlinksifowner&path=//proc/sys/fs HTTP/1.1" 200 2449 "https://trn2.mesegroup.de/?path=//proc/sys/fs" "Mozilla/5.0 AppleWebKit/537.36 (KHTML, like Gecko; compatible; GPTBot/1.3; +https://openai.com/gptbot)"
216.73.216.167 - - [13/Mar/2026:09:10:12 -0400] "GET /gambling-cost-australia?fileloc=%2F%2Fdev%2Fshm%2F.hdy8srdb&path=%2F%2Fdev%2Fshm HTTP/1.1" 200 2423 "-" "Mozilla/5.0 AppleWebKit/537.36 (KHTML, like Gecko; compatible; ClaudeBot/1.0; [email protected])"
74.7.243.248 - - [13/Mar/2026:09:10:14 -0400] "GET /?fileloc=//proc/sys/fs/protected_regular&path=//proc/sys/fs HTTP/1.1" 200 2495 "https://trn2.mesegroup.de/?path=//proc/sys/fs" "Mozilla/5.0 AppleWebKit/537.36 (KHTML, like Gecko; compatible; GPTBot/1.3; +https://openai.com/gptbot)"
216.73.216.167 - - [13/Mar/2026:09:10:15 -0400] "GET /gambling-cost-australia?path=%2F%2Fvar%2Fsoftaculous%2Fkanboard HTTP/1.1" 200 3625 "-" "Mozilla/5.0 AppleWebKit/537.36 (KHTML, like Gecko; compatible; ClaudeBot/1.0; [email protected])"
74.7.243.248 - - [13/Mar/2026:09:10:17 -0400] "GET /?fileloc=//proc/sys/fs/protected_symlinks&path=//proc/sys/fs HTTP/1.1" 200 2498 "https://trn2.mesegroup.de/?path=//proc/sys/fs" "Mozilla/5.0 AppleWebKit/537.36 (KHTML, like Gecko; compatible; GPTBot/1.3; +https://openai.com/gptbot)"
216.73.216.167 - - [13/Mar/2026:09:10:18 -0400] "GET /gambling-cost-australia?fileloc=%2F%2Fusr%2Fbin%2Fgcov&path=%2F%2Fusr%2Fbin HTTP/1.1" 200 2482 "-" "Mozilla/5.0 AppleWebKit/537.36 (KHTML, like Gecko; compatible; ClaudeBot/1.0; [email protected])"
74.7.243.248 - - [13/Mar/2026:09:10:21 -0400] "GET /?fileloc=//proc/sys/fscache/operation_max_active&path=//proc/sys/fscache HTTP/1.1" 200 2508 "https://trn2.mesegroup.de/?path=//proc/sys/fscache" "Mozilla/5.0 AppleWebKit/537.36 (KHTML, like Gecko; compatible; GPTBot/1.3; +https://openai.com/gptbot)"
216.73.216.167 - - [13/Mar/2026:09:10:21 -0400] "GET /gambling-cost-australia?path=%2F%2Fvar%2Fsoftaculous%2Fomeka HTTP/1.1" 200 3590 "-" "Mozilla/5.0 AppleWebKit/537.36 (KHTML, like Gecko; compatible; ClaudeBot/1.0; [email protected])"
74.7.243.248 - - [13/Mar/2026:09:10:24 -0400] "GET /?path=//proc/3863880/root/usr/lib/firmware/mediatek/mt7925 HTTP/1.1" 200 2550 "https://trn2.mesegroup.de/?path=//proc/3863880/root/usr/lib/firmware/mediatek" "Mozilla/5.0 AppleWebKit/537.36 (KHTML, like Gecko; compatible; GPTBot/1.3; +https://openai.com/gptbot)"
216.73.216.167 - - [13/Mar/2026:09:10:24 -0400] "GET /gambling-cost-australia?path=%2F%2Fvar%2Fsoftaculous%2Fobcard HTTP/1.1" 200 3402 "-" "Mozilla/5.0 AppleWebKit/537.36 (KHTML, like Gecko; compatible; ClaudeBot/1.0; [email protected])"
74.7.243.248 - - [13/Mar/2026:09:10:27 -0400] "GET /?path=//proc/3863880/root/usr/lib/systemd/system/[email protected] HTTP/1.1" 200 2602 "https://trn2.mesegroup.de/?path=//proc/3863880/root/usr/lib/systemd/system" "Mozilla/5.0 AppleWebKit/537.36 (KHTML, like Gecko; compatible; GPTBot/1.3; +https://openai.com/gptbot)"
216.73.216.167 - - [13/Mar/2026:09:10:27 -0400] "GET /gambling-cost-australia?fileloc=%2F%2Fdev%2Fshm%2F.2iex16ef&path=%2F%2Fdev%2Fshm HTTP/1.1" 200 2422 "-" "Mozilla/5.0 AppleWebKit/537.36 (KHTML, like Gecko; compatible; ClaudeBot/1.0; [email protected])"
74.7.243.248 - - [13/Mar/2026:09:10:30 -0400] "GET /?fileloc=//proc/modules&path=//proc HTTP/1.1" 200 2471 "https://trn2.mesegroup.de/?path=//proc" "Mozilla/5.0 AppleWebKit/537.36 (KHTML, like Gecko; compatible; GPTBot/1.3; +https://openai.com/gptbot)"
216.73.216.167 - - [13/Mar/2026:09:10:30 -0400] "GET /gambling-cost-australia?path=%2F%2Fvar%2Fsoftaculous%2Fopensis HTTP/1.1" 200 3335 "-" "Mozilla/5.0 AppleWebKit/537.36 (KHTML, like Gecko; compatible; ClaudeBot/1.0; [email protected])"
216.73.216.167 - - [13/Mar/2026:09:10:33 -0400] "GET /gambling-cost-australia?fileloc=%2F%2Fdev%2Fshm%2F.ukwf0r6e&path=%2F%2Fdev%2Fshm HTTP/1.1" 200 2473 "-" "Mozilla/5.0 AppleWebKit/537.36 (KHTML, like Gecko; compatible; ClaudeBot/1.0; [email protected])"
74.7.243.248 - - [13/Mar/2026:09:10:33 -0400] "GET /?path=//proc/3863880/root/usr/lib/firmware/mediatek/mt8183 HTTP/1.1" 200 2593 "https://trn2.mesegroup.de/?path=//proc/3863880/root/usr/lib/firmware/mediatek" "Mozilla/5.0 AppleWebKit/537.36 (KHTML, like Gecko; compatible; GPTBot/1.3; +https://openai.com/gptbot)"
216.73.216.167 - - [13/Mar/2026:09:10:36 -0400] "GET /gambling-cost-australia?fileloc=%2F%2Fproc%2Fself%2Floginuid&path=%2F%2Fproc%2Fself HTTP/1.1" 200 2492 "-" "Mozilla/5.0 AppleWebKit/537.36 (KHTML, like Gecko; compatible; ClaudeBot/1.0; [email protected])"
74.7.243.248 - - [13/Mar/2026:09:10:36 -0400] "GET /?path=//proc/3863880/root/usr/lib/firmware/mediatek/mt8186 HTTP/1.1" 200 2592 "https://trn2.mesegroup.de/?path=//proc/3863880/root/usr/lib/firmware/mediatek" "Mozilla/5.0 AppleWebKit/537.36 (KHTML, like Gecko; compatible; GPTBot/1.3; +https://openai.com/gptbot)"
216.73.216.167 - - [13/Mar/2026:09:10:39 -0400] "GET /gambling-cost-australia?fileloc=%2F%2Fdev%2Fshm%2F.48b2qjcc&path=%2F%2Fdev%2Fshm HTTP/1.1" 200 2473 "-" "Mozilla/5.0 AppleWebKit/537.36 (KHTML, like Gecko; compatible; ClaudeBot/1.0; [email protected])"
74.7.243.248 - - [13/Mar/2026:09:10:40 -0400] "GET /?path=//proc/fs/jbd2 HTTP/1.1" 200 2865 "https://trn2.mesegroup.de/?path=//proc/fs" "Mozilla/5.0 AppleWebKit/537.36 (KHTML, like Gecko; compatible; GPTBot/1.3; +https://openai.com/gptbot)"
216.73.216.167 - - [13/Mar/2026:09:10:42 -0400] "GET /gambling-cost-australia?fileloc=%2F%2Fdev%2Fshm%2F.yjsde6l6&path=%2F%2Fdev%2Fshm HTTP/1.1" 200 2423 "-" "Mozilla/5.0 AppleWebKit/537.36 (KHTML, like Gecko; compatible; ClaudeBot/1.0; [email protected])"
74.7.243.248 - - [13/Mar/2026:09:10:43 -0400] "GET /?path=//proc/3863880/root/usr/include/linux/usb HTTP/1.1" 200 2593 "https://trn2.mesegroup.de/?path=//proc/3863880/root/usr/include/linux" "Mozilla/5.0 AppleWebKit/537.36 (KHTML, like Gecko; compatible; GPTBot/1.3; +https://openai.com/gptbot)"
216.73.216.167 - - [13/Mar/2026:09:10:45 -0400] "GET /gambling-cost-australia?fileloc=%2F%2Fdev%2Fshm%2F.7ruvye4c&path=%2F%2Fdev%2Fshm HTTP/1.1" 200 2423 "-" "Mozilla/5.0 AppleWebKit/537.36 (KHTML, like Gecko; compatible; ClaudeBot/1.0; [email protected])"
74.7.243.248 - - [13/Mar/2026:09:10:46 -0400] "GET /?path=//proc/irq/11/uhci_hcd:usb1 HTTP/1.1" 200 2561 "https://trn2.mesegroup.de/?path=//proc/irq/11" "Mozilla/5.0 AppleWebKit/537.36 (KHTML, like Gecko; compatible; GPTBot/1.3; +https://openai.com/gptbot)"
216.73.216.167 - - [13/Mar/2026:09:10:48 -0400] "GET /gambling-cost-australia?path=%2F%2Fproc%2Firq%2F12%2Fi8042 HTTP/1.1" 200 2549 "-" "Mozilla/5.0 AppleWebKit/537.36 (KHTML, like Gecko; compatible; ClaudeBot/1.0; [email protected])"
74.7.243.248 - - [13/Mar/2026:09:10:49 -0400] "GET /?path=//proc/3863880/root/usr/lib/.build-id/49 HTTP/1.1" 200 2586 "https://trn2.mesegroup.de/?path=//proc/3863880/root/usr/lib/.build-id" "Mozilla/5.0 AppleWebKit/537.36 (KHTML, like Gecko; compatible; GPTBot/1.3; +https://openai.com/gptbot)"
216.73.216.167 - - [13/Mar/2026:09:10:51 -0400] "GET /gambling-cost-australia?fileloc=%2F%2Fdev%2Fshm%2F.xud4ou2b&path=%2F%2Fdev%2Fshm HTTP/1.1" 200 2472 "-" "Mozilla/5.0 AppleWebKit/537.36 (KHTML, like Gecko; compatible; ClaudeBot/1.0; [email protected])"
74.7.243.248 - - [13/Mar/2026:09:10:52 -0400] "GET /?path=//proc/3863880/root/lib/tuned/latency-performance HTTP/1.1" 200 2532 "https://trn2.mesegroup.de/?path=//proc/3863880/root/lib/tuned" "Mozilla/5.0 AppleWebKit/537.36 (KHTML, like Gecko; compatible; GPTBot/1.3; +https://openai.com/gptbot)"
216.73.216.167 - - [13/Mar/2026:09:10:54 -0400] "GET /gambling-cost-australia?fileloc=%2F%2Fusr%2Fbin%2Fenc2xs&path=%2F%2Fusr%2Fbin HTTP/1.1" 200 18624 "-" "Mozilla/5.0 AppleWebKit/537.36 (KHTML, like Gecko; compatible; ClaudeBot/1.0; [email protected])"
74.7.243.248 - - [13/Mar/2026:09:10:55 -0400] "GET /?path=//proc/3863880/root/usr/include/gdbm HTTP/1.1" 200 2531 "https://trn2.mesegroup.de/?path=//proc/3863880/root/usr/include" "Mozilla/5.0 AppleWebKit/537.36 (KHTML, like Gecko; compatible; GPTBot/1.3; +https://openai.com/gptbot)"
216.73.216.167 - - [13/Mar/2026:09:10:57 -0400] "GET /gambling-cost-australia?path=%2F%2Fvar%2Fsoftaculous%2Fmoodle44 HTTP/1.1" 200 3781 "-" "Mozilla/5.0 AppleWebKit/537.36 (KHTML, like Gecko; compatible; ClaudeBot/1.0; [email protected])"
74.7.243.248 - - [13/Mar/2026:09:10:59 -0400] "GET /?path=//proc/3863880/root/lib/node_modules HTTP/1.1" 200 2523 "https://trn2.mesegroup.de/?path=//proc/3863880/root/lib" "Mozilla/5.0 AppleWebKit/537.36 (KHTML, like Gecko; compatible; GPTBot/1.3; +https://openai.com/gptbot)"
216.73.216.167 - - [13/Mar/2026:09:11:00 -0400] "GET /gambling-cost-australia?path=%2F%2Flib%2Flocale%2Fen_ZW HTTP/1.1" 200 3252 "-" "Mozilla/5.0 AppleWebKit/537.36 (KHTML, like Gecko; compatible; ClaudeBot/1.0; [email protected])"
74.7.243.248 - - [13/Mar/2026:09:11:02 -0400] "GET /?path=//proc/3863880/root/usr/include/mysql HTTP/1.1" 200 2583 "https://trn2.mesegroup.de/?path=//proc/3863880/root/usr/include" "Mozilla/5.0 AppleWebKit/537.36 (KHTML, like Gecko; compatible; GPTBot/1.3; +https://openai.com/gptbot)"
216.73.216.167 - - [13/Mar/2026:09:11:03 -0400] "GET /gambling-cost-australia?path=%2F%2Fvar%2Fsoftaculous%2Fmoodle30 HTTP/1.1" 200 3876 "-" "Mozilla/5.0 AppleWebKit/537.36 (KHTML, like Gecko; compatible; ClaudeBot/1.0; [email protected])"
74.7.243.248 - - [13/Mar/2026:09:11:05 -0400] "GET /?path=//proc/3863880/root/usr/include/linux/dvb HTTP/1.1" 200 2543 "https://trn2.mesegroup.de/?path=//proc/3863880/root/usr/include/linux" "Mozilla/5.0 AppleWebKit/537.36 (KHTML, like Gecko; compatible; GPTBot/1.3; +https://openai.com/gptbot)"
216.73.216.167 - - [13/Mar/2026:09:11:07 -0400] "GET /gambling-cost-australia?fileloc=%2Fhome%2Faliazzsr%2Ftrn2.mesegroup.de%2Fwp-admin%2Fcss%2Fl10n.min.css&path=%2Fhome%2Faliazzsr%2Ftrn2.mesegroup.de%2Fwp-admin%2Fcss HTTP/1.1" 200 3199 "-" "Mozilla/5.0 AppleWebKit/537.36 (KHTML, like Gecko; compatible; ClaudeBot/1.0; [email protected])"
74.7.243.248 - - [13/Mar/2026:09:11:08 -0400] "GET /?path=//proc/3863880/root/usr/lib/firmware/ueagle-atm HTTP/1.1" 200 2594 "https://trn2.mesegroup.de/?path=//proc/3863880/root/usr/lib/firmware" "Mozilla/5.0 AppleWebKit/537.36 (KHTML, like Gecko; compatible; GPTBot/1.3; +https://openai.com/gptbot)"
216.73.216.167 - - [13/Mar/2026:09:11:10 -0400] "GET /gambling-cost-australia?fileloc=%2F%2Flib64%2Flibdvdnav.so.4&path=%2F%2Flib64 HTTP/1.1" 200 2479 "-" "Mozilla/5.0 AppleWebKit/537.36 (KHTML, like Gecko; compatible; ClaudeBot/1.0; [email protected])"
74.7.243.248 - - [13/Mar/2026:09:11:12 -0400] "GET /?path=//proc/3643431/root/lib64/libmysqlclient21 HTTP/1.1" 200 2575 "https://trn2.mesegroup.de/?path=//proc/3643431/root/lib64" "Mozilla/5.0 AppleWebKit/537.36 (KHTML, like Gecko; compatible; GPTBot/1.3; +https://openai.com/gptbot)"
216.73.216.167 - - [13/Mar/2026:09:11:13 -0400] "GET /gambling-cost-australia?fileloc=%2F%2Flib64%2Flibgdbm.so.6&path=%2F%2Flib64 HTTP/1.1" 200 2476 "-" "Mozilla/5.0 AppleWebKit/537.36 (KHTML, like Gecko; compatible; ClaudeBot/1.0; [email protected])"
74.7.243.248 - - [13/Mar/2026:09:11:15 -0400] "GET /?path=//proc/fs/jbd2/sda2-8 HTTP/1.1" 200 2813 "https://trn2.mesegroup.de/?path=//proc/fs/jbd2" "Mozilla/5.0 AppleWebKit/537.36 (KHTML, like Gecko; compatible; GPTBot/1.3; +https://openai.com/gptbot)"
216.73.216.167 - - [13/Mar/2026:09:11:16 -0400] "GET /gambling-cost-australia?fileloc=%2F%2Flib64%2Flibpanel.so.6.1&path=%2F%2Flib64 HTTP/1.1" 200 2479 "-" "Mozilla/5.0 AppleWebKit/537.36 (KHTML, like Gecko; compatible; ClaudeBot/1.0; [email protected])"
74.7.243.248 - - [13/Mar/2026:09:11:18 -0400] "GET /?path=//proc/fs/jbd2/sda7-8 HTTP/1.1" 200 2777 "https://trn2.mesegroup.de/?path=//proc/fs/jbd2" "Mozilla/5.0 AppleWebKit/537.36 (KHTML, like Gecko; compatible; GPTBot/1.3; +https://openai.com/gptbot)"
216.73.216.167 - - [13/Mar/2026:09:11:19 -0400] "GET /gambling-cost-australia?fileloc=%2Fhome%2Faliazzsr%2Ftrn2.mesegroup.de%2Fwp-admin%2Fupdate-core.php&path=%2Fhome%2Faliazzsr%2Ftrn2.mesegroup.de%2Fwp-admin HTTP/1.1" 200 13781 "-" "Mozilla/5.0 AppleWebKit/537.36 (KHTML, like Gecko; compatible; ClaudeBot/1.0; [email protected])"
74.7.243.248 - - [13/Mar/2026:09:11:21 -0400] "GET /?path=//proc/fs/jbd2/sda5-8 HTTP/1.1" 200 2777 "https://trn2.mesegroup.de/?path=//proc/fs/jbd2" "Mozilla/5.0 AppleWebKit/537.36 (KHTML, like Gecko; compatible; GPTBot/1.3; +https://openai.com/gptbot)"
216.73.216.167 - - [13/Mar/2026:09:11:22 -0400] "GET /gambling-cost-australia?fileloc=%2F%2Flib64%2Flibcfitsio.so.7.3.47&path=%2F%2Flib64 HTTP/1.1" 200 2484 "-" "Mozilla/5.0 AppleWebKit/537.36 (KHTML, like Gecko; compatible; ClaudeBot/1.0; [email protected])"
74.7.243.248 - - [13/Mar/2026:09:11:24 -0400] "GET /?path=//proc/fs/jbd2/sda1-8 HTTP/1.1" 200 2777 "https://trn2.mesegroup.de/?path=//proc/fs/jbd2" "Mozilla/5.0 AppleWebKit/537.36 (KHTML, like Gecko; compatible; GPTBot/1.3; +https://openai.com/gptbot)"
216.73.216.167 - - [13/Mar/2026:09:11:25 -0400] "GET /gambling-cost-australia?fileloc=%2Fhome%2Faliazzsr%2Ftrn2.mesegroup.de%2Fwp-admin%2Fcss%2Fdeprecated-media-rtl.css&path=%2Fhome%2Faliazzsr%2Ftrn2.mesegroup.de%2Fwp-admin%2Fcss HTTP/1.1" 200 4258 "-" "Mozilla/5.0 AppleWebKit/537.36 (KHTML, like Gecko; compatible; ClaudeBot/1.0; [email protected])"
74.7.243.248 - - [13/Mar/2026:09:11:28 -0400] "GET /?path=//proc/fs/jbd2/sdb1-8 HTTP/1.1" 200 2813 "https://trn2.mesegroup.de/?path=//proc/fs/jbd2" "Mozilla/5.0 AppleWebKit/537.36 (KHTML, like Gecko; compatible; GPTBot/1.3; +https://openai.com/gptbot)"
216.73.216.167 - - [13/Mar/2026:09:11:28 -0400] "GET /gambling-cost-australia?fileloc=%2F%2Flib64%2Flibavahi-client.so.3.2.9&path=%2F%2Flib64 HTTP/1.1" 200 2485 "-" "Mozilla/5.0 AppleWebKit/537.36 (KHTML, like Gecko; compatible; ClaudeBot/1.0; [email protected])"
216.73.216.167 - - [13/Mar/2026:09:11:31 -0400] "GET /gambling-cost-australia?fileloc=%2F%2Flib64%2Flibgomp.so.1.0.0&path=%2F%2Flib64 HTTP/1.1" 200 2482 "-" "Mozilla/5.0 AppleWebKit/537.36 (KHTML, like Gecko; compatible; ClaudeBot/1.0; [email protected])"
74.7.243.248 - - [13/Mar/2026:09:11:31 -0400] "GET /?path=//proc/fs/jbd2/sda3-8 HTTP/1.1" 200 2777 "https://trn2.mesegroup.de/?path=//proc/fs/jbd2" "Mozilla/5.0 AppleWebKit/537.36 (KHTML, like Gecko; compatible; GPTBot/1.3; +https://openai.com/gptbot)"
216.73.216.167 - - [13/Mar/2026:09:11:34 -0400] "GET /gambling-cost-australia?fileloc=%2Fhome%2Faliazzsr%2Ftrn2.mesegroup.de%2Fwp-admin%2Fincludes%2Fpost.php&path=%2Fhome%2Faliazzsr%2Ftrn2.mesegroup.de%2Fwp-admin%2Fincludes HTTP/1.1" 200 23689 "-" "Mozilla/5.0 AppleWebKit/537.36 (KHTML, like Gecko; compatible; ClaudeBot/1.0; [email protected])"
74.7.243.248 - - [13/Mar/2026:09:11:34 -0400] "GET /?path=//proc/3863880/root/lib/environment.d HTTP/1.1" 200 2566 "https://trn2.mesegroup.de/?path=//proc/3863880/root/lib" "Mozilla/5.0 AppleWebKit/537.36 (KHTML, like Gecko; compatible; GPTBot/1.3; +https://openai.com/gptbot)"
216.73.216.167 - - [13/Mar/2026:09:11:37 -0400] "GET /gambling-cost-australia?fileloc=%2F%2Flib64%2Flibteam.so.5&path=%2F%2Flib64 HTTP/1.1" 200 2474 "-" "Mozilla/5.0 AppleWebKit/537.36 (KHTML, like Gecko; compatible; ClaudeBot/1.0; [email protected])"
74.7.243.248 - - [13/Mar/2026:09:11:37 -0400] "GET /?path=//proc/3863880/root/usr/lib/firmware/dell HTTP/1.1" 200 2581 "https://trn2.mesegroup.de/?path=//proc/3863880/root/usr/lib/firmware" "Mozilla/5.0 AppleWebKit/537.36 (KHTML, like Gecko; compatible; GPTBot/1.3; +https://openai.com/gptbot)"
216.73.216.167 - - [13/Mar/2026:09:11:40 -0400] "GET /gambling-cost-australia?path=%2Fhome%2Faliazzsr%2Ftrn2.mesegroup.de%2Fwp-content%2Fthemes%2Fhardware-store%2Finc HTTP/1.1" 200 2924 "-" "Mozilla/5.0 AppleWebKit/537.36 (KHTML, like Gecko; compatible; ClaudeBot/1.0; [email protected])"
74.7.243.248 - - [13/Mar/2026:09:11:40 -0400] "GET /?path=//proc/3863880/root/lib/firmware/imx/sdma HTTP/1.1" 200 2588 "https://trn2.mesegroup.de/?path=//proc/3863880/root/lib/firmware/imx" "Mozilla/5.0 AppleWebKit/537.36 (KHTML, like Gecko; compatible; GPTBot/1.3; +https://openai.com/gptbot)"
216.73.216.167 - - [13/Mar/2026:09:11:43 -0400] "GET /gambling-cost-australia?fileloc=%2F%2Flib64%2Flibm-2.28.so&path=%2F%2Flib64 HTTP/1.1" 200 2476 "-" "Mozilla/5.0 AppleWebKit/537.36 (KHTML, like Gecko; compatible; ClaudeBot/1.0; [email protected])"
74.7.243.248 - - [13/Mar/2026:09:11:43 -0400] "GET /?path=//proc/3863880/root/usr/lib/firmware/wfx HTTP/1.1" 200 2586 "https://trn2.mesegroup.de/?path=//proc/3863880/root/usr/lib/firmware" "Mozilla/5.0 AppleWebKit/537.36 (KHTML, like Gecko; compatible; GPTBot/1.3; +https://openai.com/gptbot)"
216.73.216.167 - - [13/Mar/2026:09:11:46 -0400] "GET /gambling-cost-australia?fileloc=%2F%2Flib64%2Flibidn.so&path=%2F%2Flib64 HTTP/1.1" 200 2473 "-" "Mozilla/5.0 AppleWebKit/537.36 (KHTML, like Gecko; compatible; ClaudeBot/1.0; [email protected])"
74.7.243.248 - - [13/Mar/2026:09:11:46 -0400] "GET /?path=//proc/3863880/root/usr/lib/sysimage HTTP/1.1" 200 2571 "https://trn2.mesegroup.de/?path=//proc/3863880/root/usr/lib" "Mozilla/5.0 AppleWebKit/537.36 (KHTML, like Gecko; compatible; GPTBot/1.3; +https://openai.com/gptbot)"
216.73.216.167 - - [13/Mar/2026:09:11:49 -0400] "GET /gambling-cost-australia?fileloc=%2Fhome%2Faliazzsr%2Ftrn2.mesegroup.de%2Fwp-includes%2Fcompat.php&path=%2Fhome%2Faliazzsr%2Ftrn2.mesegroup.de%2Fwp-includes HTTP/1.1" 200 6846 "-" "Mozilla/5.0 AppleWebKit/537.36 (KHTML, like Gecko; compatible; ClaudeBot/1.0; [email protected])"
74.7.243.248 - - [13/Mar/2026:09:11:49 -0400] "GET /?path=//proc/3863880/root/usr/include/rdma/hfi HTTP/1.1" 200 2543 "https://trn2.mesegroup.de/?path=//proc/3863880/root/usr/include/rdma" "Mozilla/5.0 AppleWebKit/537.36 (KHTML, like Gecko; compatible; GPTBot/1.3; +https://openai.com/gptbot)"
216.73.216.167 - - [13/Mar/2026:09:11:52 -0400] "GET /gambling-cost-australia?fileloc=%2F%2Flib64%2FlibGLESv1_CM.so.1.2.0&path=%2F%2Flib64 HTTP/1.1" 200 2490 "-" "Mozilla/5.0 AppleWebKit/537.36 (KHTML, like Gecko; compatible; ClaudeBot/1.0; [email protected])"
74.7.243.248 - - [13/Mar/2026:09:11:53 -0400] "GET /?path=//proc/3863880/root/lib/tuned/recommend.d HTTP/1.1" 200 2535 "https://trn2.mesegroup.de/?path=//proc/3863880/root/lib/tuned" "Mozilla/5.0 AppleWebKit/537.36 (KHTML, like Gecko; compatible; GPTBot/1.3; +https://openai.com/gptbot)"
216.73.216.167 - - [13/Mar/2026:09:11:55 -0400] "GET /gambling-cost-australia?fileloc=%2F%2Flib64%2Flibtspi.so.1&path=%2F%2Flib64 HTTP/1.1" 200 2474 "-" "Mozilla/5.0 AppleWebKit/537.36 (KHTML, like Gecko; compatible; ClaudeBot/1.0; [email protected])"
74.7.243.248 - - [13/Mar/2026:09:11:56 -0400] "GET /?path=//proc/3863880/root/usr/lib/firmware/sxg HTTP/1.1" 200 2587 "https://trn2.mesegroup.de/?path=//proc/3863880/root/usr/lib/firmware" "Mozilla/5.0 AppleWebKit/537.36 (KHTML, like Gecko; compatible; GPTBot/1.3; +https://openai.com/gptbot)"
216.73.216.167 - - [13/Mar/2026:09:11:58 -0400] "GET /gambling-cost-australia?fileloc=%2F%2Flib64%2FlibSvtAv1Dec.so.0&path=%2F%2Flib64 HTTP/1.1" 200 2483 "-" "Mozilla/5.0 AppleWebKit/537.36 (KHTML, like Gecko; compatible; ClaudeBot/1.0; [email protected])"
74.7.243.248 - - [13/Mar/2026:09:11:59 -0400] "GET /?path=//proc/3863880/root/usr/lib/firmware/sdca HTTP/1.1" 200 2538 "https://trn2.mesegroup.de/?path=//proc/3863880/root/usr/lib/firmware" "Mozilla/5.0 AppleWebKit/537.36 (KHTML, like Gecko; compatible; GPTBot/1.3; +https://openai.com/gptbot)"
216.73.216.167 - - [13/Mar/2026:09:12:01 -0400] "GET /gambling-cost-australia?fileloc=%2F%2Flib64%2Flibjasper.so.4.0.0&path=%2F%2Flib64 HTTP/1.1" 200 2484 "-" "Mozilla/5.0 AppleWebKit/537.36 (KHTML, like Gecko; compatible; ClaudeBot/1.0; [email protected])"
74.7.243.248 - - [13/Mar/2026:09:12:02 -0400] "GET /?path=//proc/3863880/root/usr/lib/node_modules HTTP/1.1" 200 2535 "https://trn2.mesegroup.de/?path=//proc/3863880/root/usr/lib" "Mozilla/5.0 AppleWebKit/537.36 (KHTML, like Gecko; compatible; GPTBot/1.3; +https://openai.com/gptbot)"
216.73.216.167 - - [13/Mar/2026:09:12:04 -0400] "GET /gambling-cost-australia?fileloc=%2Fhome%2Faliazzsr%2Ftrn2.mesegroup.de%2Fwp-admin%2Fcss%2Fsite-icon-rtl.css&path=%2Fhome%2Faliazzsr%2Ftrn2.mesegroup.de%2Fwp-admin%2Fcss HTTP/1.1" 200 2864 "-" "Mozilla/5.0 AppleWebKit/537.36 (KHTML, like Gecko; compatible; ClaudeBot/1.0; [email protected])"
74.7.243.248 - - [13/Mar/2026:09:12:05 -0400] "GET /?path=//proc/3863880/root/usr/lib/firmware/nxp HTTP/1.1" 200 2540 "https://trn2.mesegroup.de/?path=//proc/3863880/root/usr/lib/firmware" "Mozilla/5.0 AppleWebKit/537.36 (KHTML, like Gecko; compatible; GPTBot/1.3; +https://openai.com/gptbot)"
216.73.216.167 - - [13/Mar/2026:09:12:07 -0400] "GET /gambling-cost-australia?path=%2Fhome%2Faliazzsr%2Ftrn2.mesegroup.de%2Fwp-content%2Fplugins%2Fclick-to-chat-for-whatsapp HTTP/1.1" 200 3075 "-" "Mozilla/5.0 AppleWebKit/537.36 (KHTML, like Gecko; compatible; ClaudeBot/1.0; [email protected])"
74.7.243.248 - - [13/Mar/2026:09:12:09 -0400] "GET /?path=//proc/3863880/root/usr/include/webp HTTP/1.1" 200 2579 "https://trn2.mesegroup.de/?path=//proc/3863880/root/usr/include" "Mozilla/5.0 AppleWebKit/537.36 (KHTML, like Gecko; compatible; GPTBot/1.3; +https://openai.com/gptbot)"
216.73.216.167 - - [13/Mar/2026:09:12:10 -0400] "GET /gambling-cost-australia?fileloc=%2Fhome%2Faliazzsr%2Ftrn2.mesegroup.de%2Fwp-includes%2Fms-default-constants.php&path=%2Fhome%2Faliazzsr%2Ftrn2.mesegroup.de%2Fwp-includes HTTP/1.1" 200 4159 "-" "Mozilla/5.0 AppleWebKit/537.36 (KHTML, like Gecko; compatible; ClaudeBot/1.0; [email protected])"
74.7.243.248 - - [13/Mar/2026:09:12:12 -0400] "GET /?path=//proc/3863880/root/usr/include/lzma HTTP/1.1" 200 2531 "https://trn2.mesegroup.de/?path=//proc/3863880/root/usr/include" "Mozilla/5.0 AppleWebKit/537.36 (KHTML, like Gecko; compatible; GPTBot/1.3; +https://openai.com/gptbot)"
216.73.216.167 - - [13/Mar/2026:09:12:13 -0400] "GET /gambling-cost-australia?fileloc=%2F%2Flib64%2Flibdav1d.so.3&path=%2F%2Flib64 HTTP/1.1" 200 2477 "-" "Mozilla/5.0 AppleWebKit/537.36 (KHTML, like Gecko; compatible; ClaudeBot/1.0; [email protected])"
74.7.243.248 - - [13/Mar/2026:09:12:15 -0400] "GET /?path=//proc/3863880/root/usr/lib/firmware/qcom HTTP/1.1" 200 2584 "https://trn2.mesegroup.de/?path=//proc/3863880/root/usr/lib/firmware" "Mozilla/5.0 AppleWebKit/537.36 (KHTML, like Gecko; compatible; GPTBot/1.3; +https://openai.com/gptbot)"
216.73.216.167 - - [13/Mar/2026:09:12:16 -0400] "GET /gambling-cost-australia?fileloc=%2F%2Flib64%2Flibsz.so.2&path=%2F%2Flib64 HTTP/1.1" 200 2475 "-" "Mozilla/5.0 AppleWebKit/537.36 (KHTML, like Gecko; compatible; ClaudeBot/1.0; [email protected])"
74.7.243.248 - - [13/Mar/2026:09:12:18 -0400] "GET /?path=//proc/3863880/root/lib/firmware/sxg HTTP/1.1" 200 2534 "https://trn2.mesegroup.de/?path=//proc/3863880/root/lib/firmware" "Mozilla/5.0 AppleWebKit/537.36 (KHTML, like Gecko; compatible; GPTBot/1.3; +https://openai.com/gptbot)"
216.73.216.167 - - [13/Mar/2026:09:12:20 -0400] "GET /gambling-cost-australia?fileloc=%2Fhome%2Faliazzsr%2Ftrn3.mesegroup.de%2Fwp-includes%2Fclass-wp-error.php&path=%2Fhome%2Faliazzsr%2Ftrn3.mesegroup.de%2Fwp-includes HTTP/1.1" 200 4430 "-" "Mozilla/5.0 AppleWebKit/537.36 (KHTML, like Gecko; compatible; ClaudeBot/1.0; [email protected])"
74.7.243.248 - - [13/Mar/2026:09:12:21 -0400] "GET /?path=//proc/3863880/root/usr/lib/firmware/sun HTTP/1.1" 200 2540 "https://trn2.mesegroup.de/?path=//proc/3863880/root/usr/lib/firmware" "Mozilla/5.0 AppleWebKit/537.36 (KHTML, like Gecko; compatible; GPTBot/1.3; +https://openai.com/gptbot)"
216.73.216.167 - - [13/Mar/2026:09:12:23 -0400] "GET /gambling-cost-australia?fileloc=%2Fhome%2Faliazzsr%2Ftrn3.mesegroup.de%2Fwp-includes%2Fclass-wp-block-parser-frame.php&path=%2Fhome%2Faliazzsr%2Ftrn3.mesegroup.de%2Fwp-includes HTTP/1.1" 200 3036 "-" "Mozilla/5.0 AppleWebKit/537.36 (KHTML, like Gecko; compatible; ClaudeBot/1.0; [email protected])"
74.7.243.248 - - [13/Mar/2026:09:12:24 -0400] "GET /?path=//proc/3863880/root/lib/firmware/sun HTTP/1.1" 200 2534 "https://trn2.mesegroup.de/?path=//proc/3863880/root/lib/firmware" "Mozilla/5.0 AppleWebKit/537.36 (KHTML, like Gecko; compatible; GPTBot/1.3; +https://openai.com/gptbot)"
216.73.216.167 - - [13/Mar/2026:09:12:26 -0400] "GET /gambling-cost-australia?fileloc=%2Fhome%2Faliazzsr%2Ftrn3.mesegroup.de%2Fwp-includes%2Fclass-wp-navigation-fallback.php&path=%2Fhome%2Faliazzsr%2Ftrn3.mesegroup.de%2Fwp-includes HTTP/1.1" 200 4846 "-" "Mozilla/5.0 AppleWebKit/537.36 (KHTML, like Gecko; compatible; ClaudeBot/1.0; [email protected])"
74.7.243.248 - - [13/Mar/2026:09:12:27 -0400] "GET /?path=//proc/3863880/root/usr/include/linux/mmc HTTP/1.1" 200 2593 "https://trn2.mesegroup.de/?path=//proc/3863880/root/usr/include/linux" "Mozilla/5.0 AppleWebKit/537.36 (KHTML, like Gecko; compatible; GPTBot/1.3; +https://openai.com/gptbot)"
216.73.216.167 - - [13/Mar/2026:09:12:29 -0400] "GET /gambling-cost-australia?fileloc=%2F%2Fvar%2Fsoftaculous%2Fimpress%2Fimport.php&path=%2F%2Fvar%2Fsoftaculous%2Fimpress HTTP/1.1" 200 5192 "-" "Mozilla/5.0 AppleWebKit/537.36 (KHTML, like Gecko; compatible; ClaudeBot/1.0; [email protected])"
74.7.243.248 - - [13/Mar/2026:09:12:30 -0400] "GET /?path=//proc/3863880/root/usr/lib/firmware/cnm HTTP/1.1" 200 2585 "https://trn2.mesegroup.de/?path=//proc/3863880/root/usr/lib/firmware" "Mozilla/5.0 AppleWebKit/537.36 (KHTML, like Gecko; compatible; GPTBot/1.3; +https://openai.com/gptbot)"
216.73.216.167 - - [13/Mar/2026:09:12:32 -0400] "GET /gambling-cost-australia?fileloc=%2Fhome%2Faliazzsr%2Fshop.mesegroup.de%2Fwp-includes%2Fclass-wp-query-reference.php&path=%2Fhome%2Faliazzsr%2Fshop.mesegroup.de%2Fwp-includes HTTP/1.1" 200 2679 "-" "Mozilla/5.0 AppleWebKit/537.36 (KHTML, like Gecko; compatible; ClaudeBot/1.0; [email protected])"
74.7.243.248 - - [13/Mar/2026:09:12:34 -0400] "GET /?path=//proc/3863880/root/usr/lib/firmware/qed HTTP/1.1" 200 2587 "https://trn2.mesegroup.de/?path=//proc/3863880/root/usr/lib/firmware" "Mozilla/5.0 AppleWebKit/537.36 (KHTML, like Gecko; compatible; GPTBot/1.3; +https://openai.com/gptbot)"
216.73.216.167 - - [13/Mar/2026:09:12:35 -0400] "GET /gambling-cost-australia?path=%2Fhome%2Faliazzsr%2Ftrn3.mesegroup.de%2Fwp-includes%2Fblock-supports HTTP/1.1" 200 3493 "-" "Mozilla/5.0 AppleWebKit/537.36 (KHTML, like Gecko; compatible; ClaudeBot/1.0; [email protected])"
74.7.243.248 - - [13/Mar/2026:09:12:37 -0400] "GET /?path=//proc/3863880/root/lib/tuned/cloudlinux-default HTTP/1.1" 200 2582 "https://trn2.mesegroup.de/?path=//proc/3863880/root/lib/tuned" "Mozilla/5.0 AppleWebKit/537.36 (KHTML, like Gecko; compatible; GPTBot/1.3; +https://openai.com/gptbot)"
216.73.216.167 - - [13/Mar/2026:09:12:38 -0400] "GET /gambling-cost-australia?fileloc=%2Fhome%2Faliazzsr%2Fshop.mesegroup.de%2Fwp-includes%2Fscript-modules.php&path=%2Fhome%2Faliazzsr%2Fshop.mesegroup.de%2Fwp-includes HTTP/1.1" 200 4180 "-" "Mozilla/5.0 AppleWebKit/537.36 (KHTML, like Gecko; compatible; ClaudeBot/1.0; [email protected])"
74.7.243.248 - - [13/Mar/2026:09:12:40 -0400] "GET /?path=//proc/3863880/root/usr/lib/NetworkManager/system-connections HTTP/1.1" 200 2604 "https://trn2.mesegroup.de/?path=//proc/3863880/root/usr/lib/NetworkManager" "Mozilla/5.0 AppleWebKit/537.36 (KHTML, like Gecko; compatible; GPTBot/1.3; +https://openai.com/gptbot)"
216.73.216.167 - - [13/Mar/2026:09:12:41 -0400] "GET /gambling-cost-australia?fileloc=%2Fhome%2Faliazzsr%2Fshop.mesegroup.de%2Fwp-includes%2Fclass-wp-http-encoding.php&path=%2Fhome%2Faliazzsr%2Fshop.mesegroup.de%2Fwp-includes HTTP/1.1" 200 4609 "-" "Mozilla/5.0 AppleWebKit/537.36 (KHTML, like Gecko; compatible; ClaudeBot/1.0; [email protected])"
74.7.243.248 - - [13/Mar/2026:09:12:43 -0400] "GET /?fileloc=//proc/sys/fs/aio-nr&path=//proc/sys/fs HTTP/1.1" 200 2493 "https://trn2.mesegroup.de/?path=//proc/sys/fs" "Mozilla/5.0 AppleWebKit/537.36 (KHTML, like Gecko; compatible; GPTBot/1.3; +https://openai.com/gptbot)"
216.73.216.167 - - [13/Mar/2026:09:12:44 -0400] "GET /gambling-cost-australia?fileloc=%2Fhome%2Faliazzsr%2Fshop.mesegroup.de%2Fwp-includes%2Ffunctions.wp-scripts.php&path=%2Fhome%2Faliazzsr%2Fshop.mesegroup.de%2Fwp-includes HTTP/1.1" 200 6573 "-" "Mozilla/5.0 AppleWebKit/537.36 (KHTML, like Gecko; compatible; ClaudeBot/1.0; [email protected])"
74.7.243.248 - - [13/Mar/2026:09:12:46 -0400] "GET /?fileloc=//proc/sys/fs/nr_open&path=//proc/sys/fs HTTP/1.1" 200 2449 "https://trn2.mesegroup.de/?path=//proc/sys/fs" "Mozilla/5.0 AppleWebKit/537.36 (KHTML, like Gecko; compatible; GPTBot/1.3; +https://openai.com/gptbot)"
216.73.216.167 - - [13/Mar/2026:09:12:47 -0400] "GET /gambling-cost-australia?fileloc=%2Fhome%2Faliazzsr%2Fshop.mesegroup.de%2Fwp-includes%2Fscript-loader.php&path=%2Fhome%2Faliazzsr%2Fshop.mesegroup.de%2Fwp-includes HTTP/1.1" 200 35321 "-" "Mozilla/5.0 AppleWebKit/537.36 (KHTML, like Gecko; compatible; ClaudeBot/1.0; [email protected])"
74.7.243.248 - - [13/Mar/2026:09:12:49 -0400] "GET /?fileloc=//proc/fs/xfs/xqmstat&path=//proc/fs/xfs HTTP/1.1" 200 2451 "https://trn2.mesegroup.de/?path=//proc/fs/xfs" "Mozilla/5.0 AppleWebKit/537.36 (KHTML, like Gecko; compatible; GPTBot/1.3; +https://openai.com/gptbot)"
216.73.216.167 - - [13/Mar/2026:09:12:50 -0400] "GET /gambling-cost-australia?fileloc=%2F%2Fvar%2Fsoftaculous%2Fwikka%2Fimport.php&path=%2F%2Fvar%2Fsoftaculous%2Fwikka HTTP/1.1" 200 4923 "-" "Mozilla/5.0 AppleWebKit/537.36 (KHTML, like Gecko; compatible; ClaudeBot/1.0; [email protected])"
74.7.243.248 - - [13/Mar/2026:09:12:52 -0400] "GET /?fileloc=//proc/sys/fs/file-nr&path=//proc/sys/fs HTTP/1.1" 200 2504 "https://trn2.mesegroup.de/?path=//proc/sys/fs" "Mozilla/5.0 AppleWebKit/537.36 (KHTML, like Gecko; compatible; GPTBot/1.3; +https://openai.com/gptbot)"
216.73.216.167 - - [13/Mar/2026:09:12:53 -0400] "GET /gambling-cost-australia?fileloc=%2Fhome%2Faliazzsr%2Fshop.mesegroup.de%2Fwp-includes%2Fclass.wp-scripts.php&path=%2Fhome%2Faliazzsr%2Fshop.mesegroup.de%2Fwp-includes HTTP/1.1" 200 2636 "-" "Mozilla/5.0 AppleWebKit/537.36 (KHTML, like Gecko; compatible; ClaudeBot/1.0; [email protected])"
74.7.243.248 - - [13/Mar/2026:09:12:55 -0400] "GET /?path=//proc/3863880/root/usr/lib/.build-id/1b HTTP/1.1" 200 2538 "https://trn2.mesegroup.de/?path=//proc/3863880/root/usr/lib/.build-id" "Mozilla/5.0 AppleWebKit/537.36 (KHTML, like Gecko; compatible; GPTBot/1.3; +https://openai.com/gptbot)"
216.73.216.167 - - [13/Mar/2026:09:12:56 -0400] "GET /gambling-cost-australia?fileloc=%2F%2Fvar%2Fsoftaculous%2Fimpress%2Finstall.php&path=%2F%2Fvar%2Fsoftaculous%2Fimpress HTTP/1.1" 200 12465 "-" "Mozilla/5.0 AppleWebKit/537.36 (KHTML, like Gecko; compatible; ClaudeBot/1.0; [email protected])"
74.7.243.248 - - [13/Mar/2026:09:12:59 -0400] "GET /?path=//proc/3863880/root/usr/lib/.build-id/5a HTTP/1.1" 200 2586 "https://trn2.mesegroup.de/?path=//proc/3863880/root/usr/lib/.build-id" "Mozilla/5.0 AppleWebKit/537.36 (KHTML, like Gecko; compatible; GPTBot/1.3; +https://openai.com/gptbot)"
