74.7.243.248 - - [13/Mar/2026:09:17:23 -0400] "GET /?fileloc=//proc/self/mountstats&path=//proc/self HTTP/1.1" 200 3579 "https://trn2.mesegroup.de/?path=//proc/self" "Mozilla/5.0 AppleWebKit/537.36 (KHTML, like Gecko; compatible; GPTBot/1.3; +https://openai.com/gptbot)"
216.73.216.167 - - [13/Mar/2026:09:17:23 -0400] "GET /gambling-cost-australia?fileloc=%2F%2Flib%2F.build-id%2Ff1%2F553451362b6cb1830b16427e6252bf28b507cf&path=%2F%2Flib%2F.build-id%2Ff1 HTTP/1.1" 200 2516 "-" "Mozilla/5.0 AppleWebKit/537.36 (KHTML, like Gecko; compatible; ClaudeBot/1.0; [email protected])"
216.73.216.167 - - [13/Mar/2026:09:17:26 -0400] "GET /gambling-cost-australia?fileloc=%2F%2Flib%2F.build-id%2Fd6%2Fd555f38a701b3d09da734704b252d168dde729&path=%2F%2Flib%2F.build-id%2Fd6 HTTP/1.1" 200 2515 "-" "Mozilla/5.0 AppleWebKit/537.36 (KHTML, like Gecko; compatible; ClaudeBot/1.0; [email protected])"
74.7.243.248 - - [13/Mar/2026:09:17:26 -0400] "GET /?path=//proc/3863880/root/lib/firmware/nvidia/ad103.rpmmoved/gsp HTTP/1.1" 200 2558 "https://trn2.mesegroup.de/?path=//proc/3863880/root/lib/firmware/nvidia/ad103.rpmmoved" "Mozilla/5.0 AppleWebKit/537.36 (KHTML, like Gecko; compatible; GPTBot/1.3; +https://openai.com/gptbot)"
216.73.216.167 - - [13/Mar/2026:09:17:29 -0400] "GET /gambling-cost-australia?fileloc=%2F%2Flib%2F.build-id%2F07%2F89a40331769143eac65087200fc9ee07673eca&path=%2F%2Flib%2F.build-id%2F07 HTTP/1.1" 200 2515 "-" "Mozilla/5.0 AppleWebKit/537.36 (KHTML, like Gecko; compatible; ClaudeBot/1.0; [email protected])"
74.7.243.248 - - [13/Mar/2026:09:17:29 -0400] "GET /?path=//proc/3863880/root/lib/firmware/nvidia/ad106.rpmmoved/gsp HTTP/1.1" 200 2558 "https://trn2.mesegroup.de/?path=//proc/3863880/root/lib/firmware/nvidia/ad106.rpmmoved" "Mozilla/5.0 AppleWebKit/537.36 (KHTML, like Gecko; compatible; GPTBot/1.3; +https://openai.com/gptbot)"
216.73.216.167 - - [13/Mar/2026:09:17:32 -0400] "GET /gambling-cost-australia?fileloc=%2F%2Flib%2F.build-id%2F97%2Facb4c672673acdbecf62e6d1a109951ee736ae&path=%2F%2Flib%2F.build-id%2F97 HTTP/1.1" 200 2515 "-" "Mozilla/5.0 AppleWebKit/537.36 (KHTML, like Gecko; compatible; ClaudeBot/1.0; [email protected])"
74.7.243.248 - - [13/Mar/2026:09:17:32 -0400] "GET /?path=//proc/irq/4 HTTP/1.1" 200 3037 "https://trn2.mesegroup.de/?path=//proc/irq" "Mozilla/5.0 AppleWebKit/537.36 (KHTML, like Gecko; compatible; GPTBot/1.3; +https://openai.com/gptbot)"
216.73.216.167 - - [13/Mar/2026:09:17:35 -0400] "GET /gambling-cost-australia?fileloc=%2F%2Flib%2F.build-id%2Fd1%2F5e72248bc1e230d83a7c22353a8fcb71331820&path=%2F%2Flib%2F.build-id%2Fd1 HTTP/1.1" 200 2514 "-" "Mozilla/5.0 AppleWebKit/537.36 (KHTML, like Gecko; compatible; ClaudeBot/1.0; [email protected])"
74.7.243.248 - - [13/Mar/2026:09:17:35 -0400] "GET /?path=//proc/irq/7 HTTP/1.1" 200 2988 "https://trn2.mesegroup.de/?path=//proc/irq" "Mozilla/5.0 AppleWebKit/537.36 (KHTML, like Gecko; compatible; GPTBot/1.3; +https://openai.com/gptbot)"
216.73.216.167 - - [13/Mar/2026:09:17:38 -0400] "GET /gambling-cost-australia?fileloc=%2F%2Flib%2F.build-id%2F3c%2F5394847ed46cb2c6c163a89a5cc147d10736d1&path=%2F%2Flib%2F.build-id%2F3c HTTP/1.1" 200 2515 "-" "Mozilla/5.0 AppleWebKit/537.36 (KHTML, like Gecko; compatible; ClaudeBot/1.0; [email protected])"
74.7.243.248 - - [13/Mar/2026:09:17:38 -0400] "GET /?path=//proc/irq/1 HTTP/1.1" 200 3070 "https://trn2.mesegroup.de/?path=//proc/irq" "Mozilla/5.0 AppleWebKit/537.36 (KHTML, like Gecko; compatible; GPTBot/1.3; +https://openai.com/gptbot)"
216.73.216.167 - - [13/Mar/2026:09:17:41 -0400] "GET /gambling-cost-australia?fileloc=%2F%2Flib%2F.build-id%2F9f%2F05bfbf2a66189fba810a269091169f482c006d&path=%2F%2Flib%2F.build-id%2F9f HTTP/1.1" 200 2516 "-" "Mozilla/5.0 AppleWebKit/537.36 (KHTML, like Gecko; compatible; ClaudeBot/1.0; [email protected])"
74.7.243.248 - - [13/Mar/2026:09:17:42 -0400] "GET /?path=//proc/irq/9 HTTP/1.1" 200 3027 "https://trn2.mesegroup.de/?path=//proc/irq" "Mozilla/5.0 AppleWebKit/537.36 (KHTML, like Gecko; compatible; GPTBot/1.3; +https://openai.com/gptbot)"
216.73.216.167 - - [13/Mar/2026:09:17:44 -0400] "GET /gambling-cost-australia?fileloc=%2F%2Flib%2F.build-id%2F9f%2F9b63b4343623199cb52a557503d038d0e479b1&path=%2F%2Flib%2F.build-id%2F9f HTTP/1.1" 200 2516 "-" "Mozilla/5.0 AppleWebKit/537.36 (KHTML, like Gecko; compatible; ClaudeBot/1.0; [email protected])"
74.7.243.248 - - [13/Mar/2026:09:17:45 -0400] "GET /?path=//proc/irq/0 HTTP/1.1" 200 2984 "https://trn2.mesegroup.de/?path=//proc/irq" "Mozilla/5.0 AppleWebKit/537.36 (KHTML, like Gecko; compatible; GPTBot/1.3; +https://openai.com/gptbot)"
216.73.216.167 - - [13/Mar/2026:09:17:47 -0400] "GET /gambling-cost-australia?fileloc=%2F%2Flib%2F.build-id%2Fd1%2F818ed7a37c88acc5e73c21780423a6b3d28097&path=%2F%2Flib%2F.build-id%2Fd1 HTTP/1.1" 200 2515 "-" "Mozilla/5.0 AppleWebKit/537.36 (KHTML, like Gecko; compatible; ClaudeBot/1.0; [email protected])"
74.7.243.248 - - [13/Mar/2026:09:17:48 -0400] "GET /?path=//proc/irq/6 HTTP/1.1" 200 2985 "https://trn2.mesegroup.de/?path=//proc/irq" "Mozilla/5.0 AppleWebKit/537.36 (KHTML, like Gecko; compatible; GPTBot/1.3; +https://openai.com/gptbot)"
216.73.216.167 - - [13/Mar/2026:09:17:50 -0400] "GET /gambling-cost-australia?fileloc=%2F%2Flib%2F.build-id%2F97%2F714b9d238bd42a5f41072c869279e1ba164448&path=%2F%2Flib%2F.build-id%2F97 HTTP/1.1" 200 2516 "-" "Mozilla/5.0 AppleWebKit/537.36 (KHTML, like Gecko; compatible; ClaudeBot/1.0; [email protected])"
74.7.243.248 - - [13/Mar/2026:09:17:51 -0400] "GET /?path=//proc/irq/5 HTTP/1.1" 200 2988 "https://trn2.mesegroup.de/?path=//proc/irq" "Mozilla/5.0 AppleWebKit/537.36 (KHTML, like Gecko; compatible; GPTBot/1.3; +https://openai.com/gptbot)"
216.73.216.167 - - [13/Mar/2026:09:17:53 -0400] "GET /gambling-cost-australia?fileloc=%2F%2Flib%2F.build-id%2F5a%2F63dfe5e6a8c5c169a04e273c173bc12b92a883&path=%2F%2Flib%2F.build-id%2F5a HTTP/1.1" 200 2515 "-" "Mozilla/5.0 AppleWebKit/537.36 (KHTML, like Gecko; compatible; ClaudeBot/1.0; [email protected])"
74.7.243.248 - - [13/Mar/2026:09:17:54 -0400] "GET /?path=//proc/irq/8 HTTP/1.1" 200 3029 "https://trn2.mesegroup.de/?path=//proc/irq" "Mozilla/5.0 AppleWebKit/537.36 (KHTML, like Gecko; compatible; GPTBot/1.3; +https://openai.com/gptbot)"
216.73.216.167 - - [13/Mar/2026:09:17:56 -0400] "GET /gambling-cost-australia?fileloc=%2F%2Flib%2F.build-id%2Ff1%2F9ed69bea80182e7838291dcb03d500cade50f6&path=%2F%2Flib%2F.build-id%2Ff1 HTTP/1.1" 200 2515 "-" "Mozilla/5.0 AppleWebKit/537.36 (KHTML, like Gecko; compatible; ClaudeBot/1.0; [email protected])"
74.7.243.248 - - [13/Mar/2026:09:17:57 -0400] "GET /?path=//proc/irq/2 HTTP/1.1" 200 2987 "https://trn2.mesegroup.de/?path=//proc/irq" "Mozilla/5.0 AppleWebKit/537.36 (KHTML, like Gecko; compatible; GPTBot/1.3; +https://openai.com/gptbot)"
216.73.216.167 - - [13/Mar/2026:09:17:59 -0400] "GET /gambling-cost-australia?fileloc=%2F%2Flib%2F.build-id%2F5a%2F708750fc874605ec6ee3265892a3bbdf4c13f3&path=%2F%2Flib%2F.build-id%2F5a HTTP/1.1" 200 2465 "-" "Mozilla/5.0 AppleWebKit/537.36 (KHTML, like Gecko; compatible; ClaudeBot/1.0; [email protected])"
74.7.243.248 - - [13/Mar/2026:09:18:00 -0400] "GET /?path=//proc/irq/3 HTTP/1.1" 200 3025 "https://trn2.mesegroup.de/?path=//proc/irq" "Mozilla/5.0 AppleWebKit/537.36 (KHTML, like Gecko; compatible; GPTBot/1.3; +https://openai.com/gptbot)"
216.73.216.167 - - [13/Mar/2026:09:18:03 -0400] "GET /gambling-cost-australia?path=%2F%2Flib%2F.build-id%2Fac HTTP/1.1" 200 4005 "-" "Mozilla/5.0 AppleWebKit/537.36 (KHTML, like Gecko; compatible; ClaudeBot/1.0; [email protected])"
74.7.243.248 - - [13/Mar/2026:09:18:03 -0400] "GET /?path=//proc/3863880/root/usr/lib/systemd/system/kexec.target.wants HTTP/1.1" 200 2604 "https://trn2.mesegroup.de/?path=//proc/3863880/root/usr/lib/systemd/system" "Mozilla/5.0 AppleWebKit/537.36 (KHTML, like Gecko; compatible; GPTBot/1.3; +https://openai.com/gptbot)"
216.73.216.167 - - [13/Mar/2026:09:18:06 -0400] "GET /gambling-cost-australia?fileloc=%2F%2Fdev%2Fshm%2F.r0tr2314&path=%2F%2Fdev%2Fshm HTTP/1.1" 200 2473 "-" "Mozilla/5.0 AppleWebKit/537.36 (KHTML, like Gecko; compatible; ClaudeBot/1.0; [email protected])"
74.7.243.248 - - [13/Mar/2026:09:18:07 -0400] "GET /?fileloc=//proc/irq/4/node&path=//proc/irq/4 HTTP/1.1" 200 2441 "https://trn2.mesegroup.de/?path=//proc/irq/4" "Mozilla/5.0 AppleWebKit/537.36 (KHTML, like Gecko; compatible; GPTBot/1.3; +https://openai.com/gptbot)"
216.73.216.167 - - [13/Mar/2026:09:18:09 -0400] "GET /gambling-cost-australia?fileloc=%2F%2Fdev%2Fshm%2F.n7tdt703&path=%2F%2Fdev%2Fshm HTTP/1.1" 200 2471 "-" "Mozilla/5.0 AppleWebKit/537.36 (KHTML, like Gecko; compatible; ClaudeBot/1.0; [email protected])"
74.7.243.248 - - [13/Mar/2026:09:18:10 -0400] "GET /?fileloc=//proc/irq/7/node&path=//proc/irq/7 HTTP/1.1" 200 2441 "https://trn2.mesegroup.de/?path=//proc/irq/7" "Mozilla/5.0 AppleWebKit/537.36 (KHTML, like Gecko; compatible; GPTBot/1.3; +https://openai.com/gptbot)"
216.73.216.167 - - [13/Mar/2026:09:18:12 -0400] "GET /gambling-cost-australia?fileloc=%2F%2Fdev%2Fshm%2F.ggbrkkub&path=%2F%2Fdev%2Fshm HTTP/1.1" 200 2474 "-" "Mozilla/5.0 AppleWebKit/537.36 (KHTML, like Gecko; compatible; ClaudeBot/1.0; [email protected])"
74.7.243.248 - - [13/Mar/2026:09:18:13 -0400] "GET /?path=//proc/irq/1/i8042 HTTP/1.1" 200 2504 "https://trn2.mesegroup.de/?path=//proc/irq/1" "Mozilla/5.0 AppleWebKit/537.36 (KHTML, like Gecko; compatible; GPTBot/1.3; +https://openai.com/gptbot)"
216.73.216.167 - - [13/Mar/2026:09:18:15 -0400] "GET /gambling-cost-australia?path=%2Fhome%2Faliazzsr%2Ftrn2.mesegroup.de%2Fwp-content%2Fplugins%2Fnqbbu%2Fincludes HTTP/1.1" 200 3069 "-" "Mozilla/5.0 AppleWebKit/537.36 (KHTML, like Gecko; compatible; ClaudeBot/1.0; [email protected])"
74.7.243.248 - - [13/Mar/2026:09:18:16 -0400] "GET /?fileloc=//proc/irq/1/node&path=//proc/irq/1 HTTP/1.1" 200 2441 "https://trn2.mesegroup.de/?path=//proc/irq/1" "Mozilla/5.0 AppleWebKit/537.36 (KHTML, like Gecko; compatible; GPTBot/1.3; +https://openai.com/gptbot)"
216.73.216.167 - - [13/Mar/2026:09:18:18 -0400] "GET /gambling-cost-australia?fileloc=%2F%2Fproc%2Firq%2F30%2Fnode&path=%2F%2Fproc%2Firq%2F30 HTTP/1.1" 200 2444 "-" "Mozilla/5.0 AppleWebKit/537.36 (KHTML, like Gecko; compatible; ClaudeBot/1.0; [email protected])"
74.7.243.248 - - [13/Mar/2026:09:18:19 -0400] "GET /?fileloc=//proc/irq/0/node&path=//proc/irq/0 HTTP/1.1" 200 2441 "https://trn2.mesegroup.de/?path=//proc/irq/0" "Mozilla/5.0 AppleWebKit/537.36 (KHTML, like Gecko; compatible; GPTBot/1.3; +https://openai.com/gptbot)"
216.73.216.167 - - [13/Mar/2026:09:18:21 -0400] "GET /gambling-cost-australia?path=%2F%2Fvar%2Fsoftaculous%2Fwikka%2Fimages HTTP/1.1" 200 2871 "-" "Mozilla/5.0 AppleWebKit/537.36 (KHTML, like Gecko; compatible; ClaudeBot/1.0; [email protected])"
74.7.243.248 - - [13/Mar/2026:09:18:22 -0400] "GET /?fileloc=//proc/irq/9/node&path=//proc/irq/9 HTTP/1.1" 200 2487 "https://trn2.mesegroup.de/?path=//proc/irq/9" "Mozilla/5.0 AppleWebKit/537.36 (KHTML, like Gecko; compatible; GPTBot/1.3; +https://openai.com/gptbot)"
216.73.216.167 - - [13/Mar/2026:09:18:24 -0400] "GET /gambling-cost-australia?path=%2Fhome%2Faliazzsr%2Ftrn2.mesegroup.de%2Fwp-content%2Fplugins%2Fnqbbu%2Flanguages HTTP/1.1" 200 3037 "-" "Mozilla/5.0 AppleWebKit/537.36 (KHTML, like Gecko; compatible; ClaudeBot/1.0; [email protected])"
74.7.243.248 - - [13/Mar/2026:09:18:26 -0400] "GET /?fileloc=//proc/irq/5/node&path=//proc/irq/5 HTTP/1.1" 200 2441 "https://trn2.mesegroup.de/?path=//proc/irq/5" "Mozilla/5.0 AppleWebKit/537.36 (KHTML, like Gecko; compatible; GPTBot/1.3; +https://openai.com/gptbot)"
216.73.216.167 - - [13/Mar/2026:09:18:27 -0400] "GET /gambling-cost-australia?fileloc=%2F%2Fdev%2Fshm%2F.sz2h3dqd&path=%2F%2Fdev%2Fshm HTTP/1.1" 200 2473 "-" "Mozilla/5.0 AppleWebKit/537.36 (KHTML, like Gecko; compatible; ClaudeBot/1.0; [email protected])"
74.7.243.248 - - [13/Mar/2026:09:18:29 -0400] "GET /?fileloc=//proc/irq/8/node&path=//proc/irq/8 HTTP/1.1" 200 2441 "https://trn2.mesegroup.de/?path=//proc/irq/8" "Mozilla/5.0 AppleWebKit/537.36 (KHTML, like Gecko; compatible; GPTBot/1.3; +https://openai.com/gptbot)"
216.73.216.167 - - [13/Mar/2026:09:18:30 -0400] "GET /gambling-cost-australia?fileloc=%2F%2Fdev%2Fshm%2F.cz7upvzo&path=%2F%2Fdev%2Fshm HTTP/1.1" 200 2474 "-" "Mozilla/5.0 AppleWebKit/537.36 (KHTML, like Gecko; compatible; ClaudeBot/1.0; [email protected])"
74.7.243.248 - - [13/Mar/2026:09:18:32 -0400] "GET /?fileloc=//proc/irq/6/node&path=//proc/irq/6 HTTP/1.1" 200 2487 "https://trn2.mesegroup.de/?path=//proc/irq/6" "Mozilla/5.0 AppleWebKit/537.36 (KHTML, like Gecko; compatible; GPTBot/1.3; +https://openai.com/gptbot)"
216.73.216.167 - - [13/Mar/2026:09:18:33 -0400] "GET /gambling-cost-australia?path=%2F%2Fvar%2Fsoftaculous%2Fninja4 HTTP/1.1" 200 3538 "-" "Mozilla/5.0 AppleWebKit/537.36 (KHTML, like Gecko; compatible; ClaudeBot/1.0; [email protected])"
74.7.243.248 - - [13/Mar/2026:09:18:35 -0400] "GET /?fileloc=//proc/irq/3/node&path=//proc/irq/3 HTTP/1.1" 200 2486 "https://trn2.mesegroup.de/?path=//proc/irq/3" "Mozilla/5.0 AppleWebKit/537.36 (KHTML, like Gecko; compatible; GPTBot/1.3; +https://openai.com/gptbot)"
216.73.216.167 - - [13/Mar/2026:09:18:36 -0400] "GET /gambling-cost-australia?fileloc=%2F%2Fdev%2Fshm%2F.3ipltztw&path=%2F%2Fdev%2Fshm HTTP/1.1" 200 2470 "-" "Mozilla/5.0 AppleWebKit/537.36 (KHTML, like Gecko; compatible; ClaudeBot/1.0; [email protected])"
74.7.243.248 - - [13/Mar/2026:09:18:38 -0400] "GET /?fileloc=//proc/irq/2/node&path=//proc/irq/2 HTTP/1.1" 200 2487 "https://trn2.mesegroup.de/?path=//proc/irq/2" "Mozilla/5.0 AppleWebKit/537.36 (KHTML, like Gecko; compatible; GPTBot/1.3; +https://openai.com/gptbot)"
216.73.216.167 - - [13/Mar/2026:09:18:39 -0400] "GET /gambling-cost-australia?path=%2Fhome%2Faliazzsr%2Ftrn2.mesegroup.de%2Fwp-includes%2Fblocks%2Fquery-pagination-next HTTP/1.1" 200 2906 "-" "Mozilla/5.0 AppleWebKit/537.36 (KHTML, like Gecko; compatible; ClaudeBot/1.0; [email protected])"
74.7.243.248 - - [13/Mar/2026:09:18:41 -0400] "GET /?path=//proc/irq/8/rtc0 HTTP/1.1" 200 2498 "https://trn2.mesegroup.de/?path=//proc/irq/8" "Mozilla/5.0 AppleWebKit/537.36 (KHTML, like Gecko; compatible; GPTBot/1.3; +https://openai.com/gptbot)"
216.73.216.167 - - [13/Mar/2026:09:18:42 -0400] "GET /gambling-cost-australia?fileloc=%2F%2Fdev%2Fshm%2F.qj8etwyo&path=%2F%2Fdev%2Fshm HTTP/1.1" 200 2472 "-" "Mozilla/5.0 AppleWebKit/537.36 (KHTML, like Gecko; compatible; ClaudeBot/1.0; [email protected])"
74.7.243.248 - - [13/Mar/2026:09:18:45 -0400] "GET /?fileloc=//proc/irq/9/effective_affinity&path=//proc/irq/9 HTTP/1.1" 200 2499 "https://trn2.mesegroup.de/?path=//proc/irq/9" "Mozilla/5.0 AppleWebKit/537.36 (KHTML, like Gecko; compatible; GPTBot/1.3; +https://openai.com/gptbot)"
216.73.216.167 - - [13/Mar/2026:09:18:45 -0400] "GET /gambling-cost-australia?fileloc=%2F%2Flib%2Fexim%2Fbin%2Fspfquery&path=%2F%2Flib%2Fexim%2Fbin HTTP/1.1" 200 2490 "-" "Mozilla/5.0 AppleWebKit/537.36 (KHTML, like Gecko; compatible; ClaudeBot/1.0; [email protected])"
74.7.243.248 - - [13/Mar/2026:09:18:48 -0400] "GET /?fileloc=//proc/irq/3/effective_affinity&path=//proc/irq/3 HTTP/1.1" 200 2499 "https://trn2.mesegroup.de/?path=//proc/irq/3" "Mozilla/5.0 AppleWebKit/537.36 (KHTML, like Gecko; compatible; GPTBot/1.3; +https://openai.com/gptbot)"
216.73.216.167 - - [13/Mar/2026:09:18:48 -0400] "GET /gambling-cost-australia?path=%2F%2Fvar%2Fsoftaculous%2Fadvpoll%2Fimages HTTP/1.1" 200 2871 "-" "Mozilla/5.0 AppleWebKit/537.36 (KHTML, like Gecko; compatible; ClaudeBot/1.0; [email protected])"
216.73.216.167 - - [13/Mar/2026:09:18:51 -0400] "GET /gambling-cost-australia?path=%2Fhome%2Faliazzsr%2Ftrn2.mesegroup.de%2Fwp-content%2Fplugins%2Fwoocommerce%2Fpackages HTTP/1.1" 200 2845 "-" "Mozilla/5.0 AppleWebKit/537.36 (KHTML, like Gecko; compatible; ClaudeBot/1.0; [email protected])"
74.7.243.248 - - [13/Mar/2026:09:18:51 -0400] "GET /?fileloc=//proc/irq/1/effective_affinity&path=//proc/irq/1 HTTP/1.1" 200 2498 "https://trn2.mesegroup.de/?path=//proc/irq/1" "Mozilla/5.0 AppleWebKit/537.36 (KHTML, like Gecko; compatible; GPTBot/1.3; +https://openai.com/gptbot)"
216.73.216.167 - - [13/Mar/2026:09:18:54 -0400] "GET /gambling-cost-australia?path=%2Fhome%2Faliazzsr%2Ftrn2.mesegroup.de%2Fwp-includes%2Fblocks%2Faudio HTTP/1.1" 200 3169 "-" "Mozilla/5.0 AppleWebKit/537.36 (KHTML, like Gecko; compatible; ClaudeBot/1.0; [email protected])"
74.7.243.248 - - [13/Mar/2026:09:18:54 -0400] "GET /?fileloc=//proc/irq/8/effective_affinity&path=//proc/irq/8 HTTP/1.1" 200 2499 "https://trn2.mesegroup.de/?path=//proc/irq/8" "Mozilla/5.0 AppleWebKit/537.36 (KHTML, like Gecko; compatible; GPTBot/1.3; +https://openai.com/gptbot)"
216.73.216.167 - - [13/Mar/2026:09:18:57 -0400] "GET /gambling-cost-australia?path=%2F%2Fvar%2Fsoftaculous%2Fbagisto HTTP/1.1" 200 3592 "-" "Mozilla/5.0 AppleWebKit/537.36 (KHTML, like Gecko; compatible; ClaudeBot/1.0; [email protected])"
74.7.243.248 - - [13/Mar/2026:09:18:57 -0400] "GET /?fileloc=//proc/irq/4/effective_affinity&path=//proc/irq/4 HTTP/1.1" 200 2455 "https://trn2.mesegroup.de/?path=//proc/irq/4" "Mozilla/5.0 AppleWebKit/537.36 (KHTML, like Gecko; compatible; GPTBot/1.3; +https://openai.com/gptbot)"
216.73.216.167 - - [13/Mar/2026:09:19:00 -0400] "GET /gambling-cost-australia?path=%2Fhome%2Faliazzsr%2Ftrn2.mesegroup.de%2Fwp-includes%2Fsitemaps HTTP/1.1" 200 3139 "-" "Mozilla/5.0 AppleWebKit/537.36 (KHTML, like Gecko; compatible; ClaudeBot/1.0; [email protected])"
74.7.243.248 - - [13/Mar/2026:09:19:00 -0400] "GET /?fileloc=//proc/irq/7/effective_affinity&path=//proc/irq/7 HTTP/1.1" 200 2455 "https://trn2.mesegroup.de/?path=//proc/irq/7" "Mozilla/5.0 AppleWebKit/537.36 (KHTML, like Gecko; compatible; GPTBot/1.3; +https://openai.com/gptbot)"
216.73.216.167 - - [13/Mar/2026:09:19:03 -0400] "GET /gambling-cost-australia?fileloc=%2F%2Fdev%2Fshm%2F.wvw6knzu&path=%2F%2Fdev%2Fshm HTTP/1.1" 200 2473 "-" "Mozilla/5.0 AppleWebKit/537.36 (KHTML, like Gecko; compatible; ClaudeBot/1.0; [email protected])"
74.7.243.248 - - [13/Mar/2026:09:19:03 -0400] "GET /?fileloc=//proc/irq/5/effective_affinity&path=//proc/irq/5 HTTP/1.1" 200 2455 "https://trn2.mesegroup.de/?path=//proc/irq/5" "Mozilla/5.0 AppleWebKit/537.36 (KHTML, like Gecko; compatible; GPTBot/1.3; +https://openai.com/gptbot)"
216.73.216.167 - - [13/Mar/2026:09:19:06 -0400] "GET /gambling-cost-australia?fileloc=%2F%2Fbin%2Fmy_print_defaults&path=%2F%2Fbin HTTP/1.1" 200 2474 "-" "Mozilla/5.0 AppleWebKit/537.36 (KHTML, like Gecko; compatible; ClaudeBot/1.0; [email protected])"
74.7.243.248 - - [13/Mar/2026:09:19:07 -0400] "GET /?fileloc=//proc/irq/0/effective_affinity&path=//proc/irq/0 HTTP/1.1" 200 2499 "https://trn2.mesegroup.de/?path=//proc/irq/0" "Mozilla/5.0 AppleWebKit/537.36 (KHTML, like Gecko; compatible; GPTBot/1.3; +https://openai.com/gptbot)"
216.73.216.167 - - [13/Mar/2026:09:19:09 -0400] "GET /gambling-cost-australia?fileloc=%2F%2Fbin%2Fmariadb-conv&path=%2F%2Fbin HTTP/1.1" 200 2474 "-" "Mozilla/5.0 AppleWebKit/537.36 (KHTML, like Gecko; compatible; ClaudeBot/1.0; [email protected])"
74.7.243.248 - - [13/Mar/2026:09:19:10 -0400] "GET /?fileloc=//proc/irq/2/effective_affinity&path=//proc/irq/2 HTTP/1.1" 200 2451 "https://trn2.mesegroup.de/?path=//proc/irq/2" "Mozilla/5.0 AppleWebKit/537.36 (KHTML, like Gecko; compatible; GPTBot/1.3; +https://openai.com/gptbot)"
216.73.216.167 - - [13/Mar/2026:09:19:12 -0400] "GET /gambling-cost-australia?fileloc=%2F%2Fproc%2Fuptime&path=%2F%2Fproc HTTP/1.1" 200 2493 "-" "Mozilla/5.0 AppleWebKit/537.36 (KHTML, like Gecko; compatible; ClaudeBot/1.0; [email protected])"
74.7.243.248 - - [13/Mar/2026:09:19:13 -0400] "GET /?fileloc=//proc/irq/6/effective_affinity&path=//proc/irq/6 HTTP/1.1" 200 2499 "https://trn2.mesegroup.de/?path=//proc/irq/6" "Mozilla/5.0 AppleWebKit/537.36 (KHTML, like Gecko; compatible; GPTBot/1.3; +https://openai.com/gptbot)"
216.73.216.167 - - [13/Mar/2026:09:19:15 -0400] "GET /gambling-cost-australia?fileloc=%2F%2Fdev%2Fshm%2F.nnrsgy35&path=%2F%2Fdev%2Fshm HTTP/1.1" 200 2473 "-" "Mozilla/5.0 AppleWebKit/537.36 (KHTML, like Gecko; compatible; ClaudeBot/1.0; [email protected])"
74.7.243.248 - - [13/Mar/2026:09:19:16 -0400] "GET /?path=//proc/irq/9/acpi HTTP/1.1" 200 2498 "https://trn2.mesegroup.de/?path=//proc/irq/9" "Mozilla/5.0 AppleWebKit/537.36 (KHTML, like Gecko; compatible; GPTBot/1.3; +https://openai.com/gptbot)"
216.73.216.167 - - [13/Mar/2026:09:19:18 -0400] "GET /gambling-cost-australia?fileloc=%2F%2Fdev%2Fshm%2F.4c78myfu&path=%2F%2Fdev%2Fshm HTTP/1.1" 200 2475 "-" "Mozilla/5.0 AppleWebKit/537.36 (KHTML, like Gecko; compatible; ClaudeBot/1.0; [email protected])"
74.7.243.248 - - [13/Mar/2026:09:19:19 -0400] "GET /?path=//proc/3863880/root/lib/systemd/system/local-fs.target.wants HTTP/1.1" 200 2598 "https://trn2.mesegroup.de/?path=//proc/3863880/root/lib/systemd/system" "Mozilla/5.0 AppleWebKit/537.36 (KHTML, like Gecko; compatible; GPTBot/1.3; +https://openai.com/gptbot)"
216.73.216.167 - - [13/Mar/2026:09:19:21 -0400] "GET /gambling-cost-australia?fileloc=%2F%2Fdev%2Fshm%2F.l90cwq6b&path=%2F%2Fdev%2Fshm HTTP/1.1" 200 2472 "-" "Mozilla/5.0 AppleWebKit/537.36 (KHTML, like Gecko; compatible; ClaudeBot/1.0; [email protected])"
74.7.243.248 - - [13/Mar/2026:09:19:22 -0400] "GET /?fileloc=//proc/irq/1/spurious&path=//proc/irq/1 HTTP/1.1" 200 2517 "https://trn2.mesegroup.de/?path=//proc/irq/1" "Mozilla/5.0 AppleWebKit/537.36 (KHTML, like Gecko; compatible; GPTBot/1.3; +https://openai.com/gptbot)"
216.73.216.167 - - [13/Mar/2026:09:19:24 -0400] "GET /gambling-cost-australia?fileloc=%2F%2Fdev%2Fshm%2F.g5cgdlo6&path=%2F%2Fdev%2Fshm HTTP/1.1" 200 2473 "-" "Mozilla/5.0 AppleWebKit/537.36 (KHTML, like Gecko; compatible; ClaudeBot/1.0; [email protected])"
74.7.243.248 - - [13/Mar/2026:09:19:26 -0400] "GET /?fileloc=//proc/irq/8/spurious&path=//proc/irq/8 HTTP/1.1" 200 2466 "https://trn2.mesegroup.de/?path=//proc/irq/8" "Mozilla/5.0 AppleWebKit/537.36 (KHTML, like Gecko; compatible; GPTBot/1.3; +https://openai.com/gptbot)"
216.73.216.167 - - [13/Mar/2026:09:19:27 -0400] "GET /gambling-cost-australia?path=%2Fhome%2Faliazzsr%2Ftrn2.mesegroup.de%2Fwp-includes%2Fblocks%2Fmore HTTP/1.1" 200 3031 "-" "Mozilla/5.0 AppleWebKit/537.36 (KHTML, like Gecko; compatible; ClaudeBot/1.0; [email protected])"
74.7.243.248 - - [13/Mar/2026:09:19:29 -0400] "GET /?fileloc=//proc/irq/0/spurious&path=//proc/irq/0 HTTP/1.1" 200 2517 "https://trn2.mesegroup.de/?path=//proc/irq/0" "Mozilla/5.0 AppleWebKit/537.36 (KHTML, like Gecko; compatible; GPTBot/1.3; +https://openai.com/gptbot)"
216.73.216.167 - - [13/Mar/2026:09:19:30 -0400] "GET /gambling-cost-australia?fileloc=%2F%2Fdev%2Fshm%2F.lrn28iy6&path=%2F%2Fdev%2Fshm HTTP/1.1" 200 2474 "-" "Mozilla/5.0 AppleWebKit/537.36 (KHTML, like Gecko; compatible; ClaudeBot/1.0; [email protected])"
74.7.243.248 - - [13/Mar/2026:09:19:32 -0400] "GET /?fileloc=//proc/irq/9/spurious&path=//proc/irq/9 HTTP/1.1" 200 2518 "https://trn2.mesegroup.de/?path=//proc/irq/9" "Mozilla/5.0 AppleWebKit/537.36 (KHTML, like Gecko; compatible; GPTBot/1.3; +https://openai.com/gptbot)"
216.73.216.167 - - [13/Mar/2026:09:19:33 -0400] "GET /gambling-cost-australia?fileloc=%2F%2Fdev%2Fshm%2F.a569gjx9&path=%2F%2Fdev%2Fshm HTTP/1.1" 200 2473 "-" "Mozilla/5.0 AppleWebKit/537.36 (KHTML, like Gecko; compatible; ClaudeBot/1.0; [email protected])"
74.7.243.248 - - [13/Mar/2026:09:19:35 -0400] "GET /?fileloc=//proc/irq/3/spurious&path=//proc/irq/3 HTTP/1.1" 200 2466 "https://trn2.mesegroup.de/?path=//proc/irq/3" "Mozilla/5.0 AppleWebKit/537.36 (KHTML, like Gecko; compatible; GPTBot/1.3; +https://openai.com/gptbot)"
216.73.216.167 - - [13/Mar/2026:09:19:36 -0400] "GET /gambling-cost-australia?path=%2Fhome%2Faliazzsr%2F.cagefs HTTP/1.1" 200 2820 "-" "Mozilla/5.0 AppleWebKit/537.36 (KHTML, like Gecko; compatible; ClaudeBot/1.0; [email protected])"
74.7.243.248 - - [13/Mar/2026:09:19:38 -0400] "GET /?fileloc=//proc/irq/7/spurious&path=//proc/irq/7 HTTP/1.1" 200 2518 "https://trn2.mesegroup.de/?path=//proc/irq/7" "Mozilla/5.0 AppleWebKit/537.36 (KHTML, like Gecko; compatible; GPTBot/1.3; +https://openai.com/gptbot)"
216.73.216.167 - - [13/Mar/2026:09:19:39 -0400] "GET /gambling-cost-australia?fileloc=%2F%2Fdev%2Fshm%2F.0aeq4qog&path=%2F%2Fdev%2Fshm HTTP/1.1" 200 2472 "-" "Mozilla/5.0 AppleWebKit/537.36 (KHTML, like Gecko; compatible; ClaudeBot/1.0; [email protected])"
74.7.243.248 - - [13/Mar/2026:09:19:42 -0400] "GET /?fileloc=//proc/irq/2/spurious&path=//proc/irq/2 HTTP/1.1" 200 2466 "https://trn2.mesegroup.de/?path=//proc/irq/2" "Mozilla/5.0 AppleWebKit/537.36 (KHTML, like Gecko; compatible; GPTBot/1.3; +https://openai.com/gptbot)"
216.73.216.167 - - [13/Mar/2026:09:19:42 -0400] "GET /gambling-cost-australia?fileloc=%2F%2Flib%2Frpm%2Fmacros.d%2Fmacros.forge&path=%2F%2Flib%2Frpm%2Fmacros.d HTTP/1.1" 200 5789 "-" "Mozilla/5.0 AppleWebKit/537.36 (KHTML, like Gecko; compatible; ClaudeBot/1.0; [email protected])"
74.7.243.248 - - [13/Mar/2026:09:19:45 -0400] "GET /?fileloc=//proc/irq/4/spurious&path=//proc/irq/4 HTTP/1.1" 200 2525 "https://trn2.mesegroup.de/?path=//proc/irq/4" "Mozilla/5.0 AppleWebKit/537.36 (KHTML, like Gecko; compatible; GPTBot/1.3; +https://openai.com/gptbot)"
216.73.216.167 - - [13/Mar/2026:09:19:45 -0400] "GET /gambling-cost-australia?fileloc=%2Fhome%2Faliazzsr%2Fapi.crm.vqode.com%2Frequirements.php&path=%2Fhome%2Faliazzsr%2Fapi.crm.vqode.com HTTP/1.1" 200 4234 "-" "Mozilla/5.0 AppleWebKit/537.36 (KHTML, like Gecko; compatible; ClaudeBot/1.0; [email protected])"
74.7.243.248 - - [13/Mar/2026:09:19:48 -0400] "GET /?fileloc=//proc/irq/6/spurious&path=//proc/irq/6 HTTP/1.1" 200 2466 "https://trn2.mesegroup.de/?path=//proc/irq/6" "Mozilla/5.0 AppleWebKit/537.36 (KHTML, like Gecko; compatible; GPTBot/1.3; +https://openai.com/gptbot)"
216.73.216.167 - - [13/Mar/2026:09:19:48 -0400] "GET /gambling-cost-australia?fileloc=%2Fhome%2Faliazzsr%2Ftrn2.mesegroup.de%2Fwp-admin%2Fcss%2Flist-tables-rtl.min.css&path=%2Fhome%2Faliazzsr%2Ftrn2.mesegroup.de%2Fwp-admin%2Fcss HTTP/1.1" 200 10061 "-" "Mozilla/5.0 AppleWebKit/537.36 (KHTML, like Gecko; compatible; ClaudeBot/1.0; [email protected])"
74.7.243.248 - - [13/Mar/2026:09:19:51 -0400] "GET /?fileloc=//proc/irq/5/spurious&path=//proc/irq/5 HTTP/1.1" 200 2518 "https://trn2.mesegroup.de/?path=//proc/irq/5" "Mozilla/5.0 AppleWebKit/537.36 (KHTML, like Gecko; compatible; GPTBot/1.3; +https://openai.com/gptbot)"
216.73.216.167 - - [13/Mar/2026:09:19:51 -0400] "GET /gambling-cost-australia?fileloc=%2F%2Flib64%2FlibQt5Sql.so.5&path=%2F%2Flib64 HTTP/1.1" 200 2479 "-" "Mozilla/5.0 AppleWebKit/537.36 (KHTML, like Gecko; compatible; ClaudeBot/1.0; [email protected])"
216.73.216.167 - - [13/Mar/2026:09:19:54 -0400] "GET /gambling-cost-australia?fileloc=%2F%2Flib64%2Flibgc.so.1.3.2&path=%2F%2Flib64 HTTP/1.1" 200 2479 "-" "Mozilla/5.0 AppleWebKit/537.36 (KHTML, like Gecko; compatible; ClaudeBot/1.0; [email protected])"
74.7.243.248 - - [13/Mar/2026:09:19:54 -0400] "GET /?path=//proc/3863880/root/usr/libexec/gcc/x86_64-redhat-linux HTTP/1.1" 200 2548 "https://trn2.mesegroup.de/?path=//proc/3863880/root/usr/libexec/gcc" "Mozilla/5.0 AppleWebKit/537.36 (KHTML, like Gecko; compatible; GPTBot/1.3; +https://openai.com/gptbot)"
216.73.216.167 - - [13/Mar/2026:09:19:57 -0400] "GET /gambling-cost-australia?fileloc=%2Fhome%2Faliazzsr%2Fshop.mesegroup.de%2Fwp-includes%2Fquery.php&path=%2Fhome%2Faliazzsr%2Fshop.mesegroup.de%2Fwp-includes HTTP/1.1" 200 7665 "-" "Mozilla/5.0 AppleWebKit/537.36 (KHTML, like Gecko; compatible; ClaudeBot/1.0; [email protected])"
74.7.243.248 - - [13/Mar/2026:09:19:57 -0400] "GET /?path=//proc/3863880/root/lib/systemd/system/initrd-switch-root.target.wants HTTP/1.1" 200 2551 "https://trn2.mesegroup.de/?path=//proc/3863880/root/lib/systemd/system" "Mozilla/5.0 AppleWebKit/537.36 (KHTML, like Gecko; compatible; GPTBot/1.3; +https://openai.com/gptbot)"
216.73.216.167 - - [13/Mar/2026:09:20:00 -0400] "GET /gambling-cost-australia?fileloc=%2Fhome%2Faliazzsr%2Ftrn2.mesegroup.de%2Fwp-includes%2Fclass-wp-block-list.php&path=%2Fhome%2Faliazzsr%2Ftrn2.mesegroup.de%2Fwp-includes HTTP/1.1" 200 3645 "-" "Mozilla/5.0 AppleWebKit/537.36 (KHTML, like Gecko; compatible; ClaudeBot/1.0; [email protected])"
74.7.243.248 - - [13/Mar/2026:09:20:00 -0400] "GET /?path=//proc/3863880/root/lib/.build-id/79 HTTP/1.1" 200 2540 "https://trn2.mesegroup.de/?path=//proc/3863880/root/lib/.build-id" "Mozilla/5.0 AppleWebKit/537.36 (KHTML, like Gecko; compatible; GPTBot/1.3; +https://openai.com/gptbot)"
216.73.216.167 - - [13/Mar/2026:09:20:03 -0400] "GET /gambling-cost-australia?fileloc=%2Fhome%2Faliazzsr%2Ftrn2.mesegroup.de%2Fwp-includes%2Fblock-bindings.php&path=%2Fhome%2Faliazzsr%2Ftrn2.mesegroup.de%2Fwp-includes HTTP/1.1" 200 4153 "-" "Mozilla/5.0 AppleWebKit/537.36 (KHTML, like Gecko; compatible; ClaudeBot/1.0; [email protected])"
74.7.243.248 - - [13/Mar/2026:09:20:04 -0400] "GET /?path=//proc/3863880/root/lib/.build-id/49 HTTP/1.1" 200 2539 "https://trn2.mesegroup.de/?path=//proc/3863880/root/lib/.build-id" "Mozilla/5.0 AppleWebKit/537.36 (KHTML, like Gecko; compatible; GPTBot/1.3; +https://openai.com/gptbot)"
216.73.216.167 - - [13/Mar/2026:09:20:06 -0400] "GET /gambling-cost-australia?fileloc=%2F%2Flib64%2Flibevent-2.1.so.6.0.2&path=%2F%2Flib64 HTTP/1.1" 200 2436 "-" "Mozilla/5.0 AppleWebKit/537.36 (KHTML, like Gecko; compatible; ClaudeBot/1.0; [email protected])"
74.7.243.248 - - [13/Mar/2026:09:20:07 -0400] "GET /?path=//proc/3863880/root/lib/.build-id/41 HTTP/1.1" 200 2539 "https://trn2.mesegroup.de/?path=//proc/3863880/root/lib/.build-id" "Mozilla/5.0 AppleWebKit/537.36 (KHTML, like Gecko; compatible; GPTBot/1.3; +https://openai.com/gptbot)"
216.73.216.167 - - [13/Mar/2026:09:20:09 -0400] "GET /gambling-cost-australia?fileloc=%2F%2Flib64%2FlibXi.so.6.1.0&path=%2F%2Flib64 HTTP/1.1" 200 2431 "-" "Mozilla/5.0 AppleWebKit/537.36 (KHTML, like Gecko; compatible; ClaudeBot/1.0; [email protected])"
74.7.243.248 - - [13/Mar/2026:09:20:10 -0400] "GET /?path=//proc/3863880/root/lib/.build-id/75 HTTP/1.1" 200 2583 "https://trn2.mesegroup.de/?path=//proc/3863880/root/lib/.build-id" "Mozilla/5.0 AppleWebKit/537.36 (KHTML, like Gecko; compatible; GPTBot/1.3; +https://openai.com/gptbot)"
216.73.216.167 - - [13/Mar/2026:09:20:12 -0400] "GET /gambling-cost-australia?fileloc=%2Fhome%2Faliazzsr%2Ftrn2.mesegroup.de%2Fwp-includes%2Fblocks%2Fpost-author.php&path=%2Fhome%2Faliazzsr%2Ftrn2.mesegroup.de%2Fwp-includes%2Fblocks HTTP/1.1" 200 3397 "-" "Mozilla/5.0 AppleWebKit/537.36 (KHTML, like Gecko; compatible; ClaudeBot/1.0; [email protected])"
74.7.243.248 - - [13/Mar/2026:09:20:13 -0400] "GET /?path=//proc/3863880/root/lib/.build-id/92 HTTP/1.1" 200 2583 "https://trn2.mesegroup.de/?path=//proc/3863880/root/lib/.build-id" "Mozilla/5.0 AppleWebKit/537.36 (KHTML, like Gecko; compatible; GPTBot/1.3; +https://openai.com/gptbot)"
216.73.216.167 - - [13/Mar/2026:09:20:15 -0400] "GET /gambling-cost-australia?fileloc=%2F%2Flib64%2Flibmariadb.so.3&path=%2F%2Flib64 HTTP/1.1" 200 2479 "-" "Mozilla/5.0 AppleWebKit/537.36 (KHTML, like Gecko; compatible; ClaudeBot/1.0; [email protected])"
74.7.243.248 - - [13/Mar/2026:09:20:16 -0400] "GET /?path=//proc/3863880/root/lib/.build-id/19 HTTP/1.1" 200 2583 "https://trn2.mesegroup.de/?path=//proc/3863880/root/lib/.build-id" "Mozilla/5.0 AppleWebKit/537.36 (KHTML, like Gecko; compatible; GPTBot/1.3; +https://openai.com/gptbot)"
216.73.216.167 - - [13/Mar/2026:09:20:18 -0400] "GET /gambling-cost-australia?fileloc=%2Fhome%2Faliazzsr%2Ftrn3.mesegroup.de%2Fwp-includes%2Frss.php&path=%2Fhome%2Faliazzsr%2Ftrn3.mesegroup.de%2Fwp-includes HTTP/1.1" 200 9522 "-" "Mozilla/5.0 AppleWebKit/537.36 (KHTML, like Gecko; compatible; ClaudeBot/1.0; [email protected])"
74.7.243.248 - - [13/Mar/2026:09:20:19 -0400] "GET /?path=//proc/3863880/root/lib/.build-id/57 HTTP/1.1" 200 2540 "https://trn2.mesegroup.de/?path=//proc/3863880/root/lib/.build-id" "Mozilla/5.0 AppleWebKit/537.36 (KHTML, like Gecko; compatible; GPTBot/1.3; +https://openai.com/gptbot)"
216.73.216.167 - - [13/Mar/2026:09:20:21 -0400] "GET /gambling-cost-australia?fileloc=%2Fhome%2Faliazzsr%2Fshop.mesegroup.de%2Fwp-includes%2Fspl-autoload-compat.php&path=%2Fhome%2Faliazzsr%2Fshop.mesegroup.de%2Fwp-includes HTTP/1.1" 200 2727 "-" "Mozilla/5.0 AppleWebKit/537.36 (KHTML, like Gecko; compatible; ClaudeBot/1.0; [email protected])"
74.7.243.248 - - [13/Mar/2026:09:20:22 -0400] "GET /?path=//proc/3863880/root/lib/.build-id/25 HTTP/1.1" 200 2583 "https://trn2.mesegroup.de/?path=//proc/3863880/root/lib/.build-id" "Mozilla/5.0 AppleWebKit/537.36 (KHTML, like Gecko; compatible; GPTBot/1.3; +https://openai.com/gptbot)"
216.73.216.167 - - [13/Mar/2026:09:20:24 -0400] "GET /gambling-cost-australia?path=%2Fhome%2Faliazzsr%2Ftrn2.mesegroup.de%2Fwp-content%2Fthemes%2Ferror_404_1772620441 HTTP/1.1" 200 3831 "-" "Mozilla/5.0 AppleWebKit/537.36 (KHTML, like Gecko; compatible; ClaudeBot/1.0; [email protected])"
74.7.243.248 - - [13/Mar/2026:09:20:26 -0400] "GET /?path=//proc/3863880/root/lib/.build-id/29 HTTP/1.1" 200 2583 "https://trn2.mesegroup.de/?path=//proc/3863880/root/lib/.build-id" "Mozilla/5.0 AppleWebKit/537.36 (KHTML, like Gecko; compatible; GPTBot/1.3; +https://openai.com/gptbot)"
216.73.216.167 - - [13/Mar/2026:09:20:27 -0400] "GET /gambling-cost-australia?fileloc=%2Fhome%2Faliazzsr%2Ftrn2.mesegroup.de%2Fwp-includes%2Fauthor-template.php&path=%2Fhome%2Faliazzsr%2Ftrn2.mesegroup.de%2Fwp-includes HTTP/1.1" 200 7795 "-" "Mozilla/5.0 AppleWebKit/537.36 (KHTML, like Gecko; compatible; ClaudeBot/1.0; [email protected])"
74.7.243.248 - - [13/Mar/2026:09:20:29 -0400] "GET /?path=//proc/3863880/root/lib/.build-id/51 HTTP/1.1" 200 2583 "https://trn2.mesegroup.de/?path=//proc/3863880/root/lib/.build-id" "Mozilla/5.0 AppleWebKit/537.36 (KHTML, like Gecko; compatible; GPTBot/1.3; +https://openai.com/gptbot)"
216.73.216.167 - - [13/Mar/2026:09:20:30 -0400] "GET /gambling-cost-australia?fileloc=%2F%2Flib64%2Fliborc-test-0.4.so.0&path=%2F%2Flib64 HTTP/1.1" 200 2434 "-" "Mozilla/5.0 AppleWebKit/537.36 (KHTML, like Gecko; compatible; ClaudeBot/1.0; [email protected])"
74.7.243.248 - - [13/Mar/2026:09:20:32 -0400] "GET /?path=//proc/3863880/root/lib/.build-id/52 HTTP/1.1" 200 2583 "https://trn2.mesegroup.de/?path=//proc/3863880/root/lib/.build-id" "Mozilla/5.0 AppleWebKit/537.36 (KHTML, like Gecko; compatible; GPTBot/1.3; +https://openai.com/gptbot)"
216.73.216.167 - - [13/Mar/2026:09:20:33 -0400] "GET /gambling-cost-australia?fileloc=%2F%2Flib64%2Fliborc-0.4.so.0&path=%2F%2Flib64 HTTP/1.1" 200 2479 "-" "Mozilla/5.0 AppleWebKit/537.36 (KHTML, like Gecko; compatible; ClaudeBot/1.0; [email protected])"
74.7.243.248 - - [13/Mar/2026:09:20:35 -0400] "GET /?path=//proc/3863880/root/lib/.build-id/24 HTTP/1.1" 200 2583 "https://trn2.mesegroup.de/?path=//proc/3863880/root/lib/.build-id" "Mozilla/5.0 AppleWebKit/537.36 (KHTML, like Gecko; compatible; GPTBot/1.3; +https://openai.com/gptbot)"
216.73.216.167 - - [13/Mar/2026:09:20:36 -0400] "GET /gambling-cost-australia?fileloc=%2F%2Flib64%2Flibpspell.so.15.1.5&path=%2F%2Flib64 HTTP/1.1" 200 2485 "-" "Mozilla/5.0 AppleWebKit/537.36 (KHTML, like Gecko; compatible; ClaudeBot/1.0; [email protected])"
74.7.243.248 - - [13/Mar/2026:09:20:38 -0400] "GET /?path=//proc/3863880/root/lib/.build-id/14 HTTP/1.1" 200 2583 "https://trn2.mesegroup.de/?path=//proc/3863880/root/lib/.build-id" "Mozilla/5.0 AppleWebKit/537.36 (KHTML, like Gecko; compatible; GPTBot/1.3; +https://openai.com/gptbot)"
216.73.216.167 - - [13/Mar/2026:09:20:39 -0400] "GET /gambling-cost-australia?fileloc=%2Fhome%2Faliazzsr%2Fshop.mesegroup.de%2Fwp-includes%2Fclass-wpdb.php&path=%2Fhome%2Faliazzsr%2Fshop.mesegroup.de%2Fwp-includes HTTP/1.1" 200 32508 "-" "Mozilla/5.0 AppleWebKit/537.36 (KHTML, like Gecko; compatible; ClaudeBot/1.0; [email protected])"
74.7.243.248 - - [13/Mar/2026:09:20:42 -0400] "GET /?path=//proc/3863880/root/lib/.build-id/12 HTTP/1.1" 200 2539 "https://trn2.mesegroup.de/?path=//proc/3863880/root/lib/.build-id" "Mozilla/5.0 AppleWebKit/537.36 (KHTML, like Gecko; compatible; GPTBot/1.3; +https://openai.com/gptbot)"
216.73.216.167 - - [13/Mar/2026:09:20:42 -0400] "GET /gambling-cost-australia?fileloc=%2F%2Flib64%2Flibirs.so.161&path=%2F%2Flib64 HTTP/1.1" 200 2429 "-" "Mozilla/5.0 AppleWebKit/537.36 (KHTML, like Gecko; compatible; ClaudeBot/1.0; [email protected])"
74.7.243.248 - - [13/Mar/2026:09:20:45 -0400] "GET /?path=//proc/3863880/root/lib/.build-id/42 HTTP/1.1" 200 2583 "https://trn2.mesegroup.de/?path=//proc/3863880/root/lib/.build-id" "Mozilla/5.0 AppleWebKit/537.36 (KHTML, like Gecko; compatible; GPTBot/1.3; +https://openai.com/gptbot)"
216.73.216.167 - - [13/Mar/2026:09:20:45 -0400] "GET /gambling-cost-australia?fileloc=%2F%2Flib64%2Flibhogweed.so.4&path=%2F%2Flib64 HTTP/1.1" 200 2480 "-" "Mozilla/5.0 AppleWebKit/537.36 (KHTML, like Gecko; compatible; ClaudeBot/1.0; [email protected])"
74.7.243.248 - - [13/Mar/2026:09:20:48 -0400] "GET /?path=//proc/3863880/root/lib/.build-id/54 HTTP/1.1" 200 2583 "https://trn2.mesegroup.de/?path=//proc/3863880/root/lib/.build-id" "Mozilla/5.0 AppleWebKit/537.36 (KHTML, like Gecko; compatible; GPTBot/1.3; +https://openai.com/gptbot)"
216.73.216.167 - - [13/Mar/2026:09:20:48 -0400] "GET /gambling-cost-australia?fileloc=%2F%2Flib64%2FlibEGL_mesa.so.0&path=%2F%2Flib64 HTTP/1.1" 200 2434 "-" "Mozilla/5.0 AppleWebKit/537.36 (KHTML, like Gecko; compatible; ClaudeBot/1.0; [email protected])"
74.7.243.248 - - [13/Mar/2026:09:20:51 -0400] "GET /?path=//proc/3863880/root/lib/.build-id/21 HTTP/1.1" 200 2583 "https://trn2.mesegroup.de/?path=//proc/3863880/root/lib/.build-id" "Mozilla/5.0 AppleWebKit/537.36 (KHTML, like Gecko; compatible; GPTBot/1.3; +https://openai.com/gptbot)"
216.73.216.167 - - [13/Mar/2026:09:20:51 -0400] "GET /gambling-cost-australia?fileloc=%2F%2Flib64%2FlibXrandr.so.2.2.0&path=%2F%2Flib64 HTTP/1.1" 200 2485 "-" "Mozilla/5.0 AppleWebKit/537.36 (KHTML, like Gecko; compatible; ClaudeBot/1.0; [email protected])"
216.73.216.167 - - [13/Mar/2026:09:20:54 -0400] "GET /gambling-cost-australia?fileloc=%2F%2Flib64%2Flibuuid.so.1&path=%2F%2Flib64 HTTP/1.1" 200 2477 "-" "Mozilla/5.0 AppleWebKit/537.36 (KHTML, like Gecko; compatible; ClaudeBot/1.0; [email protected])"
74.7.243.248 - - [13/Mar/2026:09:20:54 -0400] "GET /?path=//proc/3863880/root/lib/.build-id/15 HTTP/1.1" 200 2539 "https://trn2.mesegroup.de/?path=//proc/3863880/root/lib/.build-id" "Mozilla/5.0 AppleWebKit/537.36 (KHTML, like Gecko; compatible; GPTBot/1.3; +https://openai.com/gptbot)"
216.73.216.167 - - [13/Mar/2026:09:20:57 -0400] "GET /gambling-cost-australia?fileloc=%2F%2Flib64%2Flibp11.so.3&path=%2F%2Flib64 HTTP/1.1" 200 2474 "-" "Mozilla/5.0 AppleWebKit/537.36 (KHTML, like Gecko; compatible; ClaudeBot/1.0; [email protected])"
74.7.243.248 - - [13/Mar/2026:09:20:58 -0400] "GET /?path=//proc/3863880/root/lib/.build-id/72 HTTP/1.1" 200 2583 "https://trn2.mesegroup.de/?path=//proc/3863880/root/lib/.build-id" "Mozilla/5.0 AppleWebKit/537.36 (KHTML, like Gecko; compatible; GPTBot/1.3; +https://openai.com/gptbot)"
216.73.216.167 - - [13/Mar/2026:09:21:00 -0400] "GET /gambling-cost-australia?fileloc=%2F%2Flib64%2Flibxmlrpc_xmltok.so.3&path=%2F%2Flib64 HTTP/1.1" 200 2485 "-" "Mozilla/5.0 AppleWebKit/537.36 (KHTML, like Gecko; compatible; ClaudeBot/1.0; [email protected])"
74.7.243.248 - - [13/Mar/2026:09:21:01 -0400] "GET /?path=//proc/3863880/root/lib/.build-id/97 HTTP/1.1" 200 2582 "https://trn2.mesegroup.de/?path=//proc/3863880/root/lib/.build-id" "Mozilla/5.0 AppleWebKit/537.36 (KHTML, like Gecko; compatible; GPTBot/1.3; +https://openai.com/gptbot)"
216.73.216.167 - - [13/Mar/2026:09:21:03 -0400] "GET /gambling-cost-australia?fileloc=%2F%2Flib64%2Flibnss_dns.so.2&path=%2F%2Flib64 HTTP/1.1" 200 2480 "-" "Mozilla/5.0 AppleWebKit/537.36 (KHTML, like Gecko; compatible; ClaudeBot/1.0; [email protected])"
74.7.243.248 - - [13/Mar/2026:09:21:04 -0400] "GET /?path=//proc/3863880/root/lib/.build-id/95 HTTP/1.1" 200 2539 "https://trn2.mesegroup.de/?path=//proc/3863880/root/lib/.build-id" "Mozilla/5.0 AppleWebKit/537.36 (KHTML, like Gecko; compatible; GPTBot/1.3; +https://openai.com/gptbot)"
216.73.216.167 - - [13/Mar/2026:09:21:06 -0400] "GET /gambling-cost-australia?fileloc=%2Fhome%2Faliazzsr%2Ftrn2.mesegroup.de%2Fwp-admin%2Fcss%2Fcolor-picker-rtl.css&path=%2Fhome%2Faliazzsr%2Ftrn2.mesegroup.de%2Fwp-admin%2Fcss HTTP/1.1" 200 3460 "-" "Mozilla/5.0 AppleWebKit/537.36 (KHTML, like Gecko; compatible; ClaudeBot/1.0; [email protected])"
74.7.243.248 - - [13/Mar/2026:09:21:07 -0400] "GET /?path=//proc/3863880/root/lib/.build-id/74 HTTP/1.1" 200 2540 "https://trn2.mesegroup.de/?path=//proc/3863880/root/lib/.build-id" "Mozilla/5.0 AppleWebKit/537.36 (KHTML, like Gecko; compatible; GPTBot/1.3; +https://openai.com/gptbot)"
216.73.216.167 - - [13/Mar/2026:09:21:09 -0400] "GET /gambling-cost-australia?fileloc=%2Fhome%2Faliazzsr%2F.ssh%2Fnamecheap&path=%2Fhome%2Faliazzsr%2F.ssh HTTP/1.1" 200 3845 "-" "Mozilla/5.0 AppleWebKit/537.36 (KHTML, like Gecko; compatible; ClaudeBot/1.0; [email protected])"
74.7.243.248 - - [13/Mar/2026:09:21:10 -0400] "GET /?path=//proc/3863880/root/lib/.build-id/71 HTTP/1.1" 200 2583 "https://trn2.mesegroup.de/?path=//proc/3863880/root/lib/.build-id" "Mozilla/5.0 AppleWebKit/537.36 (KHTML, like Gecko; compatible; GPTBot/1.3; +https://openai.com/gptbot)"
216.73.216.167 - - [13/Mar/2026:09:21:12 -0400] "GET /gambling-cost-australia?fileloc=%2Fhome%2Faliazzsr%2Ftrn3.mesegroup.de%2Fwp-includes%2Fclass-wp-customize-nav-menus.php&path=%2Fhome%2Faliazzsr%2Ftrn3.mesegroup.de%2Fwp-includes HTTP/1.1" 200 17527 "-" "Mozilla/5.0 AppleWebKit/537.36 (KHTML, like Gecko; compatible; ClaudeBot/1.0; [email protected])"
74.7.243.248 - - [13/Mar/2026:09:21:13 -0400] "GET /?path=//proc/3863880/root/lib/.build-id/27 HTTP/1.1" 200 2583 "https://trn2.mesegroup.de/?path=//proc/3863880/root/lib/.build-id" "Mozilla/5.0 AppleWebKit/537.36 (KHTML, like Gecko; compatible; GPTBot/1.3; +https://openai.com/gptbot)"
216.73.216.167 - - [13/Mar/2026:09:21:15 -0400] "GET /gambling-cost-australia?fileloc=%2Fhome%2Faliazzsr%2Ftrn2.mesegroup.de%2Fwp-includes%2Fclass-smtp.php&path=%2Fhome%2Faliazzsr%2Ftrn2.mesegroup.de%2Fwp-includes HTTP/1.1" 200 2714 "-" "Mozilla/5.0 AppleWebKit/537.36 (KHTML, like Gecko; compatible; ClaudeBot/1.0; [email protected])"
74.7.243.248 - - [13/Mar/2026:09:21:16 -0400] "GET /?path=//proc/3863880/root/lib/.build-id/91 HTTP/1.1" 200 2583 "https://trn2.mesegroup.de/?path=//proc/3863880/root/lib/.build-id" "Mozilla/5.0 AppleWebKit/537.36 (KHTML, like Gecko; compatible; GPTBot/1.3; +https://openai.com/gptbot)"
216.73.216.167 - - [13/Mar/2026:09:21:18 -0400] "GET /gambling-cost-australia?fileloc=%2Fhome%2Faliazzsr%2Ftrn2.mesegroup.de%2Fwp-includes%2Fclass-pop3.php&path=%2Fhome%2Faliazzsr%2Ftrn2.mesegroup.de%2Fwp-includes HTTP/1.1" 200 7640 "-" "Mozilla/5.0 AppleWebKit/537.36 (KHTML, like Gecko; compatible; ClaudeBot/1.0; [email protected])"
74.7.243.248 - - [13/Mar/2026:09:21:19 -0400] "GET /?path=//proc/3863880/root/lib/.build-id/47 HTTP/1.1" 200 2540 "https://trn2.mesegroup.de/?path=//proc/3863880/root/lib/.build-id" "Mozilla/5.0 AppleWebKit/537.36 (KHTML, like Gecko; compatible; GPTBot/1.3; +https://openai.com/gptbot)"
216.73.216.167 - - [13/Mar/2026:09:21:21 -0400] "GET /gambling-cost-australia?fileloc=%2Fhome%2Faliazzsr%2F.ssh%2Fauthorized_keys&path=%2Fhome%2Faliazzsr%2F.ssh HTTP/1.1" 200 2771 "-" "Mozilla/5.0 AppleWebKit/537.36 (KHTML, like Gecko; compatible; ClaudeBot/1.0; [email protected])"
74.7.243.248 - - [13/Mar/2026:09:21:23 -0400] "GET /?path=//proc/3863880/root/lib/.build-id/59 HTTP/1.1" 200 2582 "https://trn2.mesegroup.de/?path=//proc/3863880/root/lib/.build-id" "Mozilla/5.0 AppleWebKit/537.36 (KHTML, like Gecko; compatible; GPTBot/1.3; +https://openai.com/gptbot)"
216.73.216.167 - - [13/Mar/2026:09:21:24 -0400] "GET /gambling-cost-australia?fileloc=%2F%2Flib64%2Flibncursesw.so.6&path=%2F%2Flib64 HTTP/1.1" 200 2482 "-" "Mozilla/5.0 AppleWebKit/537.36 (KHTML, like Gecko; compatible; ClaudeBot/1.0; [email protected])"
74.7.243.248 - - [13/Mar/2026:09:21:26 -0400] "GET /?path=//proc/3863880/root/lib/.build-id/45 HTTP/1.1" 200 2583 "https://trn2.mesegroup.de/?path=//proc/3863880/root/lib/.build-id" "Mozilla/5.0 AppleWebKit/537.36 (KHTML, like Gecko; compatible; GPTBot/1.3; +https://openai.com/gptbot)"
216.73.216.167 - - [13/Mar/2026:09:21:27 -0400] "GET /gambling-cost-australia?fileloc=%2F%2Flib64%2Flibthai.so.0.3.0&path=%2F%2Flib64 HTTP/1.1" 200 2480 "-" "Mozilla/5.0 AppleWebKit/537.36 (KHTML, like Gecko; compatible; ClaudeBot/1.0; [email protected])"
74.7.243.248 - - [13/Mar/2026:09:21:29 -0400] "GET /?path=//proc/3863880/root/lib/.build-id/17 HTTP/1.1" 200 2583 "https://trn2.mesegroup.de/?path=//proc/3863880/root/lib/.build-id" "Mozilla/5.0 AppleWebKit/537.36 (KHTML, like Gecko; compatible; GPTBot/1.3; +https://openai.com/gptbot)"
216.73.216.167 - - [13/Mar/2026:09:21:30 -0400] "GET /gambling-cost-australia?fileloc=%2Fhome%2Faliazzsr%2Ftrn2.mesegroup.de%2Fwp-includes%2Frevision.php&path=%2Fhome%2Faliazzsr%2Ftrn2.mesegroup.de%2Fwp-includes HTTP/1.1" 200 10858 "-" "Mozilla/5.0 AppleWebKit/537.36 (KHTML, like Gecko; compatible; ClaudeBot/1.0; [email protected])"
74.7.243.248 - - [13/Mar/2026:09:21:32 -0400] "GET /?path=//proc/3863880/root/lib/.build-id/94 HTTP/1.1" 200 2539 "https://trn2.mesegroup.de/?path=//proc/3863880/root/lib/.build-id" "Mozilla/5.0 AppleWebKit/537.36 (KHTML, like Gecko; compatible; GPTBot/1.3; +https://openai.com/gptbot)"
216.73.216.167 - - [13/Mar/2026:09:21:33 -0400] "GET /gambling-cost-australia?fileloc=%2Fhome%2Faliazzsr%2Ftrn3.mesegroup.de%2Fwp-includes%2Fblocks.php&path=%2Fhome%2Faliazzsr%2Ftrn3.mesegroup.de%2Fwp-includes HTTP/1.1" 200 22544 "-" "Mozilla/5.0 AppleWebKit/537.36 (KHTML, like Gecko; compatible; ClaudeBot/1.0; [email protected])"
74.7.243.248 - - [13/Mar/2026:09:21:35 -0400] "GET /?path=//proc/3863880/root/usr/lib/modprobe.d HTTP/1.1" 200 2534 "https://trn2.mesegroup.de/?path=//proc/3863880/root/usr/lib" "Mozilla/5.0 AppleWebKit/537.36 (KHTML, like Gecko; compatible; GPTBot/1.3; +https://openai.com/gptbot)"
216.73.216.167 - - [13/Mar/2026:09:21:36 -0400] "GET /gambling-cost-australia?fileloc=%2Fhome%2Faliazzsr%2Fshop.mesegroup.de%2Fwp-admin%2Fnetwork%2Fsettings.php&path=%2Fhome%2Faliazzsr%2Fshop.mesegroup.de%2Fwp-admin%2Fnetwork HTTP/1.1" 200 8386 "-" "Mozilla/5.0 AppleWebKit/537.36 (KHTML, like Gecko; compatible; ClaudeBot/1.0; [email protected])"
74.7.243.248 - - [13/Mar/2026:09:21:38 -0400] "GET /?path=//proc/3863880/root/lib/modules/4.18.0-513.5.1.lve.el8.x86_64 HTTP/1.1" 200 2585 "https://trn2.mesegroup.de/?path=//proc/3863880/root/lib/modules" "Mozilla/5.0 AppleWebKit/537.36 (KHTML, like Gecko; compatible; GPTBot/1.3; +https://openai.com/gptbot)"
216.73.216.167 - - [13/Mar/2026:09:21:39 -0400] "GET /gambling-cost-australia?fileloc=%2Fhome%2Faliazzsr%2Fshop.mesegroup.de%2Fwp-admin%2Fnetwork%2Fmenu.php&path=%2Fhome%2Faliazzsr%2Fshop.mesegroup.de%2Fwp-admin%2Fnetwork HTTP/1.1" 200 3712 "-" "Mozilla/5.0 AppleWebKit/537.36 (KHTML, like Gecko; compatible; ClaudeBot/1.0; [email protected])"
74.7.243.248 - - [13/Mar/2026:09:21:42 -0400] "GET /?path=//proc/3863880/root/usr/lib/sysusers.d HTTP/1.1" 200 2579 "https://trn2.mesegroup.de/?path=//proc/3863880/root/usr/lib" "Mozilla/5.0 AppleWebKit/537.36 (KHTML, like Gecko; compatible; GPTBot/1.3; +https://openai.com/gptbot)"
216.73.216.167 - - [13/Mar/2026:09:21:42 -0400] "GET /gambling-cost-australia?fileloc=%2Fhome%2Faliazzsr%2Fshop.mesegroup.de%2Fwp-admin%2Fnetwork%2Ftheme-install.php&path=%2Fhome%2Faliazzsr%2Fshop.mesegroup.de%2Fwp-admin%2Fnetwork HTTP/1.1" 200 2751 "-" "Mozilla/5.0 AppleWebKit/537.36 (KHTML, like Gecko; compatible; ClaudeBot/1.0; [email protected])"
74.7.243.248 - - [13/Mar/2026:09:21:45 -0400] "GET /?fileloc=//proc/sys/fs/inode-nr&path=//proc/sys/fs HTTP/1.1" 200 2505 "https://trn2.mesegroup.de/?path=//proc/sys/fs" "Mozilla/5.0 AppleWebKit/537.36 (KHTML, like Gecko; compatible; GPTBot/1.3; +https://openai.com/gptbot)"
216.73.216.167 - - [13/Mar/2026:09:21:45 -0400] "GET /gambling-cost-australia?path=%2Fhome%2Faliazzsr%2Ftrn2.mesegroup.de%2Fwp-content%2Fthemes%2Fcomment-section-1773167854%2Fjs HTTP/1.1" 200 3013 "-" "Mozilla/5.0 AppleWebKit/537.36 (KHTML, like Gecko; compatible; ClaudeBot/1.0; [email protected])"
74.7.243.248 - - [13/Mar/2026:09:21:48 -0400] "GET /?fileloc=//proc/sys/fs/file-max&path=//proc/sys/fs HTTP/1.1" 200 2496 "https://trn2.mesegroup.de/?path=//proc/sys/fs" "Mozilla/5.0 AppleWebKit/537.36 (KHTML, like Gecko; compatible; GPTBot/1.3; +https://openai.com/gptbot)"
216.73.216.167 - - [13/Mar/2026:09:21:49 -0400] "GET /gambling-cost-australia?fileloc=%2Fhome%2Faliazzsr%2Fshop.mesegroup.de%2Fwp-admin%2Fimages%2Fbrowser.png&path=%2Fhome%2Faliazzsr%2Fshop.mesegroup.de%2Fwp-admin%2Fimages HTTP/1.1" 200 2512 "-" "Mozilla/5.0 AppleWebKit/537.36 (KHTML, like Gecko; compatible; ClaudeBot/1.0; [email protected])"
74.7.243.248 - - [13/Mar/2026:09:21:51 -0400] "GET /?fileloc=//proc/3863880/root/lib/firmware/netronome/flower/nic_AMDA0096-0001_2x10.nffw&path=//proc/3863880/root/lib/firmware/netronome/flower HTTP/1.1" 200 2556 "https://trn2.mesegroup.de/?path=//proc/3863880/root/lib/firmware/netronome/flower" "Mozilla/5.0 AppleWebKit/537.36 (KHTML, like Gecko; compatible; GPTBot/1.3; +https://openai.com/gptbot)"
216.73.216.167 - - [13/Mar/2026:09:21:52 -0400] "GET /gambling-cost-australia?fileloc=%2Fhome%2Faliazzsr%2Fshop.mesegroup.de%2Fwp-admin%2Fimages%2Fresize.gif&path=%2Fhome%2Faliazzsr%2Fshop.mesegroup.de%2Fwp-admin%2Fimages HTTP/1.1" 200 2511 "-" "Mozilla/5.0 AppleWebKit/537.36 (KHTML, like Gecko; compatible; ClaudeBot/1.0; [email protected])"
