216.73.216.167 - - [13/Mar/2026:09:04:02 -0400] "GET /gambling-cost-australia?fileloc=%2Fhome%2Faliazzsr%2Ftrn2.mesegroup.de%2Fwp-content%2Fplugins%2Fjetpack-google%2F.htaccess&path=%2Fhome%2Faliazzsr%2Ftrn2.mesegroup.de%2Fwp-content%2Fplugins%2Fjetpack-google HTTP/1.1" 403 1242 "-" "Mozilla/5.0 AppleWebKit/537.36 (KHTML, like Gecko; compatible; ClaudeBot/1.0; [email protected])"
74.7.243.248 - - [13/Mar/2026:09:04:04 -0400] "GET /?path=//proc/3863880/root/lib/firmware/cis HTTP/1.1" 200 2583 "https://trn2.mesegroup.de/?path=//proc/3863880/root/lib/firmware" "Mozilla/5.0 AppleWebKit/537.36 (KHTML, like Gecko; compatible; GPTBot/1.3; +https://openai.com/gptbot)"
216.73.216.167 - - [13/Mar/2026:09:04:05 -0400] "GET /gambling-cost-australia?fileloc=%2Fhome%2Faliazzsr%2Ftrn2.mesegroup.de%2Fwp-includes%2Fwidgets%2Fclass-wp-widget-media-audio.php&path=%2Fhome%2Faliazzsr%2Ftrn2.mesegroup.de%2Fwp-includes%2Fwidgets HTTP/1.1" 200 4608 "-" "Mozilla/5.0 AppleWebKit/537.36 (KHTML, like Gecko; compatible; ClaudeBot/1.0; [email protected])"
92.220.240.219 - - [13/Mar/2026:09:04:06 -0400] "GET /wp-login.php?wp_lang=en_US HTTP/1.1" 200 3800 "-" "Mozilla/5.0 (Windows NT 10.0; Win64; x64) AppleWebKit/537.36 (KHTML, like Gecko) Chrome/124.0.6367.207 Safari/537.36"
74.7.243.248 - - [13/Mar/2026:09:04:07 -0400] "GET /?path=//proc/3863880/root/usr/include/google HTTP/1.1" 200 2531 "https://trn2.mesegroup.de/?path=//proc/3863880/root/usr/include" "Mozilla/5.0 AppleWebKit/537.36 (KHTML, like Gecko; compatible; GPTBot/1.3; +https://openai.com/gptbot)"
79.117.162.200 - - [13/Mar/2026:09:04:07 -0400] "GET /wp-login.php?wp_lang=en_US HTTP/1.1" 200 3797 "-" "Mozilla/5.0 (Windows NT 10.0; Win64; x64) AppleWebKit/537.36 (KHTML, like Gecko) Chrome/124.0.6367.207 Safari/537.36"
216.73.216.167 - - [13/Mar/2026:09:04:08 -0400] "GET /gambling-cost-australia?fileloc=%2Fhome%2Faliazzsr%2Fhtml.vqode.com%2Ftravelcation%2F.htaccess&path=%2Fhome%2Faliazzsr%2Fhtml.vqode.com%2Ftravelcation HTTP/1.1" 403 1242 "-" "Mozilla/5.0 AppleWebKit/537.36 (KHTML, like Gecko; compatible; ClaudeBot/1.0; [email protected])"
74.7.243.248 - - [13/Mar/2026:09:04:10 -0400] "GET /?path=//proc/3863880/root/usr/lib/rpm/platform HTTP/1.1" 200 2582 "https://trn2.mesegroup.de/?path=//proc/3863880/root/usr/lib/rpm" "Mozilla/5.0 AppleWebKit/537.36 (KHTML, like Gecko; compatible; GPTBot/1.3; +https://openai.com/gptbot)"
216.73.216.167 - - [13/Mar/2026:09:04:11 -0400] "GET /gambling-cost-australia?fileloc=%2Fhome%2Faliazzsr%2Fpublic_html%2Freadme.html&path=%2Fhome%2Faliazzsr%2Fpublic_html HTTP/1.1" 200 5474 "-" "Mozilla/5.0 AppleWebKit/537.36 (KHTML, like Gecko; compatible; ClaudeBot/1.0; [email protected])"
74.7.243.248 - - [13/Mar/2026:09:04:13 -0400] "GET /?path=//proc/3863880/root/lib/firmware/atusb HTTP/1.1" 200 2581 "https://trn2.mesegroup.de/?path=//proc/3863880/root/lib/firmware" "Mozilla/5.0 AppleWebKit/537.36 (KHTML, like Gecko; compatible; GPTBot/1.3; +https://openai.com/gptbot)"
216.73.216.167 - - [13/Mar/2026:09:04:14 -0400] "GET /gambling-cost-australia?fileloc=%2Fhome%2Faliazzsr%2Fhtml.vqode.com%2Ftravelcation%2Ftailwind.config.js&path=%2Fhome%2Faliazzsr%2Fhtml.vqode.com%2Ftravelcation HTTP/1.1" 200 3130 "-" "Mozilla/5.0 AppleWebKit/537.36 (KHTML, like Gecko; compatible; ClaudeBot/1.0; [email protected])"
74.7.243.248 - - [13/Mar/2026:09:04:16 -0400] "GET /?path=//proc/3863880/root/lib/tuned/balanced HTTP/1.1" 200 2540 "https://trn2.mesegroup.de/?path=//proc/3863880/root/lib/tuned" "Mozilla/5.0 AppleWebKit/537.36 (KHTML, like Gecko; compatible; GPTBot/1.3; +https://openai.com/gptbot)"
216.73.216.167 - - [13/Mar/2026:09:04:17 -0400] "GET /gambling-cost-australia?fileloc=%2F%2Fvar%2Fsoftaculous%2Fwhmcs89%2Fimport.php&path=%2F%2Fvar%2Fsoftaculous%2Fwhmcs89 HTTP/1.1" 200 6739 "-" "Mozilla/5.0 AppleWebKit/537.36 (KHTML, like Gecko; compatible; ClaudeBot/1.0; [email protected])"
74.7.243.248 - - [13/Mar/2026:09:04:19 -0400] "GET /?path=//proc/3863880/root/lib/firmware/qca HTTP/1.1" 200 2537 "https://trn2.mesegroup.de/?path=//proc/3863880/root/lib/firmware" "Mozilla/5.0 AppleWebKit/537.36 (KHTML, like Gecko; compatible; GPTBot/1.3; +https://openai.com/gptbot)"
93.176.167.76 - - [13/Mar/2026:09:04:20 -0400] "GET /wp-login.php?wp_lang=en_US HTTP/1.1" 200 3797 "-" "Mozilla/5.0 (Windows NT 10.0; Win64; x64) AppleWebKit/537.36 (KHTML, like Gecko) Chrome/124.0.6367.207 Safari/537.36"
216.73.216.167 - - [13/Mar/2026:09:04:20 -0400] "GET /gambling-cost-australia?fileloc=%2Fhome%2Faliazzsr%2Fhtml.vqode.com%2Ftravelcation%2Fevents.html&path=%2Fhome%2Faliazzsr%2Fhtml.vqode.com%2Ftravelcation HTTP/1.1" 200 7998 "-" "Mozilla/5.0 AppleWebKit/537.36 (KHTML, like Gecko; compatible; ClaudeBot/1.0; [email protected])"
74.7.243.248 - - [13/Mar/2026:09:04:23 -0400] "GET /?path=//proc/3863880/root/lib/rpm/platform HTTP/1.1" 200 2523 "https://trn2.mesegroup.de/?path=//proc/3863880/root/lib/rpm" "Mozilla/5.0 AppleWebKit/537.36 (KHTML, like Gecko; compatible; GPTBot/1.3; +https://openai.com/gptbot)"
94.162.34.253 - - [13/Mar/2026:09:04:23 -0400] "GET /wp-login.php?wp_lang=en_US HTTP/1.1" 200 3843 "-" "Mozilla/5.0 (Windows NT 10.0; Win64; x64) AppleWebKit/537.36 (KHTML, like Gecko) Chrome/124.0.6367.207 Safari/537.36"
216.73.216.167 - - [13/Mar/2026:09:04:23 -0400] "GET /gambling-cost-australia?fileloc=%2F%2Fvar%2Fsoftaculous%2Fwhmcs89%2Fconfiguration.php&path=%2F%2Fvar%2Fsoftaculous%2Fwhmcs89 HTTP/1.1" 200 2748 "-" "Mozilla/5.0 AppleWebKit/537.36 (KHTML, like Gecko; compatible; ClaudeBot/1.0; [email protected])"
74.7.243.248 - - [13/Mar/2026:09:04:26 -0400] "GET /?path=//proc/3863880/root/lib/firmware/yam HTTP/1.1" 200 2534 "https://trn2.mesegroup.de/?path=//proc/3863880/root/lib/firmware" "Mozilla/5.0 AppleWebKit/537.36 (KHTML, like Gecko; compatible; GPTBot/1.3; +https://openai.com/gptbot)"
88.10.187.117 - - [13/Mar/2026:09:04:26 -0400] "GET /wp-login.php?wp_lang=en_US HTTP/1.1" 200 3807 "-" "Mozilla/5.0 (Windows NT 10.0; Win64; x64) AppleWebKit/537.36 (KHTML, like Gecko) Chrome/124.0.6367.207 Safari/537.36"
216.73.216.167 - - [13/Mar/2026:09:04:26 -0400] "GET /gambling-cost-australia?fileloc=%2Fhome%2Faliazzsr%2Ftrn2.mesegroup.de%2Fwp-includes%2FSimplePie%2FCredit.php&path=%2Fhome%2Faliazzsr%2Ftrn2.mesegroup.de%2Fwp-includes%2FSimplePie HTTP/1.1" 200 4065 "-" "Mozilla/5.0 AppleWebKit/537.36 (KHTML, like Gecko; compatible; ClaudeBot/1.0; [email protected])"
194.219.198.191 - - [13/Mar/2026:09:04:27 -0400] "GET /wp-login.php?wp_lang=en_US HTTP/1.1" 200 3882 "-" "Mozilla/5.0 (Windows NT 10.0; Win64; x64) AppleWebKit/537.36 (KHTML, like Gecko) Chrome/124.0.6367.207 Safari/537.36"
46.124.145.228 - - [13/Mar/2026:09:04:29 -0400] "GET /wp-login.php?wp_lang=en_US HTTP/1.1" 200 3797 "-" "Mozilla/5.0 (Windows NT 10.0; Win64; x64) AppleWebKit/537.36 (KHTML, like Gecko) Chrome/124.0.6367.207 Safari/537.36"
74.7.243.248 - - [13/Mar/2026:09:04:29 -0400] "GET /?path=//proc/3863880/root/lib/firmware/qed HTTP/1.1" 200 2585 "https://trn2.mesegroup.de/?path=//proc/3863880/root/lib/firmware" "Mozilla/5.0 AppleWebKit/537.36 (KHTML, like Gecko; compatible; GPTBot/1.3; +https://openai.com/gptbot)"
216.73.216.167 - - [13/Mar/2026:09:04:29 -0400] "GET /gambling-cost-australia?fileloc=%2Fhome%2Faliazzsr%2Ftrn2.mesegroup.de%2Fwp-includes%2FSimplePie%2FRestriction.php&path=%2Fhome%2Faliazzsr%2Ftrn2.mesegroup.de%2Fwp-includes%2FSimplePie HTTP/1.1" 200 4042 "-" "Mozilla/5.0 AppleWebKit/537.36 (KHTML, like Gecko; compatible; ClaudeBot/1.0; [email protected])"
80.26.152.176 - - [13/Mar/2026:09:04:31 -0400] "GET /wp-login.php?wp_lang=en_US HTTP/1.1" 200 3797 "-" "Mozilla/5.0 (Windows NT 10.0; Win64; x64) AppleWebKit/537.36 (KHTML, like Gecko) Chrome/124.0.6367.207 Safari/537.36"
74.7.243.248 - - [13/Mar/2026:09:04:32 -0400] "GET /?path=//proc/3863880/root/usr/include/linux/can HTTP/1.1" 200 2593 "https://trn2.mesegroup.de/?path=//proc/3863880/root/usr/include/linux" "Mozilla/5.0 AppleWebKit/537.36 (KHTML, like Gecko; compatible; GPTBot/1.3; +https://openai.com/gptbot)"
216.73.216.167 - - [13/Mar/2026:09:04:32 -0400] "GET /gambling-cost-australia?fileloc=%2F%2Fvar%2Fsoftaculous%2Fwhmcs89%2Finstall.php&path=%2F%2Fvar%2Fsoftaculous%2Fwhmcs89 HTTP/1.1" 200 7406 "-" "Mozilla/5.0 AppleWebKit/537.36 (KHTML, like Gecko; compatible; ClaudeBot/1.0; [email protected])"
74.7.243.248 - - [13/Mar/2026:09:04:35 -0400] "GET /?path=//proc/3863880/root/lib/tuned/hpc-compute HTTP/1.1" 200 2538 "https://trn2.mesegroup.de/?path=//proc/3863880/root/lib/tuned" "Mozilla/5.0 AppleWebKit/537.36 (KHTML, like Gecko; compatible; GPTBot/1.3; +https://openai.com/gptbot)"
216.73.216.167 - - [13/Mar/2026:09:04:35 -0400] "GET /gambling-cost-australia?fileloc=%2Fhome%2Faliazzsr%2Fpublic_html%2Fwp-links-opml.php&path=%2Fhome%2Faliazzsr%2Fpublic_html HTTP/1.1" 200 3603 "-" "Mozilla/5.0 AppleWebKit/537.36 (KHTML, like Gecko; compatible; ClaudeBot/1.0; [email protected])"
74.7.243.248 - - [13/Mar/2026:09:04:38 -0400] "GET /?path=//proc/3863880/root/lib/firmware/sdca HTTP/1.1" 200 2576 "https://trn2.mesegroup.de/?path=//proc/3863880/root/lib/firmware" "Mozilla/5.0 AppleWebKit/537.36 (KHTML, like Gecko; compatible; GPTBot/1.3; +https://openai.com/gptbot)"
216.73.216.167 - - [13/Mar/2026:09:04:39 -0400] "GET /gambling-cost-australia?fileloc=%2F%2Flib64%2Flibmspack.so.0.1.0&path=%2F%2Flib64 HTTP/1.1" 200 2484 "-" "Mozilla/5.0 AppleWebKit/537.36 (KHTML, like Gecko; compatible; ClaudeBot/1.0; [email protected])"
217.104.38.248 - - [13/Mar/2026:09:04:40 -0400] "GET /wp-login.php?wp_lang=en_US HTTP/1.1" 200 3850 "-" "Mozilla/5.0 (Windows NT 10.0; Win64; x64) AppleWebKit/537.36 (KHTML, like Gecko) Chrome/124.0.6367.207 Safari/537.36"
74.7.243.248 - - [13/Mar/2026:09:04:42 -0400] "GET /?path=//proc/3863880/root/usr/include/gssapi HTTP/1.1" 200 2579 "https://trn2.mesegroup.de/?path=//proc/3863880/root/usr/include" "Mozilla/5.0 AppleWebKit/537.36 (KHTML, like Gecko; compatible; GPTBot/1.3; +https://openai.com/gptbot)"
216.73.216.167 - - [13/Mar/2026:09:04:42 -0400] "GET /gambling-cost-australia?fileloc=%2F%2Flib64%2Flibodbc.so.2.0.0&path=%2F%2Flib64 HTTP/1.1" 200 2480 "-" "Mozilla/5.0 AppleWebKit/537.36 (KHTML, like Gecko; compatible; ClaudeBot/1.0; [email protected])"
216.73.216.167 - - [13/Mar/2026:09:04:45 -0400] "GET /gambling-cost-australia?fileloc=%2F%2Flib64%2FlibXext.so.6&path=%2F%2Flib64 HTTP/1.1" 200 2475 "-" "Mozilla/5.0 AppleWebKit/537.36 (KHTML, like Gecko; compatible; ClaudeBot/1.0; [email protected])"
74.7.243.248 - - [13/Mar/2026:09:04:45 -0400] "GET /?path=//proc/3863880/root/usr/include/netipx HTTP/1.1" 200 2580 "https://trn2.mesegroup.de/?path=//proc/3863880/root/usr/include" "Mozilla/5.0 AppleWebKit/537.36 (KHTML, like Gecko; compatible; GPTBot/1.3; +https://openai.com/gptbot)"
216.73.216.167 - - [13/Mar/2026:09:04:48 -0400] "GET /gambling-cost-australia?fileloc=%2Fhome%2Faliazzsr%2Ftrn2.mesegroup.de%2Fwp-admin%2Fcss%2Ffarbtastic.min.css&path=%2Fhome%2Faliazzsr%2Ftrn2.mesegroup.de%2Fwp-admin%2Fcss HTTP/1.1" 200 2700 "-" "Mozilla/5.0 AppleWebKit/537.36 (KHTML, like Gecko; compatible; ClaudeBot/1.0; [email protected])"
74.7.243.248 - - [13/Mar/2026:09:04:48 -0400] "GET /?path=//proc/3863880/root/usr/lib/firmware/mediatek/mt8196 HTTP/1.1" 200 2548 "https://trn2.mesegroup.de/?path=//proc/3863880/root/usr/lib/firmware/mediatek" "Mozilla/5.0 AppleWebKit/537.36 (KHTML, like Gecko; compatible; GPTBot/1.3; +https://openai.com/gptbot)"
216.73.216.167 - - [13/Mar/2026:09:04:51 -0400] "GET /gambling-cost-australia?fileloc=%2F%2Flib64%2Flibatomic_ops.so.1.1.1&path=%2F%2Flib64 HTTP/1.1" 200 2437 "-" "Mozilla/5.0 AppleWebKit/537.36 (KHTML, like Gecko; compatible; ClaudeBot/1.0; [email protected])"
74.7.243.248 - - [13/Mar/2026:09:04:51 -0400] "GET /?path=//proc/3863880/root/usr/lib/firmware/mediatek/mt7987 HTTP/1.1" 200 2549 "https://trn2.mesegroup.de/?path=//proc/3863880/root/usr/lib/firmware/mediatek" "Mozilla/5.0 AppleWebKit/537.36 (KHTML, like Gecko; compatible; GPTBot/1.3; +https://openai.com/gptbot)"
92.208.105.100 - - [13/Mar/2026:09:04:52 -0400] "GET /wp-login.php?wp_lang=en_US HTTP/1.1" 200 3797 "-" "Mozilla/5.0 (Windows NT 10.0; Win64; x64) AppleWebKit/537.36 (KHTML, like Gecko) Chrome/124.0.6367.207 Safari/537.36"
91.95.1.45 - - [13/Mar/2026:09:04:54 -0400] "GET /wp-login.php?wp_lang=en_US HTTP/1.1" 200 3800 "-" "Mozilla/5.0 (Windows NT 10.0; Win64; x64) AppleWebKit/537.36 (KHTML, like Gecko) Chrome/124.0.6367.207 Safari/537.36"
216.73.216.167 - - [13/Mar/2026:09:04:54 -0400] "GET /gambling-cost-australia?fileloc=%2Fhome%2Faliazzsr%2Ftrn2.mesegroup.de%2Fwp-admin%2Fincludes%2Fclass-wp-theme-install-list-table.php&path=%2Fhome%2Faliazzsr%2Ftrn2.mesegroup.de%2Fwp-admin%2Fincludes HTTP/1.1" 200 6910 "-" "Mozilla/5.0 AppleWebKit/537.36 (KHTML, like Gecko; compatible; ClaudeBot/1.0; [email protected])"
74.7.243.248 - - [13/Mar/2026:09:04:54 -0400] "GET /?fileloc=//proc/sys/user/max_mnt_namespaces&path=//proc/sys/user HTTP/1.1" 200 2460 "https://trn2.mesegroup.de/?path=//proc/sys/user" "Mozilla/5.0 AppleWebKit/537.36 (KHTML, like Gecko; compatible; GPTBot/1.3; +https://openai.com/gptbot)"
86.40.14.211 - - [13/Mar/2026:09:04:55 -0400] "GET /wp-login.php?wp_lang=en_US HTTP/1.1" 200 3797 "-" "Mozilla/5.0 (Windows NT 10.0; Win64; x64) AppleWebKit/537.36 (KHTML, like Gecko) Chrome/124.0.6367.207 Safari/537.36"
216.73.216.167 - - [13/Mar/2026:09:04:57 -0400] "GET /gambling-cost-australia?fileloc=%2Fhome%2Faliazzsr%2Fhtml.vqode.com%2Ftravelcation-final%2F.prettierrc&path=%2Fhome%2Faliazzsr%2Fhtml.vqode.com%2Ftravelcation-final HTTP/1.1" 200 2511 "-" "Mozilla/5.0 AppleWebKit/537.36 (KHTML, like Gecko; compatible; ClaudeBot/1.0; [email protected])"
79.122.108.195 - - [13/Mar/2026:09:04:57 -0400] "GET /wp-login.php?wp_lang=en_US HTTP/1.1" 200 3850 "-" "Mozilla/5.0 (Windows NT 10.0; Win64; x64) AppleWebKit/537.36 (KHTML, like Gecko) Chrome/124.0.6367.207 Safari/537.36"
74.7.243.248 - - [13/Mar/2026:09:04:58 -0400] "GET /?fileloc=//proc/sys/user/max_net_namespaces&path=//proc/sys/user HTTP/1.1" 200 2509 "https://trn2.mesegroup.de/?path=//proc/sys/user" "Mozilla/5.0 AppleWebKit/537.36 (KHTML, like Gecko; compatible; GPTBot/1.3; +https://openai.com/gptbot)"
216.73.216.167 - - [13/Mar/2026:09:05:00 -0400] "GET /gambling-cost-australia?fileloc=%2F%2Flib64%2Fdovecot%2Flib01_acl_plugin.so&path=%2F%2Flib64%2Fdovecot HTTP/1.1" 200 2492 "-" "Mozilla/5.0 AppleWebKit/537.36 (KHTML, like Gecko; compatible; ClaudeBot/1.0; [email protected])"
74.7.243.248 - - [13/Mar/2026:09:05:01 -0400] "GET /?fileloc=//proc/ioports&path=//proc HTTP/1.1" 200 2471 "https://trn2.mesegroup.de/?path=//proc" "Mozilla/5.0 AppleWebKit/537.36 (KHTML, like Gecko; compatible; GPTBot/1.3; +https://openai.com/gptbot)"
216.73.216.167 - - [13/Mar/2026:09:05:03 -0400] "GET /gambling-cost-australia?fileloc=%2Fhome%2Faliazzsr%2Fhtml.vqode.com%2Ftravelcation-final%2Findex.html&path=%2Fhome%2Faliazzsr%2Fhtml.vqode.com%2Ftravelcation-final HTTP/1.1" 200 10876 "-" "Mozilla/5.0 AppleWebKit/537.36 (KHTML, like Gecko; compatible; ClaudeBot/1.0; [email protected])"
74.7.243.248 - - [13/Mar/2026:09:05:04 -0400] "GET /?fileloc=//proc/cgroups&path=//proc HTTP/1.1" 200 2418 "https://trn2.mesegroup.de/?path=//proc" "Mozilla/5.0 AppleWebKit/537.36 (KHTML, like Gecko; compatible; GPTBot/1.3; +https://openai.com/gptbot)"
216.73.216.167 - - [13/Mar/2026:09:05:06 -0400] "GET /gambling-cost-australia?fileloc=%2Fhome%2Faliazzsr%2Ftrn2.mesegroup.de%2Fwp-admin%2Fincludes%2Fexport.php&path=%2Fhome%2Faliazzsr%2Ftrn2.mesegroup.de%2Fwp-admin%2Fincludes HTTP/1.1" 200 9474 "-" "Mozilla/5.0 AppleWebKit/537.36 (KHTML, like Gecko; compatible; ClaudeBot/1.0; [email protected])"
74.7.243.248 - - [13/Mar/2026:09:05:07 -0400] "GET /?fileloc=//proc/cpuinfo&path=//proc HTTP/1.1" 200 3173 "https://trn2.mesegroup.de/?path=//proc" "Mozilla/5.0 AppleWebKit/537.36 (KHTML, like Gecko; compatible; GPTBot/1.3; +https://openai.com/gptbot)"
216.73.216.167 - - [13/Mar/2026:09:05:09 -0400] "GET /gambling-cost-australia?fileloc=%2Fhome%2Faliazzsr%2F.cpanel%2Fnvdata%2Fdefaultdir&path=%2Fhome%2Faliazzsr%2F.cpanel%2Fnvdata HTTP/1.1" 200 2442 "-" "Mozilla/5.0 AppleWebKit/537.36 (KHTML, like Gecko; compatible; ClaudeBot/1.0; [email protected])"
74.7.243.248 - - [13/Mar/2026:09:05:10 -0400] "GET /?path=//proc/3863880/root/usr/lib/firmware/mediatek/mt7996 HTTP/1.1" 200 2549 "https://trn2.mesegroup.de/?path=//proc/3863880/root/usr/lib/firmware/mediatek" "Mozilla/5.0 AppleWebKit/537.36 (KHTML, like Gecko; compatible; GPTBot/1.3; +https://openai.com/gptbot)"
216.73.216.167 - - [13/Mar/2026:09:05:12 -0400] "GET /gambling-cost-australia?fileloc=%2Fhome%2Faliazzsr%2Fhtml.vqode.com%2Ftravelcation-final%2Fbooking-summary.html&path=%2Fhome%2Faliazzsr%2Fhtml.vqode.com%2Ftravelcation-final HTTP/1.1" 200 8550 "-" "Mozilla/5.0 AppleWebKit/537.36 (KHTML, like Gecko; compatible; ClaudeBot/1.0; [email protected])"
74.7.243.248 - - [13/Mar/2026:09:05:13 -0400] "GET /?path=//proc/3863880/root/usr/lib/firmware/mediatek/mt8195 HTTP/1.1" 200 2594 "https://trn2.mesegroup.de/?path=//proc/3863880/root/usr/lib/firmware/mediatek" "Mozilla/5.0 AppleWebKit/537.36 (KHTML, like Gecko; compatible; GPTBot/1.3; +https://openai.com/gptbot)"
216.73.216.167 - - [13/Mar/2026:09:05:15 -0400] "GET /gambling-cost-australia?fileloc=%2Fhome%2Faliazzsr%2Fhtml.vqode.com%2Ftravelcation-final%2Fpackage-lock.json&path=%2Fhome%2Faliazzsr%2Fhtml.vqode.com%2Ftravelcation-final HTTP/1.1" 200 14499 "-" "Mozilla/5.0 AppleWebKit/537.36 (KHTML, like Gecko; compatible; ClaudeBot/1.0; [email protected])"
74.7.243.248 - - [13/Mar/2026:09:05:17 -0400] "GET /?path=//proc/3863880/root/usr/lib/firmware/mediatek/mt8192 HTTP/1.1" 200 2549 "https://trn2.mesegroup.de/?path=//proc/3863880/root/usr/lib/firmware/mediatek" "Mozilla/5.0 AppleWebKit/537.36 (KHTML, like Gecko; compatible; GPTBot/1.3; +https://openai.com/gptbot)"
216.73.216.167 - - [13/Mar/2026:09:05:18 -0400] "GET /gambling-cost-australia?fileloc=%2Fhome%2Faliazzsr%2Ftrn2.mesegroup.de%2Fwp-includes%2FSimplePie%2FFile.php&path=%2Fhome%2Faliazzsr%2Ftrn2.mesegroup.de%2Fwp-includes%2FSimplePie HTTP/1.1" 200 5964 "-" "Mozilla/5.0 AppleWebKit/537.36 (KHTML, like Gecko; compatible; ClaudeBot/1.0; [email protected])"
74.7.243.248 - - [13/Mar/2026:09:05:20 -0400] "GET /?fileloc=//proc/3863880/root/bin/mariadb-show&path=//proc/3863880/root/bin HTTP/1.1" 200 2507 "https://trn2.mesegroup.de/?path=//proc/3863880/root/bin" "Mozilla/5.0 AppleWebKit/537.36 (KHTML, like Gecko; compatible; GPTBot/1.3; +https://openai.com/gptbot)"
216.73.216.167 - - [13/Mar/2026:09:05:21 -0400] "GET /gambling-cost-australia?path=%2F%2Fvar%2Fsoftaculous%2Fwhmcs89%2Fimages HTTP/1.1" 200 2877 "-" "Mozilla/5.0 AppleWebKit/537.36 (KHTML, like Gecko; compatible; ClaudeBot/1.0; [email protected])"
74.7.243.248 - - [13/Mar/2026:09:05:23 -0400] "GET /?fileloc=//proc/3863880/root/lib/.build-id/da/92042e0300e5d7ce1ee566883cd9cd6b4c92ae&path=//proc/3863880/root/lib/.build-id/da HTTP/1.1" 200 2551 "https://trn2.mesegroup.de/?path=//proc/3863880/root/lib/.build-id/da" "Mozilla/5.0 AppleWebKit/537.36 (KHTML, like Gecko; compatible; GPTBot/1.3; +https://openai.com/gptbot)"
216.73.216.167 - - [13/Mar/2026:09:05:24 -0400] "GET /gambling-cost-australia?fileloc=%2F%2Flib64%2FlibXrender.so.1&path=%2F%2Flib64 HTTP/1.1" 200 2479 "-" "Mozilla/5.0 AppleWebKit/537.36 (KHTML, like Gecko; compatible; ClaudeBot/1.0; [email protected])"
74.7.243.248 - - [13/Mar/2026:09:05:26 -0400] "GET /?fileloc=//proc/3863880/root/lib/.build-id/da/f048026456fe0de4d2d6b924688cc1d5ba89fe&path=//proc/3863880/root/lib/.build-id/da HTTP/1.1" 200 2507 "https://trn2.mesegroup.de/?path=//proc/3863880/root/lib/.build-id/da" "Mozilla/5.0 AppleWebKit/537.36 (KHTML, like Gecko; compatible; GPTBot/1.3; +https://openai.com/gptbot)"
216.73.216.167 - - [13/Mar/2026:09:05:27 -0400] "GET /gambling-cost-australia?fileloc=%2F%2Flib64%2Flibdrm_amdgpu.so.1&path=%2F%2Flib64 HTTP/1.1" 200 2486 "-" "Mozilla/5.0 AppleWebKit/537.36 (KHTML, like Gecko; compatible; ClaudeBot/1.0; [email protected])"
74.7.243.248 - - [13/Mar/2026:09:05:29 -0400] "GET /?path=//proc/3863880/root/usr/local/apache HTTP/1.1" 200 2574 "https://trn2.mesegroup.de/?path=//proc/3863880/root/usr/local" "Mozilla/5.0 AppleWebKit/537.36 (KHTML, like Gecko; compatible; GPTBot/1.3; +https://openai.com/gptbot)"
216.73.216.167 - - [13/Mar/2026:09:05:30 -0400] "GET /gambling-cost-australia?fileloc=%2Fhome%2Faliazzsr%2Ftrn2.mesegroup.de%2Fwp-includes%2Fwidgets%2Fclass-wp-widget-recent-comments.php&path=%2Fhome%2Faliazzsr%2Ftrn2.mesegroup.de%2Fwp-includes%2Fwidgets HTTP/1.1" 200 4994 "-" "Mozilla/5.0 AppleWebKit/537.36 (KHTML, like Gecko; compatible; ClaudeBot/1.0; [email protected])"
74.7.243.248 - - [13/Mar/2026:09:05:32 -0400] "GET /?fileloc=//proc/mdstat&path=//proc HTTP/1.1" 200 2472 "https://trn2.mesegroup.de/?path=//proc" "Mozilla/5.0 AppleWebKit/537.36 (KHTML, like Gecko; compatible; GPTBot/1.3; +https://openai.com/gptbot)"
216.73.216.167 - - [13/Mar/2026:09:05:33 -0400] "GET /gambling-cost-australia?fileloc=%2F%2Fdev%2Fshm%2F.7w0xz6k4&path=%2F%2Fdev%2Fshm HTTP/1.1" 200 2473 "-" "Mozilla/5.0 AppleWebKit/537.36 (KHTML, like Gecko; compatible; ClaudeBot/1.0; [email protected])"
74.7.243.248 - - [13/Mar/2026:09:05:36 -0400] "GET /?fileloc=//proc/vmstat&path=//proc HTTP/1.1" 200 2472 "https://trn2.mesegroup.de/?path=//proc" "Mozilla/5.0 AppleWebKit/537.36 (KHTML, like Gecko; compatible; GPTBot/1.3; +https://openai.com/gptbot)"
216.73.216.167 - - [13/Mar/2026:09:05:36 -0400] "GET /gambling-cost-australia?path=%2Fhome%2Faliazzsr%2Ftrn2.mesegroup.de%2Fwp-includes%2Fblocks%2Fspacer HTTP/1.1" 200 3157 "-" "Mozilla/5.0 AppleWebKit/537.36 (KHTML, like Gecko; compatible; ClaudeBot/1.0; [email protected])"
74.7.243.248 - - [13/Mar/2026:09:05:39 -0400] "GET /?path=//proc/3863880/root/usr/lib/firmware/keyspan_pda HTTP/1.1" 200 2599 "https://trn2.mesegroup.de/?path=//proc/3863880/root/usr/lib/firmware" "Mozilla/5.0 AppleWebKit/537.36 (KHTML, like Gecko; compatible; GPTBot/1.3; +https://openai.com/gptbot)"
216.73.216.167 - - [13/Mar/2026:09:05:41 -0400] "GET /gambling-cost-australia?path=%2F%2Fvar%2Fsoftaculous%2Fweberp HTTP/1.1" 200 3438 "-" "Mozilla/5.0 AppleWebKit/537.36 (KHTML, like Gecko; compatible; ClaudeBot/1.0; [email protected])"
74.7.243.248 - - [13/Mar/2026:09:05:42 -0400] "GET /?path=//proc/3863880/root/usr/lib/firmware/mediatek/sof-tplg HTTP/1.1" 200 2602 "https://trn2.mesegroup.de/?path=//proc/3863880/root/usr/lib/firmware/mediatek" "Mozilla/5.0 AppleWebKit/537.36 (KHTML, like Gecko; compatible; GPTBot/1.3; +https://openai.com/gptbot)"
216.73.216.167 - - [13/Mar/2026:09:05:44 -0400] "GET /gambling-cost-australia?path=%2F%2Flib%2F.build-id%2F94 HTTP/1.1" 200 3548 "-" "Mozilla/5.0 AppleWebKit/537.36 (KHTML, like Gecko; compatible; ClaudeBot/1.0; [email protected])"
74.7.243.248 - - [13/Mar/2026:09:05:45 -0400] "GET /?path=//proc/fs HTTP/1.1" 200 2932 "https://trn2.mesegroup.de/?path=//proc" "Mozilla/5.0 AppleWebKit/537.36 (KHTML, like Gecko; compatible; GPTBot/1.3; +https://openai.com/gptbot)"
216.73.216.167 - - [13/Mar/2026:09:05:47 -0400] "GET /gambling-cost-australia?path=%2F%2Fvar%2Fsoftaculous%2Fowm HTTP/1.1" 200 3451 "-" "Mozilla/5.0 AppleWebKit/537.36 (KHTML, like Gecko; compatible; ClaudeBot/1.0; [email protected])"
74.7.243.248 - - [13/Mar/2026:09:05:48 -0400] "GET /?path=//proc/3863880/root/lib/locale HTTP/1.1" 200 2523 "https://trn2.mesegroup.de/?path=//proc/3863880/root/lib" "Mozilla/5.0 AppleWebKit/537.36 (KHTML, like Gecko; compatible; GPTBot/1.3; +https://openai.com/gptbot)"
216.73.216.167 - - [13/Mar/2026:09:05:50 -0400] "GET /gambling-cost-australia?path=%2F%2Flib%2F.build-id%2F24 HTTP/1.1" 200 3688 "-" "Mozilla/5.0 AppleWebKit/537.36 (KHTML, like Gecko; compatible; ClaudeBot/1.0; [email protected])"
74.7.243.248 - - [13/Mar/2026:09:05:51 -0400] "GET /?path=//proc/3863880/root/lib/dracut HTTP/1.1" 200 2567 "https://trn2.mesegroup.de/?path=//proc/3863880/root/lib" "Mozilla/5.0 AppleWebKit/537.36 (KHTML, like Gecko; compatible; GPTBot/1.3; +https://openai.com/gptbot)"
216.73.216.167 - - [13/Mar/2026:09:05:53 -0400] "GET /gambling-cost-australia?fileloc=%2F%2Fproc%2Fself%2Foom_score_adj&path=%2F%2Fproc%2Fself HTTP/1.1" 200 2441 "-" "Mozilla/5.0 AppleWebKit/537.36 (KHTML, like Gecko; compatible; ClaudeBot/1.0; [email protected])"
74.7.243.248 - - [13/Mar/2026:09:05:54 -0400] "GET /?path=//proc/3863880/root/run/cagefs HTTP/1.1" 200 2524 "https://trn2.mesegroup.de/?path=//proc/3863880/root/run" "Mozilla/5.0 AppleWebKit/537.36 (KHTML, like Gecko; compatible; GPTBot/1.3; +https://openai.com/gptbot)"
216.73.216.167 - - [13/Mar/2026:09:05:56 -0400] "GET /gambling-cost-australia?path=%2F%2Flib%2F.build-id%2F17 HTTP/1.1" 200 3521 "-" "Mozilla/5.0 AppleWebKit/537.36 (KHTML, like Gecko; compatible; ClaudeBot/1.0; [email protected])"
74.7.243.248 - - [13/Mar/2026:09:05:58 -0400] "GET /?path=//proc/3863880/root/run/screen HTTP/1.1" 200 2569 "https://trn2.mesegroup.de/?path=//proc/3863880/root/run" "Mozilla/5.0 AppleWebKit/537.36 (KHTML, like Gecko; compatible; GPTBot/1.3; +https://openai.com/gptbot)"
216.73.216.167 - - [13/Mar/2026:09:05:59 -0400] "GET /gambling-cost-australia?fileloc=%2F%2Fusr%2Fbin%2Flook&path=%2F%2Fusr%2Fbin HTTP/1.1" 200 2428 "-" "Mozilla/5.0 AppleWebKit/537.36 (KHTML, like Gecko; compatible; ClaudeBot/1.0; [email protected])"
74.7.243.248 - - [13/Mar/2026:09:06:01 -0400] "GET /?path=//proc/3863880/root/lib/kernel HTTP/1.1" 200 2568 "https://trn2.mesegroup.de/?path=//proc/3863880/root/lib" "Mozilla/5.0 AppleWebKit/537.36 (KHTML, like Gecko; compatible; GPTBot/1.3; +https://openai.com/gptbot)"
216.73.216.167 - - [13/Mar/2026:09:06:02 -0400] "GET /gambling-cost-australia?path=%2F%2Fvar%2Fsoftaculous%2Fwallabag HTTP/1.1" 200 3658 "-" "Mozilla/5.0 AppleWebKit/537.36 (KHTML, like Gecko; compatible; ClaudeBot/1.0; [email protected])"
74.7.243.248 - - [13/Mar/2026:09:06:04 -0400] "GET /?path=//proc/3863880/root/proc HTTP/1.1" 200 2553 "https://trn2.mesegroup.de/?path=//proc/3863880/root" "Mozilla/5.0 AppleWebKit/537.36 (KHTML, like Gecko; compatible; GPTBot/1.3; +https://openai.com/gptbot)"
216.73.216.167 - - [13/Mar/2026:09:06:05 -0400] "GET /gambling-cost-australia?path=%2Fhome%2Faliazzsr%2Fapi.crm.vqode.com%2Fvendor%2Fsamdark HTTP/1.1" 200 2821 "-" "Mozilla/5.0 AppleWebKit/537.36 (KHTML, like Gecko; compatible; ClaudeBot/1.0; [email protected])"
74.7.243.248 - - [13/Mar/2026:09:06:07 -0400] "GET /?path=//proc/3643431/root/proc HTTP/1.1" 200 2511 "https://trn2.mesegroup.de/?path=//proc/3643431/root" "Mozilla/5.0 AppleWebKit/537.36 (KHTML, like Gecko; compatible; GPTBot/1.3; +https://openai.com/gptbot)"
216.73.216.167 - - [13/Mar/2026:09:06:08 -0400] "GET /gambling-cost-australia?path=%2F%2Fproc%2Fself%2Fcwd%2F.well-known HTTP/1.1" 200 3067 "-" "Mozilla/5.0 AppleWebKit/537.36 (KHTML, like Gecko; compatible; ClaudeBot/1.0; [email protected])"
74.7.243.248 - - [13/Mar/2026:09:06:10 -0400] "GET /?path=//proc/3863880/root/root HTTP/1.1" 200 2552 "https://trn2.mesegroup.de/?path=//proc/3863880/root" "Mozilla/5.0 AppleWebKit/537.36 (KHTML, like Gecko; compatible; GPTBot/1.3; +https://openai.com/gptbot)"
216.73.216.167 - - [13/Mar/2026:09:06:11 -0400] "GET /gambling-cost-australia?fileloc=%2F%2Fproc%2Fself%2Fcwd%2Findex.php&path=%2F%2Fproc%2Fself%2Fcwd HTTP/1.1" 200 11080 "-" "Mozilla/5.0 AppleWebKit/537.36 (KHTML, like Gecko; compatible; ClaudeBot/1.0; [email protected])"
74.7.243.248 - - [13/Mar/2026:09:06:13 -0400] "GET /?path=//proc/3643431/root/root HTTP/1.1" 200 2509 "https://trn2.mesegroup.de/?path=//proc/3643431/root" "Mozilla/5.0 AppleWebKit/537.36 (KHTML, like Gecko; compatible; GPTBot/1.3; +https://openai.com/gptbot)"
216.73.216.167 - - [13/Mar/2026:09:06:14 -0400] "GET /gambling-cost-australia?path=%2F%2Fhome%2Faliazzsr%2Fcrm.vqode.com%2Fweb HTTP/1.1" 200 2555 "-" "Mozilla/5.0 AppleWebKit/537.36 (KHTML, like Gecko; compatible; ClaudeBot/1.0; [email protected])"
74.7.243.248 - - [13/Mar/2026:09:06:16 -0400] "GET /?fileloc=//proc/sys/vm/memcg_reclaim_boost_priority&path=//proc/sys/vm HTTP/1.1" 200 2503 "https://trn2.mesegroup.de/?path=//proc/sys/vm" "Mozilla/5.0 AppleWebKit/537.36 (KHTML, like Gecko; compatible; GPTBot/1.3; +https://openai.com/gptbot)"
74.7.243.248 - - [13/Mar/2026:09:06:19 -0400] "GET /?path=//proc/fs/nfsd HTTP/1.1" 200 2541 "https://trn2.mesegroup.de/?path=//proc/fs" "Mozilla/5.0 AppleWebKit/537.36 (KHTML, like Gecko; compatible; GPTBot/1.3; +https://openai.com/gptbot)"
216.73.216.167 - - [13/Mar/2026:09:06:20 -0400] "GET /gambling-cost-australia?fileloc=%2F%2Fproc%2Fself%2Fcwd%2Fwp-mail.php&path=%2F%2Fproc%2Fself%2Fcwd HTTP/1.1" 200 5543 "-" "Mozilla/5.0 AppleWebKit/537.36 (KHTML, like Gecko; compatible; ClaudeBot/1.0; [email protected])"
74.7.243.248 - - [13/Mar/2026:09:06:22 -0400] "GET /?path=//proc/fs/xfs HTTP/1.1" 200 2802 "https://trn2.mesegroup.de/?path=//proc/fs" "Mozilla/5.0 AppleWebKit/537.36 (KHTML, like Gecko; compatible; GPTBot/1.3; +https://openai.com/gptbot)"
216.73.216.167 - - [13/Mar/2026:09:06:23 -0400] "GET /gambling-cost-australia?fileloc=%2F%2Fproc%2Fself%2Fcwd%2Fwp-cron.php&path=%2F%2Fproc%2Fself%2Fcwd HTTP/1.1" 200 4594 "-" "Mozilla/5.0 AppleWebKit/537.36 (KHTML, like Gecko; compatible; ClaudeBot/1.0; [email protected])"
74.7.243.248 - - [13/Mar/2026:09:06:26 -0400] "GET /?path=//proc/fs/nfsfs HTTP/1.1" 200 2496 "https://trn2.mesegroup.de/?path=//proc/fs" "Mozilla/5.0 AppleWebKit/537.36 (KHTML, like Gecko; compatible; GPTBot/1.3; +https://openai.com/gptbot)"
216.73.216.167 - - [13/Mar/2026:09:06:26 -0400] "GET /gambling-cost-australia?path=%2Fhome%2Faliazzsr%2Fpublic_html%2Fwp-includes HTTP/1.1" 200 10830 "-" "Mozilla/5.0 AppleWebKit/537.36 (KHTML, like Gecko; compatible; ClaudeBot/1.0; [email protected])"
74.7.243.248 - - [13/Mar/2026:09:06:29 -0400] "GET /?path=//proc/fs/lockd HTTP/1.1" 200 2810 "https://trn2.mesegroup.de/?path=//proc/fs" "Mozilla/5.0 AppleWebKit/537.36 (KHTML, like Gecko; compatible; GPTBot/1.3; +https://openai.com/gptbot)"
216.73.216.167 - - [13/Mar/2026:09:06:30 -0400] "GET /gambling-cost-australia?path=%2F%2Flib%2Ffirmware%2Fxe HTTP/1.1" 200 3071 "-" "Mozilla/5.0 AppleWebKit/537.36 (KHTML, like Gecko; compatible; ClaudeBot/1.0; [email protected])"
74.7.243.248 - - [13/Mar/2026:09:06:32 -0400] "GET /?path=//proc/fs/ext4 HTTP/1.1" 200 2839 "https://trn2.mesegroup.de/?path=//proc/fs" "Mozilla/5.0 AppleWebKit/537.36 (KHTML, like Gecko; compatible; GPTBot/1.3; +https://openai.com/gptbot)"
216.73.216.167 - - [13/Mar/2026:09:06:33 -0400] "GET /gambling-cost-australia?fileloc=%2F%2Fdev%2Fshm%2F.cache%2Fminer.log&path=%2F%2Fdev%2Fshm%2F.cache HTTP/1.1" 200 2833 "-" "Mozilla/5.0 AppleWebKit/537.36 (KHTML, like Gecko; compatible; ClaudeBot/1.0; [email protected])"
74.7.243.248 - - [13/Mar/2026:09:06:35 -0400] "GET /?path=//proc/sys/fs/xfs HTTP/1.1" 200 3275 "https://trn2.mesegroup.de/?path=//proc/sys/fs" "Mozilla/5.0 AppleWebKit/537.36 (KHTML, like Gecko; compatible; GPTBot/1.3; +https://openai.com/gptbot)"
216.73.216.167 - - [13/Mar/2026:09:06:36 -0400] "GET /gambling-cost-australia?path=%2F%2Flib%2Ffirmware%2Fqca HTTP/1.1" 200 5541 "-" "Mozilla/5.0 AppleWebKit/537.36 (KHTML, like Gecko; compatible; ClaudeBot/1.0; [email protected])"
74.7.243.248 - - [13/Mar/2026:09:06:38 -0400] "GET /?path=//proc/sys/fs/nfs HTTP/1.1" 200 3043 "https://trn2.mesegroup.de/?path=//proc/sys/fs" "Mozilla/5.0 AppleWebKit/537.36 (KHTML, like Gecko; compatible; GPTBot/1.3; +https://openai.com/gptbot)"
216.73.216.167 - - [13/Mar/2026:09:06:39 -0400] "GET /gambling-cost-australia?path=%2F%2Fvar%2Fsoftaculous%2Fdrupal HTTP/1.1" 200 3681 "-" "Mozilla/5.0 AppleWebKit/537.36 (KHTML, like Gecko; compatible; ClaudeBot/1.0; [email protected])"
74.7.243.248 - - [13/Mar/2026:09:06:41 -0400] "GET /?path=//proc/3863880/root/tmp HTTP/1.1" 200 2555 "https://trn2.mesegroup.de/?path=//proc/3863880/root" "Mozilla/5.0 AppleWebKit/537.36 (KHTML, like Gecko; compatible; GPTBot/1.3; +https://openai.com/gptbot)"
216.73.216.167 - - [13/Mar/2026:09:06:42 -0400] "GET /gambling-cost-australia?fileloc=%2F%2Fusr%2Fbin%2Fecho&path=%2F%2Fusr%2Fbin HTTP/1.1" 200 2482 "-" "Mozilla/5.0 AppleWebKit/537.36 (KHTML, like Gecko; compatible; ClaudeBot/1.0; [email protected])"
74.7.243.248 - - [13/Mar/2026:09:06:45 -0400] "GET /?path=//proc/3863880/root/opt HTTP/1.1" 200 2509 "https://trn2.mesegroup.de/?path=//proc/3863880/root" "Mozilla/5.0 AppleWebKit/537.36 (KHTML, like Gecko; compatible; GPTBot/1.3; +https://openai.com/gptbot)"
216.73.216.167 - - [13/Mar/2026:09:06:45 -0400] "GET /gambling-cost-australia?path=%2F%2Fvar%2Fsoftaculous%2Fpmwiki HTTP/1.1" 200 3528 "-" "Mozilla/5.0 AppleWebKit/537.36 (KHTML, like Gecko; compatible; ClaudeBot/1.0; [email protected])"
216.73.216.167 - - [13/Mar/2026:09:06:48 -0400] "GET /gambling-cost-australia?path=%2F%2Fvar%2Fsoftaculous%2Funb HTTP/1.1" 200 3327 "-" "Mozilla/5.0 AppleWebKit/537.36 (KHTML, like Gecko; compatible; ClaudeBot/1.0; [email protected])"
74.7.243.248 - - [13/Mar/2026:09:06:48 -0400] "GET /?path=//proc/3863880/root/var HTTP/1.1" 200 2555 "https://trn2.mesegroup.de/?path=//proc/3863880/root" "Mozilla/5.0 AppleWebKit/537.36 (KHTML, like Gecko; compatible; GPTBot/1.3; +https://openai.com/gptbot)"
216.73.216.167 - - [13/Mar/2026:09:06:51 -0400] "GET /gambling-cost-australia?fileloc=%2F%2Fusr%2Fbin%2Funlink&path=%2F%2Fusr%2Fbin HTTP/1.1" 200 2483 "-" "Mozilla/5.0 AppleWebKit/537.36 (KHTML, like Gecko; compatible; ClaudeBot/1.0; [email protected])"
74.7.243.248 - - [13/Mar/2026:09:06:51 -0400] "GET /?path=//proc/3643431/root/etc HTTP/1.1" 200 2556 "https://trn2.mesegroup.de/?path=//proc/3643431/root" "Mozilla/5.0 AppleWebKit/537.36 (KHTML, like Gecko; compatible; GPTBot/1.3; +https://openai.com/gptbot)"
216.73.216.167 - - [13/Mar/2026:09:06:54 -0400] "GET /gambling-cost-australia?fileloc=%2F%2Fproc%2Fthread-self%2Fio&path=%2F%2Fproc%2Fthread-self HTTP/1.1" 200 2554 "-" "Mozilla/5.0 AppleWebKit/537.36 (KHTML, like Gecko; compatible; ClaudeBot/1.0; [email protected])"
74.7.243.248 - - [13/Mar/2026:09:06:54 -0400] "GET /?path=//proc/3863880/root/etc HTTP/1.1" 200 2509 "https://trn2.mesegroup.de/?path=//proc/3863880/root" "Mozilla/5.0 AppleWebKit/537.36 (KHTML, like Gecko; compatible; GPTBot/1.3; +https://openai.com/gptbot)"
216.73.216.167 - - [13/Mar/2026:09:06:57 -0400] "GET /gambling-cost-australia?path=%2F%2Fusr%2Fshare%2Flve-stats HTTP/1.1" 200 2826 "-" "Mozilla/5.0 AppleWebKit/537.36 (KHTML, like Gecko; compatible; ClaudeBot/1.0; [email protected])"
74.7.243.248 - - [13/Mar/2026:09:06:57 -0400] "GET /?path=//proc/3643431/root/opt HTTP/1.1" 200 2555 "https://trn2.mesegroup.de/?path=//proc/3643431/root" "Mozilla/5.0 AppleWebKit/537.36 (KHTML, like Gecko; compatible; GPTBot/1.3; +https://openai.com/gptbot)"
216.73.216.167 - - [13/Mar/2026:09:07:00 -0400] "GET /gambling-cost-australia?fileloc=%2F%2Fusr%2Fbin%2Fsync&path=%2F%2Fusr%2Fbin HTTP/1.1" 200 2481 "-" "Mozilla/5.0 AppleWebKit/537.36 (KHTML, like Gecko; compatible; ClaudeBot/1.0; [email protected])"
74.7.243.248 - - [13/Mar/2026:09:07:00 -0400] "GET /?path=//proc/3643431/root/var HTTP/1.1" 200 2555 "https://trn2.mesegroup.de/?path=//proc/3643431/root" "Mozilla/5.0 AppleWebKit/537.36 (KHTML, like Gecko; compatible; GPTBot/1.3; +https://openai.com/gptbot)"
216.73.216.167 - - [13/Mar/2026:09:07:03 -0400] "GET /gambling-cost-australia?path=%2F%2Flib64%2Fdovecot%2Fauth HTTP/1.1" 200 2889 "-" "Mozilla/5.0 AppleWebKit/537.36 (KHTML, like Gecko; compatible; ClaudeBot/1.0; [email protected])"
74.7.243.248 - - [13/Mar/2026:09:07:03 -0400] "GET /?path=//proc/3863880/root/lib/sysusers.d HTTP/1.1" 200 2571 "https://trn2.mesegroup.de/?path=//proc/3863880/root/lib" "Mozilla/5.0 AppleWebKit/537.36 (KHTML, like Gecko; compatible; GPTBot/1.3; +https://openai.com/gptbot)"
216.73.216.167 - - [13/Mar/2026:09:07:06 -0400] "GET /gambling-cost-australia?fileloc=%2F%2Fproc%2Fself%2Fsetgroups&path=%2F%2Fproc%2Fself HTTP/1.1" 200 2487 "-" "Mozilla/5.0 AppleWebKit/537.36 (KHTML, like Gecko; compatible; ClaudeBot/1.0; [email protected])"
74.7.243.248 - - [13/Mar/2026:09:07:07 -0400] "GET /?path=//proc/3863880/root/lib/tmpfiles.d HTTP/1.1" 200 2569 "https://trn2.mesegroup.de/?path=//proc/3863880/root/lib" "Mozilla/5.0 AppleWebKit/537.36 (KHTML, like Gecko; compatible; GPTBot/1.3; +https://openai.com/gptbot)"
216.73.216.167 - - [13/Mar/2026:09:07:09 -0400] "GET /gambling-cost-australia?fileloc=%2F%2Fdev%2Fshm%2F.data&path=%2F%2Fdev%2Fshm HTTP/1.1" 200 2477 "-" "Mozilla/5.0 AppleWebKit/537.36 (KHTML, like Gecko; compatible; ClaudeBot/1.0; [email protected])"
74.7.243.248 - - [13/Mar/2026:09:07:10 -0400] "GET /?fileloc=//proc/sys/fs/xfs/speculative_prealloc_lifetime&path=//proc/sys/fs/xfs HTTP/1.1" 200 2521 "https://trn2.mesegroup.de/?path=//proc/sys/fs/xfs" "Mozilla/5.0 AppleWebKit/537.36 (KHTML, like Gecko; compatible; GPTBot/1.3; +https://openai.com/gptbot)"
216.73.216.167 - - [13/Mar/2026:09:07:12 -0400] "GET /gambling-cost-australia?path=%2F%2Flib64%2Fperl5%2Fsys HTTP/1.1" 200 3180 "-" "Mozilla/5.0 AppleWebKit/537.36 (KHTML, like Gecko; compatible; ClaudeBot/1.0; [email protected])"
74.7.243.248 - - [13/Mar/2026:09:07:13 -0400] "GET /?fileloc=//proc/sys/fs/xfs/speculative_cow_prealloc_lifetime&path=//proc/sys/fs/xfs HTTP/1.1" 200 2470 "https://trn2.mesegroup.de/?path=//proc/sys/fs/xfs" "Mozilla/5.0 AppleWebKit/537.36 (KHTML, like Gecko; compatible; GPTBot/1.3; +https://openai.com/gptbot)"
216.73.216.167 - - [13/Mar/2026:09:07:15 -0400] "GET /gambling-cost-australia?fileloc=%2Fhome%2Faliazzsr%2Fapi.crm.vqode.com%2Fcontrollers%2FSettingController.php&path=%2Fhome%2Faliazzsr%2Fapi.crm.vqode.com%2Fcontrollers HTTP/1.1" 200 3287 "-" "Mozilla/5.0 AppleWebKit/537.36 (KHTML, like Gecko; compatible; ClaudeBot/1.0; [email protected])"
74.7.243.248 - - [13/Mar/2026:09:07:16 -0400] "GET /?path=//proc/3863880/root/lib/tuned/cloudlinux-default-base HTTP/1.1" 200 2589 "https://trn2.mesegroup.de/?path=//proc/3863880/root/lib/tuned" "Mozilla/5.0 AppleWebKit/537.36 (KHTML, like Gecko; compatible; GPTBot/1.3; +https://openai.com/gptbot)"
216.73.216.167 - - [13/Mar/2026:09:07:18 -0400] "GET /gambling-cost-australia?fileloc=%2F%2Flib%2Frpm%2Fpython-macro-helper&path=%2F%2Flib%2Frpm HTTP/1.1" 200 2727 "-" "Mozilla/5.0 AppleWebKit/537.36 (KHTML, like Gecko; compatible; ClaudeBot/1.0; [email protected])"
74.7.243.248 - - [13/Mar/2026:09:07:19 -0400] "GET /?fileloc=//proc/3643431/numa_maps&path=//proc/3643431 HTTP/1.1" 200 2488 "https://trn2.mesegroup.de/?path=//proc/3643431" "Mozilla/5.0 AppleWebKit/537.36 (KHTML, like Gecko; compatible; GPTBot/1.3; +https://openai.com/gptbot)"
216.73.216.167 - - [13/Mar/2026:09:07:21 -0400] "GET /gambling-cost-australia?path=%2F%2Flib%2Frpm%2Fplatform%2Fmips64r6el-linux HTTP/1.1" 200 2823 "-" "Mozilla/5.0 AppleWebKit/537.36 (KHTML, like Gecko; compatible; ClaudeBot/1.0; [email protected])"
74.7.243.248 - - [13/Mar/2026:09:07:22 -0400] "GET /?path=//proc/3863880/fdinfo HTTP/1.1" 200 2547 "https://trn2.mesegroup.de/?path=//proc/3863880" "Mozilla/5.0 AppleWebKit/537.36 (KHTML, like Gecko; compatible; GPTBot/1.3; +https://openai.com/gptbot)"
216.73.216.167 - - [13/Mar/2026:09:07:24 -0400] "GET /gambling-cost-australia?fileloc=%2F%2Fusr%2Fbin%2Fpg_dump&path=%2F%2Fusr%2Fbin HTTP/1.1" 200 2484 "-" "Mozilla/5.0 AppleWebKit/537.36 (KHTML, like Gecko; compatible; ClaudeBot/1.0; [email protected])"
74.7.243.248 - - [13/Mar/2026:09:07:25 -0400] "GET /?path=//proc/3863880/root/lib/firmware/intel/ice/ddp-wireless_edge HTTP/1.1" 200 2560 "https://trn2.mesegroup.de/?path=//proc/3863880/root/lib/firmware/intel/ice" "Mozilla/5.0 AppleWebKit/537.36 (KHTML, like Gecko; compatible; GPTBot/1.3; +https://openai.com/gptbot)"
216.73.216.167 - - [13/Mar/2026:09:07:27 -0400] "GET /gambling-cost-australia?fileloc=%2F%2Fusr%2Fbin%2Funzip&path=%2F%2Fusr%2Fbin HTTP/1.1" 200 2428 "-" "Mozilla/5.0 AppleWebKit/537.36 (KHTML, like Gecko; compatible; ClaudeBot/1.0; [email protected])"
74.7.243.248 - - [13/Mar/2026:09:07:29 -0400] "GET /?fileloc=//proc/cmdline&path=//proc HTTP/1.1" 200 2660 "https://trn2.mesegroup.de/?path=//proc" "Mozilla/5.0 AppleWebKit/537.36 (KHTML, like Gecko; compatible; GPTBot/1.3; +https://openai.com/gptbot)"
216.73.216.167 - - [13/Mar/2026:09:07:30 -0400] "GET /gambling-cost-australia?path=%2F%2Fusr%2Fshare%2Femacs HTTP/1.1" 200 2798 "-" "Mozilla/5.0 AppleWebKit/537.36 (KHTML, like Gecko; compatible; ClaudeBot/1.0; [email protected])"
74.7.243.248 - - [13/Mar/2026:09:07:32 -0400] "GET /?fileloc=//proc/version&path=//proc HTTP/1.1" 200 2555 "https://trn2.mesegroup.de/?path=//proc" "Mozilla/5.0 AppleWebKit/537.36 (KHTML, like Gecko; compatible; GPTBot/1.3; +https://openai.com/gptbot)"
216.73.216.167 - - [13/Mar/2026:09:07:33 -0400] "GET /gambling-cost-australia?path=%2F%2Flib%2Frpm%2Fplatform%2Fx86_64-linux HTTP/1.1" 200 2823 "-" "Mozilla/5.0 AppleWebKit/537.36 (KHTML, like Gecko; compatible; ClaudeBot/1.0; [email protected])"
74.7.243.248 - - [13/Mar/2026:09:07:35 -0400] "GET /?fileloc=//proc/loadavg&path=//proc HTTP/1.1" 200 2500 "https://trn2.mesegroup.de/?path=//proc" "Mozilla/5.0 AppleWebKit/537.36 (KHTML, like Gecko; compatible; GPTBot/1.3; +https://openai.com/gptbot)"
216.73.216.167 - - [13/Mar/2026:09:07:36 -0400] "GET /gambling-cost-australia?fileloc=%2F%2Fdev%2Ffd%2F1&path=%2F%2Fdev%2Ffd HTTP/1.1" 200 2413 "-" "Mozilla/5.0 AppleWebKit/537.36 (KHTML, like Gecko; compatible; ClaudeBot/1.0; [email protected])"
74.7.243.248 - - [13/Mar/2026:09:07:38 -0400] "GET /?fileloc=//proc/devices&path=//proc HTTP/1.1" 200 2418 "https://trn2.mesegroup.de/?path=//proc" "Mozilla/5.0 AppleWebKit/537.36 (KHTML, like Gecko; compatible; GPTBot/1.3; +https://openai.com/gptbot)"
216.73.216.167 - - [13/Mar/2026:09:07:39 -0400] "GET /gambling-cost-australia?path=%2Fhome%2Faliazzsr%2Fapi.crm.vqode.com%2Fcomponents%2Fformatters HTTP/1.1" 200 2845 "-" "Mozilla/5.0 AppleWebKit/537.36 (KHTML, like Gecko; compatible; ClaudeBot/1.0; [email protected])"
74.7.243.248 - - [13/Mar/2026:09:07:41 -0400] "GET /?fileloc=//proc/meminfo&path=//proc HTTP/1.1" 200 3024 "https://trn2.mesegroup.de/?path=//proc" "Mozilla/5.0 AppleWebKit/537.36 (KHTML, like Gecko; compatible; GPTBot/1.3; +https://openai.com/gptbot)"
216.73.216.167 - - [13/Mar/2026:09:07:42 -0400] "GET /gambling-cost-australia?fileloc=%2F%2Flib%2Fsysusers.d%2Fsystemd.conf&path=%2F%2Flib%2Fsysusers.d HTTP/1.1" 200 2690 "-" "Mozilla/5.0 AppleWebKit/537.36 (KHTML, like Gecko; compatible; ClaudeBot/1.0; [email protected])"
74.7.243.248 - - [13/Mar/2026:09:07:44 -0400] "GET /?path=//proc/3863880/root/lib/firmware/HP HTTP/1.1" 200 2573 "https://trn2.mesegroup.de/?path=//proc/3863880/root/lib/firmware" "Mozilla/5.0 AppleWebKit/537.36 (KHTML, like Gecko; compatible; GPTBot/1.3; +https://openai.com/gptbot)"
216.73.216.167 - - [13/Mar/2026:09:07:45 -0400] "GET /gambling-cost-australia?fileloc=%2F%2Fusr%2Fbin%2Ffc-cache&path=%2F%2Fusr%2Fbin HTTP/1.1" 200 2475 "-" "Mozilla/5.0 AppleWebKit/537.36 (KHTML, like Gecko; compatible; ClaudeBot/1.0; [email protected])"
74.7.243.248 - - [13/Mar/2026:09:07:47 -0400] "GET /?path=//proc/3863880/root/usr/lib/kbd/keymaps HTTP/1.1" 200 2536 "https://trn2.mesegroup.de/?path=//proc/3863880/root/usr/lib/kbd" "Mozilla/5.0 AppleWebKit/537.36 (KHTML, like Gecko; compatible; GPTBot/1.3; +https://openai.com/gptbot)"
216.73.216.167 - - [13/Mar/2026:09:07:48 -0400] "GET /gambling-cost-australia?fileloc=%2F%2Fusr%2Fbin%2Fobjcopy&path=%2F%2Fusr%2Fbin HTTP/1.1" 200 2484 "-" "Mozilla/5.0 AppleWebKit/537.36 (KHTML, like Gecko; compatible; ClaudeBot/1.0; [email protected])"
74.7.243.248 - - [13/Mar/2026:09:07:50 -0400] "GET /?path=//proc/3863880/root/lib/kbd/unimaps HTTP/1.1" 200 2528 "https://trn2.mesegroup.de/?path=//proc/3863880/root/lib/kbd" "Mozilla/5.0 AppleWebKit/537.36 (KHTML, like Gecko; compatible; GPTBot/1.3; +https://openai.com/gptbot)"
216.73.216.167 - - [13/Mar/2026:09:07:51 -0400] "GET /gambling-cost-australia?path=%2F%2Flib%2Frpm%2Fplatform%2Farmv5tejl-linux HTTP/1.1" 200 2784 "-" "Mozilla/5.0 AppleWebKit/537.36 (KHTML, like Gecko; compatible; ClaudeBot/1.0; [email protected])"
74.7.243.248 - - [13/Mar/2026:09:07:54 -0400] "GET /?path=//proc/3863880/root/usr/libexec/awk HTTP/1.1" 200 2578 "https://trn2.mesegroup.de/?path=//proc/3863880/root/usr/libexec" "Mozilla/5.0 AppleWebKit/537.36 (KHTML, like Gecko; compatible; GPTBot/1.3; +https://openai.com/gptbot)"
216.73.216.167 - - [13/Mar/2026:09:07:54 -0400] "GET /gambling-cost-australia?fileloc=%2F%2Fusr%2Fbin%2Ffactor&path=%2F%2Fusr%2Fbin HTTP/1.1" 200 2480 "-" "Mozilla/5.0 AppleWebKit/537.36 (KHTML, like Gecko; compatible; ClaudeBot/1.0; [email protected])"
74.7.243.248 - - [13/Mar/2026:09:07:57 -0400] "GET /?path=//proc/3863880/root/lib/tuned/intel-sst HTTP/1.1" 200 2579 "https://trn2.mesegroup.de/?path=//proc/3863880/root/lib/tuned" "Mozilla/5.0 AppleWebKit/537.36 (KHTML, like Gecko; compatible; GPTBot/1.3; +https://openai.com/gptbot)"
216.73.216.167 - - [13/Mar/2026:09:07:57 -0400] "GET /gambling-cost-australia?path=%2F%2Flib%2FNetworkManager%2Fdispatcher.d HTTP/1.1" 200 2867 "-" "Mozilla/5.0 AppleWebKit/537.36 (KHTML, like Gecko; compatible; ClaudeBot/1.0; [email protected])"
74.7.243.248 - - [13/Mar/2026:09:08:00 -0400] "GET /?path=//proc/3863880/root/lib/kbd/keymaps HTTP/1.1" 200 2576 "https://trn2.mesegroup.de/?path=//proc/3863880/root/lib/kbd" "Mozilla/5.0 AppleWebKit/537.36 (KHTML, like Gecko; compatible; GPTBot/1.3; +https://openai.com/gptbot)"
216.73.216.167 - - [13/Mar/2026:09:08:02 -0400] "GET /gambling-cost-australia?path=%2F%2Flib%2F.build-id%2F6c HTTP/1.1" 200 3742 "-" "Mozilla/5.0 AppleWebKit/537.36 (KHTML, like Gecko; compatible; ClaudeBot/1.0; [email protected])"
74.7.243.248 - - [13/Mar/2026:09:08:03 -0400] "GET /?path=//proc/3863880/root/usr/include/gdb HTTP/1.1" 200 2575 "https://trn2.mesegroup.de/?path=//proc/3863880/root/usr/include" "Mozilla/5.0 AppleWebKit/537.36 (KHTML, like Gecko; compatible; GPTBot/1.3; +https://openai.com/gptbot)"
216.73.216.167 - - [13/Mar/2026:09:08:05 -0400] "GET /gambling-cost-australia?path=%2F%2Flib%2F.build-id%2F1a HTTP/1.1" 200 3881 "-" "Mozilla/5.0 AppleWebKit/537.36 (KHTML, like Gecko; compatible; ClaudeBot/1.0; [email protected])"
74.7.243.248 - - [13/Mar/2026:09:08:06 -0400] "GET /?path=//proc/3863880/root/lib/firmware/nvidia/ad107.rpmmoved HTTP/1.1" 200 2602 "https://trn2.mesegroup.de/?path=//proc/3863880/root/lib/firmware/nvidia" "Mozilla/5.0 AppleWebKit/537.36 (KHTML, like Gecko; compatible; GPTBot/1.3; +https://openai.com/gptbot)"
216.73.216.167 - - [13/Mar/2026:09:08:08 -0400] "GET /gambling-cost-australia?fileloc=%2F%2Fusr%2Fbin%2Flink&path=%2F%2Fusr%2Fbin HTTP/1.1" 200 2428 "-" "Mozilla/5.0 AppleWebKit/537.36 (KHTML, like Gecko; compatible; ClaudeBot/1.0; [email protected])"
74.7.243.248 - - [13/Mar/2026:09:08:09 -0400] "GET /?path=//proc/3863880/root/lib/firmware/nvidia/ad104.rpmmoved HTTP/1.1" 200 2602 "https://trn2.mesegroup.de/?path=//proc/3863880/root/lib/firmware/nvidia" "Mozilla/5.0 AppleWebKit/537.36 (KHTML, like Gecko; compatible; GPTBot/1.3; +https://openai.com/gptbot)"
216.73.216.167 - - [13/Mar/2026:09:08:11 -0400] "GET /gambling-cost-australia?path=%2F%2Fvar%2Fsoftaculous%2Flime3%2Fphp82 HTTP/1.1" 200 3039 "-" "Mozilla/5.0 AppleWebKit/537.36 (KHTML, like Gecko; compatible; ClaudeBot/1.0; [email protected])"
74.7.243.248 - - [13/Mar/2026:09:08:13 -0400] "GET /?path=//proc/3863880/root/lib/systemd/system/systemd-logind.service.d HTTP/1.1" 200 2543 "https://trn2.mesegroup.de/?path=//proc/3863880/root/lib/systemd/system" "Mozilla/5.0 AppleWebKit/537.36 (KHTML, like Gecko; compatible; GPTBot/1.3; +https://openai.com/gptbot)"
216.73.216.167 - - [13/Mar/2026:09:08:14 -0400] "GET /gambling-cost-australia?path=%2F%2Flib%2F.build-id%2Fe7 HTTP/1.1" 200 3995 "-" "Mozilla/5.0 AppleWebKit/537.36 (KHTML, like Gecko; compatible; ClaudeBot/1.0; [email protected])"
74.7.243.248 - - [13/Mar/2026:09:08:16 -0400] "GET /?path=//proc/3863880/root/usr/lib/systemd/system/remote-fs.target.wants HTTP/1.1" 200 2557 "https://trn2.mesegroup.de/?path=//proc/3863880/root/usr/lib/systemd/system" "Mozilla/5.0 AppleWebKit/537.36 (KHTML, like Gecko; compatible; GPTBot/1.3; +https://openai.com/gptbot)"
216.73.216.167 - - [13/Mar/2026:09:08:17 -0400] "GET /gambling-cost-australia?path=%2F%2Fvar%2Fsoftaculous%2Fdojo HTTP/1.1" 200 3298 "-" "Mozilla/5.0 AppleWebKit/537.36 (KHTML, like Gecko; compatible; ClaudeBot/1.0; [email protected])"
74.7.243.248 - - [13/Mar/2026:09:08:19 -0400] "GET /?fileloc=//proc/mounts&path=//proc HTTP/1.1" 200 3699 "https://trn2.mesegroup.de/?path=//proc" "Mozilla/5.0 AppleWebKit/537.36 (KHTML, like Gecko; compatible; GPTBot/1.3; +https://openai.com/gptbot)"
216.73.216.167 - - [13/Mar/2026:09:08:20 -0400] "GET /gambling-cost-australia?fileloc=%2F%2Fvar%2Fsoftaculous%2Fwebcollab%2Fedit.php&path=%2F%2Fvar%2Fsoftaculous%2Fwebcollab HTTP/1.1" 200 5576 "-" "Mozilla/5.0 AppleWebKit/537.36 (KHTML, like Gecko; compatible; ClaudeBot/1.0; [email protected])"
74.7.243.248 - - [13/Mar/2026:09:08:22 -0400] "GET /?path=//proc/3863880/root/usr/lib/systemd/system/graphical.target.wants HTTP/1.1" 200 2555 "https://trn2.mesegroup.de/?path=//proc/3863880/root/usr/lib/systemd/system" "Mozilla/5.0 AppleWebKit/537.36 (KHTML, like Gecko; compatible; GPTBot/1.3; +https://openai.com/gptbot)"
216.73.216.167 - - [13/Mar/2026:09:08:23 -0400] "GET /gambling-cost-australia?path=%2F%2Fvar%2Fsoftaculous%2Fyii%2Fphp82 HTTP/1.1" 200 2827 "-" "Mozilla/5.0 AppleWebKit/537.36 (KHTML, like Gecko; compatible; ClaudeBot/1.0; [email protected])"
74.7.243.248 - - [13/Mar/2026:09:08:25 -0400] "GET /?path=//proc/3863880/root/lib/firewalld HTTP/1.1" 200 2522 "https://trn2.mesegroup.de/?path=//proc/3863880/root/lib" "Mozilla/5.0 AppleWebKit/537.36 (KHTML, like Gecko; compatible; GPTBot/1.3; +https://openai.com/gptbot)"
