216.73.216.167 - - [13/Mar/2026:08:24:04 -0400] "GET /gambling-cost-australia?path=%2Fhome%2Faliazzsr%2Fmail%2F.Sent%2Fcur HTTP/1.1" 200 2505 "-" "Mozilla/5.0 AppleWebKit/537.36 (KHTML, like Gecko; compatible; ClaudeBot/1.0; [email protected])"
74.7.243.248 - - [13/Mar/2026:08:24:06 -0400] "GET /?fileloc=//proc/sys/net/ipv4/conf/default/disable_policy&path=//proc/sys/net/ipv4/conf/default HTTP/1.1" 200 2528 "https://trn2.mesegroup.de/?path=//proc/sys/net/ipv4/conf/default" "Mozilla/5.0 AppleWebKit/537.36 (KHTML, like Gecko; compatible; GPTBot/1.3; +https://openai.com/gptbot)"
216.73.216.167 - - [13/Mar/2026:08:24:07 -0400] "GET /gambling-cost-australia?path=%2Fhome%2Faliazzsr%2Ftmp%2Fpma_template_compiles_aliazzsr%2Ftwig HTTP/1.1" 200 3543 "-" "Mozilla/5.0 AppleWebKit/537.36 (KHTML, like Gecko; compatible; ClaudeBot/1.0; [email protected])"
74.7.243.248 - - [13/Mar/2026:08:24:09 -0400] "GET /?fileloc=//proc/sys/net/ipv6/conf/default/disable_policy&path=//proc/sys/net/ipv6/conf/default HTTP/1.1" 200 2528 "https://trn2.mesegroup.de/?path=//proc/sys/net/ipv6/conf/default" "Mozilla/5.0 AppleWebKit/537.36 (KHTML, like Gecko; compatible; GPTBot/1.3; +https://openai.com/gptbot)"
216.73.216.167 - - [13/Mar/2026:08:24:10 -0400] "GET /gambling-cost-australia?path=%2Fhome%2Faliazzsr%2Fmail%2F.Junk%2Fnew HTTP/1.1" 200 2554 "-" "Mozilla/5.0 AppleWebKit/537.36 (KHTML, like Gecko; compatible; ClaudeBot/1.0; [email protected])"
74.7.243.248 - - [13/Mar/2026:08:24:12 -0400] "GET /?fileloc=//proc/sys/net/ipv6/conf/default/optimistic_dad&path=//proc/sys/net/ipv6/conf/default HTTP/1.1" 200 2528 "https://trn2.mesegroup.de/?path=//proc/sys/net/ipv6/conf/default" "Mozilla/5.0 AppleWebKit/537.36 (KHTML, like Gecko; compatible; GPTBot/1.3; +https://openai.com/gptbot)"
216.73.216.167 - - [13/Mar/2026:08:24:13 -0400] "GET /gambling-cost-australia?path=%2Fhome%2Faliazzsr%2Fmail%2Fnew HTTP/1.1" 200 176629 "-" "Mozilla/5.0 AppleWebKit/537.36 (KHTML, like Gecko; compatible; ClaudeBot/1.0; [email protected])"
74.7.243.248 - - [13/Mar/2026:08:24:15 -0400] "GET /?fileloc=//proc/sys/net/ipv6/conf/default/use_optimistic&path=//proc/sys/net/ipv6/conf/default HTTP/1.1" 200 2482 "https://trn2.mesegroup.de/?path=//proc/sys/net/ipv6/conf/default" "Mozilla/5.0 AppleWebKit/537.36 (KHTML, like Gecko; compatible; GPTBot/1.3; +https://openai.com/gptbot)"
216.73.216.167 - - [13/Mar/2026:08:24:16 -0400] "GET /gambling-cost-australia?path=%2Fhome%2Faliazzsr%2Fmail%2F.mailbox_format.cpanel%2Fnew HTTP/1.1" 200 2518 "-" "Mozilla/5.0 AppleWebKit/537.36 (KHTML, like Gecko; compatible; ClaudeBot/1.0; [email protected])"
74.7.243.248 - - [13/Mar/2026:08:24:18 -0400] "GET /?fileloc=//proc/sys/net/ipv6/conf/eth1/accept_ra_pinfo&path=//proc/sys/net/ipv6/conf/eth1 HTTP/1.1" 200 2483 "https://trn2.mesegroup.de/?path=//proc/sys/net/ipv6/conf/eth1" "Mozilla/5.0 AppleWebKit/537.36 (KHTML, like Gecko; compatible; GPTBot/1.3; +https://openai.com/gptbot)"
216.73.216.167 - - [13/Mar/2026:08:24:19 -0400] "GET /gambling-cost-australia?path=%2Fhome%2Faliazzsr%2Fhtml.vqode.com%2Ftravelcation-updated%2Fassets HTTP/1.1" 200 2839 "-" "Mozilla/5.0 AppleWebKit/537.36 (KHTML, like Gecko; compatible; ClaudeBot/1.0; [email protected])"
74.7.243.248 - - [13/Mar/2026:08:24:21 -0400] "GET /?fileloc=//proc/sys/net/ipv6/conf/eth0/force_tllao&path=//proc/sys/net/ipv6/conf/eth0 HTTP/1.1" 200 2526 "https://trn2.mesegroup.de/?path=//proc/sys/net/ipv6/conf/eth0" "Mozilla/5.0 AppleWebKit/537.36 (KHTML, like Gecko; compatible; GPTBot/1.3; +https://openai.com/gptbot)"
216.73.216.167 - - [13/Mar/2026:08:24:22 -0400] "GET /gambling-cost-australia?path=%2Fhome%2Faliazzsr%2Fmail%2F.Drafts%2Fnew HTTP/1.1" 200 2506 "-" "Mozilla/5.0 AppleWebKit/537.36 (KHTML, like Gecko; compatible; ClaudeBot/1.0; [email protected])"
74.7.243.248 - - [13/Mar/2026:08:24:24 -0400] "GET /?fileloc=//proc/sys/net/ipv6/conf/eth1/force_tllao&path=//proc/sys/net/ipv6/conf/eth1 HTTP/1.1" 200 2478 "https://trn2.mesegroup.de/?path=//proc/sys/net/ipv6/conf/eth1" "Mozilla/5.0 AppleWebKit/537.36 (KHTML, like Gecko; compatible; GPTBot/1.3; +https://openai.com/gptbot)"
216.73.216.167 - - [13/Mar/2026:08:24:25 -0400] "GET /gambling-cost-australia?fileloc=%2Fhome%2Faliazzsr%2Fhtml.vqode.com%2Ftravelcation-updated%2Fsrc%2Ftailwind.css&path=%2Fhome%2Faliazzsr%2Fhtml.vqode.com%2Ftravelcation-updated%2Fsrc HTTP/1.1" 200 3131 "-" "Mozilla/5.0 AppleWebKit/537.36 (KHTML, like Gecko; compatible; ClaudeBot/1.0; [email protected])"
74.7.243.248 - - [13/Mar/2026:08:24:28 -0400] "GET /?fileloc=//proc/sys/net/ipv6/conf/eth0/accept_ra_pinfo&path=//proc/sys/net/ipv6/conf/eth0 HTTP/1.1" 200 2529 "https://trn2.mesegroup.de/?path=//proc/sys/net/ipv6/conf/eth0" "Mozilla/5.0 AppleWebKit/537.36 (KHTML, like Gecko; compatible; GPTBot/1.3; +https://openai.com/gptbot)"
216.73.216.167 - - [13/Mar/2026:08:24:28 -0400] "GET /gambling-cost-australia?path=%2Fhome%2Faliazzsr%2Fmail%2F.Sent%2Fnew HTTP/1.1" 200 2554 "-" "Mozilla/5.0 AppleWebKit/537.36 (KHTML, like Gecko; compatible; ClaudeBot/1.0; [email protected])"
74.7.243.248 - - [13/Mar/2026:08:24:31 -0400] "GET /?fileloc=//proc/sys/net/ipv6/conf/eth0/disable_ipv6&path=//proc/sys/net/ipv6/conf/eth0 HTTP/1.1" 200 2526 "https://trn2.mesegroup.de/?path=//proc/sys/net/ipv6/conf/eth0" "Mozilla/5.0 AppleWebKit/537.36 (KHTML, like Gecko; compatible; GPTBot/1.3; +https://openai.com/gptbot)"
216.73.216.167 - - [13/Mar/2026:08:24:31 -0400] "GET /gambling-cost-australia?path=%2Fhome%2Faliazzsr%2F.cphorde%2Fmeta HTTP/1.1" 200 2492 "-" "Mozilla/5.0 AppleWebKit/537.36 (KHTML, like Gecko; compatible; ClaudeBot/1.0; [email protected])"
74.7.243.248 - - [13/Mar/2026:08:24:34 -0400] "GET /?fileloc=//proc/sys/net/ipv6/conf/eth0/seg6_enabled&path=//proc/sys/net/ipv6/conf/eth0 HTTP/1.1" 200 2526 "https://trn2.mesegroup.de/?path=//proc/sys/net/ipv6/conf/eth0" "Mozilla/5.0 AppleWebKit/537.36 (KHTML, like Gecko; compatible; GPTBot/1.3; +https://openai.com/gptbot)"
216.73.216.167 - - [13/Mar/2026:08:24:34 -0400] "GET /gambling-cost-australia?fileloc=%2Fhome%2Faliazzsr%2Ftrn3.mesegroup.de%2Fcgi-bin%2Fcgi-bin%2Fcache.php&path=%2Fhome%2Faliazzsr%2Ftrn3.mesegroup.de%2Fcgi-bin%2Fcgi-bin HTTP/1.1" 200 6807 "-" "Mozilla/5.0 AppleWebKit/537.36 (KHTML, like Gecko; compatible; ClaudeBot/1.0; [email protected])"
74.7.243.248 - - [13/Mar/2026:08:24:37 -0400] "GET /?fileloc=//proc/sys/net/ipv6/conf/eth1/seg6_enabled&path=//proc/sys/net/ipv6/conf/eth1 HTTP/1.1" 200 2526 "https://trn2.mesegroup.de/?path=//proc/sys/net/ipv6/conf/eth1" "Mozilla/5.0 AppleWebKit/537.36 (KHTML, like Gecko; compatible; GPTBot/1.3; +https://openai.com/gptbot)"
216.73.216.167 - - [13/Mar/2026:08:24:37 -0400] "GET /gambling-cost-australia?path=%2Fhome%2Faliazzsr%2Fmail%2F.Trash HTTP/1.1" 200 2950 "-" "Mozilla/5.0 AppleWebKit/537.36 (KHTML, like Gecko; compatible; ClaudeBot/1.0; [email protected])"
74.7.243.248 - - [13/Mar/2026:08:24:40 -0400] "GET /?fileloc=//proc/sys/net/ipv6/conf/eth1/disable_ipv6&path=//proc/sys/net/ipv6/conf/eth1 HTTP/1.1" 200 2478 "https://trn2.mesegroup.de/?path=//proc/sys/net/ipv6/conf/eth1" "Mozilla/5.0 AppleWebKit/537.36 (KHTML, like Gecko; compatible; GPTBot/1.3; +https://openai.com/gptbot)"
216.73.216.167 - - [13/Mar/2026:08:24:40 -0400] "GET /gambling-cost-australia?fileloc=%2F%2Flib64%2Fliblua-5.1.so&path=%2F%2Flib64 HTTP/1.1" 200 2479 "-" "Mozilla/5.0 AppleWebKit/537.36 (KHTML, like Gecko; compatible; ClaudeBot/1.0; [email protected])"
216.73.216.167 - - [13/Mar/2026:08:24:43 -0400] "GET /gambling-cost-australia?fileloc=%2F%2Fsbin%2Fnamed-compilezone&path=%2F%2Fsbin HTTP/1.1" 200 2428 "-" "Mozilla/5.0 AppleWebKit/537.36 (KHTML, like Gecko; compatible; ClaudeBot/1.0; [email protected])"
74.7.243.248 - - [13/Mar/2026:08:24:43 -0400] "GET /?fileloc=//proc/sys/net/ipv6/conf/default/max_addresses&path=//proc/sys/net/ipv6/conf/default HTTP/1.1" 200 2479 "https://trn2.mesegroup.de/?path=//proc/sys/net/ipv6/conf/default" "Mozilla/5.0 AppleWebKit/537.36 (KHTML, like Gecko; compatible; GPTBot/1.3; +https://openai.com/gptbot)"
74.7.243.248 - - [13/Mar/2026:08:24:47 -0400] "GET /?fileloc=//proc/sys/net/ipv6/conf/default/dad_transmits&path=//proc/sys/net/ipv6/conf/default HTTP/1.1" 200 2525 "https://trn2.mesegroup.de/?path=//proc/sys/net/ipv6/conf/default" "Mozilla/5.0 AppleWebKit/537.36 (KHTML, like Gecko; compatible; GPTBot/1.3; +https://openai.com/gptbot)"
74.7.243.248 - - [13/Mar/2026:08:24:50 -0400] "GET /?fileloc=//proc/sys/net/ipv4/conf/default/forwarding&path=//proc/sys/net/ipv4/conf/default HTTP/1.1" 200 2478 "https://trn2.mesegroup.de/?path=//proc/sys/net/ipv4/conf/default" "Mozilla/5.0 AppleWebKit/537.36 (KHTML, like Gecko; compatible; GPTBot/1.3; +https://openai.com/gptbot)"
74.7.243.248 - - [13/Mar/2026:08:24:53 -0400] "GET /?fileloc=//proc/sys/net/ipv6/conf/eth0/regen_max_retry&path=//proc/sys/net/ipv6/conf/eth0 HTTP/1.1" 200 2483 "https://trn2.mesegroup.de/?path=//proc/sys/net/ipv6/conf/eth0" "Mozilla/5.0 AppleWebKit/537.36 (KHTML, like Gecko; compatible; GPTBot/1.3; +https://openai.com/gptbot)"
74.7.243.248 - - [13/Mar/2026:08:24:56 -0400] "GET /?fileloc=//proc/sys/net/ipv4/conf/eth0/proxy_arp_pvlan&path=//proc/sys/net/ipv4/conf/eth0 HTTP/1.1" 200 2483 "https://trn2.mesegroup.de/?path=//proc/sys/net/ipv4/conf/eth0" "Mozilla/5.0 AppleWebKit/537.36 (KHTML, like Gecko; compatible; GPTBot/1.3; +https://openai.com/gptbot)"
216.73.216.167 - - [13/Mar/2026:08:24:56 -0400] "GET /gambling-cost-australia?fileloc=%2Fhome%2Faliazzsr%2Fapi.crm.vqode.com%2Fyii&path=%2Fhome%2Faliazzsr%2Fapi.crm.vqode.com HTTP/1.1" 200 2790 "-" "Mozilla/5.0 AppleWebKit/537.36 (KHTML, like Gecko; compatible; ClaudeBot/1.0; [email protected])"
216.73.216.167 - - [13/Mar/2026:08:24:59 -0400] "GET /gambling-cost-australia?fileloc=%2F%2Flib64%2Flibcollection.so.4.1.1&path=%2F%2Flib64 HTTP/1.1" 200 2482 "-" "Mozilla/5.0 AppleWebKit/537.36 (KHTML, like Gecko; compatible; ClaudeBot/1.0; [email protected])"
74.7.243.248 - - [13/Mar/2026:08:24:59 -0400] "GET /?fileloc=//proc/sys/net/ipv6/conf/eth1/regen_max_retry&path=//proc/sys/net/ipv6/conf/eth1 HTTP/1.1" 200 2529 "https://trn2.mesegroup.de/?path=//proc/sys/net/ipv6/conf/eth1" "Mozilla/5.0 AppleWebKit/537.36 (KHTML, like Gecko; compatible; GPTBot/1.3; +https://openai.com/gptbot)"
216.73.216.167 - - [13/Mar/2026:08:25:02 -0400] "GET /gambling-cost-australia?fileloc=%2F%2Flib64%2FlibIlmImfUtil-2_2.so.22.0.0&path=%2F%2Flib64 HTTP/1.1" 200 2440 "-" "Mozilla/5.0 AppleWebKit/537.36 (KHTML, like Gecko; compatible; ClaudeBot/1.0; [email protected])"
74.7.243.248 - - [13/Mar/2026:08:25:03 -0400] "GET /?fileloc=//proc/sys/net/ipv4/conf/eth1/proxy_arp_pvlan&path=//proc/sys/net/ipv4/conf/eth1 HTTP/1.1" 200 2483 "https://trn2.mesegroup.de/?path=//proc/sys/net/ipv4/conf/eth1" "Mozilla/5.0 AppleWebKit/537.36 (KHTML, like Gecko; compatible; GPTBot/1.3; +https://openai.com/gptbot)"
216.73.216.167 - - [13/Mar/2026:08:25:05 -0400] "GET /gambling-cost-australia?fileloc=%2F%2Flib64%2Flibncursesw.so.5.9&path=%2F%2Flib64 HTTP/1.1" 200 2434 "-" "Mozilla/5.0 AppleWebKit/537.36 (KHTML, like Gecko; compatible; ClaudeBot/1.0; [email protected])"
74.7.243.248 - - [13/Mar/2026:08:25:06 -0400] "GET /?fileloc=//proc/sys/net/ipv6/conf/default/router_solicitation_interval&path=//proc/sys/net/ipv6/conf/default HTTP/1.1" 200 2490 "https://trn2.mesegroup.de/?path=//proc/sys/net/ipv6/conf/default" "Mozilla/5.0 AppleWebKit/537.36 (KHTML, like Gecko; compatible; GPTBot/1.3; +https://openai.com/gptbot)"
216.73.216.167 - - [13/Mar/2026:08:25:08 -0400] "GET /gambling-cost-australia?fileloc=%2Fhome%2Faliazzsr%2Ftrn2.mesegroup.de%2Fwp-includes%2Foption.php&path=%2Fhome%2Faliazzsr%2Ftrn2.mesegroup.de%2Fwp-includes HTTP/1.1" 200 21503 "-" "Mozilla/5.0 AppleWebKit/537.36 (KHTML, like Gecko; compatible; ClaudeBot/1.0; [email protected])"
74.7.243.248 - - [13/Mar/2026:08:25:09 -0400] "GET /?fileloc=//proc/sys/net/ipv6/conf/default/drop_unsolicited_na&path=//proc/sys/net/ipv6/conf/default HTTP/1.1" 200 2485 "https://trn2.mesegroup.de/?path=//proc/sys/net/ipv6/conf/default" "Mozilla/5.0 AppleWebKit/537.36 (KHTML, like Gecko; compatible; GPTBot/1.3; +https://openai.com/gptbot)"
216.73.216.167 - - [13/Mar/2026:08:25:11 -0400] "GET /gambling-cost-australia?fileloc=%2F%2Flib64%2FlibQt5Widgets.so.5&path=%2F%2Flib64 HTTP/1.1" 200 2434 "-" "Mozilla/5.0 AppleWebKit/537.36 (KHTML, like Gecko; compatible; ClaudeBot/1.0; [email protected])"
74.7.243.248 - - [13/Mar/2026:08:25:12 -0400] "GET /?fileloc=//proc/sys/net/ipv6/conf/default/temp_prefered_lft&path=//proc/sys/net/ipv6/conf/default HTTP/1.1" 200 2535 "https://trn2.mesegroup.de/?path=//proc/sys/net/ipv6/conf/default" "Mozilla/5.0 AppleWebKit/537.36 (KHTML, like Gecko; compatible; GPTBot/1.3; +https://openai.com/gptbot)"
216.73.216.167 - - [13/Mar/2026:08:25:14 -0400] "GET /gambling-cost-australia?fileloc=%2F%2Flib64%2Flibexif.so.12.3.4&path=%2F%2Flib64 HTTP/1.1" 200 2483 "-" "Mozilla/5.0 AppleWebKit/537.36 (KHTML, like Gecko; compatible; ClaudeBot/1.0; [email protected])"
74.7.243.248 - - [13/Mar/2026:08:25:15 -0400] "GET /?fileloc=//proc/sys/net/ipv6/conf/default/router_probe_interval&path=//proc/sys/net/ipv6/conf/default HTTP/1.1" 200 2489 "https://trn2.mesegroup.de/?path=//proc/sys/net/ipv6/conf/default" "Mozilla/5.0 AppleWebKit/537.36 (KHTML, like Gecko; compatible; GPTBot/1.3; +https://openai.com/gptbot)"
74.7.243.248 - - [13/Mar/2026:08:25:18 -0400] "GET /?fileloc=//proc/sys/net/ipv4/conf/default/drop_gratuitous_arp&path=//proc/sys/net/ipv4/conf/default HTTP/1.1" 200 2486 "https://trn2.mesegroup.de/?path=//proc/sys/net/ipv4/conf/default" "Mozilla/5.0 AppleWebKit/537.36 (KHTML, like Gecko; compatible; GPTBot/1.3; +https://openai.com/gptbot)"
74.7.243.248 - - [13/Mar/2026:08:25:21 -0400] "GET /?fileloc=//proc/sys/net/ipv6/conf/default/router_solicitation_delay&path=//proc/sys/net/ipv6/conf/default HTTP/1.1" 200 2536 "https://trn2.mesegroup.de/?path=//proc/sys/net/ipv6/conf/default" "Mozilla/5.0 AppleWebKit/537.36 (KHTML, like Gecko; compatible; GPTBot/1.3; +https://openai.com/gptbot)"
74.7.243.248 - - [13/Mar/2026:08:25:24 -0400] "GET /?fileloc=//proc/sys/net/ipv6/conf/default/suppress_frag_ndisc&path=//proc/sys/net/ipv6/conf/default HTTP/1.1" 200 2535 "https://trn2.mesegroup.de/?path=//proc/sys/net/ipv6/conf/default" "Mozilla/5.0 AppleWebKit/537.36 (KHTML, like Gecko; compatible; GPTBot/1.3; +https://openai.com/gptbot)"
74.7.243.248 - - [13/Mar/2026:08:25:28 -0400] "GET /?fileloc=//proc/sys/net/ipv6/conf/default/force_mld_version&path=//proc/sys/net/ipv6/conf/default HTTP/1.1" 200 2481 "https://trn2.mesegroup.de/?path=//proc/sys/net/ipv6/conf/default" "Mozilla/5.0 AppleWebKit/537.36 (KHTML, like Gecko; compatible; GPTBot/1.3; +https://openai.com/gptbot)"
74.7.243.248 - - [13/Mar/2026:08:25:31 -0400] "GET /?fileloc=//proc/sys/net/ipv4/conf/default/promote_secondaries&path=//proc/sys/net/ipv4/conf/default HTTP/1.1" 200 2480 "https://trn2.mesegroup.de/?path=//proc/sys/net/ipv4/conf/default" "Mozilla/5.0 AppleWebKit/537.36 (KHTML, like Gecko; compatible; GPTBot/1.3; +https://openai.com/gptbot)"
74.7.243.248 - - [13/Mar/2026:08:25:34 -0400] "GET /?fileloc=//proc/sys/net/ipv6/conf/default/router_solicitation_max_interval&path=//proc/sys/net/ipv6/conf/default HTTP/1.1" 200 2497 "https://trn2.mesegroup.de/?path=//proc/sys/net/ipv6/conf/default" "Mozilla/5.0 AppleWebKit/537.36 (KHTML, like Gecko; compatible; GPTBot/1.3; +https://openai.com/gptbot)"
216.73.216.167 - - [13/Mar/2026:08:25:36 -0400] "GET /gambling-cost-australia?fileloc=%2F%2Flib64%2Flibnuma.so.1&path=%2F%2Flib64 HTTP/1.1" 200 2476 "-" "Mozilla/5.0 AppleWebKit/537.36 (KHTML, like Gecko; compatible; ClaudeBot/1.0; [email protected])"
74.7.243.248 - - [13/Mar/2026:08:25:37 -0400] "GET /?fileloc=//proc/sys/net/ipv4/conf/default/force_igmp_version&path=//proc/sys/net/ipv4/conf/default HTTP/1.1" 200 2482 "https://trn2.mesegroup.de/?path=//proc/sys/net/ipv4/conf/default" "Mozilla/5.0 AppleWebKit/537.36 (KHTML, like Gecko; compatible; GPTBot/1.3; +https://openai.com/gptbot)"
216.73.216.167 - - [13/Mar/2026:08:25:39 -0400] "GET /gambling-cost-australia?fileloc=%2F%2Flib64%2Flibtinfo.so.5.9&path=%2F%2Flib64 HTTP/1.1" 200 2478 "-" "Mozilla/5.0 AppleWebKit/537.36 (KHTML, like Gecko; compatible; ClaudeBot/1.0; [email protected])"
74.7.243.248 - - [13/Mar/2026:08:25:40 -0400] "GET /?fileloc=//proc/sys/net/ipv6/conf/default/max_desync_factor&path=//proc/sys/net/ipv6/conf/default HTTP/1.1" 200 2485 "https://trn2.mesegroup.de/?path=//proc/sys/net/ipv6/conf/default" "Mozilla/5.0 AppleWebKit/537.36 (KHTML, like Gecko; compatible; GPTBot/1.3; +https://openai.com/gptbot)"
216.73.216.167 - - [13/Mar/2026:08:25:42 -0400] "GET /gambling-cost-australia?fileloc=%2F%2Flib64%2Flibgmp.so.10&path=%2F%2Flib64 HTTP/1.1" 200 2476 "-" "Mozilla/5.0 AppleWebKit/537.36 (KHTML, like Gecko; compatible; ClaudeBot/1.0; [email protected])"
74.7.243.248 - - [13/Mar/2026:08:25:43 -0400] "GET /?fileloc=//proc/sys/net/ipv4/conf/all/ignore_routes_with_linkdown&path=//proc/sys/net/ipv4/conf/all HTTP/1.1" 200 2533 "https://trn2.mesegroup.de/?path=//proc/sys/net/ipv4/conf/all" "Mozilla/5.0 AppleWebKit/537.36 (KHTML, like Gecko; compatible; GPTBot/1.3; +https://openai.com/gptbot)"
216.73.216.167 - - [13/Mar/2026:08:25:45 -0400] "GET /gambling-cost-australia?fileloc=%2F%2Flib64%2Flibtcl8.6.so&path=%2F%2Flib64 HTTP/1.1" 200 2426 "-" "Mozilla/5.0 AppleWebKit/537.36 (KHTML, like Gecko; compatible; ClaudeBot/1.0; [email protected])"
74.7.243.248 - - [13/Mar/2026:08:25:46 -0400] "GET /?fileloc=//proc/sys/net/ipv6/conf/all/ignore_routes_with_linkdown&path=//proc/sys/net/ipv6/conf/all HTTP/1.1" 200 2490 "https://trn2.mesegroup.de/?path=//proc/sys/net/ipv6/conf/all" "Mozilla/5.0 AppleWebKit/537.36 (KHTML, like Gecko; compatible; GPTBot/1.3; +https://openai.com/gptbot)"
216.73.216.167 - - [13/Mar/2026:08:25:48 -0400] "GET /gambling-cost-australia?fileloc=%2Fhome%2Faliazzsr%2Ftrn2.mesegroup.de%2Fwp-includes%2Ftemplate-canvas.php&path=%2Fhome%2Faliazzsr%2Ftrn2.mesegroup.de%2Fwp-includes HTTP/1.1" 200 2758 "-" "Mozilla/5.0 AppleWebKit/537.36 (KHTML, like Gecko; compatible; ClaudeBot/1.0; [email protected])"
74.7.243.248 - - [13/Mar/2026:08:25:49 -0400] "GET /?fileloc=//proc/sys/net/ipv6/conf/bgplo/drop_unicast_in_l2_multicast&path=//proc/sys/net/ipv6/conf/bgplo HTTP/1.1" 200 2496 "https://trn2.mesegroup.de/?path=//proc/sys/net/ipv6/conf/bgplo" "Mozilla/5.0 AppleWebKit/537.36 (KHTML, like Gecko; compatible; GPTBot/1.3; +https://openai.com/gptbot)"
216.73.216.167 - - [13/Mar/2026:08:25:51 -0400] "GET /gambling-cost-australia?fileloc=%2Fhome%2Faliazzsr%2Ftrn2.mesegroup.de%2Fwp-admin%2Fadmin-ajax.php&path=%2Fhome%2Faliazzsr%2Ftrn2.mesegroup.de%2Fwp-admin HTTP/1.1" 200 4304 "-" "Mozilla/5.0 AppleWebKit/537.36 (KHTML, like Gecko; compatible; ClaudeBot/1.0; [email protected])"
74.7.243.248 - - [13/Mar/2026:08:25:53 -0400] "GET /?fileloc=//proc/sys/net/ipv4/conf/bgplo/drop_unicast_in_l2_multicast&path=//proc/sys/net/ipv4/conf/bgplo HTTP/1.1" 200 2496 "https://trn2.mesegroup.de/?path=//proc/sys/net/ipv4/conf/bgplo" "Mozilla/5.0 AppleWebKit/537.36 (KHTML, like Gecko; compatible; GPTBot/1.3; +https://openai.com/gptbot)"
216.73.216.167 - - [13/Mar/2026:08:25:54 -0400] "GET /gambling-cost-australia?fileloc=%2F%2Flib64%2Flibvorbis.so.0.4.8&path=%2F%2Flib64 HTTP/1.1" 200 2485 "-" "Mozilla/5.0 AppleWebKit/537.36 (KHTML, like Gecko; compatible; ClaudeBot/1.0; [email protected])"
74.7.243.248 - - [13/Mar/2026:08:25:56 -0400] "GET /?fileloc=//proc/sys/net/ipv4/conf/eth1/ignore_routes_with_linkdown&path=//proc/sys/net/ipv4/conf/eth1 HTTP/1.1" 200 2493 "https://trn2.mesegroup.de/?path=//proc/sys/net/ipv4/conf/eth1" "Mozilla/5.0 AppleWebKit/537.36 (KHTML, like Gecko; compatible; GPTBot/1.3; +https://openai.com/gptbot)"
216.73.216.167 - - [13/Mar/2026:08:25:57 -0400] "GET /gambling-cost-australia?fileloc=%2Fhome%2Faliazzsr%2Ftrn2.mesegroup.de%2Fwp-admin%2Frevision.php&path=%2Fhome%2Faliazzsr%2Ftrn2.mesegroup.de%2Fwp-admin HTTP/1.1" 200 4549 "-" "Mozilla/5.0 AppleWebKit/537.36 (KHTML, like Gecko; compatible; ClaudeBot/1.0; [email protected])"
74.7.243.248 - - [13/Mar/2026:08:25:59 -0400] "GET /?fileloc=//proc/sys/net/ipv6/conf/eth0/ignore_routes_with_linkdown&path=//proc/sys/net/ipv6/conf/eth0 HTTP/1.1" 200 2540 "https://trn2.mesegroup.de/?path=//proc/sys/net/ipv6/conf/eth0" "Mozilla/5.0 AppleWebKit/537.36 (KHTML, like Gecko; compatible; GPTBot/1.3; +https://openai.com/gptbot)"
216.73.216.167 - - [13/Mar/2026:08:26:00 -0400] "GET /gambling-cost-australia?fileloc=%2F%2Flib64%2Flibvpx.so.5.0&path=%2F%2Flib64 HTTP/1.1" 200 2479 "-" "Mozilla/5.0 AppleWebKit/537.36 (KHTML, like Gecko; compatible; ClaudeBot/1.0; [email protected])"
74.7.243.248 - - [13/Mar/2026:08:26:02 -0400] "GET /?fileloc=//proc/sys/net/ipv6/conf/eth1/ignore_routes_with_linkdown&path=//proc/sys/net/ipv6/conf/eth1 HTTP/1.1" 200 2493 "https://trn2.mesegroup.de/?path=//proc/sys/net/ipv6/conf/eth1" "Mozilla/5.0 AppleWebKit/537.36 (KHTML, like Gecko; compatible; GPTBot/1.3; +https://openai.com/gptbot)"
216.73.216.167 - - [13/Mar/2026:08:26:03 -0400] "GET /gambling-cost-australia?fileloc=%2F%2Flib64%2Flibsodium.so.23&path=%2F%2Flib64 HTTP/1.1" 200 2480 "-" "Mozilla/5.0 AppleWebKit/537.36 (KHTML, like Gecko; compatible; ClaudeBot/1.0; [email protected])"
74.7.243.248 - - [13/Mar/2026:08:26:05 -0400] "GET /?fileloc=//proc/sys/net/ipv4/conf/eth0/ignore_routes_with_linkdown&path=//proc/sys/net/ipv4/conf/eth0 HTTP/1.1" 200 2493 "https://trn2.mesegroup.de/?path=//proc/sys/net/ipv4/conf/eth0" "Mozilla/5.0 AppleWebKit/537.36 (KHTML, like Gecko; compatible; GPTBot/1.3; +https://openai.com/gptbot)"
216.73.216.167 - - [13/Mar/2026:08:26:06 -0400] "GET /gambling-cost-australia?fileloc=%2Fhome%2Faliazzsr%2Ftrn2.mesegroup.de%2Fwp-includes%2Fcategory-template.php&path=%2Fhome%2Faliazzsr%2Ftrn2.mesegroup.de%2Fwp-includes HTTP/1.1" 200 16114 "-" "Mozilla/5.0 AppleWebKit/537.36 (KHTML, like Gecko; compatible; ClaudeBot/1.0; [email protected])"
74.7.243.248 - - [13/Mar/2026:08:26:08 -0400] "GET /?fileloc=//proc/sys/net/ipv4/conf/default/src_valid_mark&path=//proc/sys/net/ipv4/conf/default HTTP/1.1" 200 2482 "https://trn2.mesegroup.de/?path=//proc/sys/net/ipv4/conf/default" "Mozilla/5.0 AppleWebKit/537.36 (KHTML, like Gecko; compatible; GPTBot/1.3; +https://openai.com/gptbot)"
216.73.216.167 - - [13/Mar/2026:08:26:09 -0400] "GET /gambling-cost-australia?fileloc=%2F%2Flib64%2Flibgstmpegts-1.0.so.0&path=%2F%2Flib64 HTTP/1.1" 200 2485 "-" "Mozilla/5.0 AppleWebKit/537.36 (KHTML, like Gecko; compatible; ClaudeBot/1.0; [email protected])"
74.7.243.248 - - [13/Mar/2026:08:26:11 -0400] "GET /?fileloc=//proc/sys/net/ipv4/conf/default/disable_xfrm&path=//proc/sys/net/ipv4/conf/default HTTP/1.1" 200 2478 "https://trn2.mesegroup.de/?path=//proc/sys/net/ipv4/conf/default" "Mozilla/5.0 AppleWebKit/537.36 (KHTML, like Gecko; compatible; GPTBot/1.3; +https://openai.com/gptbot)"
216.73.216.167 - - [13/Mar/2026:08:26:12 -0400] "GET /gambling-cost-australia?fileloc=%2Fhome%2Faliazzsr%2Fmail%2Fmailbox_format.cpanel&path=%2Fhome%2Faliazzsr%2Fmail HTTP/1.1" 200 2493 "-" "Mozilla/5.0 AppleWebKit/537.36 (KHTML, like Gecko; compatible; ClaudeBot/1.0; [email protected])"
74.7.243.248 - - [13/Mar/2026:08:26:14 -0400] "GET /?fileloc=//proc/sys/net/ipv6/conf/default/regen_max_retry&path=//proc/sys/net/ipv6/conf/default HTTP/1.1" 200 2483 "https://trn2.mesegroup.de/?path=//proc/sys/net/ipv6/conf/default" "Mozilla/5.0 AppleWebKit/537.36 (KHTML, like Gecko; compatible; GPTBot/1.3; +https://openai.com/gptbot)"
216.73.216.167 - - [13/Mar/2026:08:26:15 -0400] "GET /gambling-cost-australia?fileloc=%2F%2Flib64%2Flibsz.so.2.0.1&path=%2F%2Flib64 HTTP/1.1" 200 2430 "-" "Mozilla/5.0 AppleWebKit/537.36 (KHTML, like Gecko; compatible; ClaudeBot/1.0; [email protected])"
74.7.243.248 - - [13/Mar/2026:08:26:17 -0400] "GET /?fileloc=//proc/sys/net/ipv6/conf/bgplo/router_solicitation_max_interval&path=//proc/sys/net/ipv6/conf/bgplo HTTP/1.1" 200 2499 "https://trn2.mesegroup.de/?path=//proc/sys/net/ipv6/conf/bgplo" "Mozilla/5.0 AppleWebKit/537.36 (KHTML, like Gecko; compatible; GPTBot/1.3; +https://openai.com/gptbot)"
216.73.216.167 - - [13/Mar/2026:08:26:18 -0400] "GET /gambling-cost-australia?fileloc=%2F%2Flib64%2Fcrtn.o&path=%2F%2Flib64 HTTP/1.1" 200 2472 "-" "Mozilla/5.0 AppleWebKit/537.36 (KHTML, like Gecko; compatible; ClaudeBot/1.0; [email protected])"
74.7.243.248 - - [13/Mar/2026:08:26:21 -0400] "GET /?fileloc=//proc/sys/net/ipv4/conf/bgplo/igmpv2_unsolicited_report_interval&path=//proc/sys/net/ipv4/conf/bgplo HTTP/1.1" 200 2502 "https://trn2.mesegroup.de/?path=//proc/sys/net/ipv4/conf/bgplo" "Mozilla/5.0 AppleWebKit/537.36 (KHTML, like Gecko; compatible; GPTBot/1.3; +https://openai.com/gptbot)"
216.73.216.167 - - [13/Mar/2026:08:26:21 -0400] "GET /gambling-cost-australia?fileloc=%2F%2Flib64%2Flibuuid.so.1.3.0&path=%2F%2Flib64 HTTP/1.1" 200 2433 "-" "Mozilla/5.0 AppleWebKit/537.36 (KHTML, like Gecko; compatible; ClaudeBot/1.0; [email protected])"
74.7.243.248 - - [13/Mar/2026:08:26:24 -0400] "GET /?fileloc=//proc/sys/net/ipv6/conf/bgplo/mldv1_unsolicited_report_interval&path=//proc/sys/net/ipv6/conf/bgplo HTTP/1.1" 200 2502 "https://trn2.mesegroup.de/?path=//proc/sys/net/ipv6/conf/bgplo" "Mozilla/5.0 AppleWebKit/537.36 (KHTML, like Gecko; compatible; GPTBot/1.3; +https://openai.com/gptbot)"
216.73.216.167 - - [13/Mar/2026:08:26:24 -0400] "GET /gambling-cost-australia?fileloc=%2Fhome%2Faliazzsr%2Faccess-logs%2Fapi.crm.vqode.com-ssl_log&path=%2Fhome%2Faliazzsr%2Faccess-logs HTTP/1.1" 200 2508 "-" "Mozilla/5.0 AppleWebKit/537.36 (KHTML, like Gecko; compatible; ClaudeBot/1.0; [email protected])"
74.7.243.248 - - [13/Mar/2026:08:26:27 -0400] "GET /?fileloc=//proc/sys/net/ipv6/conf/bgplo/ignore_routes_with_linkdown&path=//proc/sys/net/ipv6/conf/bgplo HTTP/1.1" 200 2496 "https://trn2.mesegroup.de/?path=//proc/sys/net/ipv6/conf/bgplo" "Mozilla/5.0 AppleWebKit/537.36 (KHTML, like Gecko; compatible; GPTBot/1.3; +https://openai.com/gptbot)"
216.73.216.167 - - [13/Mar/2026:08:26:28 -0400] "GET /gambling-cost-australia?fileloc=%2F%2Flib64%2Flibparted-fs-resize.so.0&path=%2F%2Flib64 HTTP/1.1" 200 2435 "-" "Mozilla/5.0 AppleWebKit/537.36 (KHTML, like Gecko; compatible; ClaudeBot/1.0; [email protected])"
74.7.243.248 - - [13/Mar/2026:08:26:30 -0400] "GET /?fileloc=//proc/sys/net/ipv4/conf/bgplo/ignore_routes_with_linkdown&path=//proc/sys/net/ipv4/conf/bgplo HTTP/1.1" 200 2496 "https://trn2.mesegroup.de/?path=//proc/sys/net/ipv4/conf/bgplo" "Mozilla/5.0 AppleWebKit/537.36 (KHTML, like Gecko; compatible; GPTBot/1.3; +https://openai.com/gptbot)"
216.73.216.167 - - [13/Mar/2026:08:26:31 -0400] "GET /gambling-cost-australia?fileloc=%2Fhome%2Faliazzsr%2Ftrn2.mesegroup.de%2Fwp-admin%2Fms-options.php&path=%2Fhome%2Faliazzsr%2Ftrn2.mesegroup.de%2Fwp-admin HTTP/1.1" 200 2590 "-" "Mozilla/5.0 AppleWebKit/537.36 (KHTML, like Gecko; compatible; ClaudeBot/1.0; [email protected])"
74.7.243.248 - - [13/Mar/2026:08:26:33 -0400] "GET /?fileloc=//proc/sys/net/ipv4/conf/bgplo/igmpv3_unsolicited_report_interval&path=//proc/sys/net/ipv4/conf/bgplo HTTP/1.1" 200 2551 "https://trn2.mesegroup.de/?path=//proc/sys/net/ipv4/conf/bgplo" "Mozilla/5.0 AppleWebKit/537.36 (KHTML, like Gecko; compatible; GPTBot/1.3; +https://openai.com/gptbot)"
216.73.216.167 - - [13/Mar/2026:08:26:34 -0400] "GET /gambling-cost-australia?fileloc=%2F%2Flib64%2Flibgvc.so.6&path=%2F%2Flib64 HTTP/1.1" 200 2426 "-" "Mozilla/5.0 AppleWebKit/537.36 (KHTML, like Gecko; compatible; ClaudeBot/1.0; [email protected])"
74.7.243.248 - - [13/Mar/2026:08:26:37 -0400] "GET /?fileloc=//proc/sys/net/ipv6/conf/bgplo/mldv2_unsolicited_report_interval&path=//proc/sys/net/ipv6/conf/bgplo HTTP/1.1" 200 2549 "https://trn2.mesegroup.de/?path=//proc/sys/net/ipv6/conf/bgplo" "Mozilla/5.0 AppleWebKit/537.36 (KHTML, like Gecko; compatible; GPTBot/1.3; +https://openai.com/gptbot)"
216.73.216.167 - - [13/Mar/2026:08:26:37 -0400] "GET /gambling-cost-australia?fileloc=%2F%2Flib64%2Flibnsl.so.2.0.0&path=%2F%2Flib64 HTTP/1.1" 200 2480 "-" "Mozilla/5.0 AppleWebKit/537.36 (KHTML, like Gecko; compatible; ClaudeBot/1.0; [email protected])"
74.7.243.248 - - [13/Mar/2026:08:26:40 -0400] "GET /?fileloc=//proc/sys/net/ipv4/conf/default/bc_forwarding&path=//proc/sys/net/ipv4/conf/default HTTP/1.1" 200 2483 "https://trn2.mesegroup.de/?path=//proc/sys/net/ipv4/conf/default" "Mozilla/5.0 AppleWebKit/537.36 (KHTML, like Gecko; compatible; GPTBot/1.3; +https://openai.com/gptbot)"
216.73.216.167 - - [13/Mar/2026:08:26:40 -0400] "GET /gambling-cost-australia?fileloc=%2F%2Flib64%2FMcrt1.o&path=%2F%2Flib64 HTTP/1.1" 200 2473 "-" "Mozilla/5.0 AppleWebKit/537.36 (KHTML, like Gecko; compatible; ClaudeBot/1.0; [email protected])"
74.7.243.248 - - [13/Mar/2026:08:26:43 -0400] "GET /?fileloc=//proc/sys/net/ipv6/conf/default/mc_forwarding&path=//proc/sys/net/ipv6/conf/default HTTP/1.1" 200 2528 "https://trn2.mesegroup.de/?path=//proc/sys/net/ipv6/conf/default" "Mozilla/5.0 AppleWebKit/537.36 (KHTML, like Gecko; compatible; GPTBot/1.3; +https://openai.com/gptbot)"
216.73.216.167 - - [13/Mar/2026:08:26:43 -0400] "GET /gambling-cost-australia?fileloc=%2Fhome%2Faliazzsr%2Ftrn2.mesegroup.de%2Fwp-admin%2Fprofile.php&path=%2Fhome%2Faliazzsr%2Ftrn2.mesegroup.de%2Fwp-admin HTTP/1.1" 200 2670 "-" "Mozilla/5.0 AppleWebKit/537.36 (KHTML, like Gecko; compatible; ClaudeBot/1.0; [email protected])"
74.7.243.248 - - [13/Mar/2026:08:26:46 -0400] "GET /?fileloc=//proc/sys/net/ipv4/conf/default/mc_forwarding&path=//proc/sys/net/ipv4/conf/default HTTP/1.1" 200 2528 "https://trn2.mesegroup.de/?path=//proc/sys/net/ipv4/conf/default" "Mozilla/5.0 AppleWebKit/537.36 (KHTML, like Gecko; compatible; GPTBot/1.3; +https://openai.com/gptbot)"
216.73.216.167 - - [13/Mar/2026:08:26:46 -0400] "GET /gambling-cost-australia?fileloc=%2Fhome%2Faliazzsr%2Ftrn2.mesegroup.de%2Fwp-admin%2Fcss%2Frevisions-rtl.min.css&path=%2Fhome%2Faliazzsr%2Ftrn2.mesegroup.de%2Fwp-admin%2Fcss HTTP/1.1" 200 4686 "-" "Mozilla/5.0 AppleWebKit/537.36 (KHTML, like Gecko; compatible; ClaudeBot/1.0; [email protected])"
74.7.243.248 - - [13/Mar/2026:08:26:49 -0400] "GET /?fileloc=//proc/sys/net/ipv6/conf/default/mldv1_unsolicited_report_interval&path=//proc/sys/net/ipv6/conf/default HTTP/1.1" 200 2499 "https://trn2.mesegroup.de/?path=//proc/sys/net/ipv6/conf/default" "Mozilla/5.0 AppleWebKit/537.36 (KHTML, like Gecko; compatible; GPTBot/1.3; +https://openai.com/gptbot)"
216.73.216.167 - - [13/Mar/2026:08:26:49 -0400] "GET /gambling-cost-australia?fileloc=%2F%2Flib64%2Flibz.so.1.2.11&path=%2F%2Flib64 HTTP/1.1" 200 2479 "-" "Mozilla/5.0 AppleWebKit/537.36 (KHTML, like Gecko; compatible; ClaudeBot/1.0; [email protected])"
74.7.243.248 - - [13/Mar/2026:08:26:52 -0400] "GET /?fileloc=//proc/sys/net/ipv4/conf/default/igmpv3_unsolicited_report_interval&path=//proc/sys/net/ipv4/conf/default HTTP/1.1" 200 2499 "https://trn2.mesegroup.de/?path=//proc/sys/net/ipv4/conf/default" "Mozilla/5.0 AppleWebKit/537.36 (KHTML, like Gecko; compatible; GPTBot/1.3; +https://openai.com/gptbot)"
216.73.216.167 - - [13/Mar/2026:08:26:52 -0400] "GET /gambling-cost-australia?fileloc=%2Fhome%2Faliazzsr%2Fapi.crm.vqode.com%2Fyii.bat&path=%2Fhome%2Faliazzsr%2Fapi.crm.vqode.com HTTP/1.1" 200 2686 "-" "Mozilla/5.0 AppleWebKit/537.36 (KHTML, like Gecko; compatible; ClaudeBot/1.0; [email protected])"
216.73.216.167 - - [13/Mar/2026:08:26:55 -0400] "GET /gambling-cost-australia?fileloc=%2F%2Flib64%2Flibldap_r-2.4.so.2&path=%2F%2Flib64 HTTP/1.1" 200 2485 "-" "Mozilla/5.0 AppleWebKit/537.36 (KHTML, like Gecko; compatible; ClaudeBot/1.0; [email protected])"
74.7.243.248 - - [13/Mar/2026:08:26:55 -0400] "GET /?fileloc=//proc/sys/net/ipv4/conf/default/drop_unicast_in_l2_multicast&path=//proc/sys/net/ipv4/conf/default HTTP/1.1" 200 2538 "https://trn2.mesegroup.de/?path=//proc/sys/net/ipv4/conf/default" "Mozilla/5.0 AppleWebKit/537.36 (KHTML, like Gecko; compatible; GPTBot/1.3; +https://openai.com/gptbot)"
216.73.216.167 - - [13/Mar/2026:08:26:58 -0400] "GET /gambling-cost-australia?fileloc=%2F%2Flib64%2Flibpcre.so&path=%2F%2Flib64 HTTP/1.1" 200 2474 "-" "Mozilla/5.0 AppleWebKit/537.36 (KHTML, like Gecko; compatible; ClaudeBot/1.0; [email protected])"
74.7.243.248 - - [13/Mar/2026:08:26:58 -0400] "GET /?fileloc=//proc/sys/net/ipv6/conf/default/drop_unicast_in_l2_multicast&path=//proc/sys/net/ipv6/conf/default HTTP/1.1" 200 2491 "https://trn2.mesegroup.de/?path=//proc/sys/net/ipv6/conf/default" "Mozilla/5.0 AppleWebKit/537.36 (KHTML, like Gecko; compatible; GPTBot/1.3; +https://openai.com/gptbot)"
216.73.216.167 - - [13/Mar/2026:08:27:01 -0400] "GET /gambling-cost-australia?fileloc=%2F%2Flib64%2Flibpaper.so.1&path=%2F%2Flib64 HTTP/1.1" 200 2478 "-" "Mozilla/5.0 AppleWebKit/537.36 (KHTML, like Gecko; compatible; ClaudeBot/1.0; [email protected])"
74.7.243.248 - - [13/Mar/2026:08:27:02 -0400] "GET /?fileloc=//proc/sys/net/ipv4/conf/default/igmpv2_unsolicited_report_interval&path=//proc/sys/net/ipv4/conf/default HTTP/1.1" 200 2547 "https://trn2.mesegroup.de/?path=//proc/sys/net/ipv4/conf/default" "Mozilla/5.0 AppleWebKit/537.36 (KHTML, like Gecko; compatible; GPTBot/1.3; +https://openai.com/gptbot)"
216.73.216.167 - - [13/Mar/2026:08:27:04 -0400] "GET /gambling-cost-australia?fileloc=%2F%2Flib64%2FlibQt5QuickShapes.so.5.15&path=%2F%2Flib64 HTTP/1.1" 200 2439 "-" "Mozilla/5.0 AppleWebKit/537.36 (KHTML, like Gecko; compatible; ClaudeBot/1.0; [email protected])"
74.7.243.248 - - [13/Mar/2026:08:27:05 -0400] "GET /?fileloc=//proc/sys/net/ipv6/conf/default/mldv2_unsolicited_report_interval&path=//proc/sys/net/ipv6/conf/default HTTP/1.1" 200 2546 "https://trn2.mesegroup.de/?path=//proc/sys/net/ipv6/conf/default" "Mozilla/5.0 AppleWebKit/537.36 (KHTML, like Gecko; compatible; GPTBot/1.3; +https://openai.com/gptbot)"
216.73.216.167 - - [13/Mar/2026:08:27:07 -0400] "GET /gambling-cost-australia?fileloc=%2F%2Flib64%2Flibip4tc.so.2.0.0&path=%2F%2Flib64 HTTP/1.1" 200 2481 "-" "Mozilla/5.0 AppleWebKit/537.36 (KHTML, like Gecko; compatible; ClaudeBot/1.0; [email protected])"
74.7.243.248 - - [13/Mar/2026:08:27:08 -0400] "GET /?fileloc=//proc/sys/net/ipv4/conf/eth0/igmpv3_unsolicited_report_interval&path=//proc/sys/net/ipv4/conf/eth0 HTTP/1.1" 200 2500 "https://trn2.mesegroup.de/?path=//proc/sys/net/ipv4/conf/eth0" "Mozilla/5.0 AppleWebKit/537.36 (KHTML, like Gecko; compatible; GPTBot/1.3; +https://openai.com/gptbot)"
216.73.216.167 - - [13/Mar/2026:08:27:10 -0400] "GET /gambling-cost-australia?fileloc=%2F%2Flib64%2Flibkcapi.so.1.4.0&path=%2F%2Flib64 HTTP/1.1" 200 2483 "-" "Mozilla/5.0 AppleWebKit/537.36 (KHTML, like Gecko; compatible; ClaudeBot/1.0; [email protected])"
74.7.243.248 - - [13/Mar/2026:08:27:11 -0400] "GET /?fileloc=//proc/sys/net/ipv4/conf/eth0/drop_unicast_in_l2_multicast&path=//proc/sys/net/ipv4/conf/eth0 HTTP/1.1" 200 2494 "https://trn2.mesegroup.de/?path=//proc/sys/net/ipv4/conf/eth0" "Mozilla/5.0 AppleWebKit/537.36 (KHTML, like Gecko; compatible; GPTBot/1.3; +https://openai.com/gptbot)"
216.73.216.167 - - [13/Mar/2026:08:27:13 -0400] "GET /gambling-cost-australia?fileloc=%2F%2Flib64%2Flibanl.so&path=%2F%2Flib64 HTTP/1.1" 200 2473 "-" "Mozilla/5.0 AppleWebKit/537.36 (KHTML, like Gecko; compatible; ClaudeBot/1.0; [email protected])"
74.7.243.248 - - [13/Mar/2026:08:27:14 -0400] "GET /?fileloc=//proc/sys/net/ipv6/conf/eth1/mldv1_unsolicited_report_interval&path=//proc/sys/net/ipv6/conf/eth1 HTTP/1.1" 200 2548 "https://trn2.mesegroup.de/?path=//proc/sys/net/ipv6/conf/eth1" "Mozilla/5.0 AppleWebKit/537.36 (KHTML, like Gecko; compatible; GPTBot/1.3; +https://openai.com/gptbot)"
216.73.216.167 - - [13/Mar/2026:08:27:16 -0400] "GET /gambling-cost-australia?fileloc=%2Fhome%2Faliazzsr%2Ftrn2.mesegroup.de%2Fwp-admin%2Fmoderation.php&path=%2Fhome%2Faliazzsr%2Ftrn2.mesegroup.de%2Fwp-admin HTTP/1.1" 200 2658 "-" "Mozilla/5.0 AppleWebKit/537.36 (KHTML, like Gecko; compatible; ClaudeBot/1.0; [email protected])"
74.7.243.248 - - [13/Mar/2026:08:27:17 -0400] "GET /?fileloc=//proc/sys/net/ipv4/conf/eth1/igmpv3_unsolicited_report_interval&path=//proc/sys/net/ipv4/conf/eth1 HTTP/1.1" 200 2547 "https://trn2.mesegroup.de/?path=//proc/sys/net/ipv4/conf/eth1" "Mozilla/5.0 AppleWebKit/537.36 (KHTML, like Gecko; compatible; GPTBot/1.3; +https://openai.com/gptbot)"
74.7.243.248 - - [13/Mar/2026:08:27:20 -0400] "GET /?fileloc=//proc/sys/net/ipv6/conf/eth0/mldv2_unsolicited_report_interval&path=//proc/sys/net/ipv6/conf/eth0 HTTP/1.1" 200 2548 "https://trn2.mesegroup.de/?path=//proc/sys/net/ipv6/conf/eth0" "Mozilla/5.0 AppleWebKit/537.36 (KHTML, like Gecko; compatible; GPTBot/1.3; +https://openai.com/gptbot)"
216.73.216.167 - - [13/Mar/2026:08:27:23 -0400] "GET /gambling-cost-australia?fileloc=%2F%2Flib64%2Flibsasl2.so.3.0.0&path=%2F%2Flib64 HTTP/1.1" 200 2433 "-" "Mozilla/5.0 AppleWebKit/537.36 (KHTML, like Gecko; compatible; ClaudeBot/1.0; [email protected])"
74.7.243.248 - - [13/Mar/2026:08:27:23 -0400] "GET /?fileloc=//proc/sys/net/ipv6/conf/eth0/drop_unicast_in_l2_multicast&path=//proc/sys/net/ipv6/conf/eth0 HTTP/1.1" 200 2494 "https://trn2.mesegroup.de/?path=//proc/sys/net/ipv6/conf/eth0" "Mozilla/5.0 AppleWebKit/537.36 (KHTML, like Gecko; compatible; GPTBot/1.3; +https://openai.com/gptbot)"
216.73.216.167 - - [13/Mar/2026:08:27:26 -0400] "GET /gambling-cost-australia?fileloc=%2F%2Flib64%2Fcrt1.o&path=%2F%2Flib64 HTTP/1.1" 200 2472 "-" "Mozilla/5.0 AppleWebKit/537.36 (KHTML, like Gecko; compatible; ClaudeBot/1.0; [email protected])"
74.7.243.248 - - [13/Mar/2026:08:27:27 -0400] "GET /?fileloc=//proc/sys/net/ipv6/conf/eth1/mldv2_unsolicited_report_interval&path=//proc/sys/net/ipv6/conf/eth1 HTTP/1.1" 200 2548 "https://trn2.mesegroup.de/?path=//proc/sys/net/ipv6/conf/eth1" "Mozilla/5.0 AppleWebKit/537.36 (KHTML, like Gecko; compatible; GPTBot/1.3; +https://openai.com/gptbot)"
216.73.216.167 - - [13/Mar/2026:08:27:29 -0400] "GET /gambling-cost-australia?path=%2Fhome%2Faliazzsr%2Ftrn2.mesegroup.de%2Fwp-content%2Fthemes%2Fyith-wonder HTTP/1.1" 200 3362 "-" "Mozilla/5.0 AppleWebKit/537.36 (KHTML, like Gecko; compatible; ClaudeBot/1.0; [email protected])"
74.7.243.248 - - [13/Mar/2026:08:27:30 -0400] "GET /?fileloc=//proc/sys/net/ipv4/conf/eth1/drop_unicast_in_l2_multicast&path=//proc/sys/net/ipv4/conf/eth1 HTTP/1.1" 200 2494 "https://trn2.mesegroup.de/?path=//proc/sys/net/ipv4/conf/eth1" "Mozilla/5.0 AppleWebKit/537.36 (KHTML, like Gecko; compatible; GPTBot/1.3; +https://openai.com/gptbot)"
216.73.216.167 - - [13/Mar/2026:08:27:32 -0400] "GET /gambling-cost-australia?fileloc=%2F%2Flib64%2Flibfontconfig.so.1&path=%2F%2Flib64 HTTP/1.1" 200 2483 "-" "Mozilla/5.0 AppleWebKit/537.36 (KHTML, like Gecko; compatible; ClaudeBot/1.0; [email protected])"
74.7.243.248 - - [13/Mar/2026:08:27:33 -0400] "GET /?fileloc=//proc/sys/net/ipv6/conf/eth0/mldv1_unsolicited_report_interval&path=//proc/sys/net/ipv6/conf/eth0 HTTP/1.1" 200 2548 "https://trn2.mesegroup.de/?path=//proc/sys/net/ipv6/conf/eth0" "Mozilla/5.0 AppleWebKit/537.36 (KHTML, like Gecko; compatible; GPTBot/1.3; +https://openai.com/gptbot)"
216.73.216.167 - - [13/Mar/2026:08:27:35 -0400] "GET /gambling-cost-australia?fileloc=%2F%2Flib64%2Flibpaper.so.1.1.2&path=%2F%2Flib64 HTTP/1.1" 200 2483 "-" "Mozilla/5.0 AppleWebKit/537.36 (KHTML, like Gecko; compatible; ClaudeBot/1.0; [email protected])"
74.7.243.248 - - [13/Mar/2026:08:27:36 -0400] "GET /?fileloc=//proc/sys/net/ipv6/conf/eth1/drop_unicast_in_l2_multicast&path=//proc/sys/net/ipv6/conf/eth1 HTTP/1.1" 200 2494 "https://trn2.mesegroup.de/?path=//proc/sys/net/ipv6/conf/eth1" "Mozilla/5.0 AppleWebKit/537.36 (KHTML, like Gecko; compatible; GPTBot/1.3; +https://openai.com/gptbot)"
216.73.216.167 - - [13/Mar/2026:08:27:38 -0400] "GET /gambling-cost-australia?fileloc=%2F%2Flib64%2Flibkrad.so.0.0&path=%2F%2Flib64 HTTP/1.1" 200 2479 "-" "Mozilla/5.0 AppleWebKit/537.36 (KHTML, like Gecko; compatible; ClaudeBot/1.0; [email protected])"
74.7.243.248 - - [13/Mar/2026:08:27:39 -0400] "GET /?fileloc=//proc/sys/net/ipv4/conf/eth1/igmpv2_unsolicited_report_interval&path=//proc/sys/net/ipv4/conf/eth1 HTTP/1.1" 200 2500 "https://trn2.mesegroup.de/?path=//proc/sys/net/ipv4/conf/eth1" "Mozilla/5.0 AppleWebKit/537.36 (KHTML, like Gecko; compatible; GPTBot/1.3; +https://openai.com/gptbot)"
216.73.216.167 - - [13/Mar/2026:08:27:41 -0400] "GET /gambling-cost-australia?fileloc=%2F%2Flib64%2Flibdns.so.1115&path=%2F%2Flib64 HTTP/1.1" 200 2479 "-" "Mozilla/5.0 AppleWebKit/537.36 (KHTML, like Gecko; compatible; ClaudeBot/1.0; [email protected])"
74.7.243.248 - - [13/Mar/2026:08:27:43 -0400] "GET /?fileloc=//proc/sys/net/ipv4/conf/eth0/igmpv2_unsolicited_report_interval&path=//proc/sys/net/ipv4/conf/eth0 HTTP/1.1" 200 2548 "https://trn2.mesegroup.de/?path=//proc/sys/net/ipv4/conf/eth0" "Mozilla/5.0 AppleWebKit/537.36 (KHTML, like Gecko; compatible; GPTBot/1.3; +https://openai.com/gptbot)"
216.73.216.167 - - [13/Mar/2026:08:27:44 -0400] "GET /gambling-cost-australia?fileloc=%2F%2Flib64%2Flibperf-jvmti.so&path=%2F%2Flib64 HTTP/1.1" 200 2480 "-" "Mozilla/5.0 AppleWebKit/537.36 (KHTML, like Gecko; compatible; ClaudeBot/1.0; [email protected])"
74.7.243.248 - - [13/Mar/2026:08:27:46 -0400] "GET /?fileloc=//proc/sys/net/ipv4/conf/default/ignore_routes_with_linkdown&path=//proc/sys/net/ipv4/conf/default HTTP/1.1" 200 2492 "https://trn2.mesegroup.de/?path=//proc/sys/net/ipv4/conf/default" "Mozilla/5.0 AppleWebKit/537.36 (KHTML, like Gecko; compatible; GPTBot/1.3; +https://openai.com/gptbot)"
216.73.216.167 - - [13/Mar/2026:08:27:47 -0400] "GET /gambling-cost-australia?fileloc=%2F%2Flib64%2Flibgstrtp-1.0.so.0&path=%2F%2Flib64 HTTP/1.1" 200 2483 "-" "Mozilla/5.0 AppleWebKit/537.36 (KHTML, like Gecko; compatible; ClaudeBot/1.0; [email protected])"
74.7.243.248 - - [13/Mar/2026:08:27:49 -0400] "GET /?fileloc=//proc/sys/net/ipv6/conf/default/ignore_routes_with_linkdown&path=//proc/sys/net/ipv6/conf/default HTTP/1.1" 200 2539 "https://trn2.mesegroup.de/?path=//proc/sys/net/ipv6/conf/default" "Mozilla/5.0 AppleWebKit/537.36 (KHTML, like Gecko; compatible; GPTBot/1.3; +https://openai.com/gptbot)"
216.73.216.167 - - [13/Mar/2026:08:27:50 -0400] "GET /gambling-cost-australia?fileloc=%2F%2Flib64%2Flibip6tc.so.2.0.0&path=%2F%2Flib64 HTTP/1.1" 200 2481 "-" "Mozilla/5.0 AppleWebKit/537.36 (KHTML, like Gecko; compatible; ClaudeBot/1.0; [email protected])"
74.7.243.248 - - [13/Mar/2026:08:27:52 -0400] "GET /?fileloc=//proc/sys/net/ipv4/conf/bgplo/tag&path=//proc/sys/net/ipv4/conf/bgplo HTTP/1.1" 200 2525 "https://trn2.mesegroup.de/?path=//proc/sys/net/ipv4/conf/bgplo" "Mozilla/5.0 AppleWebKit/537.36 (KHTML, like Gecko; compatible; GPTBot/1.3; +https://openai.com/gptbot)"
216.73.216.167 - - [13/Mar/2026:08:27:53 -0400] "GET /gambling-cost-australia?fileloc=%2F%2Flib64%2Flibwscodecs.so.2.0.0&path=%2F%2Flib64 HTTP/1.1" 200 2485 "-" "Mozilla/5.0 AppleWebKit/537.36 (KHTML, like Gecko; compatible; ClaudeBot/1.0; [email protected])"
74.7.243.248 - - [13/Mar/2026:08:27:55 -0400] "GET /?fileloc=//proc/sys/net/ipv4/conf/default/tag&path=//proc/sys/net/ipv4/conf/default HTTP/1.1" 200 2472 "https://trn2.mesegroup.de/?path=//proc/sys/net/ipv4/conf/default" "Mozilla/5.0 AppleWebKit/537.36 (KHTML, like Gecko; compatible; GPTBot/1.3; +https://openai.com/gptbot)"
216.73.216.167 - - [13/Mar/2026:08:27:56 -0400] "GET /gambling-cost-australia?fileloc=%2Fhome%2Faliazzsr%2Ftrn2.mesegroup.de%2Fwp-admin%2Fcss%2Fcolor-picker-rtl.min.css&path=%2Fhome%2Faliazzsr%2Ftrn2.mesegroup.de%2Fwp-admin%2Fcss HTTP/1.1" 200 3273 "-" "Mozilla/5.0 AppleWebKit/537.36 (KHTML, like Gecko; compatible; ClaudeBot/1.0; [email protected])"
74.7.243.248 - - [13/Mar/2026:08:27:58 -0400] "GET /?path=//proc/sys/net/ipv6/conf/lo HTTP/1.1" 200 4552 "https://trn2.mesegroup.de/?path=//proc/sys/net/ipv6/conf" "Mozilla/5.0 AppleWebKit/537.36 (KHTML, like Gecko; compatible; GPTBot/1.3; +https://openai.com/gptbot)"
216.73.216.167 - - [13/Mar/2026:08:27:59 -0400] "GET /gambling-cost-australia?fileloc=%2F%2Flib64%2Flibhistory.so.7&path=%2F%2Flib64 HTTP/1.1" 200 2478 "-" "Mozilla/5.0 AppleWebKit/537.36 (KHTML, like Gecko; compatible; ClaudeBot/1.0; [email protected])"
74.7.243.248 - - [13/Mar/2026:08:28:01 -0400] "GET /?path=//proc/sys/net/unix HTTP/1.1" 200 2824 "https://trn2.mesegroup.de/?path=//proc/sys/net" "Mozilla/5.0 AppleWebKit/537.36 (KHTML, like Gecko; compatible; GPTBot/1.3; +https://openai.com/gptbot)"
216.73.216.167 - - [13/Mar/2026:08:28:02 -0400] "GET /gambling-cost-australia?fileloc=%2F%2Flib64%2Flibestr.so.0&path=%2F%2Flib64 HTTP/1.1" 200 2476 "-" "Mozilla/5.0 AppleWebKit/537.36 (KHTML, like Gecko; compatible; ClaudeBot/1.0; [email protected])"
74.7.243.248 - - [13/Mar/2026:08:28:05 -0400] "GET /?path=//proc/sysvipc HTTP/1.1" 200 2834 "https://trn2.mesegroup.de/?path=//proc" "Mozilla/5.0 AppleWebKit/537.36 (KHTML, like Gecko; compatible; GPTBot/1.3; +https://openai.com/gptbot)"
216.73.216.167 - - [13/Mar/2026:08:28:05 -0400] "GET /gambling-cost-australia?fileloc=%2F%2Flib64%2Flibdbus-glib-1.so.2.3.4&path=%2F%2Flib64 HTTP/1.1" 200 2438 "-" "Mozilla/5.0 AppleWebKit/537.36 (KHTML, like Gecko; compatible; ClaudeBot/1.0; [email protected])"
74.7.243.248 - - [13/Mar/2026:08:28:08 -0400] "GET /?fileloc=//proc/scsi/device_info&path=//proc/scsi HTTP/1.1" 200 4354 "https://trn2.mesegroup.de/?path=//proc/scsi" "Mozilla/5.0 AppleWebKit/537.36 (KHTML, like Gecko; compatible; GPTBot/1.3; +https://openai.com/gptbot)"
216.73.216.167 - - [13/Mar/2026:08:28:08 -0400] "GET /gambling-cost-australia?fileloc=%2F%2Flib64%2FlibXau.so.6&path=%2F%2Flib64 HTTP/1.1" 200 2476 "-" "Mozilla/5.0 AppleWebKit/537.36 (KHTML, like Gecko; compatible; ClaudeBot/1.0; [email protected])"
74.7.243.248 - - [13/Mar/2026:08:28:11 -0400] "GET /?fileloc=//proc/lve/defaults&path=//proc/lve HTTP/1.1" 200 2430 "https://trn2.mesegroup.de/?path=//proc/lve" "Mozilla/5.0 AppleWebKit/537.36 (KHTML, like Gecko; compatible; GPTBot/1.3; +https://openai.com/gptbot)"
216.73.216.167 - - [13/Mar/2026:08:28:11 -0400] "GET /gambling-cost-australia?fileloc=%2F%2Flib64%2Flibxcb-dpms.so.0.0.0&path=%2F%2Flib64 HTTP/1.1" 200 2484 "-" "Mozilla/5.0 AppleWebKit/537.36 (KHTML, like Gecko; compatible; ClaudeBot/1.0; [email protected])"
74.7.243.248 - - [13/Mar/2026:08:28:14 -0400] "GET /?fileloc=//proc/self/oom_score_adj&path=//proc/self HTTP/1.1" 200 2485 "https://trn2.mesegroup.de/?path=//proc/self" "Mozilla/5.0 AppleWebKit/537.36 (KHTML, like Gecko; compatible; GPTBot/1.3; +https://openai.com/gptbot)"
216.73.216.167 - - [13/Mar/2026:08:28:15 -0400] "GET /gambling-cost-australia?fileloc=%2Fhome%2Faliazzsr%2Fmail%2Fmaildirsize&path=%2Fhome%2Faliazzsr%2Fmail HTTP/1.1" 200 3808 "-" "Mozilla/5.0 AppleWebKit/537.36 (KHTML, like Gecko; compatible; ClaudeBot/1.0; [email protected])"
74.7.243.248 - - [13/Mar/2026:08:28:17 -0400] "GET /?fileloc=//proc/self/mountinfo&path=//proc/self HTTP/1.1" 200 4752 "https://trn2.mesegroup.de/?path=//proc/self" "Mozilla/5.0 AppleWebKit/537.36 (KHTML, like Gecko; compatible; GPTBot/1.3; +https://openai.com/gptbot)"
216.73.216.167 - - [13/Mar/2026:08:28:18 -0400] "GET /gambling-cost-australia?fileloc=%2Fhome%2Faliazzsr%2Faccess-logs%2Faliarshad.info&path=%2Fhome%2Faliazzsr%2Faccess-logs HTTP/1.1" 200 2496 "-" "Mozilla/5.0 AppleWebKit/537.36 (KHTML, like Gecko; compatible; ClaudeBot/1.0; [email protected])"
74.7.243.248 - - [13/Mar/2026:08:28:21 -0400] "GET /?fileloc=//proc/self/projid_map&path=//proc/self HTTP/1.1" 200 2452 "https://trn2.mesegroup.de/?path=//proc/self" "Mozilla/5.0 AppleWebKit/537.36 (KHTML, like Gecko; compatible; GPTBot/1.3; +https://openai.com/gptbot)"
216.73.216.167 - - [13/Mar/2026:08:28:21 -0400] "GET /gambling-cost-australia?fileloc=%2Fhome%2Faliazzsr%2Faccess-logs%2Fmxzon.com.aliarshad.info-ssl_log&path=%2Fhome%2Faliazzsr%2Faccess-logs HTTP/1.1" 200 6706 "-" "Mozilla/5.0 AppleWebKit/537.36 (KHTML, like Gecko; compatible; ClaudeBot/1.0; [email protected])"
74.7.243.248 - - [13/Mar/2026:08:28:24 -0400] "GET /?fileloc=//proc/self/mounts&path=//proc/self HTTP/1.1" 200 3748 "https://trn2.mesegroup.de/?path=//proc/self" "Mozilla/5.0 AppleWebKit/537.36 (KHTML, like Gecko; compatible; GPTBot/1.3; +https://openai.com/gptbot)"
216.73.216.167 - - [13/Mar/2026:08:28:24 -0400] "GET /gambling-cost-australia?fileloc=%2Fhome%2Faliazzsr%2Faccess-logs%2Faliarshad.info-ssl_log&path=%2Fhome%2Faliazzsr%2Faccess-logs HTTP/1.1" 200 2504 "-" "Mozilla/5.0 AppleWebKit/537.36 (KHTML, like Gecko; compatible; ClaudeBot/1.0; [email protected])"
216.73.216.167 - - [13/Mar/2026:08:28:27 -0400] "GET /gambling-cost-australia?fileloc=%2Fhome%2Faliazzsr%2Ftrn2.mesegroup.de%2Fwp-admin%2Fjs%2Fwidgets%2Fmedia-video-widget.min.js&path=%2Fhome%2Faliazzsr%2Ftrn2.mesegroup.de%2Fwp-admin%2Fjs%2Fwidgets HTTP/1.1" 200 6932 "-" "Mozilla/5.0 AppleWebKit/537.36 (KHTML, like Gecko; compatible; ClaudeBot/1.0; [email protected])"
74.7.243.248 - - [13/Mar/2026:08:28:27 -0400] "GET /?path=//proc/irq/36/virtio1-output.0 HTTP/1.1" 200 2516 "https://trn2.mesegroup.de/?path=//proc/irq/36" "Mozilla/5.0 AppleWebKit/537.36 (KHTML, like Gecko; compatible; GPTBot/1.3; +https://openai.com/gptbot)"
216.73.216.167 - - [13/Mar/2026:08:28:30 -0400] "GET /gambling-cost-australia?fileloc=%2Fhome%2Faliazzsr%2Ftrn2.mesegroup.de%2Fwp-admin%2Fuser%2Fsearch_template_1771864066.php&path=%2Fhome%2Faliazzsr%2Ftrn2.mesegroup.de%2Fwp-admin%2Fuser HTTP/1.1" 200 2521 "-" "Mozilla/5.0 AppleWebKit/537.36 (KHTML, like Gecko; compatible; ClaudeBot/1.0; [email protected])"
74.7.243.248 - - [13/Mar/2026:08:28:30 -0400] "GET /?path=//proc/irq/33/virtio0-output.0 HTTP/1.1" 200 2563 "https://trn2.mesegroup.de/?path=//proc/irq/33" "Mozilla/5.0 AppleWebKit/537.36 (KHTML, like Gecko; compatible; GPTBot/1.3; +https://openai.com/gptbot)"
216.73.216.167 - - [13/Mar/2026:08:28:33 -0400] "GET /gambling-cost-australia?fileloc=%2Fhome%2Faliazzsr%2Fmail%2F.Drafts%2Fdovecot-uidlist&path=%2Fhome%2Faliazzsr%2Fmail%2F.Drafts HTTP/1.1" 200 2540 "-" "Mozilla/5.0 AppleWebKit/537.36 (KHTML, like Gecko; compatible; ClaudeBot/1.0; [email protected])"
