216.73.216.167 - - [13/Mar/2026:09:45:44 -0400] "GET /gambling-cost-australia?fileloc=%2Fhome%2Faliazzsr%2Fmail%2Fnew%2F1699393818.M987119P1528615.premium260.web-hosting.com%2CS%3D4731%2CW%3D4831&path=%2Fhome%2Faliazzsr%2Fmail%2Fnew HTTP/1.1" 200 4470 "-" "Mozilla/5.0 AppleWebKit/537.36 (KHTML, like Gecko; compatible; ClaudeBot/1.0; [email protected])"
74.7.243.248 - - [13/Mar/2026:09:45:47 -0400] "GET /fresh-casino-de-2026-review/?fileloc=//bin/ldd&path=//bin HTTP/1.1" 200 4918 "https://trn2.mesegroup.de/fresh-casino-de-2026-review/?path=//bin" "Mozilla/5.0 AppleWebKit/537.36 (KHTML, like Gecko; compatible; GPTBot/1.3; +https://openai.com/gptbot)"
216.73.216.167 - - [13/Mar/2026:09:45:47 -0400] "GET /gambling-cost-australia?fileloc=%2Fhome%2Faliazzsr%2Fmail%2Fnew%2F1701895913.M276912P1645851.premium260.web-hosting.com%2CS%3D3612%2CW%3D3697&path=%2Fhome%2Faliazzsr%2Fmail%2Fnew HTTP/1.1" 200 3972 "-" "Mozilla/5.0 AppleWebKit/537.36 (KHTML, like Gecko; compatible; ClaudeBot/1.0; [email protected])"
74.7.243.248 - - [13/Mar/2026:09:45:50 -0400] "GET /fresh-casino-de-2026-review/?fileloc=//bin/zipnote&path=//bin HTTP/1.1" 200 2466 "https://trn2.mesegroup.de/fresh-casino-de-2026-review/?path=//bin" "Mozilla/5.0 AppleWebKit/537.36 (KHTML, like Gecko; compatible; GPTBot/1.3; +https://openai.com/gptbot)"
216.73.216.167 - - [13/Mar/2026:09:45:50 -0400] "GET /gambling-cost-australia?fileloc=%2Fhome%2Faliazzsr%2Fmail%2Fnew%2F1688095897.M33316P3628296.premium260.web-hosting.com%2CS%3D8966%2CW%3D9075&path=%2Fhome%2Faliazzsr%2Fmail%2Fnew HTTP/1.1" 200 5943 "-" "Mozilla/5.0 AppleWebKit/537.36 (KHTML, like Gecko; compatible; ClaudeBot/1.0; [email protected])"
74.7.243.248 - - [13/Mar/2026:09:45:53 -0400] "GET /fresh-casino-de-2026-review/?fileloc=//bin/mcview&path=//bin HTTP/1.1" 200 2467 "https://trn2.mesegroup.de/fresh-casino-de-2026-review/?path=//bin" "Mozilla/5.0 AppleWebKit/537.36 (KHTML, like Gecko; compatible; GPTBot/1.3; +https://openai.com/gptbot)"
216.73.216.167 - - [13/Mar/2026:09:45:53 -0400] "GET /gambling-cost-australia?fileloc=%2Fhome%2Faliazzsr%2Fmail%2Fnew%2F1773232898.M670611P3794724.premium260.web-hosting.com%2CS%3D2676%2CW%3D2753&path=%2Fhome%2Faliazzsr%2Fmail%2Fnew HTTP/1.1" 200 3402 "-" "Mozilla/5.0 AppleWebKit/537.36 (KHTML, like Gecko; compatible; ClaudeBot/1.0; [email protected])"
74.7.243.248 - - [13/Mar/2026:09:45:56 -0400] "GET /fresh-casino-de-2026-review/?fileloc=//bin/mariadb-show&path=//bin HTTP/1.1" 200 2475 "https://trn2.mesegroup.de/fresh-casino-de-2026-review/?path=//bin" "Mozilla/5.0 AppleWebKit/537.36 (KHTML, like Gecko; compatible; GPTBot/1.3; +https://openai.com/gptbot)"
216.73.216.167 - - [13/Mar/2026:09:45:56 -0400] "GET /gambling-cost-australia?fileloc=%2Fhome%2Faliazzsr%2Fmail%2Fnew%2F1698291190.M43420P688848.premium260.web-hosting.com%2CS%3D5594%2CW%3D5692&path=%2Fhome%2Faliazzsr%2Fmail%2Fnew HTTP/1.1" 200 4955 "-" "Mozilla/5.0 AppleWebKit/537.36 (KHTML, like Gecko; compatible; ClaudeBot/1.0; [email protected])"
74.7.243.248 - - [13/Mar/2026:09:45:59 -0400] "GET /?path=//lib/modules/4.18.0-553.45.1.lve.el8.x86_64/kernel/drivers/infiniband/sw/siw HTTP/1.1" 200 2837 "https://trn2.mesegroup.de/?path=//lib/modules/4.18.0-553.45.1.lve.el8.x86_64/kernel/drivers/infiniband/sw" "Mozilla/5.0 AppleWebKit/537.36 (KHTML, like Gecko; compatible; GPTBot/1.3; +https://openai.com/gptbot)"
216.73.216.167 - - [13/Mar/2026:09:45:59 -0400] "GET /gambling-cost-australia?fileloc=%2Fhome%2Faliazzsr%2Fmail%2Fnew%2F1772453068.M137472P2597369.premium260.web-hosting.com%2CS%3D3398%2CW%3D3481&path=%2Fhome%2Faliazzsr%2Fmail%2Fnew HTTP/1.1" 200 3831 "-" "Mozilla/5.0 AppleWebKit/537.36 (KHTML, like Gecko; compatible; ClaudeBot/1.0; [email protected])"
74.7.243.248 - - [13/Mar/2026:09:46:02 -0400] "GET /?path=//lib/modules/4.18.0-553.45.1.lve.el8.x86_64/kernel/drivers/infiniband/sw/rxe HTTP/1.1" 200 2845 "https://trn2.mesegroup.de/?path=//lib/modules/4.18.0-553.45.1.lve.el8.x86_64/kernel/drivers/infiniband/sw" "Mozilla/5.0 AppleWebKit/537.36 (KHTML, like Gecko; compatible; GPTBot/1.3; +https://openai.com/gptbot)"
216.73.216.167 - - [13/Mar/2026:09:46:02 -0400] "GET /gambling-cost-australia?fileloc=%2Fhome%2Faliazzsr%2Fmail%2Fnew%2F1685986644.M918036P2980132.premium260.web-hosting.com%2CS%3D5081%2CW%3D5177&path=%2Fhome%2Faliazzsr%2Fmail%2Fnew HTTP/1.1" 200 4698 "-" "Mozilla/5.0 AppleWebKit/537.36 (KHTML, like Gecko; compatible; ClaudeBot/1.0; [email protected])"
45.128.125.99 - - [13/Mar/2026:09:46:03 -0400] "GET /wp-login.php?wp_lang=en_US HTTP/1.1" 200 3797 "-" "Mozilla/5.0 (Windows NT 10.0; Win64; x64) AppleWebKit/537.36 (KHTML, like Gecko) Chrome/124.0.6367.207 Safari/537.36"
74.7.243.248 - - [13/Mar/2026:09:46:05 -0400] "GET /?path=//lib/modules/4.18.0-553.45.1.lve.el8.x86_64/kernel/drivers/infiniband/hw/mana HTTP/1.1" 200 2841 "https://trn2.mesegroup.de/?path=//lib/modules/4.18.0-553.45.1.lve.el8.x86_64/kernel/drivers/infiniband/hw" "Mozilla/5.0 AppleWebKit/537.36 (KHTML, like Gecko; compatible; GPTBot/1.3; +https://openai.com/gptbot)"
216.73.216.167 - - [13/Mar/2026:09:46:05 -0400] "GET /gambling-cost-australia?fileloc=%2Fhome%2Faliazzsr%2Fmail%2Fnew%2F1714053633.M849206P2850474.premium260.web-hosting.com%2CS%3D4078%2CW%3D4174&path=%2Fhome%2Faliazzsr%2Fmail%2Fnew HTTP/1.1" 200 4211 "-" "Mozilla/5.0 AppleWebKit/537.36 (KHTML, like Gecko; compatible; ClaudeBot/1.0; [email protected])"
216.73.216.167 - - [13/Mar/2026:09:46:08 -0400] "GET /gambling-cost-australia?fileloc=%2Fhome%2Faliazzsr%2Fmail%2Fnew%2F1715035434.M213754P3124536.premium260.web-hosting.com%2CS%3D6253%2CW%3D6357&path=%2Fhome%2Faliazzsr%2Fmail%2Fnew HTTP/1.1" 200 5125 "-" "Mozilla/5.0 AppleWebKit/537.36 (KHTML, like Gecko; compatible; ClaudeBot/1.0; [email protected])"
74.7.243.248 - - [13/Mar/2026:09:46:09 -0400] "GET /?path=//lib/modules/4.18.0-553.45.1.lve.el8.x86_64/kernel/drivers/infiniband/hw/efa HTTP/1.1" 200 2839 "https://trn2.mesegroup.de/?path=//lib/modules/4.18.0-553.45.1.lve.el8.x86_64/kernel/drivers/infiniband/hw" "Mozilla/5.0 AppleWebKit/537.36 (KHTML, like Gecko; compatible; GPTBot/1.3; +https://openai.com/gptbot)"
216.73.216.167 - - [13/Mar/2026:09:46:11 -0400] "GET /gambling-cost-australia?fileloc=%2Fhome%2Faliazzsr%2Fmail%2Fnew%2F1701318396.M337086P3662522.premium260.web-hosting.com%2CS%3D5249%2CW%3D5346&path=%2Fhome%2Faliazzsr%2Fmail%2Fnew HTTP/1.1" 200 4700 "-" "Mozilla/5.0 AppleWebKit/537.36 (KHTML, like Gecko; compatible; ClaudeBot/1.0; [email protected])"
74.7.243.248 - - [13/Mar/2026:09:46:12 -0400] "GET /fresh-casino-de-2026-review/?fileloc=//bin/dnstap-read&path=//bin HTTP/1.1" 200 2472 "https://trn2.mesegroup.de/fresh-casino-de-2026-review/?path=//bin" "Mozilla/5.0 AppleWebKit/537.36 (KHTML, like Gecko; compatible; GPTBot/1.3; +https://openai.com/gptbot)"
216.73.216.167 - - [13/Mar/2026:09:46:14 -0400] "GET /gambling-cost-australia?fileloc=%2Fhome%2Faliazzsr%2Fmail%2Fnew%2F1685988295.M275206P2980132.premium260.web-hosting.com%2CS%3D4339%2CW%3D4434&path=%2Fhome%2Faliazzsr%2Fmail%2Fnew HTTP/1.1" 200 4256 "-" "Mozilla/5.0 AppleWebKit/537.36 (KHTML, like Gecko; compatible; ClaudeBot/1.0; [email protected])"
74.7.243.248 - - [13/Mar/2026:09:46:15 -0400] "GET /?path=//lib/modules/4.18.0-553.45.1.lve.el8.x86_64/kernel/drivers/infiniband/sw/rdmavt HTTP/1.1" 200 2844 "https://trn2.mesegroup.de/?path=//lib/modules/4.18.0-553.45.1.lve.el8.x86_64/kernel/drivers/infiniband/sw" "Mozilla/5.0 AppleWebKit/537.36 (KHTML, like Gecko; compatible; GPTBot/1.3; +https://openai.com/gptbot)"
216.73.216.167 - - [13/Mar/2026:09:46:17 -0400] "GET /gambling-cost-australia?fileloc=%2Fhome%2Faliazzsr%2Fmail%2Fnew%2F1707296508.M398784P2405002.premium260.web-hosting.com%2CS%3D6074%2CW%3D6170&path=%2Fhome%2Faliazzsr%2Fmail%2Fnew HTTP/1.1" 200 5066 "-" "Mozilla/5.0 AppleWebKit/537.36 (KHTML, like Gecko; compatible; ClaudeBot/1.0; [email protected])"
74.7.243.248 - - [13/Mar/2026:09:46:18 -0400] "GET /?path=//lib/modules/4.18.0-553.45.1.lve.el8.x86_64/kernel/drivers/infiniband/hw/hfi1 HTTP/1.1" 200 2837 "https://trn2.mesegroup.de/?path=//lib/modules/4.18.0-553.45.1.lve.el8.x86_64/kernel/drivers/infiniband/hw" "Mozilla/5.0 AppleWebKit/537.36 (KHTML, like Gecko; compatible; GPTBot/1.3; +https://openai.com/gptbot)"
216.73.216.167 - - [13/Mar/2026:09:46:20 -0400] "GET /gambling-cost-australia?fileloc=%2Fhome%2Faliazzsr%2Fmail%2Fnew%2F1704969850.M803051P2568525.premium260.web-hosting.com%2CS%3D6563%2CW%3D6668&path=%2Fhome%2Faliazzsr%2Fmail%2Fnew HTTP/1.1" 200 5286 "-" "Mozilla/5.0 AppleWebKit/537.36 (KHTML, like Gecko; compatible; ClaudeBot/1.0; [email protected])"
74.7.243.248 - - [13/Mar/2026:09:46:21 -0400] "GET /?path=//lib/modules/4.18.0-553.45.1.lve.el8.x86_64/kernel/drivers/infiniband/hw/mlx4 HTTP/1.1" 200 2841 "https://trn2.mesegroup.de/?path=//lib/modules/4.18.0-553.45.1.lve.el8.x86_64/kernel/drivers/infiniband/hw" "Mozilla/5.0 AppleWebKit/537.36 (KHTML, like Gecko; compatible; GPTBot/1.3; +https://openai.com/gptbot)"
74.7.243.248 - - [13/Mar/2026:09:46:24 -0400] "GET /?path=//lib/modules/4.18.0-553.45.1.lve.el8.x86_64/kernel/drivers/infiniband/hw/mlx5 HTTP/1.1" 200 2841 "https://trn2.mesegroup.de/?path=//lib/modules/4.18.0-553.45.1.lve.el8.x86_64/kernel/drivers/infiniband/hw" "Mozilla/5.0 AppleWebKit/537.36 (KHTML, like Gecko; compatible; GPTBot/1.3; +https://openai.com/gptbot)"
216.73.216.167 - - [13/Mar/2026:09:46:24 -0400] "GET /gambling-cost-australia?fileloc=%2Fhome%2Faliazzsr%2Ftrn2.mesegroup.de%2Fwp-admin%2Fjs%2Fwidgets%2Fcustom-html-widgets.min.js&path=%2Fhome%2Faliazzsr%2Ftrn2.mesegroup.de%2Fwp-admin%2Fjs%2Fwidgets HTTP/1.1" 200 7743 "-" "Mozilla/5.0 AppleWebKit/537.36 (KHTML, like Gecko; compatible; ClaudeBot/1.0; [email protected])"
216.73.216.167 - - [13/Mar/2026:09:46:27 -0400] "GET /gambling-cost-australia?fileloc=%2Fhome%2Faliazzsr%2Fhtml.vqode.com%2Ftravelcation-updated%2Fbooking-summary.html&path=%2Fhome%2Faliazzsr%2Fhtml.vqode.com%2Ftravelcation-updated HTTP/1.1" 200 8788 "-" "Mozilla/5.0 AppleWebKit/537.36 (KHTML, like Gecko; compatible; ClaudeBot/1.0; [email protected])"
74.7.243.248 - - [13/Mar/2026:09:46:27 -0400] "GET /?path=//lib64/python3.8/concurrent/__pycache__ HTTP/1.1" 200 2852 "https://trn2.mesegroup.de/?path=//lib64/python3.8/concurrent" "Mozilla/5.0 AppleWebKit/537.36 (KHTML, like Gecko; compatible; GPTBot/1.3; +https://openai.com/gptbot)"
216.73.216.167 - - [13/Mar/2026:09:46:30 -0400] "GET /gambling-cost-australia?fileloc=%2Fhome%2Faliazzsr%2Fhtml.vqode.com%2Ftravelcation-updated%2Fpackage.json&path=%2Fhome%2Faliazzsr%2Fhtml.vqode.com%2Ftravelcation-updated HTTP/1.1" 200 2788 "-" "Mozilla/5.0 AppleWebKit/537.36 (KHTML, like Gecko; compatible; ClaudeBot/1.0; [email protected])"
74.7.243.248 - - [13/Mar/2026:09:46:30 -0400] "GET /?path=//usr/lib64/python3.6/asyncio/__pycache__ HTTP/1.1" 200 4632 "https://trn2.mesegroup.de/?path=//usr/lib64/python3.6/asyncio" "Mozilla/5.0 AppleWebKit/537.36 (KHTML, like Gecko; compatible; GPTBot/1.3; +https://openai.com/gptbot)"
216.73.216.167 - - [13/Mar/2026:09:46:33 -0400] "GET /gambling-cost-australia?fileloc=%2Fhome%2Faliazzsr%2Ftrn2.mesegroup.de%2Fwp-admin%2Fjs%2Ftheme-plugin-editor.js&path=%2Fhome%2Faliazzsr%2Ftrn2.mesegroup.de%2Fwp-admin%2Fjs HTTP/1.1" 200 12433 "-" "Mozilla/5.0 AppleWebKit/537.36 (KHTML, like Gecko; compatible; ClaudeBot/1.0; [email protected])"
74.7.243.248 - - [13/Mar/2026:09:46:34 -0400] "GET /?path=//lib/modules/4.18.0-553.54.1.lve.el8.x86_64/kernel/drivers/iio/pressure HTTP/1.1" 200 2876 "https://trn2.mesegroup.de/?path=//lib/modules/4.18.0-553.54.1.lve.el8.x86_64/kernel/drivers/iio" "Mozilla/5.0 AppleWebKit/537.36 (KHTML, like Gecko; compatible; GPTBot/1.3; +https://openai.com/gptbot)"
178.23.185.193 - - [13/Mar/2026:09:46:34 -0400] "GET /wp-login.php?wp_lang=en_US HTTP/1.1" 200 3830 "-" "Mozilla/5.0 (Windows NT 10.0; Win64; x64) AppleWebKit/537.36 (KHTML, like Gecko) Chrome/124.0.6367.207 Safari/537.36"
216.73.216.167 - - [13/Mar/2026:09:46:36 -0400] "GET /gambling-cost-australia?fileloc=%2Fhome%2Faliazzsr%2Fhtml.vqode.com%2Ftravelcation-updated%2Fpostcss.config.js&path=%2Fhome%2Faliazzsr%2Fhtml.vqode.com%2Ftravelcation-updated HTTP/1.1" 200 2570 "-" "Mozilla/5.0 AppleWebKit/537.36 (KHTML, like Gecko; compatible; ClaudeBot/1.0; [email protected])"
74.7.243.248 - - [13/Mar/2026:09:46:37 -0400] "GET /?path=//lib/modules/4.18.0-553.54.1.lve.el8.x86_64/kernel/drivers/thermal/intel HTTP/1.1" 200 3136 "https://trn2.mesegroup.de/?path=//lib/modules/4.18.0-553.54.1.lve.el8.x86_64/kernel/drivers/thermal" "Mozilla/5.0 AppleWebKit/537.36 (KHTML, like Gecko; compatible; GPTBot/1.3; +https://openai.com/gptbot)"
216.73.216.167 - - [13/Mar/2026:09:46:39 -0400] "GET /gambling-cost-australia?path=%2Fhome%2Faliazzsr%2Ftrn2.mesegroup.de%2Fwp-content%2Fthemes%2Fyith-wonder%2Fpatterns HTTP/1.1" 200 4007 "-" "Mozilla/5.0 AppleWebKit/537.36 (KHTML, like Gecko; compatible; ClaudeBot/1.0; [email protected])"
74.7.243.248 - - [13/Mar/2026:09:46:40 -0400] "GET /?path=//lib/modules/4.18.0-553.54.1.lve.el8.x86_64/kernel/drivers/leds/trigger HTTP/1.1" 200 3151 "https://trn2.mesegroup.de/?path=//lib/modules/4.18.0-553.54.1.lve.el8.x86_64/kernel/drivers/leds" "Mozilla/5.0 AppleWebKit/537.36 (KHTML, like Gecko; compatible; GPTBot/1.3; +https://openai.com/gptbot)"
216.73.216.167 - - [13/Mar/2026:09:46:43 -0400] "GET /gambling-cost-australia?fileloc=%2Fhome%2Faliazzsr%2Ftrn2.mesegroup.de%2Fwp-admin%2Fjs%2Fuser-suggest.min.js&path=%2Fhome%2Faliazzsr%2Ftrn2.mesegroup.de%2Fwp-admin%2Fjs HTTP/1.1" 200 6072 "-" "Mozilla/5.0 AppleWebKit/537.36 (KHTML, like Gecko; compatible; ClaudeBot/1.0; [email protected])"
74.7.243.248 - - [13/Mar/2026:09:46:43 -0400] "GET /20bet-casino-de-2026-review/?path=//lib/.build-id HTTP/1.1" 200 4522 "https://trn2.mesegroup.de/20bet-casino-de-2026-review/?path=//lib" "Mozilla/5.0 AppleWebKit/537.36 (KHTML, like Gecko; compatible; GPTBot/1.3; +https://openai.com/gptbot)"
216.73.216.167 - - [13/Mar/2026:09:46:46 -0400] "GET /gambling-cost-australia?fileloc=%2Fhome%2Faliazzsr%2Ftrn2.mesegroup.de%2Fwp-admin%2Fjs%2Fsvg-painter.js&path=%2Fhome%2Faliazzsr%2Ftrn2.mesegroup.de%2Fwp-admin%2Fjs HTTP/1.1" 200 7792 "-" "Mozilla/5.0 AppleWebKit/537.36 (KHTML, like Gecko; compatible; ClaudeBot/1.0; [email protected])"
74.7.243.248 - - [13/Mar/2026:09:46:46 -0400] "GET /kenoziehung/?path=//lib HTTP/1.1" 200 3919 "https://trn2.mesegroup.de/kenoziehung/?path=/" "Mozilla/5.0 AppleWebKit/537.36 (KHTML, like Gecko; compatible; GPTBot/1.3; +https://openai.com/gptbot)"
216.73.216.167 - - [13/Mar/2026:09:46:49 -0400] "GET /gambling-cost-australia?path=%2Fhome%2Faliazzsr%2Ftrn2.mesegroup.de%2Fwp-content%2Fthemes%2Fyith-wonder%2Finc HTTP/1.1" 200 3091 "-" "Mozilla/5.0 AppleWebKit/537.36 (KHTML, like Gecko; compatible; ClaudeBot/1.0; [email protected])"
74.7.243.248 - - [13/Mar/2026:09:46:49 -0400] "GET /kenoziehung/?path=//usr HTTP/1.1" 200 3034 "https://trn2.mesegroup.de/kenoziehung/?path=/" "Mozilla/5.0 AppleWebKit/537.36 (KHTML, like Gecko; compatible; GPTBot/1.3; +https://openai.com/gptbot)"
216.73.216.167 - - [13/Mar/2026:09:46:52 -0400] "GET /gambling-cost-australia?path=%2Fhome%2Faliazzsr%2Ftrn2.mesegroup.de%2Fwp-content%2Fthemes%2Fyith-wonder%2Ftemplates HTTP/1.1" 200 3418 "-" "Mozilla/5.0 AppleWebKit/537.36 (KHTML, like Gecko; compatible; ClaudeBot/1.0; [email protected])"
74.7.243.248 - - [13/Mar/2026:09:46:52 -0400] "GET /kenoziehung/?path=//var HTTP/1.1" 200 3099 "https://trn2.mesegroup.de/kenoziehung/?path=/" "Mozilla/5.0 AppleWebKit/537.36 (KHTML, like Gecko; compatible; GPTBot/1.3; +https://openai.com/gptbot)"
216.73.216.167 - - [13/Mar/2026:09:46:55 -0400] "GET /gambling-cost-australia?path=%2Fhome%2Faliazzsr%2Ftrn2.mesegroup.de%2Fwp-content%2Fthemes%2Fyith-wonder%2Fassets HTTP/1.1" 200 2975 "-" "Mozilla/5.0 AppleWebKit/537.36 (KHTML, like Gecko; compatible; ClaudeBot/1.0; [email protected])"
74.7.243.248 - - [13/Mar/2026:09:46:55 -0400] "GET /?path=//lib/modules/4.18.0-553.45.1.lve.el8.x86_64/kernel/net/rfkill HTTP/1.1" 200 2819 "https://trn2.mesegroup.de/?path=//lib/modules/4.18.0-553.45.1.lve.el8.x86_64/kernel/net" "Mozilla/5.0 AppleWebKit/537.36 (KHTML, like Gecko; compatible; GPTBot/1.3; +https://openai.com/gptbot)"
216.73.216.167 - - [13/Mar/2026:09:46:58 -0400] "GET /gambling-cost-australia?path=%2Fhome%2Faliazzsr%2Ftrn2.mesegroup.de%2Fwp-content%2Fthemes%2Fyith-wonder%2Fstyles HTTP/1.1" 200 3078 "-" "Mozilla/5.0 AppleWebKit/537.36 (KHTML, like Gecko; compatible; ClaudeBot/1.0; [email protected])"
74.7.243.248 - - [13/Mar/2026:09:46:58 -0400] "GET /echtgeld-casino-2026/?path=//bin HTTP/1.1" 200 17258 "https://trn2.mesegroup.de/echtgeld-casino-2026/?path=/" "Mozilla/5.0 AppleWebKit/537.36 (KHTML, like Gecko; compatible; GPTBot/1.3; +https://openai.com/gptbot)"
74.7.243.248 - - [13/Mar/2026:09:47:02 -0400] "GET /mr-bet-bonuscode-2026/?path=//usr HTTP/1.1" 200 2995 "https://trn2.mesegroup.de/mr-bet-bonuscode-2026/?path=/" "Mozilla/5.0 AppleWebKit/537.36 (KHTML, like Gecko; compatible; GPTBot/1.3; +https://openai.com/gptbot)"
216.73.216.167 - - [13/Mar/2026:09:47:03 -0400] "GET /gambling-cost-australia?fileloc=%2Fhome%2Faliazzsr%2Faccess-logs%2Fhtml.vqode.com.aliarshad.info-ssl_log&path=%2Fhome%2Faliazzsr%2Faccess-logs HTTP/1.1" 200 2514 "-" "Mozilla/5.0 AppleWebKit/537.36 (KHTML, like Gecko; compatible; ClaudeBot/1.0; [email protected])"
74.7.243.248 - - [13/Mar/2026:09:47:05 -0400] "GET /?fileloc=//usr/lib64/python3.6/asyncio/__pycache__/compat.cpython-36.opt-2.pyc&path=//usr/lib64/python3.6/asyncio/__pycache__ HTTP/1.1" 200 2535 "https://trn2.mesegroup.de/?path=//usr/lib64/python3.6/asyncio/__pycache__" "Mozilla/5.0 AppleWebKit/537.36 (KHTML, like Gecko; compatible; GPTBot/1.3; +https://openai.com/gptbot)"
216.73.216.167 - - [13/Mar/2026:09:47:06 -0400] "GET /gambling-cost-australia?path=%2Fhome%2Faliazzsr%2Ftrn2.mesegroup.de%2Fwp-content%2Fthemes%2Fcustom-functions-1772636035%2Flanguages HTTP/1.1" 200 2983 "-" "Mozilla/5.0 AppleWebKit/537.36 (KHTML, like Gecko; compatible; ClaudeBot/1.0; [email protected])"
74.7.243.248 - - [13/Mar/2026:09:47:08 -0400] "GET /mr-bet-bonuscode-2026/?path=//opt HTTP/1.1" 200 3316 "https://trn2.mesegroup.de/mr-bet-bonuscode-2026/?path=/" "Mozilla/5.0 AppleWebKit/537.36 (KHTML, like Gecko; compatible; GPTBot/1.3; +https://openai.com/gptbot)"
216.73.216.167 - - [13/Mar/2026:09:47:09 -0400] "GET /gambling-cost-australia?fileloc=%2Fhome%2Faliazzsr%2Ftrn2.mesegroup.de%2Fwp-admin%2Fuser%2Findex.php&path=%2Fhome%2Faliazzsr%2Ftrn2.mesegroup.de%2Fwp-admin%2Fuser HTTP/1.1" 200 2649 "-" "Mozilla/5.0 AppleWebKit/537.36 (KHTML, like Gecko; compatible; ClaudeBot/1.0; [email protected])"
74.7.243.248 - - [13/Mar/2026:09:47:11 -0400] "GET /mr-bet-bonuscode-2026/?path=//run HTTP/1.1" 200 3287 "https://trn2.mesegroup.de/mr-bet-bonuscode-2026/?path=/" "Mozilla/5.0 AppleWebKit/537.36 (KHTML, like Gecko; compatible; GPTBot/1.3; +https://openai.com/gptbot)"
216.73.216.167 - - [13/Mar/2026:09:47:12 -0400] "GET /gambling-cost-australia?fileloc=%2Fhome%2Faliazzsr%2Ftrn2.mesegroup.de%2Fwp-admin%2Fjs%2Fwidgets%2Ftext-widgets.js&path=%2Fhome%2Faliazzsr%2Ftrn2.mesegroup.de%2Fwp-admin%2Fjs%2Fwidgets HTTP/1.1" 200 11071 "-" "Mozilla/5.0 AppleWebKit/537.36 (KHTML, like Gecko; compatible; ClaudeBot/1.0; [email protected])"
74.7.243.248 - - [13/Mar/2026:09:47:14 -0400] "GET /echtgeld-casino-2026/?path=//lib HTTP/1.1" 200 3904 "https://trn2.mesegroup.de/echtgeld-casino-2026/?path=/" "Mozilla/5.0 AppleWebKit/537.36 (KHTML, like Gecko; compatible; GPTBot/1.3; +https://openai.com/gptbot)"
216.73.216.167 - - [13/Mar/2026:09:47:15 -0400] "GET /gambling-cost-australia?fileloc=%2Fhome%2Faliazzsr%2Fhtml.vqode.com%2Ftravelcation-updated%2Fevents.html&path=%2Fhome%2Faliazzsr%2Fhtml.vqode.com%2Ftravelcation-updated HTTP/1.1" 200 8381 "-" "Mozilla/5.0 AppleWebKit/537.36 (KHTML, like Gecko; compatible; ClaudeBot/1.0; [email protected])"
74.7.243.248 - - [13/Mar/2026:09:47:17 -0400] "GET /20bet-casino-de-2026-review/?path=//lib/.build-id/b1 HTTP/1.1" 200 3999 "https://trn2.mesegroup.de/20bet-casino-de-2026-review/?path=//lib/.build-id" "Mozilla/5.0 AppleWebKit/537.36 (KHTML, like Gecko; compatible; GPTBot/1.3; +https://openai.com/gptbot)"
216.73.216.167 - - [13/Mar/2026:09:47:18 -0400] "GET /gambling-cost-australia?fileloc=%2Fhome%2Faliazzsr%2Ftrn2.mesegroup.de%2Fwp-admin%2Fuser%2Fabout.php&path=%2Fhome%2Faliazzsr%2Ftrn2.mesegroup.de%2Fwp-admin%2Fuser HTTP/1.1" 200 2612 "-" "Mozilla/5.0 AppleWebKit/537.36 (KHTML, like Gecko; compatible; ClaudeBot/1.0; [email protected])"
74.7.243.248 - - [13/Mar/2026:09:47:21 -0400] "GET /20bet-casino-de-2026-review/?path=//lib/.build-id/f6 HTTP/1.1" 200 4055 "https://trn2.mesegroup.de/20bet-casino-de-2026-review/?path=//lib/.build-id" "Mozilla/5.0 AppleWebKit/537.36 (KHTML, like Gecko; compatible; GPTBot/1.3; +https://openai.com/gptbot)"
74.7.243.248 - - [13/Mar/2026:09:47:24 -0400] "GET /20bet-casino-de-2026-review/?path=//lib/.build-id/ee HTTP/1.1" 200 3552 "https://trn2.mesegroup.de/20bet-casino-de-2026-review/?path=//lib/.build-id" "Mozilla/5.0 AppleWebKit/537.36 (KHTML, like Gecko; compatible; GPTBot/1.3; +https://openai.com/gptbot)"
74.7.243.248 - - [13/Mar/2026:09:47:27 -0400] "GET /20bet-casino-de-2026-review/?path=//lib/.build-id/60 HTTP/1.1" 200 3525 "https://trn2.mesegroup.de/20bet-casino-de-2026-review/?path=//lib/.build-id" "Mozilla/5.0 AppleWebKit/537.36 (KHTML, like Gecko; compatible; GPTBot/1.3; +https://openai.com/gptbot)"
74.7.243.248 - - [13/Mar/2026:09:47:30 -0400] "GET /20bet-casino-de-2026-review/?path=//lib/.build-id/62 HTTP/1.1" 200 3521 "https://trn2.mesegroup.de/20bet-casino-de-2026-review/?path=//lib/.build-id" "Mozilla/5.0 AppleWebKit/537.36 (KHTML, like Gecko; compatible; GPTBot/1.3; +https://openai.com/gptbot)"
74.7.243.248 - - [13/Mar/2026:09:47:33 -0400] "GET /echtgeld-casino-2026/?fileloc=//bin/size&path=//bin HTTP/1.1" 200 2415 "https://trn2.mesegroup.de/echtgeld-casino-2026/?path=//bin" "Mozilla/5.0 AppleWebKit/537.36 (KHTML, like Gecko; compatible; GPTBot/1.3; +https://openai.com/gptbot)"
74.7.243.248 - - [13/Mar/2026:09:47:36 -0400] "GET /echtgeld-casino-2026/?fileloc=//bin/join&path=//bin HTTP/1.1" 200 2419 "https://trn2.mesegroup.de/echtgeld-casino-2026/?path=//bin" "Mozilla/5.0 AppleWebKit/537.36 (KHTML, like Gecko; compatible; GPTBot/1.3; +https://openai.com/gptbot)"
74.7.243.248 - - [13/Mar/2026:09:47:39 -0400] "GET /echtgeld-casino-2026/?fileloc=//bin/sprof&path=//bin HTTP/1.1" 200 2467 "https://trn2.mesegroup.de/echtgeld-casino-2026/?path=//bin" "Mozilla/5.0 AppleWebKit/537.36 (KHTML, like Gecko; compatible; GPTBot/1.3; +https://openai.com/gptbot)"
74.7.243.248 - - [13/Mar/2026:09:47:43 -0400] "GET /echtgeld-casino-2026/?fileloc=//bin/curl&path=//bin HTTP/1.1" 200 2466 "https://trn2.mesegroup.de/echtgeld-casino-2026/?path=//bin" "Mozilla/5.0 AppleWebKit/537.36 (KHTML, like Gecko; compatible; GPTBot/1.3; +https://openai.com/gptbot)"
216.73.216.167 - - [13/Mar/2026:09:47:45 -0400] "GET /gambling-cost-australia?fileloc=%2Fhome%2Faliazzsr%2Faccess-logs%2Fshop.mesegroup.de.aliarshad.info-ssl_log&path=%2Fhome%2Faliazzsr%2Faccess-logs HTTP/1.1" 200 17278 "-" "Mozilla/5.0 AppleWebKit/537.36 (KHTML, like Gecko; compatible; ClaudeBot/1.0; [email protected])"
74.7.243.248 - - [13/Mar/2026:09:47:46 -0400] "GET /echtgeld-casino-2026/?fileloc=//bin/fc-cache&path=//bin HTTP/1.1" 200 2519 "https://trn2.mesegroup.de/echtgeld-casino-2026/?path=//bin" "Mozilla/5.0 AppleWebKit/537.36 (KHTML, like Gecko; compatible; GPTBot/1.3; +https://openai.com/gptbot)"
216.73.216.167 - - [13/Mar/2026:09:47:48 -0400] "GET /gambling-cost-australia?path=%2Fhome%2Faliazzsr%2Ftrn2.mesegroup.de%2Fwp-content%2Fthemes%2Fyith-wonder%2Fparts HTTP/1.1" 200 3255 "-" "Mozilla/5.0 AppleWebKit/537.36 (KHTML, like Gecko; compatible; ClaudeBot/1.0; [email protected])"
74.7.243.248 - - [13/Mar/2026:09:47:49 -0400] "GET /echtgeld-casino-2026/?path=//lib/udev HTTP/1.1" 200 3388 "https://trn2.mesegroup.de/echtgeld-casino-2026/?path=//lib" "Mozilla/5.0 AppleWebKit/537.36 (KHTML, like Gecko; compatible; GPTBot/1.3; +https://openai.com/gptbot)"
216.73.216.167 - - [13/Mar/2026:09:47:51 -0400] "GET /gambling-cost-australia?fileloc=%2Fhome%2Faliazzsr%2Ftrn2.mesegroup.de%2Fwp-admin%2Fjs%2Fpassword-strength-meter.min.js&path=%2Fhome%2Faliazzsr%2Ftrn2.mesegroup.de%2Fwp-admin%2Fjs HTTP/1.1" 200 6288 "-" "Mozilla/5.0 AppleWebKit/537.36 (KHTML, like Gecko; compatible; ClaudeBot/1.0; [email protected])"
74.7.243.248 - - [13/Mar/2026:09:47:52 -0400] "GET /echtgeld-casino-2026/?path=//lib/.build-id HTTP/1.1" 200 4422 "https://trn2.mesegroup.de/echtgeld-casino-2026/?path=//lib" "Mozilla/5.0 AppleWebKit/537.36 (KHTML, like Gecko; compatible; GPTBot/1.3; +https://openai.com/gptbot)"
216.73.216.167 - - [13/Mar/2026:09:47:54 -0400] "GET /gambling-cost-australia?fileloc=%2Fhome%2Faliazzsr%2Ftrn2.mesegroup.de%2Fwp-admin%2Fjs%2Fword-count.min.js&path=%2Fhome%2Faliazzsr%2Ftrn2.mesegroup.de%2Fwp-admin%2Fjs HTTP/1.1" 200 6445 "-" "Mozilla/5.0 AppleWebKit/537.36 (KHTML, like Gecko; compatible; ClaudeBot/1.0; [email protected])"
74.7.243.248 - - [13/Mar/2026:09:47:55 -0400] "GET /echtgeld-casino-2026/?fileloc=//bin/dnstap-read&path=//bin HTTP/1.1" 200 2419 "https://trn2.mesegroup.de/echtgeld-casino-2026/?path=//bin" "Mozilla/5.0 AppleWebKit/537.36 (KHTML, like Gecko; compatible; GPTBot/1.3; +https://openai.com/gptbot)"
216.73.216.167 - - [13/Mar/2026:09:47:57 -0400] "GET /gambling-cost-australia?fileloc=%2Fhome%2Faliazzsr%2Ftrn2.mesegroup.de%2Fwp-admin%2Fjs%2Fxfn.js&path=%2Fhome%2Faliazzsr%2Ftrn2.mesegroup.de%2Fwp-admin%2Fjs HTTP/1.1" 200 6075 "-" "Mozilla/5.0 AppleWebKit/537.36 (KHTML, like Gecko; compatible; ClaudeBot/1.0; [email protected])"
74.7.243.248 - - [13/Mar/2026:09:47:58 -0400] "GET /echtgeld-casino-2026/?fileloc=//bin/mariadb-show&path=//bin HTTP/1.1" 200 2475 "https://trn2.mesegroup.de/echtgeld-casino-2026/?path=//bin" "Mozilla/5.0 AppleWebKit/537.36 (KHTML, like Gecko; compatible; GPTBot/1.3; +https://openai.com/gptbot)"
74.7.243.248 - - [13/Mar/2026:09:48:02 -0400] "GET /20bet-casino-de-2026-review/?path=//lib/.build-id/26 HTTP/1.1" 200 4145 "https://trn2.mesegroup.de/20bet-casino-de-2026-review/?path=//lib/.build-id" "Mozilla/5.0 AppleWebKit/537.36 (KHTML, like Gecko; compatible; GPTBot/1.3; +https://openai.com/gptbot)"
216.73.216.167 - - [13/Mar/2026:09:48:03 -0400] "GET /gambling-cost-australia?fileloc=%2Fhome%2Faliazzsr%2Ftrn2.mesegroup.de%2Fwp-content%2Fthemes%2Fyith-wonder%2Ffunctions.php&path=%2Fhome%2Faliazzsr%2Ftrn2.mesegroup.de%2Fwp-content%2Fthemes%2Fyith-wonder HTTP/1.1" 200 7760 "-" "Mozilla/5.0 AppleWebKit/537.36 (KHTML, like Gecko; compatible; ClaudeBot/1.0; [email protected])"
74.7.243.248 - - [13/Mar/2026:09:48:05 -0400] "GET /20bet-casino-de-2026-review/?path=//lib/.build-id/66 HTTP/1.1" 200 4218 "https://trn2.mesegroup.de/20bet-casino-de-2026-review/?path=//lib/.build-id" "Mozilla/5.0 AppleWebKit/537.36 (KHTML, like Gecko; compatible; GPTBot/1.3; +https://openai.com/gptbot)"
216.73.216.167 - - [13/Mar/2026:09:48:06 -0400] "GET /gambling-cost-australia?fileloc=%2Fhome%2Faliazzsr%2Ftrn2.mesegroup.de%2Fwp-content%2Fthemes%2Fcustom-functions-1772636035%2Fcustomizer.css&path=%2Fhome%2Faliazzsr%2Ftrn2.mesegroup.de%2Fwp-content%2Fthemes%2Fcustom-functions-1772636035 HTTP/1.1" 200 3875 "-" "Mozilla/5.0 AppleWebKit/537.36 (KHTML, like Gecko; compatible; ClaudeBot/1.0; [email protected])"
74.7.243.248 - - [13/Mar/2026:09:48:08 -0400] "GET /20bet-casino-de-2026-review/?path=//lib/.build-id/06 HTTP/1.1" 200 3627 "https://trn2.mesegroup.de/20bet-casino-de-2026-review/?path=//lib/.build-id" "Mozilla/5.0 AppleWebKit/537.36 (KHTML, like Gecko; compatible; GPTBot/1.3; +https://openai.com/gptbot)"
216.73.216.167 - - [13/Mar/2026:09:48:09 -0400] "GET /gambling-cost-australia?fileloc=%2Fhome%2Faliazzsr%2Ftrn2.mesegroup.de%2Fwp-content%2Fthemes%2Fcustom-functions-1772636035%2Fsingle.php&path=%2Fhome%2Faliazzsr%2Ftrn2.mesegroup.de%2Fwp-content%2Fthemes%2Fcustom-functions-1772636035 HTTP/1.1" 200 3020 "-" "Mozilla/5.0 AppleWebKit/537.36 (KHTML, like Gecko; compatible; ClaudeBot/1.0; [email protected])"
74.7.243.248 - - [13/Mar/2026:09:48:11 -0400] "GET /bester-casino-bonus-2026/?path=/ HTTP/1.1" 200 3109 "https://trn2.mesegroup.de/bester-casino-bonus-2026/" "Mozilla/5.0 AppleWebKit/537.36 (KHTML, like Gecko; compatible; GPTBot/1.3; +https://openai.com/gptbot)"
216.73.216.167 - - [13/Mar/2026:09:48:12 -0400] "GET /gambling-cost-australia?fileloc=%2Fhome%2Faliazzsr%2Ftrn2.mesegroup.de%2Fwp-content%2Fthemes%2Fcustom-functions-1772636035%2Fcomments.php&path=%2Fhome%2Faliazzsr%2Ftrn2.mesegroup.de%2Fwp-content%2Fthemes%2Fcustom-functions-1772636035 HTTP/1.1" 200 3432 "-" "Mozilla/5.0 AppleWebKit/537.36 (KHTML, like Gecko; compatible; ClaudeBot/1.0; [email protected])"
74.7.243.248 - - [13/Mar/2026:09:48:14 -0400] "GET /echtgeld-casino-2026/?path=//tmp HTTP/1.1" 200 2810 "https://trn2.mesegroup.de/echtgeld-casino-2026/?path=/" "Mozilla/5.0 AppleWebKit/537.36 (KHTML, like Gecko; compatible; GPTBot/1.3; +https://openai.com/gptbot)"
216.73.216.167 - - [13/Mar/2026:09:48:15 -0400] "GET /gambling-cost-australia?fileloc=%2Fhome%2Faliazzsr%2Faccess-logs%2Fshop.mesegroup.de.aliarshad.info&path=%2Fhome%2Faliazzsr%2Faccess-logs HTTP/1.1" 200 2458 "-" "Mozilla/5.0 AppleWebKit/537.36 (KHTML, like Gecko; compatible; ClaudeBot/1.0; [email protected])"
74.7.243.248 - - [13/Mar/2026:09:48:17 -0400] "GET /mr-bet-bonuscode-2026/?path=//etc HTTP/1.1" 200 5352 "https://trn2.mesegroup.de/mr-bet-bonuscode-2026/?path=/" "Mozilla/5.0 AppleWebKit/537.36 (KHTML, like Gecko; compatible; GPTBot/1.3; +https://openai.com/gptbot)"
74.7.243.248 - - [13/Mar/2026:09:48:21 -0400] "GET /mr-bet-bonuscode-2026/?path=//tmp HTTP/1.1" 200 2810 "https://trn2.mesegroup.de/mr-bet-bonuscode-2026/?path=/" "Mozilla/5.0 AppleWebKit/537.36 (KHTML, like Gecko; compatible; GPTBot/1.3; +https://openai.com/gptbot)"
216.73.216.167 - - [13/Mar/2026:09:48:22 -0400] "GET /gambling-cost-australia?fileloc=%2Fhome%2Faliazzsr%2Flogs%2Fcrm.aliarshad.info-Sep-2025.gz&path=%2Fhome%2Faliazzsr%2Flogs HTTP/1.1" 200 2494 "-" "Mozilla/5.0 AppleWebKit/537.36 (KHTML, like Gecko; compatible; ClaudeBot/1.0; [email protected])"
74.7.243.248 - - [13/Mar/2026:09:48:24 -0400] "GET /keno-live/?path=//lib64/python3.6 HTTP/1.1" 200 9472 "https://trn2.mesegroup.de/keno-live/?path=//lib64" "Mozilla/5.0 AppleWebKit/537.36 (KHTML, like Gecko; compatible; GPTBot/1.3; +https://openai.com/gptbot)"
216.73.216.167 - - [13/Mar/2026:09:48:25 -0400] "GET /gambling-cost-australia?fileloc=%2Fhome%2Faliazzsr%2Ftrn2.mesegroup.de%2Fwp-content%2Fthemes%2Fcustom-functions-1772636035%2Fsidebar.php&path=%2Fhome%2Faliazzsr%2Ftrn2.mesegroup.de%2Fwp-content%2Fthemes%2Fcustom-functions-1772636035 HTTP/1.1" 200 2770 "-" "Mozilla/5.0 AppleWebKit/537.36 (KHTML, like Gecko; compatible; ClaudeBot/1.0; [email protected])"
74.7.243.248 - - [13/Mar/2026:09:48:27 -0400] "GET /echtgeld-casino-2026/?path=//lib/.build-id/68 HTTP/1.1" 200 3672 "https://trn2.mesegroup.de/echtgeld-casino-2026/?path=//lib/.build-id" "Mozilla/5.0 AppleWebKit/537.36 (KHTML, like Gecko; compatible; GPTBot/1.3; +https://openai.com/gptbot)"
216.73.216.167 - - [13/Mar/2026:09:48:28 -0400] "GET /gambling-cost-australia?fileloc=%2Fhome%2Faliazzsr%2Ftrn2.mesegroup.de%2Fwp-content%2Fthemes%2Fcustom-functions-1772636035%2Fpage.php&path=%2Fhome%2Faliazzsr%2Ftrn2.mesegroup.de%2Fwp-content%2Fthemes%2Fcustom-functions-1772636035 HTTP/1.1" 200 2976 "-" "Mozilla/5.0 AppleWebKit/537.36 (KHTML, like Gecko; compatible; ClaudeBot/1.0; [email protected])"
74.7.243.248 - - [13/Mar/2026:09:48:30 -0400] "GET /echtgeld-casino-2026/?path=//lib/.build-id/91 HTTP/1.1" 200 3883 "https://trn2.mesegroup.de/echtgeld-casino-2026/?path=//lib/.build-id" "Mozilla/5.0 AppleWebKit/537.36 (KHTML, like Gecko; compatible; GPTBot/1.3; +https://openai.com/gptbot)"
216.73.216.167 - - [13/Mar/2026:09:48:31 -0400] "GET /gambling-cost-australia?fileloc=%2Fhome%2Faliazzsr%2Ftrn2.mesegroup.de%2Fwp-content%2Fthemes%2Fcustom-functions-1772636035%2F404.php&path=%2Fhome%2Faliazzsr%2Ftrn2.mesegroup.de%2Fwp-content%2Fthemes%2Fcustom-functions-1772636035 HTTP/1.1" 200 3307 "-" "Mozilla/5.0 AppleWebKit/537.36 (KHTML, like Gecko; compatible; ClaudeBot/1.0; [email protected])"
74.7.243.248 - - [13/Mar/2026:09:48:33 -0400] "GET /echtgeld-casino-2026/?path=//lib/.build-id/cf HTTP/1.1" 200 3703 "https://trn2.mesegroup.de/echtgeld-casino-2026/?path=//lib/.build-id" "Mozilla/5.0 AppleWebKit/537.36 (KHTML, like Gecko; compatible; GPTBot/1.3; +https://openai.com/gptbot)"
216.73.216.167 - - [13/Mar/2026:09:48:34 -0400] "GET /gambling-cost-australia?fileloc=%2Fhome%2Faliazzsr%2Ftrn2.mesegroup.de%2Fwp-content%2Fthemes%2Fcustom-functions-1772636035%2Findex.php&path=%2Fhome%2Faliazzsr%2Ftrn2.mesegroup.de%2Fwp-content%2Fthemes%2Fcustom-functions-1772636035 HTTP/1.1" 200 3182 "-" "Mozilla/5.0 AppleWebKit/537.36 (KHTML, like Gecko; compatible; ClaudeBot/1.0; [email protected])"
74.7.243.248 - - [13/Mar/2026:09:48:37 -0400] "GET /20bet-casino-de-2026-review/?fileloc=//lib/.build-id/26/a48113a853422ead44c5724252e223d141cc10&path=//lib/.build-id/26 HTTP/1.1" 200 2514 "https://trn2.mesegroup.de/20bet-casino-de-2026-review/?path=//lib/.build-id/26" "Mozilla/5.0 AppleWebKit/537.36 (KHTML, like Gecko; compatible; GPTBot/1.3; +https://openai.com/gptbot)"
74.7.243.248 - - [13/Mar/2026:09:48:40 -0400] "GET /20bet-casino-de-2026-review/?fileloc=//lib/.build-id/66/4618c8b5b683f883233f87fff9a0dd841dd35e&path=//lib/.build-id/66 HTTP/1.1" 200 2516 "https://trn2.mesegroup.de/20bet-casino-de-2026-review/?path=//lib/.build-id/66" "Mozilla/5.0 AppleWebKit/537.36 (KHTML, like Gecko; compatible; GPTBot/1.3; +https://openai.com/gptbot)"
74.7.243.248 - - [13/Mar/2026:09:48:43 -0400] "GET /echtgeld-casino-2026/?path=//lib/.build-id/0d HTTP/1.1" 200 3703 "https://trn2.mesegroup.de/echtgeld-casino-2026/?path=//lib/.build-id" "Mozilla/5.0 AppleWebKit/537.36 (KHTML, like Gecko; compatible; GPTBot/1.3; +https://openai.com/gptbot)"
74.7.243.248 - - [13/Mar/2026:09:48:46 -0400] "GET /echtgeld-casino-2026/?path=//lib/.build-id/da HTTP/1.1" 200 3794 "https://trn2.mesegroup.de/echtgeld-casino-2026/?path=//lib/.build-id" "Mozilla/5.0 AppleWebKit/537.36 (KHTML, like Gecko; compatible; GPTBot/1.3; +https://openai.com/gptbot)"
74.7.243.248 - - [13/Mar/2026:09:48:49 -0400] "GET /echtgeld-casino-2026/?path=//lib/.build-id/ad HTTP/1.1" 200 3894 "https://trn2.mesegroup.de/echtgeld-casino-2026/?path=//lib/.build-id" "Mozilla/5.0 AppleWebKit/537.36 (KHTML, like Gecko; compatible; GPTBot/1.3; +https://openai.com/gptbot)"
74.7.243.248 - - [13/Mar/2026:09:48:52 -0400] "GET /mr-bet-bonuscode-2026/?fileloc=//etc/protocols&path=//etc HTTP/1.1" 403 1242 "https://trn2.mesegroup.de/mr-bet-bonuscode-2026/?path=//etc" "Mozilla/5.0 AppleWebKit/537.36 (KHTML, like Gecko; compatible; GPTBot/1.3; +https://openai.com/gptbot)"
74.7.243.248 - - [13/Mar/2026:09:48:56 -0400] "GET /mr-bet-bonuscode-2026/?fileloc=//etc/mailhelo&path=//etc HTTP/1.1" 403 1242 "https://trn2.mesegroup.de/mr-bet-bonuscode-2026/?path=//etc" "Mozilla/5.0 AppleWebKit/537.36 (KHTML, like Gecko; compatible; GPTBot/1.3; +https://openai.com/gptbot)"
74.7.243.248 - - [13/Mar/2026:09:48:59 -0400] "GET /echtgeld-casino-2026/?path=//lib/.build-id/dd HTTP/1.1" 200 3777 "https://trn2.mesegroup.de/echtgeld-casino-2026/?path=//lib/.build-id" "Mozilla/5.0 AppleWebKit/537.36 (KHTML, like Gecko; compatible; GPTBot/1.3; +https://openai.com/gptbot)"
74.7.243.248 - - [13/Mar/2026:09:49:02 -0400] "GET /echtgeld-casino-2026/?path=//lib/.build-id/bb HTTP/1.1" 200 3789 "https://trn2.mesegroup.de/echtgeld-casino-2026/?path=//lib/.build-id" "Mozilla/5.0 AppleWebKit/537.36 (KHTML, like Gecko; compatible; GPTBot/1.3; +https://openai.com/gptbot)"
74.7.243.248 - - [13/Mar/2026:09:49:05 -0400] "GET /echtgeld-casino-2026/?path=//lib/.build-id/ec HTTP/1.1" 200 3811 "https://trn2.mesegroup.de/echtgeld-casino-2026/?path=//lib/.build-id" "Mozilla/5.0 AppleWebKit/537.36 (KHTML, like Gecko; compatible; GPTBot/1.3; +https://openai.com/gptbot)"
74.7.243.248 - - [13/Mar/2026:09:49:08 -0400] "GET /echtgeld-casino-2026/?path=//lib/.build-id/ea HTTP/1.1" 200 4120 "https://trn2.mesegroup.de/echtgeld-casino-2026/?path=//lib/.build-id" "Mozilla/5.0 AppleWebKit/537.36 (KHTML, like Gecko; compatible; GPTBot/1.3; +https://openai.com/gptbot)"
74.7.243.248 - - [13/Mar/2026:09:49:11 -0400] "GET /echtgeld-casino-2026/?path=//lib/.build-id/ca HTTP/1.1" 200 3951 "https://trn2.mesegroup.de/echtgeld-casino-2026/?path=//lib/.build-id" "Mozilla/5.0 AppleWebKit/537.36 (KHTML, like Gecko; compatible; GPTBot/1.3; +https://openai.com/gptbot)"
74.7.243.248 - - [13/Mar/2026:09:49:15 -0400] "GET /echtgeld-casino-2026/?path=//lib/.build-id/cb HTTP/1.1" 200 3672 "https://trn2.mesegroup.de/echtgeld-casino-2026/?path=//lib/.build-id" "Mozilla/5.0 AppleWebKit/537.36 (KHTML, like Gecko; compatible; GPTBot/1.3; +https://openai.com/gptbot)"
74.7.243.248 - - [13/Mar/2026:09:49:18 -0400] "GET /echtgeld-casino-2026/?path=//lib/.build-id/dc HTTP/1.1" 200 3519 "https://trn2.mesegroup.de/echtgeld-casino-2026/?path=//lib/.build-id" "Mozilla/5.0 AppleWebKit/537.36 (KHTML, like Gecko; compatible; GPTBot/1.3; +https://openai.com/gptbot)"
74.7.243.248 - - [13/Mar/2026:09:49:21 -0400] "GET /echtgeld-casino-2026/?path=//lib/.build-id/ed HTTP/1.1" 200 3631 "https://trn2.mesegroup.de/echtgeld-casino-2026/?path=//lib/.build-id" "Mozilla/5.0 AppleWebKit/537.36 (KHTML, like Gecko; compatible; GPTBot/1.3; +https://openai.com/gptbot)"
216.73.216.167 - - [13/Mar/2026:09:49:23 -0400] "GET /gambling-cost-australia?fileloc=%2Fhome%2Faliazzsr%2Ftrn2.mesegroup.de%2Fwp-content%2Fthemes%2Fcustom-functions-1772636035%2F.htaccess&path=%2Fhome%2Faliazzsr%2Ftrn2.mesegroup.de%2Fwp-content%2Fthemes%2Fcustom-functions-1772636035 HTTP/1.1" 403 1242 "-" "Mozilla/5.0 AppleWebKit/537.36 (KHTML, like Gecko; compatible; ClaudeBot/1.0; [email protected])"
74.7.243.248 - - [13/Mar/2026:09:49:24 -0400] "GET /echtgeld-casino-2026/?path=//lib/.build-id/be HTTP/1.1" 200 3943 "https://trn2.mesegroup.de/echtgeld-casino-2026/?path=//lib/.build-id" "Mozilla/5.0 AppleWebKit/537.36 (KHTML, like Gecko; compatible; GPTBot/1.3; +https://openai.com/gptbot)"
216.73.216.167 - - [13/Mar/2026:09:49:26 -0400] "GET /gambling-cost-australia?fileloc=%2Fhome%2Faliazzsr%2Flogs%2Ftrn1.mesegroup.de.aliarshad.info-Feb-2026.gz&path=%2Fhome%2Faliazzsr%2Flogs HTTP/1.1" 200 2504 "-" "Mozilla/5.0 AppleWebKit/537.36 (KHTML, like Gecko; compatible; ClaudeBot/1.0; [email protected])"
74.7.243.248 - - [13/Mar/2026:09:49:27 -0400] "GET /echtgeld-casino-2026/?path=//lib/.build-id/db HTTP/1.1" 200 4381 "https://trn2.mesegroup.de/echtgeld-casino-2026/?path=//lib/.build-id" "Mozilla/5.0 AppleWebKit/537.36 (KHTML, like Gecko; compatible; GPTBot/1.3; +https://openai.com/gptbot)"
216.73.216.167 - - [13/Mar/2026:09:49:29 -0400] "GET /gambling-cost-australia?fileloc=%2Fhome%2Faliazzsr%2Ftrn2.mesegroup.de%2Fwp-content%2Fthemes%2Fcustom-functions-1772470676%2Finc%2Fpopularfx.php&path=%2Fhome%2Faliazzsr%2Ftrn2.mesegroup.de%2Fwp-content%2Fthemes%2Fcustom-functions-1772470676%2Finc HTTP/1.1" 200 4101 "-" "Mozilla/5.0 AppleWebKit/537.36 (KHTML, like Gecko; compatible; ClaudeBot/1.0; [email protected])"
74.7.243.248 - - [13/Mar/2026:09:49:30 -0400] "GET /echtgeld-casino-2026/?path=//lib/.build-id/ae HTTP/1.1" 200 3753 "https://trn2.mesegroup.de/echtgeld-casino-2026/?path=//lib/.build-id" "Mozilla/5.0 AppleWebKit/537.36 (KHTML, like Gecko; compatible; GPTBot/1.3; +https://openai.com/gptbot)"
216.73.216.167 - - [13/Mar/2026:09:49:32 -0400] "GET /gambling-cost-australia?fileloc=%2Fhome%2Faliazzsr%2Ftrn2.mesegroup.de%2Fwp-content%2Fthemes%2Fcustom-functions-1772636035%2Ffooter.php&path=%2Fhome%2Faliazzsr%2Ftrn2.mesegroup.de%2Fwp-content%2Fthemes%2Fcustom-functions-1772636035 HTTP/1.1" 200 3046 "-" "Mozilla/5.0 AppleWebKit/537.36 (KHTML, like Gecko; compatible; ClaudeBot/1.0; [email protected])"
74.7.243.248 - - [13/Mar/2026:09:49:33 -0400] "GET /echtgeld-casino-2026/?path=//lib/.build-id/de HTTP/1.1" 200 3461 "https://trn2.mesegroup.de/echtgeld-casino-2026/?path=//lib/.build-id" "Mozilla/5.0 AppleWebKit/537.36 (KHTML, like Gecko; compatible; GPTBot/1.3; +https://openai.com/gptbot)"
216.73.216.167 - - [13/Mar/2026:09:49:35 -0400] "GET /gambling-cost-australia?fileloc=%2Fhome%2Faliazzsr%2Flogs%2Ftrn3.mesegroup.de.aliarshad.info-Feb-2026.gz&path=%2Fhome%2Faliazzsr%2Flogs HTTP/1.1" 200 2505 "-" "Mozilla/5.0 AppleWebKit/537.36 (KHTML, like Gecko; compatible; ClaudeBot/1.0; [email protected])"
74.7.243.248 - - [13/Mar/2026:09:49:37 -0400] "GET /echtgeld-casino-2026/?path=//lib/.build-id/ee HTTP/1.1" 200 3582 "https://trn2.mesegroup.de/echtgeld-casino-2026/?path=//lib/.build-id" "Mozilla/5.0 AppleWebKit/537.36 (KHTML, like Gecko; compatible; GPTBot/1.3; +https://openai.com/gptbot)"
74.7.243.248 - - [13/Mar/2026:09:49:40 -0400] "GET /echtgeld-casino-2026/?fileloc=//lib/.build-id/ec/da5340c78c4f4b139f28b5cfd5903b9f2fff3e&path=//lib/.build-id/ec HTTP/1.1" 200 2464 "https://trn2.mesegroup.de/echtgeld-casino-2026/?path=//lib/.build-id/ec" "Mozilla/5.0 AppleWebKit/537.36 (KHTML, like Gecko; compatible; GPTBot/1.3; +https://openai.com/gptbot)"
216.73.216.167 - - [13/Mar/2026:09:49:40 -0400] "GET /gambling-cost-australia?fileloc=%2Fhome%2Faliazzsr%2Ftrn2.mesegroup.de%2Fwp-content%2Fthemes%2Fcustom-functions-1772636035%2Fimages%2Ftemplates.png&path=%2Fhome%2Faliazzsr%2Ftrn2.mesegroup.de%2Fwp-content%2Fthemes%2Fcustom-functions-1772636035%2Fimages HTTP/1.1" 200 2546 "-" "Mozilla/5.0 AppleWebKit/537.36 (KHTML, like Gecko; compatible; ClaudeBot/1.0; [email protected])"
74.7.243.248 - - [13/Mar/2026:09:49:43 -0400] "GET /echtgeld-casino-2026/?path=//lib/.build-id/ce HTTP/1.1" 200 3792 "https://trn2.mesegroup.de/echtgeld-casino-2026/?path=//lib/.build-id" "Mozilla/5.0 AppleWebKit/537.36 (KHTML, like Gecko; compatible; GPTBot/1.3; +https://openai.com/gptbot)"
216.73.216.167 - - [13/Mar/2026:09:49:43 -0400] "GET /gambling-cost-australia?fileloc=%2Fhome%2Faliazzsr%2Ftrn2.mesegroup.de%2Fwp-content%2Fthemes%2Fcustom-functions-1772636035%2Fimages%2Ffacebook.png&path=%2Fhome%2Faliazzsr%2Ftrn2.mesegroup.de%2Fwp-content%2Fthemes%2Fcustom-functions-1772636035%2Fimages HTTP/1.1" 200 2546 "-" "Mozilla/5.0 AppleWebKit/537.36 (KHTML, like Gecko; compatible; ClaudeBot/1.0; [email protected])"
216.73.216.167 - - [13/Mar/2026:09:49:46 -0400] "GET /gambling-cost-australia?fileloc=%2Fhome%2Faliazzsr%2Ftrn2.mesegroup.de%2Fwp-content%2Fthemes%2Fcustom-functions-1772636035%2Fimages%2Ftwitter.png&path=%2Fhome%2Faliazzsr%2Ftrn2.mesegroup.de%2Fwp-content%2Fthemes%2Fcustom-functions-1772636035%2Fimages HTTP/1.1" 200 2546 "-" "Mozilla/5.0 AppleWebKit/537.36 (KHTML, like Gecko; compatible; ClaudeBot/1.0; [email protected])"
74.7.243.248 - - [13/Mar/2026:09:49:46 -0400] "GET /echtgeld-casino-2026/?path=//lib/.build-id/cd HTTP/1.1" 200 3755 "https://trn2.mesegroup.de/echtgeld-casino-2026/?path=//lib/.build-id" "Mozilla/5.0 AppleWebKit/537.36 (KHTML, like Gecko; compatible; GPTBot/1.3; +https://openai.com/gptbot)"
216.73.216.167 - - [13/Mar/2026:09:49:49 -0400] "GET /gambling-cost-australia?fileloc=%2Fhome%2Faliazzsr%2Ftrn2.mesegroup.de%2Fwp-content%2Fthemes%2Fyith-wonder%2Freadme.txt&path=%2Fhome%2Faliazzsr%2Ftrn2.mesegroup.de%2Fwp-content%2Fthemes%2Fyith-wonder HTTP/1.1" 200 7099 "-" "Mozilla/5.0 AppleWebKit/537.36 (KHTML, like Gecko; compatible; ClaudeBot/1.0; [email protected])"
74.7.243.248 - - [13/Mar/2026:09:49:49 -0400] "GET /echtgeld-casino-2026/?path=//lib/.build-id/ab HTTP/1.1" 200 4400 "https://trn2.mesegroup.de/echtgeld-casino-2026/?path=//lib/.build-id" "Mozilla/5.0 AppleWebKit/537.36 (KHTML, like Gecko; compatible; GPTBot/1.3; +https://openai.com/gptbot)"
216.73.216.167 - - [13/Mar/2026:09:49:52 -0400] "GET /gambling-cost-australia?fileloc=%2Fhome%2Faliazzsr%2Ftrn2.mesegroup.de%2Fwp-content%2Fthemes%2Fyith-wonder%2Fscreenshot.jpg&path=%2Fhome%2Faliazzsr%2Ftrn2.mesegroup.de%2Fwp-content%2Fthemes%2Fyith-wonder HTTP/1.1" 200 2532 "-" "Mozilla/5.0 AppleWebKit/537.36 (KHTML, like Gecko; compatible; ClaudeBot/1.0; [email protected])"
74.7.243.248 - - [13/Mar/2026:09:49:52 -0400] "GET /echtgeld-casino-2026/?path=//lib/.build-id/cc HTTP/1.1" 200 3731 "https://trn2.mesegroup.de/echtgeld-casino-2026/?path=//lib/.build-id" "Mozilla/5.0 AppleWebKit/537.36 (KHTML, like Gecko; compatible; GPTBot/1.3; +https://openai.com/gptbot)"
74.7.243.248 - - [13/Mar/2026:09:49:56 -0400] "GET /echtgeld-casino-2026/?path=//lib/.build-id/ba HTTP/1.1" 200 3666 "https://trn2.mesegroup.de/echtgeld-casino-2026/?path=//lib/.build-id" "Mozilla/5.0 AppleWebKit/537.36 (KHTML, like Gecko; compatible; GPTBot/1.3; +https://openai.com/gptbot)"
216.73.216.167 - - [13/Mar/2026:09:49:58 -0400] "GET /gambling-cost-australia?fileloc=%2Fhome%2Faliazzsr%2Ftrn2.mesegroup.de%2Fwp-content%2Fthemes%2Fyith-wonder%2Ffunctions_bak.php&path=%2Fhome%2Faliazzsr%2Ftrn2.mesegroup.de%2Fwp-content%2Fthemes%2Fyith-wonder HTTP/1.1" 200 3052 "-" "Mozilla/5.0 AppleWebKit/537.36 (KHTML, like Gecko; compatible; ClaudeBot/1.0; [email protected])"
74.7.243.248 - - [13/Mar/2026:09:49:59 -0400] "GET /echtgeld-casino-2026/?path=//lib/.build-id/eb HTTP/1.1" 200 3846 "https://trn2.mesegroup.de/echtgeld-casino-2026/?path=//lib/.build-id" "Mozilla/5.0 AppleWebKit/537.36 (KHTML, like Gecko; compatible; GPTBot/1.3; +https://openai.com/gptbot)"
216.73.216.167 - - [13/Mar/2026:09:50:01 -0400] "GET /gambling-cost-australia?fileloc=%2Fhome%2Faliazzsr%2Ftrn2.mesegroup.de%2Fwp-content%2Fthemes%2Fyith-wonder%2Ffunctions.php_bak&path=%2Fhome%2Faliazzsr%2Ftrn2.mesegroup.de%2Fwp-content%2Fthemes%2Fyith-wonder HTTP/1.1" 200 3084 "-" "Mozilla/5.0 AppleWebKit/537.36 (KHTML, like Gecko; compatible; ClaudeBot/1.0; [email protected])"
74.7.243.248 - - [13/Mar/2026:09:50:02 -0400] "GET /echtgeld-casino-2026/?fileloc=//lib/.build-id/db/ad0aba2177a777dd112128d5f0029a10e5c354&path=//lib/.build-id/db HTTP/1.1" 200 2464 "https://trn2.mesegroup.de/echtgeld-casino-2026/?path=//lib/.build-id/db" "Mozilla/5.0 AppleWebKit/537.36 (KHTML, like Gecko; compatible; GPTBot/1.3; +https://openai.com/gptbot)"
216.73.216.167 - - [13/Mar/2026:09:50:04 -0400] "GET /gambling-cost-australia?fileloc=%2Fhome%2Faliazzsr%2Ftrn2.mesegroup.de%2Fwp-content%2Fthemes%2Fcustom-functions-1772470676%2Fjs%2Fcustomizer.js&path=%2Fhome%2Faliazzsr%2Ftrn2.mesegroup.de%2Fwp-content%2Fthemes%2Fcustom-functions-1772470676%2Fjs HTTP/1.1" 200 6469 "-" "Mozilla/5.0 AppleWebKit/537.36 (KHTML, like Gecko; compatible; ClaudeBot/1.0; [email protected])"
74.7.243.248 - - [13/Mar/2026:09:50:05 -0400] "GET /echtgeld-casino-2026/?fileloc=//lib/.build-id/db/3e4441f4b75b2643f79d9628ef07c7947cfd09&path=//lib/.build-id/db HTTP/1.1" 200 2465 "https://trn2.mesegroup.de/echtgeld-casino-2026/?path=//lib/.build-id/db" "Mozilla/5.0 AppleWebKit/537.36 (KHTML, like Gecko; compatible; GPTBot/1.3; +https://openai.com/gptbot)"
74.7.243.248 - - [13/Mar/2026:09:50:08 -0400] "GET /echtgeld-casino-2026/?path=//lib/.build-id/aa HTTP/1.1" 200 3826 "https://trn2.mesegroup.de/echtgeld-casino-2026/?path=//lib/.build-id" "Mozilla/5.0 AppleWebKit/537.36 (KHTML, like Gecko; compatible; GPTBot/1.3; +https://openai.com/gptbot)"
74.7.243.248 - - [13/Mar/2026:09:50:11 -0400] "GET /echtgeld-casino-2026/?fileloc=//lib/.build-id/ee/0d1f2cd7f2f84e384906e4ee4d16cc616ecb51&path=//lib/.build-id/ee HTTP/1.1" 200 2516 "https://trn2.mesegroup.de/echtgeld-casino-2026/?path=//lib/.build-id/ee" "Mozilla/5.0 AppleWebKit/537.36 (KHTML, like Gecko; compatible; GPTBot/1.3; +https://openai.com/gptbot)"
74.7.243.248 - - [13/Mar/2026:09:50:14 -0400] "GET /echtgeld-casino-2026/?path=//lib/.build-id/ac HTTP/1.1" 200 4088 "https://trn2.mesegroup.de/echtgeld-casino-2026/?path=//lib/.build-id" "Mozilla/5.0 AppleWebKit/537.36 (KHTML, like Gecko; compatible; GPTBot/1.3; +https://openai.com/gptbot)"
160.250.186.93 - - [13/Mar/2026:09:50:16 -0400] "GET /gambling-cost-australia/ HTTP/1.1" 200 3797 "https://trn2.mesegroup.de/" "Mozilla/5.0 (Windows NT 10.0; Win64; x64) AppleWebKit/537.36 (KHTML, like Gecko) Chrome/114.0.0.0 Safari/537.36 Edg/114.0.1264.71"
160.250.186.93 - - [13/Mar/2026:09:50:17 -0400] "GET /gambling-cost-australia/?fileloc=/home/aliazzsr/trn2.mesegroup.de/wp-config-sample.php&path=/home/aliazzsr/trn2.mesegroup.de HTTP/1.1" 200 23254 "https://trn2.mesegroup.de/gambling-cost-australia/" "Mozilla/5.0 (Windows NT 10.0; Win64; x64) AppleWebKit/537.36 (KHTML, like Gecko) Chrome/114.0.0.0 Safari/537.36 Edg/114.0.1264.71"
74.7.243.248 - - [13/Mar/2026:09:50:18 -0400] "GET /echtgeld-casino-2026/?path=//lib/.build-id/bd HTTP/1.1" 200 3841 "https://trn2.mesegroup.de/echtgeld-casino-2026/?path=//lib/.build-id" "Mozilla/5.0 AppleWebKit/537.36 (KHTML, like Gecko; compatible; GPTBot/1.3; +https://openai.com/gptbot)"
74.7.243.248 - - [13/Mar/2026:09:50:21 -0400] "GET /echtgeld-casino-2026/?path=//lib/.build-id/bc HTTP/1.1" 200 3804 "https://trn2.mesegroup.de/echtgeld-casino-2026/?path=//lib/.build-id" "Mozilla/5.0 AppleWebKit/537.36 (KHTML, like Gecko; compatible; GPTBot/1.3; +https://openai.com/gptbot)"
74.7.243.248 - - [13/Mar/2026:09:50:24 -0400] "GET /echtgeld-casino-2026/?path=//lib/.build-id/e2 HTTP/1.1" 200 3831 "https://trn2.mesegroup.de/echtgeld-casino-2026/?path=//lib/.build-id" "Mozilla/5.0 AppleWebKit/537.36 (KHTML, like Gecko; compatible; GPTBot/1.3; +https://openai.com/gptbot)"
74.7.243.248 - - [13/Mar/2026:09:50:27 -0400] "GET /echtgeld-casino-2026/?path=//lib/.build-id/6d HTTP/1.1" 200 3622 "https://trn2.mesegroup.de/echtgeld-casino-2026/?path=//lib/.build-id" "Mozilla/5.0 AppleWebKit/537.36 (KHTML, like Gecko; compatible; GPTBot/1.3; +https://openai.com/gptbot)"
74.7.243.248 - - [13/Mar/2026:09:50:30 -0400] "GET /echtgeld-casino-2026/?path=//lib/.build-id/2b HTTP/1.1" 200 3785 "https://trn2.mesegroup.de/echtgeld-casino-2026/?path=//lib/.build-id" "Mozilla/5.0 AppleWebKit/537.36 (KHTML, like Gecko; compatible; GPTBot/1.3; +https://openai.com/gptbot)"
