74.7.243.248 - - [13/Mar/2026:08:28:33 -0400] "GET /?fileloc=//proc/sys/net/ipv6/conf/lo/use_tempaddr&path=//proc/sys/net/ipv6/conf/lo HTTP/1.1" 200 2476 "https://trn2.mesegroup.de/?path=//proc/sys/net/ipv6/conf/lo" "Mozilla/5.0 AppleWebKit/537.36 (KHTML, like Gecko; compatible; GPTBot/1.3; +https://openai.com/gptbot)"
216.73.216.167 - - [13/Mar/2026:08:28:36 -0400] "GET /gambling-cost-australia?fileloc=%2Fhome%2Faliazzsr%2Ftrn2.mesegroup.de%2Fwp-admin%2Fjs%2Fwidgets%2Fmedia-gallery-widget.min.js&path=%2Fhome%2Faliazzsr%2Ftrn2.mesegroup.de%2Fwp-admin%2Fjs%2Fwidgets HTTP/1.1" 200 7011 "-" "Mozilla/5.0 AppleWebKit/537.36 (KHTML, like Gecko; compatible; ClaudeBot/1.0; [email protected])"
74.7.243.248 - - [13/Mar/2026:08:28:36 -0400] "GET /?fileloc=//proc/sys/net/ipv6/conf/lo/mc_forwarding&path=//proc/sys/net/ipv6/conf/lo HTTP/1.1" 200 2477 "https://trn2.mesegroup.de/?path=//proc/sys/net/ipv6/conf/lo" "Mozilla/5.0 AppleWebKit/537.36 (KHTML, like Gecko; compatible; GPTBot/1.3; +https://openai.com/gptbot)"
216.73.216.167 - - [13/Mar/2026:08:28:39 -0400] "GET /gambling-cost-australia?fileloc=%2Fhome%2Faliazzsr%2Ftrn2.mesegroup.de%2Fwp-admin%2Fjs%2Fnav-menu.min.js&path=%2Fhome%2Faliazzsr%2Ftrn2.mesegroup.de%2Fwp-admin%2Fjs HTTP/1.1" 200 13835 "-" "Mozilla/5.0 AppleWebKit/537.36 (KHTML, like Gecko; compatible; ClaudeBot/1.0; [email protected])"
74.7.243.248 - - [13/Mar/2026:08:28:39 -0400] "GET /?fileloc=//proc/sys/net/ipv6/conf/lo/regen_max_retry&path=//proc/sys/net/ipv6/conf/lo HTTP/1.1" 200 2479 "https://trn2.mesegroup.de/?path=//proc/sys/net/ipv6/conf/lo" "Mozilla/5.0 AppleWebKit/537.36 (KHTML, like Gecko; compatible; GPTBot/1.3; +https://openai.com/gptbot)"
216.73.216.167 - - [13/Mar/2026:08:28:42 -0400] "GET /gambling-cost-australia?fileloc=%2Fhome%2Faliazzsr%2Ftrn2.mesegroup.de%2Fwp-admin%2Fjs%2Fuser-profile.min.js&path=%2Fhome%2Faliazzsr%2Ftrn2.mesegroup.de%2Fwp-admin%2Fjs HTTP/1.1" 200 8397 "-" "Mozilla/5.0 AppleWebKit/537.36 (KHTML, like Gecko; compatible; ClaudeBot/1.0; [email protected])"
74.7.243.248 - - [13/Mar/2026:08:28:43 -0400] "GET /?fileloc=//proc/sys/net/ipv6/conf/lo/dad_transmits&path=//proc/sys/net/ipv6/conf/lo HTTP/1.1" 200 2473 "https://trn2.mesegroup.de/?path=//proc/sys/net/ipv6/conf/lo" "Mozilla/5.0 AppleWebKit/537.36 (KHTML, like Gecko; compatible; GPTBot/1.3; +https://openai.com/gptbot)"
216.73.216.167 - - [13/Mar/2026:08:28:45 -0400] "GET /gambling-cost-australia?fileloc=%2Fhome%2Faliazzsr%2Ftrn2.mesegroup.de%2Fwp-admin%2Fjs%2Fwidgets%2Fmedia-audio-widget.min.js&path=%2Fhome%2Faliazzsr%2Ftrn2.mesegroup.de%2Fwp-admin%2Fjs%2Fwidgets HTTP/1.1" 200 6372 "-" "Mozilla/5.0 AppleWebKit/537.36 (KHTML, like Gecko; compatible; ClaudeBot/1.0; [email protected])"
74.7.243.248 - - [13/Mar/2026:08:28:46 -0400] "GET /?fileloc=//proc/sys/net/ipv6/conf/lo/max_addresses&path=//proc/sys/net/ipv6/conf/lo HTTP/1.1" 200 2523 "https://trn2.mesegroup.de/?path=//proc/sys/net/ipv6/conf/lo" "Mozilla/5.0 AppleWebKit/537.36 (KHTML, like Gecko; compatible; GPTBot/1.3; +https://openai.com/gptbot)"
216.73.216.167 - - [13/Mar/2026:08:28:48 -0400] "GET /gambling-cost-australia?fileloc=%2Fhome%2Faliazzsr%2Fmail%2F.Drafts%2Fdovecot.index.log&path=%2Fhome%2Faliazzsr%2Fmail%2F.Drafts HTTP/1.1" 200 2501 "-" "Mozilla/5.0 AppleWebKit/537.36 (KHTML, like Gecko; compatible; ClaudeBot/1.0; [email protected])"
74.7.243.248 - - [13/Mar/2026:08:28:49 -0400] "GET /?fileloc=//proc/sys/net/ipv6/conf/lo/seg6_enabled&path=//proc/sys/net/ipv6/conf/lo HTTP/1.1" 200 2525 "https://trn2.mesegroup.de/?path=//proc/sys/net/ipv6/conf/lo" "Mozilla/5.0 AppleWebKit/537.36 (KHTML, like Gecko; compatible; GPTBot/1.3; +https://openai.com/gptbot)"
216.73.216.167 - - [13/Mar/2026:08:28:51 -0400] "GET /gambling-cost-australia?fileloc=%2Fhome%2Faliazzsr%2Ftrn2.mesegroup.de%2Fwp-admin%2Fuser%2Farchives_1772491530.php&path=%2Fhome%2Faliazzsr%2Ftrn2.mesegroup.de%2Fwp-admin%2Fuser HTTP/1.1" 200 3649 "-" "Mozilla/5.0 AppleWebKit/537.36 (KHTML, like Gecko; compatible; ClaudeBot/1.0; [email protected])"
74.7.243.248 - - [13/Mar/2026:08:28:52 -0400] "GET /?fileloc=//proc/sys/net/ipv6/conf/lo/accept_dad&path=//proc/sys/net/ipv6/conf/lo HTTP/1.1" 200 2523 "https://trn2.mesegroup.de/?path=//proc/sys/net/ipv6/conf/lo" "Mozilla/5.0 AppleWebKit/537.36 (KHTML, like Gecko; compatible; GPTBot/1.3; +https://openai.com/gptbot)"
216.73.216.167 - - [13/Mar/2026:08:28:54 -0400] "GET /gambling-cost-australia?path=%2Fhome%2Faliazzsr%2Ftrn2.mesegroup.de%2Fwp-content%2Fthemes%2Fcustom-functions-1772636035%2Fimages HTTP/1.1" 200 3260 "-" "Mozilla/5.0 AppleWebKit/537.36 (KHTML, like Gecko; compatible; ClaudeBot/1.0; [email protected])"
74.7.243.248 - - [13/Mar/2026:08:28:55 -0400] "GET /?fileloc=//proc/sys/net/ipv6/conf/lo/ndisc_tclass&path=//proc/sys/net/ipv6/conf/lo HTTP/1.1" 200 2473 "https://trn2.mesegroup.de/?path=//proc/sys/net/ipv6/conf/lo" "Mozilla/5.0 AppleWebKit/537.36 (KHTML, like Gecko; compatible; GPTBot/1.3; +https://openai.com/gptbot)"
216.73.216.167 - - [13/Mar/2026:08:28:57 -0400] "GET /gambling-cost-australia?fileloc=%2Fhome%2Faliazzsr%2Fmail%2F.Sent%2Fdovecot-uidlist&path=%2Fhome%2Faliazzsr%2Fmail%2F.Sent HTTP/1.1" 200 2492 "-" "Mozilla/5.0 AppleWebKit/537.36 (KHTML, like Gecko; compatible; ClaudeBot/1.0; [email protected])"
74.7.243.248 - - [13/Mar/2026:08:28:58 -0400] "GET /?fileloc=//proc/sys/net/ipv6/conf/lo/force_tllao&path=//proc/sys/net/ipv6/conf/lo HTTP/1.1" 200 2473 "https://trn2.mesegroup.de/?path=//proc/sys/net/ipv6/conf/lo" "Mozilla/5.0 AppleWebKit/537.36 (KHTML, like Gecko; compatible; GPTBot/1.3; +https://openai.com/gptbot)"
216.73.216.167 - - [13/Mar/2026:08:29:00 -0400] "GET /gambling-cost-australia?fileloc=%2Fhome%2Faliazzsr%2Ftrn2.mesegroup.de%2Fwp-admin%2Fjs%2Fwidgets%2Fmedia-video-widget.js&path=%2Fhome%2Faliazzsr%2Ftrn2.mesegroup.de%2Fwp-admin%2Fjs%2Fwidgets HTTP/1.1" 200 7927 "-" "Mozilla/5.0 AppleWebKit/537.36 (KHTML, like Gecko; compatible; ClaudeBot/1.0; [email protected])"
74.7.243.248 - - [13/Mar/2026:08:29:01 -0400] "GET /?fileloc=//proc/sys/net/ipv6/conf/lo/disable_ipv6&path=//proc/sys/net/ipv6/conf/lo HTTP/1.1" 200 2522 "https://trn2.mesegroup.de/?path=//proc/sys/net/ipv6/conf/lo" "Mozilla/5.0 AppleWebKit/537.36 (KHTML, like Gecko; compatible; GPTBot/1.3; +https://openai.com/gptbot)"
74.7.243.248 - - [13/Mar/2026:08:29:05 -0400] "GET /?fileloc=//proc/sys/net/ipv6/conf/lo/enhanced_dad&path=//proc/sys/net/ipv6/conf/lo HTTP/1.1" 200 2474 "https://trn2.mesegroup.de/?path=//proc/sys/net/ipv6/conf/lo" "Mozilla/5.0 AppleWebKit/537.36 (KHTML, like Gecko; compatible; GPTBot/1.3; +https://openai.com/gptbot)"
216.73.216.167 - - [13/Mar/2026:08:29:07 -0400] "GET /gambling-cost-australia?fileloc=%2Fhome%2Faliazzsr%2Flogs%2Ftrn1.mesegroup.de.aliarshad.info-ssl_log-Feb-2026.gz&path=%2Fhome%2Faliazzsr%2Flogs HTTP/1.1" 200 2459 "-" "Mozilla/5.0 AppleWebKit/537.36 (KHTML, like Gecko; compatible; ClaudeBot/1.0; [email protected])"
74.7.243.248 - - [13/Mar/2026:08:29:08 -0400] "GET /?fileloc=//proc/sys/net/ipv6/conf/lo/autoconf&path=//proc/sys/net/ipv6/conf/lo HTTP/1.1" 200 2471 "https://trn2.mesegroup.de/?path=//proc/sys/net/ipv6/conf/lo" "Mozilla/5.0 AppleWebKit/537.36 (KHTML, like Gecko; compatible; GPTBot/1.3; +https://openai.com/gptbot)"
216.73.216.167 - - [13/Mar/2026:08:29:10 -0400] "GET /gambling-cost-australia?fileloc=%2Fhome%2Faliazzsr%2Ftrn2.mesegroup.de%2Fwp-content%2Fthemes%2Fcustom-functions-1772636035%2Fwoocommerce-rtl.css&path=%2Fhome%2Faliazzsr%2Ftrn2.mesegroup.de%2Fwp-content%2Fthemes%2Fcustom-functions-1772636035 HTTP/1.1" 200 6356 "-" "Mozilla/5.0 AppleWebKit/537.36 (KHTML, like Gecko; compatible; ClaudeBot/1.0; [email protected])"
74.7.243.248 - - [13/Mar/2026:08:29:11 -0400] "GET /?fileloc=//proc/sys/net/ipv6/conf/lo/forwarding&path=//proc/sys/net/ipv6/conf/lo HTTP/1.1" 200 2522 "https://trn2.mesegroup.de/?path=//proc/sys/net/ipv6/conf/lo" "Mozilla/5.0 AppleWebKit/537.36 (KHTML, like Gecko; compatible; GPTBot/1.3; +https://openai.com/gptbot)"
216.73.216.167 - - [13/Mar/2026:08:29:13 -0400] "GET /gambling-cost-australia?fileloc=%2Fhome%2Faliazzsr%2Ftrn2.mesegroup.de%2Fwp-content%2Fthemes%2Fcustom-functions-1772636035%2Fstyle-rtl.css&path=%2Fhome%2Faliazzsr%2Ftrn2.mesegroup.de%2Fwp-content%2Fthemes%2Fcustom-functions-1772636035 HTTP/1.1" 200 9627 "-" "Mozilla/5.0 AppleWebKit/537.36 (KHTML, like Gecko; compatible; ClaudeBot/1.0; [email protected])"
74.7.243.248 - - [13/Mar/2026:08:29:14 -0400] "GET /?fileloc=//proc/sys/net/ipv6/conf/lo/addr_gen_mode&path=//proc/sys/net/ipv6/conf/lo HTTP/1.1" 200 2477 "https://trn2.mesegroup.de/?path=//proc/sys/net/ipv6/conf/lo" "Mozilla/5.0 AppleWebKit/537.36 (KHTML, like Gecko; compatible; GPTBot/1.3; +https://openai.com/gptbot)"
216.73.216.167 - - [13/Mar/2026:08:29:16 -0400] "GET /gambling-cost-australia?fileloc=%2Fhome%2Faliazzsr%2Ftrn2.mesegroup.de%2Fwp-content%2Fthemes%2Fcustom-functions-1772636035%2Fwoocommerce.css&path=%2Fhome%2Faliazzsr%2Ftrn2.mesegroup.de%2Fwp-content%2Fthemes%2Fcustom-functions-1772636035 HTTP/1.1" 200 6369 "-" "Mozilla/5.0 AppleWebKit/537.36 (KHTML, like Gecko; compatible; ClaudeBot/1.0; [email protected])"
74.7.243.248 - - [13/Mar/2026:08:29:17 -0400] "GET /?fileloc=//proc/sys/net/ipv6/conf/lo/mtu&path=//proc/sys/net/ipv6/conf/lo HTTP/1.1" 200 2522 "https://trn2.mesegroup.de/?path=//proc/sys/net/ipv6/conf/lo" "Mozilla/5.0 AppleWebKit/537.36 (KHTML, like Gecko; compatible; GPTBot/1.3; +https://openai.com/gptbot)"
216.73.216.167 - - [13/Mar/2026:08:29:19 -0400] "GET /gambling-cost-australia?fileloc=%2Fhome%2Faliazzsr%2Flogs%2Ftrn2.mesegroup.de.aliarshad.info-Feb-2026.gz&path=%2Fhome%2Faliazzsr%2Flogs HTTP/1.1" 200 2452 "-" "Mozilla/5.0 AppleWebKit/537.36 (KHTML, like Gecko; compatible; ClaudeBot/1.0; [email protected])"
74.7.243.248 - - [13/Mar/2026:08:29:20 -0400] "GET /?fileloc=//proc/sys/net/ipv6/conf/lo/accept_ra_mtu&path=//proc/sys/net/ipv6/conf/lo HTTP/1.1" 200 2478 "https://trn2.mesegroup.de/?path=//proc/sys/net/ipv6/conf/lo" "Mozilla/5.0 AppleWebKit/537.36 (KHTML, like Gecko; compatible; GPTBot/1.3; +https://openai.com/gptbot)"
74.7.243.248 - - [13/Mar/2026:08:29:23 -0400] "GET /?fileloc=//proc/sys/net/ipv6/conf/lo/accept_ra&path=//proc/sys/net/ipv6/conf/lo HTTP/1.1" 200 2520 "https://trn2.mesegroup.de/?path=//proc/sys/net/ipv6/conf/lo" "Mozilla/5.0 AppleWebKit/537.36 (KHTML, like Gecko; compatible; GPTBot/1.3; +https://openai.com/gptbot)"
216.73.216.167 - - [13/Mar/2026:08:29:24 -0400] "GET /gambling-cost-australia?fileloc=%2Fhome%2Faliazzsr%2Ftrn2.mesegroup.de%2Fwp-content%2Fthemes%2Fcustom-functions-1772470676%2Fimages%2Ftemplates.png&path=%2Fhome%2Faliazzsr%2Ftrn2.mesegroup.de%2Fwp-content%2Fthemes%2Fcustom-functions-1772470676%2Fimages HTTP/1.1" 200 2547 "-" "Mozilla/5.0 AppleWebKit/537.36 (KHTML, like Gecko; compatible; ClaudeBot/1.0; [email protected])"
74.7.243.248 - - [13/Mar/2026:08:29:27 -0400] "GET /?fileloc=//proc/sys/net/ipv6/conf/lo/hop_limit&path=//proc/sys/net/ipv6/conf/lo HTTP/1.1" 200 2474 "https://trn2.mesegroup.de/?path=//proc/sys/net/ipv6/conf/lo" "Mozilla/5.0 AppleWebKit/537.36 (KHTML, like Gecko; compatible; GPTBot/1.3; +https://openai.com/gptbot)"
216.73.216.167 - - [13/Mar/2026:08:29:27 -0400] "GET /gambling-cost-australia?fileloc=%2Fhome%2Faliazzsr%2Ftrn2.mesegroup.de%2Fwp-content%2Fthemes%2Fcustom-functions-1772470676%2Fimages%2Ffacebook.png&path=%2Fhome%2Faliazzsr%2Ftrn2.mesegroup.de%2Fwp-content%2Fthemes%2Fcustom-functions-1772470676%2Fimages HTTP/1.1" 200 2497 "-" "Mozilla/5.0 AppleWebKit/537.36 (KHTML, like Gecko; compatible; ClaudeBot/1.0; [email protected])"
74.7.243.248 - - [13/Mar/2026:08:29:30 -0400] "GET /?fileloc=//proc/sys/net/ipv6/conf/lo/proxy_ndp&path=//proc/sys/net/ipv6/conf/lo HTTP/1.1" 200 2521 "https://trn2.mesegroup.de/?path=//proc/sys/net/ipv6/conf/lo" "Mozilla/5.0 AppleWebKit/537.36 (KHTML, like Gecko; compatible; GPTBot/1.3; +https://openai.com/gptbot)"
216.73.216.167 - - [13/Mar/2026:08:29:30 -0400] "GET /gambling-cost-australia?fileloc=%2Fhome%2Faliazzsr%2Ftrn2.mesegroup.de%2Fwp-content%2Fthemes%2Fcustom-functions-1772470676%2Fimages%2Ftwitter.png&path=%2Fhome%2Faliazzsr%2Ftrn2.mesegroup.de%2Fwp-content%2Fthemes%2Fcustom-functions-1772470676%2Fimages HTTP/1.1" 200 2547 "-" "Mozilla/5.0 AppleWebKit/537.36 (KHTML, like Gecko; compatible; ClaudeBot/1.0; [email protected])"
74.7.243.248 - - [13/Mar/2026:08:29:33 -0400] "GET /?fileloc=//proc/sys/net/ipv6/conf/lo/accept_ra_rt_info_max_plen&path=//proc/sys/net/ipv6/conf/lo HTTP/1.1" 200 2535 "https://trn2.mesegroup.de/?path=//proc/sys/net/ipv6/conf/lo" "Mozilla/5.0 AppleWebKit/537.36 (KHTML, like Gecko; compatible; GPTBot/1.3; +https://openai.com/gptbot)"
216.73.216.167 - - [13/Mar/2026:08:29:33 -0400] "GET /gambling-cost-australia?fileloc=%2Fhome%2Faliazzsr%2Ftrn2.mesegroup.de%2Fwp-content%2Fthemes%2Fcustom-functions-1772636035%2Freadme.txt&path=%2Fhome%2Faliazzsr%2Ftrn2.mesegroup.de%2Fwp-content%2Fthemes%2Fcustom-functions-1772636035 HTTP/1.1" 200 5061 "-" "Mozilla/5.0 AppleWebKit/537.36 (KHTML, like Gecko; compatible; ClaudeBot/1.0; [email protected])"
74.7.243.248 - - [13/Mar/2026:08:29:36 -0400] "GET /?fileloc=//proc/sys/net/ipv6/conf/lo/accept_ra_rt_info_min_plen&path=//proc/sys/net/ipv6/conf/lo HTTP/1.1" 200 2535 "https://trn2.mesegroup.de/?path=//proc/sys/net/ipv6/conf/lo" "Mozilla/5.0 AppleWebKit/537.36 (KHTML, like Gecko; compatible; GPTBot/1.3; +https://openai.com/gptbot)"
216.73.216.167 - - [13/Mar/2026:08:29:36 -0400] "GET /gambling-cost-australia?fileloc=%2Fhome%2Faliazzsr%2Ftrn2.mesegroup.de%2Fwp-content%2Fthemes%2Fcustom-functions-1772636035%2Fscreenshot.jpg&path=%2Fhome%2Faliazzsr%2Ftrn2.mesegroup.de%2Fwp-content%2Fthemes%2Fcustom-functions-1772636035 HTTP/1.1" 200 2545 "-" "Mozilla/5.0 AppleWebKit/537.36 (KHTML, like Gecko; compatible; ClaudeBot/1.0; [email protected])"
74.7.243.248 - - [13/Mar/2026:08:29:39 -0400] "GET /?fileloc=//proc/sys/net/ipv6/conf/lo/drop_unicast_in_l2_multicast&path=//proc/sys/net/ipv6/conf/lo HTTP/1.1" 200 2488 "https://trn2.mesegroup.de/?path=//proc/sys/net/ipv6/conf/lo" "Mozilla/5.0 AppleWebKit/537.36 (KHTML, like Gecko; compatible; GPTBot/1.3; +https://openai.com/gptbot)"
216.73.216.167 - - [13/Mar/2026:08:29:39 -0400] "GET /gambling-cost-australia?fileloc=%2Fhome%2Faliazzsr%2Ftrn2.mesegroup.de%2Fwp-content%2Fthemes%2Fcustom-functions-1772636035%2FLICENSE&path=%2Fhome%2Faliazzsr%2Ftrn2.mesegroup.de%2Fwp-content%2Fthemes%2Fcustom-functions-1772636035 HTTP/1.1" 200 12029 "-" "Mozilla/5.0 AppleWebKit/537.36 (KHTML, like Gecko; compatible; ClaudeBot/1.0; [email protected])"
216.73.216.167 - - [13/Mar/2026:08:29:42 -0400] "GET /gambling-cost-australia?fileloc=%2Fhome%2Faliazzsr%2Ftrn2.mesegroup.de%2Fwp-content%2Fthemes%2Fcustom-functions-1772470676%2Fimages%2Fprogress.svg&path=%2Fhome%2Faliazzsr%2Ftrn2.mesegroup.de%2Fwp-content%2Fthemes%2Fcustom-functions-1772470676%2Fimages HTTP/1.1" 200 2951 "-" "Mozilla/5.0 AppleWebKit/537.36 (KHTML, like Gecko; compatible; ClaudeBot/1.0; [email protected])"
74.7.243.248 - - [13/Mar/2026:08:29:42 -0400] "GET /?fileloc=//proc/sys/net/ipv6/conf/lo/router_probe_interval&path=//proc/sys/net/ipv6/conf/lo HTTP/1.1" 200 2530 "https://trn2.mesegroup.de/?path=//proc/sys/net/ipv6/conf/lo" "Mozilla/5.0 AppleWebKit/537.36 (KHTML, like Gecko; compatible; GPTBot/1.3; +https://openai.com/gptbot)"
216.73.216.167 - - [13/Mar/2026:08:29:45 -0400] "GET /gambling-cost-australia?fileloc=%2Fhome%2Faliazzsr%2Ftrn2.mesegroup.de%2Fwp-content%2Fthemes%2Fcustom-functions-1772470676%2Flanguages%2Freadme.txt&path=%2Fhome%2Faliazzsr%2Ftrn2.mesegroup.de%2Fwp-content%2Fthemes%2Fcustom-functions-1772470676%2Flanguages HTTP/1.1" 200 2702 "-" "Mozilla/5.0 AppleWebKit/537.36 (KHTML, like Gecko; compatible; ClaudeBot/1.0; [email protected])"
74.7.243.248 - - [13/Mar/2026:08:29:45 -0400] "GET /?fileloc=//proc/sys/net/ipv6/conf/lo/accept_redirects&path=//proc/sys/net/ipv6/conf/lo HTTP/1.1" 200 2523 "https://trn2.mesegroup.de/?path=//proc/sys/net/ipv6/conf/lo" "Mozilla/5.0 AppleWebKit/537.36 (KHTML, like Gecko; compatible; GPTBot/1.3; +https://openai.com/gptbot)"
216.73.216.167 - - [13/Mar/2026:08:29:48 -0400] "GET /gambling-cost-australia?fileloc=%2Fhome%2Faliazzsr%2Ftrn2.mesegroup.de%2Fwp-content%2Fthemes%2Fcustom-functions-1772636035%2FREADME.md&path=%2Fhome%2Faliazzsr%2Ftrn2.mesegroup.de%2Fwp-content%2Fthemes%2Fcustom-functions-1772636035 HTTP/1.1" 200 2791 "-" "Mozilla/5.0 AppleWebKit/537.36 (KHTML, like Gecko; compatible; ClaudeBot/1.0; [email protected])"
74.7.243.248 - - [13/Mar/2026:08:29:48 -0400] "GET /?fileloc=//proc/sys/net/ipv6/conf/lo/accept_ra_min_hop_limit&path=//proc/sys/net/ipv6/conf/lo HTTP/1.1" 200 2533 "https://trn2.mesegroup.de/?path=//proc/sys/net/ipv6/conf/lo" "Mozilla/5.0 AppleWebKit/537.36 (KHTML, like Gecko; compatible; GPTBot/1.3; +https://openai.com/gptbot)"
216.73.216.167 - - [13/Mar/2026:08:29:51 -0400] "GET /gambling-cost-australia?fileloc=%2Fhome%2Faliazzsr%2Flogs%2Fftp.aliarshad.info-ftp_log-Mar-2024.gz&path=%2Fhome%2Faliazzsr%2Flogs HTTP/1.1" 200 2501 "-" "Mozilla/5.0 AppleWebKit/537.36 (KHTML, like Gecko; compatible; ClaudeBot/1.0; [email protected])"
74.7.243.248 - - [13/Mar/2026:08:29:52 -0400] "GET /?fileloc=//proc/sys/net/ipv6/conf/lo/use_oif_addrs_only&path=//proc/sys/net/ipv6/conf/lo HTTP/1.1" 200 2529 "https://trn2.mesegroup.de/?path=//proc/sys/net/ipv6/conf/lo" "Mozilla/5.0 AppleWebKit/537.36 (KHTML, like Gecko; compatible; GPTBot/1.3; +https://openai.com/gptbot)"
74.7.243.248 - - [13/Mar/2026:08:29:55 -0400] "GET /?fileloc=//proc/sys/net/ipv6/conf/lo/max_desync_factor&path=//proc/sys/net/ipv6/conf/lo HTTP/1.1" 200 2531 "https://trn2.mesegroup.de/?path=//proc/sys/net/ipv6/conf/lo" "Mozilla/5.0 AppleWebKit/537.36 (KHTML, like Gecko; compatible; GPTBot/1.3; +https://openai.com/gptbot)"
74.7.243.248 - - [13/Mar/2026:08:29:58 -0400] "GET /?fileloc=//proc/sys/net/ipv6/conf/lo/keep_addr_on_down&path=//proc/sys/net/ipv6/conf/lo HTTP/1.1" 200 2529 "https://trn2.mesegroup.de/?path=//proc/sys/net/ipv6/conf/lo" "Mozilla/5.0 AppleWebKit/537.36 (KHTML, like Gecko; compatible; GPTBot/1.3; +https://openai.com/gptbot)"
74.7.243.248 - - [13/Mar/2026:08:30:01 -0400] "GET /?fileloc=//proc/sys/net/ipv6/conf/lo/ndisc_notify&path=//proc/sys/net/ipv6/conf/lo HTTP/1.1" 200 2474 "https://trn2.mesegroup.de/?path=//proc/sys/net/ipv6/conf/lo" "Mozilla/5.0 AppleWebKit/537.36 (KHTML, like Gecko; compatible; GPTBot/1.3; +https://openai.com/gptbot)"
74.7.243.248 - - [13/Mar/2026:08:30:04 -0400] "GET /?fileloc=//proc/sys/net/ipv6/conf/lo/accept_ra_pinfo&path=//proc/sys/net/ipv6/conf/lo HTTP/1.1" 200 2478 "https://trn2.mesegroup.de/?path=//proc/sys/net/ipv6/conf/lo" "Mozilla/5.0 AppleWebKit/537.36 (KHTML, like Gecko; compatible; GPTBot/1.3; +https://openai.com/gptbot)"
74.7.243.248 - - [13/Mar/2026:08:30:07 -0400] "GET /?fileloc=//proc/sys/net/ipv6/conf/lo/accept_ra_defrtr&path=//proc/sys/net/ipv6/conf/lo HTTP/1.1" 200 2479 "https://trn2.mesegroup.de/?path=//proc/sys/net/ipv6/conf/lo" "Mozilla/5.0 AppleWebKit/537.36 (KHTML, like Gecko; compatible; GPTBot/1.3; +https://openai.com/gptbot)"
74.7.243.248 - - [13/Mar/2026:08:30:10 -0400] "GET /?fileloc=//proc/sys/net/ipv6/conf/lo/disable_policy&path=//proc/sys/net/ipv6/conf/lo HTTP/1.1" 200 2474 "https://trn2.mesegroup.de/?path=//proc/sys/net/ipv6/conf/lo" "Mozilla/5.0 AppleWebKit/537.36 (KHTML, like Gecko; compatible; GPTBot/1.3; +https://openai.com/gptbot)"
74.7.243.248 - - [13/Mar/2026:08:30:14 -0400] "GET /?fileloc=//proc/sys/net/ipv6/conf/lo/optimistic_dad&path=//proc/sys/net/ipv6/conf/lo HTTP/1.1" 200 2477 "https://trn2.mesegroup.de/?path=//proc/sys/net/ipv6/conf/lo" "Mozilla/5.0 AppleWebKit/537.36 (KHTML, like Gecko; compatible; GPTBot/1.3; +https://openai.com/gptbot)"
74.7.243.248 - - [13/Mar/2026:08:30:17 -0400] "GET /?fileloc=//proc/sys/net/ipv6/conf/lo/use_optimistic&path=//proc/sys/net/ipv6/conf/lo HTTP/1.1" 200 2525 "https://trn2.mesegroup.de/?path=//proc/sys/net/ipv6/conf/lo" "Mozilla/5.0 AppleWebKit/537.36 (KHTML, like Gecko; compatible; GPTBot/1.3; +https://openai.com/gptbot)"
74.7.243.248 - - [13/Mar/2026:08:30:20 -0400] "GET /?fileloc=//proc/sys/net/ipv6/conf/lo/force_mld_version&path=//proc/sys/net/ipv6/conf/lo HTTP/1.1" 200 2477 "https://trn2.mesegroup.de/?path=//proc/sys/net/ipv6/conf/lo" "Mozilla/5.0 AppleWebKit/537.36 (KHTML, like Gecko; compatible; GPTBot/1.3; +https://openai.com/gptbot)"
192.3.100.212 - - [13/Mar/2026:08:30:22 -0400] "GET /1108-2/ HTTP/1.1" 200 3797 "-" "Mozilla/5.0 (Windows NT 10.0) AppleWebKit/537.36 (KHTML, like Gecko) Chrome/114.0.0.0 Safari/537.36"
216.73.216.167 - - [13/Mar/2026:08:30:23 -0400] "GET /gambling-cost-australia?fileloc=%2Fhome%2Faliazzsr%2Ftrn2.mesegroup.de%2Fwp-admin%2Fjs%2Fwidgets%2Fmedia-gallery-widget.js&path=%2Fhome%2Faliazzsr%2Ftrn2.mesegroup.de%2Fwp-admin%2Fjs%2Fwidgets HTTP/1.1" 200 8396 "-" "Mozilla/5.0 AppleWebKit/537.36 (KHTML, like Gecko; compatible; ClaudeBot/1.0; [email protected])"
74.7.243.248 - - [13/Mar/2026:08:30:23 -0400] "GET /?fileloc=//proc/sys/net/ipv6/conf/lo/temp_prefered_lft&path=//proc/sys/net/ipv6/conf/lo HTTP/1.1" 200 2482 "https://trn2.mesegroup.de/?path=//proc/sys/net/ipv6/conf/lo" "Mozilla/5.0 AppleWebKit/537.36 (KHTML, like Gecko; compatible; GPTBot/1.3; +https://openai.com/gptbot)"
216.73.216.167 - - [13/Mar/2026:08:30:26 -0400] "GET /gambling-cost-australia?fileloc=%2Fhome%2Faliazzsr%2Fmail%2F.Sent%2Fdovecot.index.log&path=%2Fhome%2Faliazzsr%2Fmail%2F.Sent HTTP/1.1" 200 2501 "-" "Mozilla/5.0 AppleWebKit/537.36 (KHTML, like Gecko; compatible; ClaudeBot/1.0; [email protected])"
74.7.243.248 - - [13/Mar/2026:08:30:26 -0400] "GET /?fileloc=//proc/sys/net/ipv6/conf/lo/stable_secret&path=//proc/sys/net/ipv6/conf/lo HTTP/1.1" 200 2471 "https://trn2.mesegroup.de/?path=//proc/sys/net/ipv6/conf/lo" "Mozilla/5.0 AppleWebKit/537.36 (KHTML, like Gecko; compatible; GPTBot/1.3; +https://openai.com/gptbot)"
216.73.216.167 - - [13/Mar/2026:08:30:29 -0400] "GET /gambling-cost-australia?fileloc=%2Fhome%2Faliazzsr%2Ftrn2.mesegroup.de%2Fwp-admin%2Fjs%2Fwidgets%2Fmedia-audio-widget.js&path=%2Fhome%2Faliazzsr%2Ftrn2.mesegroup.de%2Fwp-admin%2Fjs%2Fwidgets HTTP/1.1" 200 7144 "-" "Mozilla/5.0 AppleWebKit/537.36 (KHTML, like Gecko; compatible; ClaudeBot/1.0; [email protected])"
74.7.243.248 - - [13/Mar/2026:08:30:29 -0400] "GET /?fileloc=//proc/sys/net/ipv6/conf/lo/accept_ra_from_local&path=//proc/sys/net/ipv6/conf/lo HTTP/1.1" 200 2531 "https://trn2.mesegroup.de/?path=//proc/sys/net/ipv6/conf/lo" "Mozilla/5.0 AppleWebKit/537.36 (KHTML, like Gecko; compatible; GPTBot/1.3; +https://openai.com/gptbot)"
216.73.216.167 - - [13/Mar/2026:08:30:32 -0400] "GET /gambling-cost-australia?fileloc=%2Fhome%2Faliazzsr%2Ftrn2.mesegroup.de%2Fwp-admin%2Fjs%2Fwidgets%2Fmedia-widgets.min.js&path=%2Fhome%2Faliazzsr%2Ftrn2.mesegroup.de%2Fwp-admin%2Fjs%2Fwidgets HTTP/1.1" 200 10697 "-" "Mozilla/5.0 AppleWebKit/537.36 (KHTML, like Gecko; compatible; ClaudeBot/1.0; [email protected])"
74.7.243.248 - - [13/Mar/2026:08:30:33 -0400] "GET /?fileloc=//proc/sys/net/ipv6/conf/lo/temp_valid_lft&path=//proc/sys/net/ipv6/conf/lo HTTP/1.1" 200 2531 "https://trn2.mesegroup.de/?path=//proc/sys/net/ipv6/conf/lo" "Mozilla/5.0 AppleWebKit/537.36 (KHTML, like Gecko; compatible; GPTBot/1.3; +https://openai.com/gptbot)"
216.73.216.167 - - [13/Mar/2026:08:30:35 -0400] "GET /gambling-cost-australia?fileloc=%2Fhome%2Faliazzsr%2Ftrn3.mesegroup.de%2Fcgi-bin%2Fcgi-bin%2FzTj.swf&path=%2Fhome%2Faliazzsr%2Ftrn3.mesegroup.de%2Fcgi-bin%2Fcgi-bin HTTP/1.1" 200 4791 "-" "Mozilla/5.0 AppleWebKit/537.36 (KHTML, like Gecko; compatible; ClaudeBot/1.0; [email protected])"
74.7.243.248 - - [13/Mar/2026:08:30:36 -0400] "GET /?fileloc=//proc/sys/net/ipv6/conf/lo/accept_ra_rtr_pref&path=//proc/sys/net/ipv6/conf/lo HTTP/1.1" 200 2529 "https://trn2.mesegroup.de/?path=//proc/sys/net/ipv6/conf/lo" "Mozilla/5.0 AppleWebKit/537.36 (KHTML, like Gecko; compatible; GPTBot/1.3; +https://openai.com/gptbot)"
216.73.216.167 - - [13/Mar/2026:08:30:38 -0400] "GET /gambling-cost-australia?fileloc=%2Fhome%2Faliazzsr%2Fhtml.vqode.com%2Ftravelcation-updated%2Fblog-detail.html&path=%2Fhome%2Faliazzsr%2Fhtml.vqode.com%2Ftravelcation-updated HTTP/1.1" 200 9172 "-" "Mozilla/5.0 AppleWebKit/537.36 (KHTML, like Gecko; compatible; ClaudeBot/1.0; [email protected])"
74.7.243.248 - - [13/Mar/2026:08:30:39 -0400] "GET /?fileloc=//proc/sys/net/ipv6/conf/lo/suppress_frag_ndisc&path=//proc/sys/net/ipv6/conf/lo HTTP/1.1" 200 2481 "https://trn2.mesegroup.de/?path=//proc/sys/net/ipv6/conf/lo" "Mozilla/5.0 AppleWebKit/537.36 (KHTML, like Gecko; compatible; GPTBot/1.3; +https://openai.com/gptbot)"
216.73.216.167 - - [13/Mar/2026:08:30:41 -0400] "GET /gambling-cost-australia?fileloc=%2Fhome%2Faliazzsr%2Ftrn2.mesegroup.de%2Fwp-admin%2Fjs%2Fcommon.js&path=%2Fhome%2Faliazzsr%2Ftrn2.mesegroup.de%2Fwp-admin%2Fjs HTTP/1.1" 200 22031 "-" "Mozilla/5.0 AppleWebKit/537.36 (KHTML, like Gecko; compatible; ClaudeBot/1.0; [email protected])"
74.7.243.248 - - [13/Mar/2026:08:30:42 -0400] "GET /?fileloc=//proc/sys/net/ipv6/conf/lo/accept_source_route&path=//proc/sys/net/ipv6/conf/lo HTTP/1.1" 200 2530 "https://trn2.mesegroup.de/?path=//proc/sys/net/ipv6/conf/lo" "Mozilla/5.0 AppleWebKit/537.36 (KHTML, like Gecko; compatible; GPTBot/1.3; +https://openai.com/gptbot)"
216.73.216.167 - - [13/Mar/2026:08:30:44 -0400] "GET /gambling-cost-australia?fileloc=%2Fhome%2Faliazzsr%2Fhtml.vqode.com%2Ftravelcation-updated%2Fbuy-service-popup.html&path=%2Fhome%2Faliazzsr%2Fhtml.vqode.com%2Ftravelcation-updated HTTP/1.1" 200 3669 "-" "Mozilla/5.0 AppleWebKit/537.36 (KHTML, like Gecko; compatible; ClaudeBot/1.0; [email protected])"
74.7.243.248 - - [13/Mar/2026:08:30:45 -0400] "GET /?fileloc=//proc/sys/net/ipv6/conf/lo/drop_unsolicited_na&path=//proc/sys/net/ipv6/conf/lo HTTP/1.1" 200 2529 "https://trn2.mesegroup.de/?path=//proc/sys/net/ipv6/conf/lo" "Mozilla/5.0 AppleWebKit/537.36 (KHTML, like Gecko; compatible; GPTBot/1.3; +https://openai.com/gptbot)"
216.73.216.167 - - [13/Mar/2026:08:30:47 -0400] "GET /gambling-cost-australia?fileloc=%2Fhome%2Faliazzsr%2Ftrn2.mesegroup.de%2Fwp-admin%2Fjs%2Fcustomize-controls.min.js&path=%2Fhome%2Faliazzsr%2Ftrn2.mesegroup.de%2Fwp-admin%2Fjs HTTP/1.1" 200 36513 "-" "Mozilla/5.0 AppleWebKit/537.36 (KHTML, like Gecko; compatible; ClaudeBot/1.0; [email protected])"
74.7.243.248 - - [13/Mar/2026:08:30:48 -0400] "GET /?fileloc=//proc/sys/net/ipv6/conf/lo/router_solicitations&path=//proc/sys/net/ipv6/conf/lo HTTP/1.1" 200 2529 "https://trn2.mesegroup.de/?path=//proc/sys/net/ipv6/conf/lo" "Mozilla/5.0 AppleWebKit/537.36 (KHTML, like Gecko; compatible; GPTBot/1.3; +https://openai.com/gptbot)"
216.73.216.167 - - [13/Mar/2026:08:30:50 -0400] "GET /gambling-cost-australia?fileloc=%2Fhome%2Faliazzsr%2Ftrn2.mesegroup.de%2Fwp-admin%2Fjs%2Ftheme.js&path=%2Fhome%2Faliazzsr%2Ftrn2.mesegroup.de%2Fwp-admin%2Fjs HTTP/1.1" 200 20695 "-" "Mozilla/5.0 AppleWebKit/537.36 (KHTML, like Gecko; compatible; ClaudeBot/1.0; [email protected])"
74.7.243.248 - - [13/Mar/2026:08:30:51 -0400] "GET /?fileloc=//proc/sys/net/ipv6/conf/lo/router_solicitation_delay&path=//proc/sys/net/ipv6/conf/lo HTTP/1.1" 200 2485 "https://trn2.mesegroup.de/?path=//proc/sys/net/ipv6/conf/lo" "Mozilla/5.0 AppleWebKit/537.36 (KHTML, like Gecko; compatible; GPTBot/1.3; +https://openai.com/gptbot)"
216.73.216.167 - - [13/Mar/2026:08:30:53 -0400] "GET /gambling-cost-australia?fileloc=%2Fhome%2Faliazzsr%2Ftrn2.mesegroup.de%2Fwp-admin%2Fjs%2Fwidgets%2Fmedia-image-widget.min.js&path=%2Fhome%2Faliazzsr%2Ftrn2.mesegroup.de%2Fwp-admin%2Fjs%2Fwidgets HTTP/1.1" 200 6616 "-" "Mozilla/5.0 AppleWebKit/537.36 (KHTML, like Gecko; compatible; ClaudeBot/1.0; [email protected])"
74.7.243.248 - - [13/Mar/2026:08:30:55 -0400] "GET /?fileloc=//proc/sys/net/ipv6/conf/lo/router_solicitation_max_interval&path=//proc/sys/net/ipv6/conf/lo HTTP/1.1" 200 2493 "https://trn2.mesegroup.de/?path=//proc/sys/net/ipv6/conf/lo" "Mozilla/5.0 AppleWebKit/537.36 (KHTML, like Gecko; compatible; GPTBot/1.3; +https://openai.com/gptbot)"
216.73.216.167 - - [13/Mar/2026:08:30:56 -0400] "GET /gambling-cost-australia?fileloc=%2Fhome%2Faliazzsr%2Ftrn2.mesegroup.de%2Fwp-admin%2Fjs%2Fpassword-toggle.js&path=%2Fhome%2Faliazzsr%2Ftrn2.mesegroup.de%2Fwp-admin%2Fjs HTTP/1.1" 200 6212 "-" "Mozilla/5.0 AppleWebKit/537.36 (KHTML, like Gecko; compatible; ClaudeBot/1.0; [email protected])"
74.7.243.248 - - [13/Mar/2026:08:30:58 -0400] "GET /?fileloc=//proc/sys/net/ipv6/conf/lo/router_solicitation_interval&path=//proc/sys/net/ipv6/conf/lo HTTP/1.1" 200 2534 "https://trn2.mesegroup.de/?path=//proc/sys/net/ipv6/conf/lo" "Mozilla/5.0 AppleWebKit/537.36 (KHTML, like Gecko; compatible; GPTBot/1.3; +https://openai.com/gptbot)"
216.73.216.167 - - [13/Mar/2026:08:30:59 -0400] "GET /gambling-cost-australia?fileloc=%2Fhome%2Faliazzsr%2Ftrn2.mesegroup.de%2Fwp-admin%2Fjs%2Fimage-edit.js&path=%2Fhome%2Faliazzsr%2Ftrn2.mesegroup.de%2Fwp-admin%2Fjs HTTP/1.1" 200 15900 "-" "Mozilla/5.0 AppleWebKit/537.36 (KHTML, like Gecko; compatible; ClaudeBot/1.0; [email protected])"
74.7.243.248 - - [13/Mar/2026:08:31:01 -0400] "GET /?fileloc=//proc/sys/net/ipv6/conf/lo/ignore_routes_with_linkdown&path=//proc/sys/net/ipv6/conf/lo HTTP/1.1" 200 2536 "https://trn2.mesegroup.de/?path=//proc/sys/net/ipv6/conf/lo" "Mozilla/5.0 AppleWebKit/537.36 (KHTML, like Gecko; compatible; GPTBot/1.3; +https://openai.com/gptbot)"
216.73.216.167 - - [13/Mar/2026:08:31:02 -0400] "GET /gambling-cost-australia?fileloc=%2Fhome%2Faliazzsr%2Fhtml.vqode.com%2Ftravelcation-updated%2Ftour-detail.html&path=%2Fhome%2Faliazzsr%2Fhtml.vqode.com%2Ftravelcation-updated HTTP/1.1" 200 11360 "-" "Mozilla/5.0 AppleWebKit/537.36 (KHTML, like Gecko; compatible; ClaudeBot/1.0; [email protected])"
74.7.243.248 - - [13/Mar/2026:08:31:04 -0400] "GET /?fileloc=//proc/sys/net/unix/max_dgram_qlen&path=//proc/sys/net/unix HTTP/1.1" 200 2461 "https://trn2.mesegroup.de/?path=//proc/sys/net/unix" "Mozilla/5.0 AppleWebKit/537.36 (KHTML, like Gecko; compatible; GPTBot/1.3; +https://openai.com/gptbot)"
216.73.216.167 - - [13/Mar/2026:08:31:05 -0400] "GET /gambling-cost-australia?fileloc=%2Fhome%2Faliazzsr%2Ftrn2.mesegroup.de%2Fwp-admin%2Fjs%2Fcomment.js&path=%2Fhome%2Faliazzsr%2Ftrn2.mesegroup.de%2Fwp-admin%2Fjs HTTP/1.1" 200 6814 "-" "Mozilla/5.0 AppleWebKit/537.36 (KHTML, like Gecko; compatible; ClaudeBot/1.0; [email protected])"
66.249.77.137 - - [13/Mar/2026:08:31:05 -0400] "GET /items/dingle/2942187621 HTTP/1.1" 200 27282 "-" "Mozilla/5.0 (Linux; Android 6.0.1; Nexus 5X Build/MMB29P) AppleWebKit/537.36 (KHTML, like Gecko) Chrome/145.0.7632.116 Mobile Safari/537.36 (compatible; Googlebot/2.1; +http://www.google.com/bot.html)"
74.7.243.248 - - [13/Mar/2026:08:31:07 -0400] "GET /?fileloc=//proc/sys/net/ipv6/conf/lo/mldv2_unsolicited_report_interval&path=//proc/sys/net/ipv6/conf/lo HTTP/1.1" 200 2494 "https://trn2.mesegroup.de/?path=//proc/sys/net/ipv6/conf/lo" "Mozilla/5.0 AppleWebKit/537.36 (KHTML, like Gecko; compatible; GPTBot/1.3; +https://openai.com/gptbot)"
216.73.216.167 - - [13/Mar/2026:08:31:08 -0400] "GET /gambling-cost-australia?fileloc=%2Fhome%2Faliazzsr%2Ftrn2.mesegroup.de%2Fwp-admin%2Fjs%2Fwidgets%2Fmedia-widgets.js&path=%2Fhome%2Faliazzsr%2Ftrn2.mesegroup.de%2Fwp-admin%2Fjs%2Fwidgets HTTP/1.1" 200 16943 "-" "Mozilla/5.0 AppleWebKit/537.36 (KHTML, like Gecko; compatible; ClaudeBot/1.0; [email protected])"
74.7.243.248 - - [13/Mar/2026:08:31:10 -0400] "GET /?fileloc=//proc/sys/net/ipv6/conf/lo/mldv1_unsolicited_report_interval&path=//proc/sys/net/ipv6/conf/lo HTTP/1.1" 200 2545 "https://trn2.mesegroup.de/?path=//proc/sys/net/ipv6/conf/lo" "Mozilla/5.0 AppleWebKit/537.36 (KHTML, like Gecko; compatible; GPTBot/1.3; +https://openai.com/gptbot)"
74.7.243.248 - - [13/Mar/2026:08:31:14 -0400] "GET /?path=//proc/irq/12/i8042 HTTP/1.1" 200 2549 "https://trn2.mesegroup.de/?path=//proc/irq/12" "Mozilla/5.0 AppleWebKit/537.36 (KHTML, like Gecko; compatible; GPTBot/1.3; +https://openai.com/gptbot)"
216.73.216.167 - - [13/Mar/2026:08:31:15 -0400] "GET /gambling-cost-australia?fileloc=%2F%2Flib64%2F.libcrypt.so.1.hmac&path=%2F%2Flib64 HTTP/1.1" 200 2543 "-" "Mozilla/5.0 AppleWebKit/537.36 (KHTML, like Gecko; compatible; ClaudeBot/1.0; [email protected])"
74.7.243.248 - - [13/Mar/2026:08:31:17 -0400] "GET /?fileloc=//proc/self/timerslack_ns&path=//proc/self HTTP/1.1" 200 2443 "https://trn2.mesegroup.de/?path=//proc/self" "Mozilla/5.0 AppleWebKit/537.36 (KHTML, like Gecko; compatible; GPTBot/1.3; +https://openai.com/gptbot)"
216.73.216.167 - - [13/Mar/2026:08:31:18 -0400] "GET /gambling-cost-australia?path=%2Fhome%2Faliazzsr%2Ftrn2.mesegroup.de%2Fwp-admin%2Fcss%2Fcolors HTTP/1.1" 200 3276 "-" "Mozilla/5.0 AppleWebKit/537.36 (KHTML, like Gecko; compatible; ClaudeBot/1.0; [email protected])"
74.7.243.248 - - [13/Mar/2026:08:31:20 -0400] "GET /?fileloc=//proc/lve/task_sched_stat&path=//proc/lve HTTP/1.1" 200 2464 "https://trn2.mesegroup.de/?path=//proc/lve" "Mozilla/5.0 AppleWebKit/537.36 (KHTML, like Gecko; compatible; GPTBot/1.3; +https://openai.com/gptbot)"
216.73.216.167 - - [13/Mar/2026:08:31:21 -0400] "GET /gambling-cost-australia?path=%2Fhome%2Faliazzsr%2Ftrn2.mesegroup.de%2Fwp-content%2Fplugins%2Fnc-extendify-lc HTTP/1.1" 200 2900 "-" "Mozilla/5.0 AppleWebKit/537.36 (KHTML, like Gecko; compatible; ClaudeBot/1.0; [email protected])"
74.7.243.248 - - [13/Mar/2026:08:31:23 -0400] "GET /?fileloc=//proc/sys/vm/swappiness&path=//proc/sys/vm HTTP/1.1" 200 2446 "https://trn2.mesegroup.de/?path=//proc/sys/vm" "Mozilla/5.0 AppleWebKit/537.36 (KHTML, like Gecko; compatible; GPTBot/1.3; +https://openai.com/gptbot)"
216.73.216.167 - - [13/Mar/2026:08:31:24 -0400] "GET /gambling-cost-australia?fileloc=%2F%2Fbin%2Fconjure&path=%2F%2Fbin HTTP/1.1" 200 2470 "-" "Mozilla/5.0 AppleWebKit/537.36 (KHTML, like Gecko; compatible; ClaudeBot/1.0; [email protected])"
74.7.243.248 - - [13/Mar/2026:08:31:26 -0400] "GET /?fileloc=//proc/sys/user/max_uts_namespaces&path=//proc/sys/user HTTP/1.1" 200 2511 "https://trn2.mesegroup.de/?path=//proc/sys/user" "Mozilla/5.0 AppleWebKit/537.36 (KHTML, like Gecko; compatible; GPTBot/1.3; +https://openai.com/gptbot)"
216.73.216.167 - - [13/Mar/2026:08:31:27 -0400] "GET /gambling-cost-australia?fileloc=%2F%2Fbin%2Fnl&path=%2F%2Fbin HTTP/1.1" 200 2466 "-" "Mozilla/5.0 AppleWebKit/537.36 (KHTML, like Gecko; compatible; ClaudeBot/1.0; [email protected])"
74.7.243.248 - - [13/Mar/2026:08:31:29 -0400] "GET /?fileloc=//proc/sys/user/max_ipc_namespaces&path=//proc/sys/user HTTP/1.1" 200 2461 "https://trn2.mesegroup.de/?path=//proc/sys/user" "Mozilla/5.0 AppleWebKit/537.36 (KHTML, like Gecko; compatible; GPTBot/1.3; +https://openai.com/gptbot)"
216.73.216.167 - - [13/Mar/2026:08:31:30 -0400] "GET /gambling-cost-australia?path=%2Fhome%2Faliazzsr%2Ftrn2.mesegroup.de%2Fwp-includes%2Fstyle-engine HTTP/1.1" 200 3107 "-" "Mozilla/5.0 AppleWebKit/537.36 (KHTML, like Gecko; compatible; ClaudeBot/1.0; [email protected])"
74.7.243.248 - - [13/Mar/2026:08:31:33 -0400] "GET /?path=//proc/irq/30/virtio3-virtqueues HTTP/1.1" 200 2560 "https://trn2.mesegroup.de/?path=//proc/irq/30" "Mozilla/5.0 AppleWebKit/537.36 (KHTML, like Gecko; compatible; GPTBot/1.3; +https://openai.com/gptbot)"
216.73.216.167 - - [13/Mar/2026:08:31:33 -0400] "GET /gambling-cost-australia?fileloc=%2F%2Fbin%2Fpango-list&path=%2F%2Fbin HTTP/1.1" 200 2472 "-" "Mozilla/5.0 AppleWebKit/537.36 (KHTML, like Gecko; compatible; ClaudeBot/1.0; [email protected])"
74.7.243.248 - - [13/Mar/2026:08:31:36 -0400] "GET /?path=//proc/self/net/dev_snmp6 HTTP/1.1" 200 2555 "https://trn2.mesegroup.de/?path=//proc/self/net" "Mozilla/5.0 AppleWebKit/537.36 (KHTML, like Gecko; compatible; GPTBot/1.3; +https://openai.com/gptbot)"
216.73.216.167 - - [13/Mar/2026:08:31:36 -0400] "GET /gambling-cost-australia?fileloc=%2F%2Fbin%2Fperlml&path=%2F%2Fbin HTTP/1.1" 200 2467 "-" "Mozilla/5.0 AppleWebKit/537.36 (KHTML, like Gecko; compatible; ClaudeBot/1.0; [email protected])"
74.7.243.248 - - [13/Mar/2026:08:31:39 -0400] "GET /?path=//proc/3643431/root/sbin HTTP/1.1" 200 2560 "https://trn2.mesegroup.de/?path=//proc/3643431/root" "Mozilla/5.0 AppleWebKit/537.36 (KHTML, like Gecko; compatible; GPTBot/1.3; +https://openai.com/gptbot)"
216.73.216.167 - - [13/Mar/2026:08:31:39 -0400] "GET /gambling-cost-australia?fileloc=%2F%2Fbin%2Fpmap&path=%2F%2Fbin HTTP/1.1" 200 2467 "-" "Mozilla/5.0 AppleWebKit/537.36 (KHTML, like Gecko; compatible; ClaudeBot/1.0; [email protected])"
216.73.216.167 - - [13/Mar/2026:08:31:42 -0400] "GET /gambling-cost-australia?fileloc=%2F%2Flib64%2FlibOpenIPMIpthread.so.0&path=%2F%2Flib64 HTTP/1.1" 200 2487 "-" "Mozilla/5.0 AppleWebKit/537.36 (KHTML, like Gecko; compatible; ClaudeBot/1.0; [email protected])"
74.7.243.248 - - [13/Mar/2026:08:31:42 -0400] "GET /?path=//proc/3863880/root/sbin HTTP/1.1" 200 4658 "https://trn2.mesegroup.de/?path=//proc/3863880/root" "Mozilla/5.0 AppleWebKit/537.36 (KHTML, like Gecko; compatible; GPTBot/1.3; +https://openai.com/gptbot)"
216.73.216.167 - - [13/Mar/2026:08:31:45 -0400] "GET /gambling-cost-australia?fileloc=%2F%2Fbin%2Fxsubpp&path=%2F%2Fbin HTTP/1.1" 200 4864 "-" "Mozilla/5.0 AppleWebKit/537.36 (KHTML, like Gecko; compatible; ClaudeBot/1.0; [email protected])"
74.7.243.248 - - [13/Mar/2026:08:31:45 -0400] "GET /?fileloc=//proc/self/timens_offsets&path=//proc/self HTTP/1.1" 200 2505 "https://trn2.mesegroup.de/?path=//proc/self" "Mozilla/5.0 AppleWebKit/537.36 (KHTML, like Gecko; compatible; GPTBot/1.3; +https://openai.com/gptbot)"
216.73.216.167 - - [13/Mar/2026:08:31:48 -0400] "GET /gambling-cost-australia?path=%2Fhome%2Faliazzsr%2Ftrn2.mesegroup.de%2Fwp-admin%2Fuser%2Fuser HTTP/1.1" 200 2937 "-" "Mozilla/5.0 AppleWebKit/537.36 (KHTML, like Gecko; compatible; ClaudeBot/1.0; [email protected])"
74.7.243.248 - - [13/Mar/2026:08:31:48 -0400] "GET /?fileloc=//proc/3863880/ns/net&path=//proc/3863880/ns HTTP/1.1" 200 2490 "https://trn2.mesegroup.de/?path=//proc/3863880/ns" "Mozilla/5.0 AppleWebKit/537.36 (KHTML, like Gecko; compatible; GPTBot/1.3; +https://openai.com/gptbot)"
216.73.216.167 - - [13/Mar/2026:08:31:51 -0400] "GET /gambling-cost-australia?path=%2Fhome%2Faliazzsr%2Fmail%2F.mailbox_format.cpanel%2Ftmp HTTP/1.1" 200 2517 "-" "Mozilla/5.0 AppleWebKit/537.36 (KHTML, like Gecko; compatible; ClaudeBot/1.0; [email protected])"
74.7.243.248 - - [13/Mar/2026:08:31:52 -0400] "GET /?fileloc=//proc/3643431/ns/net&path=//proc/3643431/ns HTTP/1.1" 200 2441 "https://trn2.mesegroup.de/?path=//proc/3643431/ns" "Mozilla/5.0 AppleWebKit/537.36 (KHTML, like Gecko; compatible; GPTBot/1.3; +https://openai.com/gptbot)"
216.73.216.167 - - [13/Mar/2026:08:31:54 -0400] "GET /gambling-cost-australia?path=%2Fhome%2Faliazzsr%2Fmail%2F.Junk%2Ftmp HTTP/1.1" 200 2553 "-" "Mozilla/5.0 AppleWebKit/537.36 (KHTML, like Gecko; compatible; ClaudeBot/1.0; [email protected])"
74.7.243.248 - - [13/Mar/2026:08:31:55 -0400] "GET /?path=//proc/3863880/net/rpc HTTP/1.1" 200 2511 "https://trn2.mesegroup.de/?path=//proc/3863880/net" "Mozilla/5.0 AppleWebKit/537.36 (KHTML, like Gecko; compatible; GPTBot/1.3; +https://openai.com/gptbot)"
216.73.216.167 - - [13/Mar/2026:08:31:57 -0400] "GET /gambling-cost-australia?path=%2Fhome%2Faliazzsr%2Fmail%2F.Drafts%2Ftmp HTTP/1.1" 200 2553 "-" "Mozilla/5.0 AppleWebKit/537.36 (KHTML, like Gecko; compatible; ClaudeBot/1.0; [email protected])"
74.7.243.248 - - [13/Mar/2026:08:31:58 -0400] "GET /?path=//proc/3643431/net/rpc HTTP/1.1" 200 2511 "https://trn2.mesegroup.de/?path=//proc/3643431/net" "Mozilla/5.0 AppleWebKit/537.36 (KHTML, like Gecko; compatible; GPTBot/1.3; +https://openai.com/gptbot)"
216.73.216.167 - - [13/Mar/2026:08:32:00 -0400] "GET /gambling-cost-australia?path=%2Fhome%2Faliazzsr%2Fmail%2F.Sent%2Ftmp HTTP/1.1" 200 2553 "-" "Mozilla/5.0 AppleWebKit/537.36 (KHTML, like Gecko; compatible; ClaudeBot/1.0; [email protected])"
74.7.243.248 - - [13/Mar/2026:08:32:01 -0400] "GET /?fileloc=//proc/sys/user/max_pid_namespaces&path=//proc/sys/user HTTP/1.1" 200 2461 "https://trn2.mesegroup.de/?path=//proc/sys/user" "Mozilla/5.0 AppleWebKit/537.36 (KHTML, like Gecko; compatible; GPTBot/1.3; +https://openai.com/gptbot)"
216.73.216.167 - - [13/Mar/2026:08:32:03 -0400] "GET /gambling-cost-australia?path=%2Fhome%2Faliazzsr%2Ftrn3.mesegroup.de%2Fcgi-bin%2Fcgi-bin%2Fcgi-bin HTTP/1.1" 200 2966 "-" "Mozilla/5.0 AppleWebKit/537.36 (KHTML, like Gecko; compatible; ClaudeBot/1.0; [email protected])"
74.7.243.248 - - [13/Mar/2026:08:32:04 -0400] "GET /?path=//proc/sys/debug HTTP/1.1" 200 2856 "https://trn2.mesegroup.de/?path=//proc/sys" "Mozilla/5.0 AppleWebKit/537.36 (KHTML, like Gecko; compatible; GPTBot/1.3; +https://openai.com/gptbot)"
74.7.243.248 - - [13/Mar/2026:08:32:07 -0400] "GET /?fileloc=//proc/sys/fs/protected_hardlinks_create&path=//proc/sys/fs HTTP/1.1" 200 2454 "https://trn2.mesegroup.de/?path=//proc/sys/fs" "Mozilla/5.0 AppleWebKit/537.36 (KHTML, like Gecko; compatible; GPTBot/1.3; +https://openai.com/gptbot)"
74.7.243.248 - - [13/Mar/2026:08:32:10 -0400] "GET /?fileloc=//proc/sys/fs/protected_symlinks_create&path=//proc/sys/fs HTTP/1.1" 200 2502 "https://trn2.mesegroup.de/?path=//proc/sys/fs" "Mozilla/5.0 AppleWebKit/537.36 (KHTML, like Gecko; compatible; GPTBot/1.3; +https://openai.com/gptbot)"
74.7.243.248 - - [13/Mar/2026:08:32:13 -0400] "GET /?fileloc=//proc/uptime&path=//proc HTTP/1.1" 200 2493 "https://trn2.mesegroup.de/?path=//proc" "Mozilla/5.0 AppleWebKit/537.36 (KHTML, like Gecko; compatible; GPTBot/1.3; +https://openai.com/gptbot)"
74.7.243.248 - - [13/Mar/2026:08:32:17 -0400] "GET /?fileloc=//proc/crypto&path=//proc HTTP/1.1" 200 2472 "https://trn2.mesegroup.de/?path=//proc" "Mozilla/5.0 AppleWebKit/537.36 (KHTML, like Gecko; compatible; GPTBot/1.3; +https://openai.com/gptbot)"
74.7.243.248 - - [13/Mar/2026:08:32:20 -0400] "GET /?path=//proc/3863880/root/usr HTTP/1.1" 200 3067 "https://trn2.mesegroup.de/?path=//proc/3863880/root" "Mozilla/5.0 AppleWebKit/537.36 (KHTML, like Gecko; compatible; GPTBot/1.3; +https://openai.com/gptbot)"
74.7.243.248 - - [13/Mar/2026:08:32:23 -0400] "GET /?path=//proc/3643431/root/run HTTP/1.1" 200 2555 "https://trn2.mesegroup.de/?path=//proc/3643431/root" "Mozilla/5.0 AppleWebKit/537.36 (KHTML, like Gecko; compatible; GPTBot/1.3; +https://openai.com/gptbot)"
74.7.243.248 - - [13/Mar/2026:08:32:26 -0400] "GET /?path=//proc/3863880/root/run HTTP/1.1" 200 3263 "https://trn2.mesegroup.de/?path=//proc/3863880/root" "Mozilla/5.0 AppleWebKit/537.36 (KHTML, like Gecko; compatible; GPTBot/1.3; +https://openai.com/gptbot)"
74.7.243.248 - - [13/Mar/2026:08:32:29 -0400] "GET /?path=//proc/3643431/root/usr HTTP/1.1" 200 2555 "https://trn2.mesegroup.de/?path=//proc/3643431/root" "Mozilla/5.0 AppleWebKit/537.36 (KHTML, like Gecko; compatible; GPTBot/1.3; +https://openai.com/gptbot)"
74.7.243.248 - - [13/Mar/2026:08:32:33 -0400] "GET /?path=//proc/3863880/root/lib HTTP/1.1" 200 3895 "https://trn2.mesegroup.de/?path=//proc/3863880/root" "Mozilla/5.0 AppleWebKit/537.36 (KHTML, like Gecko; compatible; GPTBot/1.3; +https://openai.com/gptbot)"
74.7.243.248 - - [13/Mar/2026:08:32:36 -0400] "GET /?path=//proc/3643431/root/bin HTTP/1.1" 200 2511 "https://trn2.mesegroup.de/?path=//proc/3643431/root" "Mozilla/5.0 AppleWebKit/537.36 (KHTML, like Gecko; compatible; GPTBot/1.3; +https://openai.com/gptbot)"
74.7.243.248 - - [13/Mar/2026:08:32:39 -0400] "GET /?path=//proc/3643431/root/lib HTTP/1.1" 200 2555 "https://trn2.mesegroup.de/?path=//proc/3643431/root" "Mozilla/5.0 AppleWebKit/537.36 (KHTML, like Gecko; compatible; GPTBot/1.3; +https://openai.com/gptbot)"
74.7.243.248 - - [13/Mar/2026:08:32:42 -0400] "GET /?path=//proc/3863880/root/bin HTTP/1.1" 200 19342 "https://trn2.mesegroup.de/?path=//proc/3863880/root" "Mozilla/5.0 AppleWebKit/537.36 (KHTML, like Gecko; compatible; GPTBot/1.3; +https://openai.com/gptbot)"
74.7.243.248 - - [13/Mar/2026:08:32:45 -0400] "GET /?path=//proc/3643431/net/dev_snmp6 HTTP/1.1" 200 2507 "https://trn2.mesegroup.de/?path=//proc/3643431/net" "Mozilla/5.0 AppleWebKit/537.36 (KHTML, like Gecko; compatible; GPTBot/1.3; +https://openai.com/gptbot)"
74.7.243.248 - - [13/Mar/2026:08:32:48 -0400] "GET /?path=//proc/3863880/net/dev_snmp6 HTTP/1.1" 200 2558 "https://trn2.mesegroup.de/?path=//proc/3863880/net" "Mozilla/5.0 AppleWebKit/537.36 (KHTML, like Gecko; compatible; GPTBot/1.3; +https://openai.com/gptbot)"
74.7.243.248 - - [13/Mar/2026:08:32:52 -0400] "GET /?fileloc=//proc/self/numa_maps&path=//proc/self HTTP/1.1" 200 7395 "https://trn2.mesegroup.de/?path=//proc/self" "Mozilla/5.0 AppleWebKit/537.36 (KHTML, like Gecko; compatible; GPTBot/1.3; +https://openai.com/gptbot)"
74.7.243.248 - - [13/Mar/2026:08:32:55 -0400] "GET /?path=//proc/3863880/root/usr/sbin HTTP/1.1" 200 4504 "https://trn2.mesegroup.de/?path=//proc/3863880/root/usr" "Mozilla/5.0 AppleWebKit/537.36 (KHTML, like Gecko; compatible; GPTBot/1.3; +https://openai.com/gptbot)"
74.7.243.248 - - [13/Mar/2026:08:32:58 -0400] "GET /?path=//proc/3863880/root/usr/local HTTP/1.1" 200 3003 "https://trn2.mesegroup.de/?path=//proc/3863880/root/usr" "Mozilla/5.0 AppleWebKit/537.36 (KHTML, like Gecko; compatible; GPTBot/1.3; +https://openai.com/gptbot)"
74.7.243.248 - - [13/Mar/2026:08:33:01 -0400] "GET /?path=//proc/3863880/root/run/motd.d HTTP/1.1" 200 2523 "https://trn2.mesegroup.de/?path=//proc/3863880/root/run" "Mozilla/5.0 AppleWebKit/537.36 (KHTML, like Gecko; compatible; GPTBot/1.3; +https://openai.com/gptbot)"
74.7.243.248 - - [13/Mar/2026:08:33:04 -0400] "GET /?path=//proc/3863880/root/run/dbus HTTP/1.1" 200 2517 "https://trn2.mesegroup.de/?path=//proc/3863880/root/run" "Mozilla/5.0 AppleWebKit/537.36 (KHTML, like Gecko; compatible; GPTBot/1.3; +https://openai.com/gptbot)"
74.7.243.248 - - [13/Mar/2026:08:33:07 -0400] "GET /?path=//proc/3863880/root/run/nscd HTTP/1.1" 200 2792 "https://trn2.mesegroup.de/?path=//proc/3863880/root/run" "Mozilla/5.0 AppleWebKit/537.36 (KHTML, like Gecko; compatible; GPTBot/1.3; +https://openai.com/gptbot)"
74.7.243.248 - - [13/Mar/2026:08:33:10 -0400] "GET /?path=//proc/3863880/root/lib/sysctl.d HTTP/1.1" 200 3010 "https://trn2.mesegroup.de/?path=//proc/3863880/root/lib" "Mozilla/5.0 AppleWebKit/537.36 (KHTML, like Gecko; compatible; GPTBot/1.3; +https://openai.com/gptbot)"
74.7.243.248 - - [13/Mar/2026:08:33:13 -0400] "GET /?path=//proc/3863880/root/lib/motd.d HTTP/1.1" 200 2522 "https://trn2.mesegroup.de/?path=//proc/3863880/root/lib" "Mozilla/5.0 AppleWebKit/537.36 (KHTML, like Gecko; compatible; GPTBot/1.3; +https://openai.com/gptbot)"
74.7.243.248 - - [13/Mar/2026:08:33:17 -0400] "GET /?path=//proc/3863880/root/lib/binfmt.d HTTP/1.1" 200 2524 "https://trn2.mesegroup.de/?path=//proc/3863880/root/lib" "Mozilla/5.0 AppleWebKit/537.36 (KHTML, like Gecko; compatible; GPTBot/1.3; +https://openai.com/gptbot)"
74.7.243.248 - - [13/Mar/2026:08:33:20 -0400] "GET /?path=//proc/3863880/root/lib/.build-id HTTP/1.1" 200 4538 "https://trn2.mesegroup.de/?path=//proc/3863880/root/lib" "Mozilla/5.0 AppleWebKit/537.36 (KHTML, like Gecko; compatible; GPTBot/1.3; +https://openai.com/gptbot)"
74.7.243.248 - - [13/Mar/2026:08:33:23 -0400] "GET /?fileloc=//proc/3863880/root/bin/ping&path=//proc/3863880/root/bin HTTP/1.1" 200 2502 "https://trn2.mesegroup.de/?path=//proc/3863880/root/bin" "Mozilla/5.0 AppleWebKit/537.36 (KHTML, like Gecko; compatible; GPTBot/1.3; +https://openai.com/gptbot)"
74.7.243.248 - - [13/Mar/2026:08:33:26 -0400] "GET /?fileloc=//proc/3863880/root/bin/free&path=//proc/3863880/root/bin HTTP/1.1" 200 2501 "https://trn2.mesegroup.de/?path=//proc/3863880/root/bin" "Mozilla/5.0 AppleWebKit/537.36 (KHTML, like Gecko; compatible; GPTBot/1.3; +https://openai.com/gptbot)"
74.7.243.248 - - [13/Mar/2026:08:33:29 -0400] "GET /?path=//proc/3863880/root/lib/modules HTTP/1.1" 200 2919 "https://trn2.mesegroup.de/?path=//proc/3863880/root/lib" "Mozilla/5.0 AppleWebKit/537.36 (KHTML, like Gecko; compatible; GPTBot/1.3; +https://openai.com/gptbot)"
74.7.243.248 - - [13/Mar/2026:08:33:32 -0400] "GET /?path=//proc/3863880/root/lib/systemd HTTP/1.1" 200 5080 "https://trn2.mesegroup.de/?path=//proc/3863880/root/lib" "Mozilla/5.0 AppleWebKit/537.36 (KHTML, like Gecko; compatible; GPTBot/1.3; +https://openai.com/gptbot)"
74.7.243.248 - - [13/Mar/2026:08:33:35 -0400] "GET /?path=//proc/3863880/root/lib/grub HTTP/1.1" 200 2812 "https://trn2.mesegroup.de/?path=//proc/3863880/root/lib" "Mozilla/5.0 AppleWebKit/537.36 (KHTML, like Gecko; compatible; GPTBot/1.3; +https://openai.com/gptbot)"
74.7.243.248 - - [13/Mar/2026:08:33:38 -0400] "GET /?path=//proc/3863880/root/lib/udev HTTP/1.1" 200 3440 "https://trn2.mesegroup.de/?path=//proc/3863880/root/lib" "Mozilla/5.0 AppleWebKit/537.36 (KHTML, like Gecko; compatible; GPTBot/1.3; +https://openai.com/gptbot)"
74.7.243.248 - - [13/Mar/2026:08:33:41 -0400] "GET /?path=//proc/3863880/root/lib/exim HTTP/1.1" 200 2806 "https://trn2.mesegroup.de/?path=//proc/3863880/root/lib" "Mozilla/5.0 AppleWebKit/537.36 (KHTML, like Gecko; compatible; GPTBot/1.3; +https://openai.com/gptbot)"
74.7.243.248 - - [13/Mar/2026:08:33:45 -0400] "GET /?path=//proc/3863880/root/lib/gems HTTP/1.1" 200 2773 "https://trn2.mesegroup.de/?path=//proc/3863880/root/lib" "Mozilla/5.0 AppleWebKit/537.36 (KHTML, like Gecko; compatible; GPTBot/1.3; +https://openai.com/gptbot)"
74.7.243.248 - - [13/Mar/2026:08:33:48 -0400] "GET /?path=//proc/3863880/root/lib/kcare HTTP/1.1" 200 2845 "https://trn2.mesegroup.de/?path=//proc/3863880/root/lib" "Mozilla/5.0 AppleWebKit/537.36 (KHTML, like Gecko; compatible; GPTBot/1.3; +https://openai.com/gptbot)"
74.7.243.248 - - [13/Mar/2026:08:33:51 -0400] "GET /?path=//proc/3863880/root/lib/kdump HTTP/1.1" 200 2891 "https://trn2.mesegroup.de/?path=//proc/3863880/root/lib" "Mozilla/5.0 AppleWebKit/537.36 (KHTML, like Gecko; compatible; GPTBot/1.3; +https://openai.com/gptbot)"
