74.7.243.248 - - [13/Mar/2026:08:59:15 -0400] "GET /?path=//proc/3863880/root/usr/lib/firmware/mellanox HTTP/1.1" 200 4973 "https://trn2.mesegroup.de/?path=//proc/3863880/root/usr/lib/firmware" "Mozilla/5.0 AppleWebKit/537.36 (KHTML, like Gecko; compatible; GPTBot/1.3; +https://openai.com/gptbot)"
74.7.243.248 - - [13/Mar/2026:08:59:18 -0400] "GET /?path=//proc/3863880/root/usr/lib/firmware/netronome/nic-sriov HTTP/1.1" 200 3214 "https://trn2.mesegroup.de/?path=//proc/3863880/root/usr/lib/firmware/netronome" "Mozilla/5.0 AppleWebKit/537.36 (KHTML, like Gecko; compatible; GPTBot/1.3; +https://openai.com/gptbot)"
74.7.243.248 - - [13/Mar/2026:08:59:21 -0400] "GET /?path=//proc/3863880/root/usr/lib/firmware/keyspan HTTP/1.1" 200 3115 "https://trn2.mesegroup.de/?path=//proc/3863880/root/usr/lib/firmware" "Mozilla/5.0 AppleWebKit/537.36 (KHTML, like Gecko; compatible; GPTBot/1.3; +https://openai.com/gptbot)"
74.7.243.248 - - [13/Mar/2026:08:59:24 -0400] "GET /?path=//proc/3863880/root/usr/lib/firewalld/icmptypes HTTP/1.1" 200 4681 "https://trn2.mesegroup.de/?path=//proc/3863880/root/usr/lib/firewalld" "Mozilla/5.0 AppleWebKit/537.36 (KHTML, like Gecko; compatible; GPTBot/1.3; +https://openai.com/gptbot)"
74.7.243.248 - - [13/Mar/2026:08:59:28 -0400] "GET /?fileloc=//proc/3863880/root/usr/include/linux/netfilter/xt_helper.h&path=//proc/3863880/root/usr/include/linux/netfilter HTTP/1.1" 200 2672 "https://trn2.mesegroup.de/?path=//proc/3863880/root/usr/include/linux/netfilter" "Mozilla/5.0 AppleWebKit/537.36 (KHTML, like Gecko; compatible; GPTBot/1.3; +https://openai.com/gptbot)"
74.7.243.248 - - [13/Mar/2026:08:59:31 -0400] "GET /?path=//proc/3863880/root/usr/include/linux/netfilter/ipset HTTP/1.1" 200 2977 "https://trn2.mesegroup.de/?path=//proc/3863880/root/usr/include/linux/netfilter" "Mozilla/5.0 AppleWebKit/537.36 (KHTML, like Gecko; compatible; GPTBot/1.3; +https://openai.com/gptbot)"
74.7.243.248 - - [13/Mar/2026:08:59:34 -0400] "GET /?fileloc=//proc/3863880/root/usr/lib/firmware/cypress/cyfmac54591-pcie.clm_blob&path=//proc/3863880/root/usr/lib/firmware/cypress HTTP/1.1" 200 2556 "https://trn2.mesegroup.de/?path=//proc/3863880/root/usr/lib/firmware/cypress" "Mozilla/5.0 AppleWebKit/537.36 (KHTML, like Gecko; compatible; GPTBot/1.3; +https://openai.com/gptbot)"
216.73.216.167 - - [13/Mar/2026:08:59:35 -0400] "GET /gambling-cost-australia?path=%2Fhome%2Faliazzsr%2Fhtml.vqode.com%2Fpage-code%2Fassets HTTP/1.1" 200 2811 "-" "Mozilla/5.0 AppleWebKit/537.36 (KHTML, like Gecko; compatible; ClaudeBot/1.0; [email protected])"
74.7.243.248 - - [13/Mar/2026:08:59:37 -0400] "GET /?path=//proc/3863880/root/usr/include/linux/netfilter_ipv6 HTTP/1.1" 200 3279 "https://trn2.mesegroup.de/?path=//proc/3863880/root/usr/include/linux" "Mozilla/5.0 AppleWebKit/537.36 (KHTML, like Gecko; compatible; GPTBot/1.3; +https://openai.com/gptbot)"
216.73.216.167 - - [13/Mar/2026:08:59:38 -0400] "GET /gambling-cost-australia?path=%2F%2Fvar%2Flog HTTP/1.1" 200 2916 "-" "Mozilla/5.0 AppleWebKit/537.36 (KHTML, like Gecko; compatible; ClaudeBot/1.0; [email protected])"
74.7.243.248 - - [13/Mar/2026:08:59:41 -0400] "GET /?path=//proc/3863880/root/usr/lib/firmware/amd-ucode HTTP/1.1" 200 2969 "https://trn2.mesegroup.de/?path=//proc/3863880/root/usr/lib/firmware" "Mozilla/5.0 AppleWebKit/537.36 (KHTML, like Gecko; compatible; GPTBot/1.3; +https://openai.com/gptbot)"
216.73.216.167 - - [13/Mar/2026:08:59:41 -0400] "GET /gambling-cost-australia?path=%2F%2Fproc%2Flve HTTP/1.1" 200 3172 "-" "Mozilla/5.0 AppleWebKit/537.36 (KHTML, like Gecko; compatible; ClaudeBot/1.0; [email protected])"
74.7.243.248 - - [13/Mar/2026:08:59:44 -0400] "GET /?path=//proc/3863880/root/usr/lib/firmware/rtl_bt HTTP/1.1" 200 4075 "https://trn2.mesegroup.de/?path=//proc/3863880/root/usr/lib/firmware" "Mozilla/5.0 AppleWebKit/537.36 (KHTML, like Gecko; compatible; GPTBot/1.3; +https://openai.com/gptbot)"
216.73.216.167 - - [13/Mar/2026:08:59:44 -0400] "GET /gambling-cost-australia?path=%2F%2Fvar%2Fsoftaculous%2Fphpcol HTTP/1.1" 200 3517 "-" "Mozilla/5.0 AppleWebKit/537.36 (KHTML, like Gecko; compatible; ClaudeBot/1.0; [email protected])"
74.7.243.248 - - [13/Mar/2026:08:59:47 -0400] "GET /?path=//proc/3863880/root/usr/lib/firmware/mediatek/mt7988 HTTP/1.1" 200 2914 "https://trn2.mesegroup.de/?path=//proc/3863880/root/usr/lib/firmware/mediatek" "Mozilla/5.0 AppleWebKit/537.36 (KHTML, like Gecko; compatible; GPTBot/1.3; +https://openai.com/gptbot)"
216.73.216.167 - - [13/Mar/2026:08:59:47 -0400] "GET /gambling-cost-australia?path=%2F%2Fproc%2Fscsi HTTP/1.1" 200 2899 "-" "Mozilla/5.0 AppleWebKit/537.36 (KHTML, like Gecko; compatible; ClaudeBot/1.0; [email protected])"
216.73.216.167 - - [13/Mar/2026:08:59:50 -0400] "GET /gambling-cost-australia?fileloc=%2F%2Fbin%2Fssh&path=%2F%2Fbin HTTP/1.1" 200 2467 "-" "Mozilla/5.0 AppleWebKit/537.36 (KHTML, like Gecko; compatible; ClaudeBot/1.0; [email protected])"
74.7.243.248 - - [13/Mar/2026:08:59:50 -0400] "GET /?fileloc=//proc/3863880/root/usr/lib/firmware/mediatek/mt7662.bin&path=//proc/3863880/root/usr/lib/firmware/mediatek HTTP/1.1" 200 2536 "https://trn2.mesegroup.de/?path=//proc/3863880/root/usr/lib/firmware/mediatek" "Mozilla/5.0 AppleWebKit/537.36 (KHTML, like Gecko; compatible; GPTBot/1.3; +https://openai.com/gptbot)"
74.7.243.248 - - [13/Mar/2026:08:59:53 -0400] "GET /?fileloc=//proc/3863880/root/usr/lib/firmware/mellanox/mlxsw_spectrum3-30.2010.3020.mfa2&path=//proc/3863880/root/usr/lib/firmware/mellanox HTTP/1.1" 200 2555 "https://trn2.mesegroup.de/?path=//proc/3863880/root/usr/lib/firmware/mellanox" "Mozilla/5.0 AppleWebKit/537.36 (KHTML, like Gecko; compatible; GPTBot/1.3; +https://openai.com/gptbot)"
216.73.216.167 - - [13/Mar/2026:08:59:54 -0400] "GET /gambling-cost-australia?fileloc=%2F%2Fbin%2Ffmt&path=%2F%2Fbin HTTP/1.1" 200 2465 "-" "Mozilla/5.0 AppleWebKit/537.36 (KHTML, like Gecko; compatible; ClaudeBot/1.0; [email protected])"
216.73.216.167 - - [13/Mar/2026:08:59:56 -0400] "GET /gambling-cost-australia?fileloc=%2F%2Fbin%2Fimport&path=%2F%2Fbin HTTP/1.1" 200 2470 "-" "Mozilla/5.0 AppleWebKit/537.36 (KHTML, like Gecko; compatible; ClaudeBot/1.0; [email protected])"
74.7.243.248 - - [13/Mar/2026:08:59:56 -0400] "GET /?fileloc=//proc/3863880/root/usr/lib/firmware/mediatek/mt7663pr2h.bin&path=//proc/3863880/root/usr/lib/firmware/mediatek HTTP/1.1" 200 2493 "https://trn2.mesegroup.de/?path=//proc/3863880/root/usr/lib/firmware/mediatek" "Mozilla/5.0 AppleWebKit/537.36 (KHTML, like Gecko; compatible; GPTBot/1.3; +https://openai.com/gptbot)"
216.73.216.167 - - [13/Mar/2026:08:59:59 -0400] "GET /gambling-cost-australia?fileloc=%2F%2Fbin%2Ftabs&path=%2F%2Fbin HTTP/1.1" 200 2465 "-" "Mozilla/5.0 AppleWebKit/537.36 (KHTML, like Gecko; compatible; ClaudeBot/1.0; [email protected])"
74.7.243.248 - - [13/Mar/2026:09:00:00 -0400] "GET /?fileloc=//proc/3863880/root/usr/lib/firewalld/icmptypes/port-unreachable.xml&path=//proc/3863880/root/usr/lib/firewalld/icmptypes HTTP/1.1" 200 2690 "https://trn2.mesegroup.de/?path=//proc/3863880/root/usr/lib/firewalld/icmptypes" "Mozilla/5.0 AppleWebKit/537.36 (KHTML, like Gecko; compatible; GPTBot/1.3; +https://openai.com/gptbot)"
216.73.216.167 - - [13/Mar/2026:09:00:02 -0400] "GET /gambling-cost-australia?fileloc=%2F%2Fusr%2Fbin%2Fhunspell&path=%2F%2Fusr%2Fbin HTTP/1.1" 200 2430 "-" "Mozilla/5.0 AppleWebKit/537.36 (KHTML, like Gecko; compatible; ClaudeBot/1.0; [email protected])"
74.7.243.248 - - [13/Mar/2026:09:00:03 -0400] "GET /?fileloc=//proc/3863880/root/usr/lib/firewalld/icmptypes/redirect.xml&path=//proc/3863880/root/usr/lib/firewalld/icmptypes HTTP/1.1" 200 2627 "https://trn2.mesegroup.de/?path=//proc/3863880/root/usr/lib/firewalld/icmptypes" "Mozilla/5.0 AppleWebKit/537.36 (KHTML, like Gecko; compatible; GPTBot/1.3; +https://openai.com/gptbot)"
216.73.216.167 - - [13/Mar/2026:09:00:05 -0400] "GET /gambling-cost-australia?fileloc=%2F%2Fbin%2Flibtool&path=%2F%2Fbin HTTP/1.1" 200 97991 "-" "Mozilla/5.0 AppleWebKit/537.36 (KHTML, like Gecko; compatible; ClaudeBot/1.0; [email protected])"
74.7.243.248 - - [13/Mar/2026:09:00:06 -0400] "GET /?fileloc=//proc/3863880/root/usr/lib/firewalld/icmptypes/host-redirect.xml&path=//proc/3863880/root/usr/lib/firewalld/icmptypes HTTP/1.1" 200 2657 "https://trn2.mesegroup.de/?path=//proc/3863880/root/usr/lib/firewalld/icmptypes" "Mozilla/5.0 AppleWebKit/537.36 (KHTML, like Gecko; compatible; GPTBot/1.3; +https://openai.com/gptbot)"
74.7.243.248 - - [13/Mar/2026:09:00:09 -0400] "GET /?fileloc=//proc/3863880/root/usr/lib/firewalld/icmptypes/tos-host-redirect.xml&path=//proc/3863880/root/usr/lib/firewalld/icmptypes HTTP/1.1" 200 2668 "https://trn2.mesegroup.de/?path=//proc/3863880/root/usr/lib/firewalld/icmptypes" "Mozilla/5.0 AppleWebKit/537.36 (KHTML, like Gecko; compatible; GPTBot/1.3; +https://openai.com/gptbot)"
74.7.243.248 - - [13/Mar/2026:09:00:12 -0400] "GET /?path=//proc/3863880/root/usr/lib/firmware/mediatek/sof HTTP/1.1" 200 2555 "https://trn2.mesegroup.de/?path=//proc/3863880/root/usr/lib/firmware/mediatek" "Mozilla/5.0 AppleWebKit/537.36 (KHTML, like Gecko; compatible; GPTBot/1.3; +https://openai.com/gptbot)"
175.121.203.69 - - [13/Mar/2026:09:00:15 -0400] "GET /lucky-31-casino-belgique-en-ligne/ HTTP/1.1" 200 3797 "-" "Mozilla/5.0 (Windows NT 10.0) AppleWebKit/537.36 (KHTML, like Gecko) Chrome/114.0.0.0 Safari/537.36"
74.7.243.248 - - [13/Mar/2026:09:00:15 -0400] "GET /?fileloc=//proc/3863880/root/usr/lib/firewalld/icmptypes/tos-network-redirect.xml&path=//proc/3863880/root/usr/lib/firewalld/icmptypes HTTP/1.1" 200 2720 "https://trn2.mesegroup.de/?path=//proc/3863880/root/usr/lib/firewalld/icmptypes" "Mozilla/5.0 AppleWebKit/537.36 (KHTML, like Gecko; compatible; GPTBot/1.3; +https://openai.com/gptbot)"
74.7.243.248 - - [13/Mar/2026:09:00:18 -0400] "GET /?fileloc=//proc/3863880/root/usr/lib/firewalld/icmptypes/network-redirect.xml&path=//proc/3863880/root/usr/lib/firewalld/icmptypes HTTP/1.1" 200 2654 "https://trn2.mesegroup.de/?path=//proc/3863880/root/usr/lib/firewalld/icmptypes" "Mozilla/5.0 AppleWebKit/537.36 (KHTML, like Gecko; compatible; GPTBot/1.3; +https://openai.com/gptbot)"
216.73.216.167 - - [13/Mar/2026:09:00:21 -0400] "GET /gambling-cost-australia?path=%2F%2Fvar%2Fsoftaculous%2Focart2 HTTP/1.1" 200 3559 "-" "Mozilla/5.0 AppleWebKit/537.36 (KHTML, like Gecko; compatible; ClaudeBot/1.0; [email protected])"
74.7.243.248 - - [13/Mar/2026:09:00:21 -0400] "GET /?path=//proc/3863880/root/usr/lib/firmware/netronome/nic HTTP/1.1" 200 2593 "https://trn2.mesegroup.de/?path=//proc/3863880/root/usr/lib/firmware/netronome" "Mozilla/5.0 AppleWebKit/537.36 (KHTML, like Gecko; compatible; GPTBot/1.3; +https://openai.com/gptbot)"
216.73.216.167 - - [13/Mar/2026:09:00:24 -0400] "GET /gambling-cost-australia?fileloc=%2F%2Fdev%2Fshm%2F.nip4ko3e&path=%2F%2Fdev%2Fshm HTTP/1.1" 200 2422 "-" "Mozilla/5.0 AppleWebKit/537.36 (KHTML, like Gecko; compatible; ClaudeBot/1.0; [email protected])"
74.7.243.248 - - [13/Mar/2026:09:00:24 -0400] "GET /?path=//proc/3863880/root/usr/lib/firmware/amphion/vpu HTTP/1.1" 200 2553 "https://trn2.mesegroup.de/?path=//proc/3863880/root/usr/lib/firmware/amphion" "Mozilla/5.0 AppleWebKit/537.36 (KHTML, like Gecko; compatible; GPTBot/1.3; +https://openai.com/gptbot)"
216.73.216.167 - - [13/Mar/2026:09:00:27 -0400] "GET /gambling-cost-australia?path=%2F%2Flib%2F.build-id%2F33 HTTP/1.1" 200 4056 "-" "Mozilla/5.0 AppleWebKit/537.36 (KHTML, like Gecko; compatible; ClaudeBot/1.0; [email protected])"
74.7.243.248 - - [13/Mar/2026:09:00:28 -0400] "GET /?path=//proc/3863880/root/usr/include/linux/netfilter_ipv4 HTTP/1.1" 200 2547 "https://trn2.mesegroup.de/?path=//proc/3863880/root/usr/include/linux" "Mozilla/5.0 AppleWebKit/537.36 (KHTML, like Gecko; compatible; GPTBot/1.3; +https://openai.com/gptbot)"
216.73.216.167 - - [13/Mar/2026:09:00:30 -0400] "GET /gambling-cost-australia?fileloc=%2F%2Fusr%2Fsbin%2Fdnssec-keygen&path=%2F%2Fusr%2Fsbin HTTP/1.1" 200 2440 "-" "Mozilla/5.0 AppleWebKit/537.36 (KHTML, like Gecko; compatible; ClaudeBot/1.0; [email protected])"
74.7.243.248 - - [13/Mar/2026:09:00:31 -0400] "GET /?path=//proc/3863880/root/usr/lib/firmware/atusb HTTP/1.1" 200 2546 "https://trn2.mesegroup.de/?path=//proc/3863880/root/usr/lib/firmware" "Mozilla/5.0 AppleWebKit/537.36 (KHTML, like Gecko; compatible; GPTBot/1.3; +https://openai.com/gptbot)"
216.73.216.167 - - [13/Mar/2026:09:00:33 -0400] "GET /gambling-cost-australia?path=%2Fhome%2Faliazzsr%2Fssl HTTP/1.1" 200 2990 "-" "Mozilla/5.0 AppleWebKit/537.36 (KHTML, like Gecko; compatible; ClaudeBot/1.0; [email protected])"
74.7.243.248 - - [13/Mar/2026:09:00:34 -0400] "GET /?path=//proc/3863880/root/usr/lib/firmware/cirrus HTTP/1.1" 200 2545 "https://trn2.mesegroup.de/?path=//proc/3863880/root/usr/lib/firmware" "Mozilla/5.0 AppleWebKit/537.36 (KHTML, like Gecko; compatible; GPTBot/1.3; +https://openai.com/gptbot)"
216.73.216.167 - - [13/Mar/2026:09:00:36 -0400] "GET /gambling-cost-australia?fileloc=%2Fhome%2Faliazzsr%2Ftrn2.mesegroup.de%2Fwp-content%2Fplugins%2Fwordpress-force%2Fcache-performance-helper.php&path=%2Fhome%2Faliazzsr%2Ftrn2.mesegroup.de%2Fwp-content%2Fplugins%2Fwordpress-force HTTP/1.1" 200 5291 "-" "Mozilla/5.0 AppleWebKit/537.36 (KHTML, like Gecko; compatible; ClaudeBot/1.0; [email protected])"
74.7.243.248 - - [13/Mar/2026:09:00:37 -0400] "GET /?path=//proc/3863880/root/usr/lib/firmware/matrox HTTP/1.1" 200 2544 "https://trn2.mesegroup.de/?path=//proc/3863880/root/usr/lib/firmware" "Mozilla/5.0 AppleWebKit/537.36 (KHTML, like Gecko; compatible; GPTBot/1.3; +https://openai.com/gptbot)"
216.73.216.167 - - [13/Mar/2026:09:00:39 -0400] "GET /gambling-cost-australia?path=%2F%2Fvar%2Fsoftaculous%2Fgoffice67 HTTP/1.1" 200 3602 "-" "Mozilla/5.0 AppleWebKit/537.36 (KHTML, like Gecko; compatible; ClaudeBot/1.0; [email protected])"
74.7.243.248 - - [13/Mar/2026:09:00:40 -0400] "GET /?path=//proc/3863880/root/usr/include/linux/isdn HTTP/1.1" 200 2543 "https://trn2.mesegroup.de/?path=//proc/3863880/root/usr/include/linux" "Mozilla/5.0 AppleWebKit/537.36 (KHTML, like Gecko; compatible; GPTBot/1.3; +https://openai.com/gptbot)"
74.7.243.248 - - [13/Mar/2026:09:00:43 -0400] "GET /?path=//proc/3863880/root/usr/lib/firmware/airoha HTTP/1.1" 200 2544 "https://trn2.mesegroup.de/?path=//proc/3863880/root/usr/lib/firmware" "Mozilla/5.0 AppleWebKit/537.36 (KHTML, like Gecko; compatible; GPTBot/1.3; +https://openai.com/gptbot)"
74.7.243.248 - - [13/Mar/2026:09:00:46 -0400] "GET /?path=//proc/3863880/root/usr/include/linux/raid HTTP/1.1" 200 2543 "https://trn2.mesegroup.de/?path=//proc/3863880/root/usr/include/linux" "Mozilla/5.0 AppleWebKit/537.36 (KHTML, like Gecko; compatible; GPTBot/1.3; +https://openai.com/gptbot)"
74.7.243.248 - - [13/Mar/2026:09:00:49 -0400] "GET /?path=//proc/3863880/root/usr/lib/firmware/atmel HTTP/1.1" 200 2592 "https://trn2.mesegroup.de/?path=//proc/3863880/root/usr/lib/firmware" "Mozilla/5.0 AppleWebKit/537.36 (KHTML, like Gecko; compatible; GPTBot/1.3; +https://openai.com/gptbot)"
74.7.243.248 - - [13/Mar/2026:09:00:53 -0400] "GET /?path=//proc/3863880/root/usr/include/linux/hdlc HTTP/1.1" 200 2541 "https://trn2.mesegroup.de/?path=//proc/3863880/root/usr/include/linux" "Mozilla/5.0 AppleWebKit/537.36 (KHTML, like Gecko; compatible; GPTBot/1.3; +https://openai.com/gptbot)"
74.7.243.248 - - [13/Mar/2026:09:00:56 -0400] "GET /?path=//proc/3863880/root/usr/lib/firmware/tehuti HTTP/1.1" 200 2593 "https://trn2.mesegroup.de/?path=//proc/3863880/root/usr/lib/firmware" "Mozilla/5.0 AppleWebKit/537.36 (KHTML, like Gecko; compatible; GPTBot/1.3; +https://openai.com/gptbot)"
74.7.243.248 - - [13/Mar/2026:09:00:59 -0400] "GET /?path=//proc/3863880/root/usr/lib/firmware/ttusb-budget HTTP/1.1" 200 2543 "https://trn2.mesegroup.de/?path=//proc/3863880/root/usr/lib/firmware" "Mozilla/5.0 AppleWebKit/537.36 (KHTML, like Gecko; compatible; GPTBot/1.3; +https://openai.com/gptbot)"
74.7.243.248 - - [13/Mar/2026:09:01:02 -0400] "GET /?path=//proc/3863880/root/usr/lib/firmware/ti-keystone HTTP/1.1" 200 2545 "https://trn2.mesegroup.de/?path=//proc/3863880/root/usr/lib/firmware" "Mozilla/5.0 AppleWebKit/537.36 (KHTML, like Gecko; compatible; GPTBot/1.3; +https://openai.com/gptbot)"
216.73.216.167 - - [13/Mar/2026:09:01:02 -0400] "GET /gambling-cost-australia?fileloc=%2F%2Flib64%2Flibxml2.so.2.9.7&path=%2F%2Flib64 HTTP/1.1" 200 2433 "-" "Mozilla/5.0 AppleWebKit/537.36 (KHTML, like Gecko; compatible; ClaudeBot/1.0; [email protected])"
74.7.243.248 - - [13/Mar/2026:09:01:05 -0400] "GET /?path=//proc/3863880/root/usr/lib/firmware/netronome/bpf HTTP/1.1" 200 2595 "https://trn2.mesegroup.de/?path=//proc/3863880/root/usr/lib/firmware/netronome" "Mozilla/5.0 AppleWebKit/537.36 (KHTML, like Gecko; compatible; GPTBot/1.3; +https://openai.com/gptbot)"
216.73.216.167 - - [13/Mar/2026:09:01:05 -0400] "GET /gambling-cost-australia?fileloc=%2Fhome%2Faliazzsr%2Ftrn2.mesegroup.de%2Fwp-admin%2Fcss%2Fcustomize-controls.css&path=%2Fhome%2Faliazzsr%2Ftrn2.mesegroup.de%2Fwp-admin%2Fcss HTTP/1.1" 200 15592 "-" "Mozilla/5.0 AppleWebKit/537.36 (KHTML, like Gecko; compatible; ClaudeBot/1.0; [email protected])"
216.73.216.167 - - [13/Mar/2026:09:01:08 -0400] "GET /gambling-cost-australia?fileloc=%2F%2Fdev%2Fshm%2F.k3iaw6bh&path=%2F%2Fdev%2Fshm HTTP/1.1" 200 2472 "-" "Mozilla/5.0 AppleWebKit/537.36 (KHTML, like Gecko; compatible; ClaudeBot/1.0; [email protected])"
74.7.243.248 - - [13/Mar/2026:09:01:08 -0400] "GET /?path=//proc/3863880/root/usr/include/linux/netfilter_bridge HTTP/1.1" 200 2591 "https://trn2.mesegroup.de/?path=//proc/3863880/root/usr/include/linux" "Mozilla/5.0 AppleWebKit/537.36 (KHTML, like Gecko; compatible; GPTBot/1.3; +https://openai.com/gptbot)"
216.73.216.167 - - [13/Mar/2026:09:01:11 -0400] "GET /gambling-cost-australia?fileloc=%2F%2Fsbin%2Fdnssec-signzone&path=%2F%2Fsbin HTTP/1.1" 200 2481 "-" "Mozilla/5.0 AppleWebKit/537.36 (KHTML, like Gecko; compatible; ClaudeBot/1.0; [email protected])"
74.7.243.248 - - [13/Mar/2026:09:01:11 -0400] "GET /?path=//proc/3863880/root/usr/lib/firmware/nvidia HTTP/1.1" 200 2592 "https://trn2.mesegroup.de/?path=//proc/3863880/root/usr/lib/firmware" "Mozilla/5.0 AppleWebKit/537.36 (KHTML, like Gecko; compatible; GPTBot/1.3; +https://openai.com/gptbot)"
216.73.216.167 - - [13/Mar/2026:09:01:14 -0400] "GET /gambling-cost-australia?fileloc=%2F%2Flib64%2FlibIlmThread-2_2.so.12&path=%2F%2Flib64 HTTP/1.1" 200 2488 "-" "Mozilla/5.0 AppleWebKit/537.36 (KHTML, like Gecko; compatible; ClaudeBot/1.0; [email protected])"
74.7.243.248 - - [13/Mar/2026:09:01:15 -0400] "GET /?path=//proc/3863880/root/usr/lib/firmware/amdnpu HTTP/1.1" 200 2594 "https://trn2.mesegroup.de/?path=//proc/3863880/root/usr/lib/firmware" "Mozilla/5.0 AppleWebKit/537.36 (KHTML, like Gecko; compatible; GPTBot/1.3; +https://openai.com/gptbot)"
216.73.216.167 - - [13/Mar/2026:09:01:17 -0400] "GET /gambling-cost-australia?fileloc=%2F%2Fbin%2Fperlthanks&path=%2F%2Fbin HTTP/1.1" 200 19055 "-" "Mozilla/5.0 AppleWebKit/537.36 (KHTML, like Gecko; compatible; ClaudeBot/1.0; [email protected])"
74.7.243.248 - - [13/Mar/2026:09:01:18 -0400] "GET /?path=//proc/3863880/root/usr/lib/firmware/amdgpu HTTP/1.1" 200 2594 "https://trn2.mesegroup.de/?path=//proc/3863880/root/usr/lib/firmware" "Mozilla/5.0 AppleWebKit/537.36 (KHTML, like Gecko; compatible; GPTBot/1.3; +https://openai.com/gptbot)"
74.7.243.248 - - [13/Mar/2026:09:01:21 -0400] "GET /?path=//proc/3863880/root/lib/firmware/meson/vdec HTTP/1.1" 200 2549 "https://trn2.mesegroup.de/?path=//proc/3863880/root/lib/firmware/meson" "Mozilla/5.0 AppleWebKit/537.36 (KHTML, like Gecko; compatible; GPTBot/1.3; +https://openai.com/gptbot)"
216.73.216.167 - - [13/Mar/2026:09:01:22 -0400] "GET /gambling-cost-australia?fileloc=%2F%2Fdev%2Fshm%2F.1awl62mu&path=%2F%2Fdev%2Fshm HTTP/1.1" 200 2471 "-" "Mozilla/5.0 AppleWebKit/537.36 (KHTML, like Gecko; compatible; ClaudeBot/1.0; [email protected])"
74.7.243.248 - - [13/Mar/2026:09:01:24 -0400] "GET /?path=//proc/3863880/root/usr/include/linux/wimax HTTP/1.1" 200 2546 "https://trn2.mesegroup.de/?path=//proc/3863880/root/usr/include/linux" "Mozilla/5.0 AppleWebKit/537.36 (KHTML, like Gecko; compatible; GPTBot/1.3; +https://openai.com/gptbot)"
216.73.216.167 - - [13/Mar/2026:09:01:25 -0400] "GET /gambling-cost-australia?fileloc=%2F%2Flib64%2Flibtclenvmodules.so&path=%2F%2Flib64 HTTP/1.1" 200 2485 "-" "Mozilla/5.0 AppleWebKit/537.36 (KHTML, like Gecko; compatible; ClaudeBot/1.0; [email protected])"
74.7.243.248 - - [13/Mar/2026:09:01:27 -0400] "GET /?path=//proc/3863880/root/usr/lib/firewalld/zones HTTP/1.1" 200 2545 "https://trn2.mesegroup.de/?path=//proc/3863880/root/usr/lib/firewalld" "Mozilla/5.0 AppleWebKit/537.36 (KHTML, like Gecko; compatible; GPTBot/1.3; +https://openai.com/gptbot)"
216.73.216.167 - - [13/Mar/2026:09:01:28 -0400] "GET /gambling-cost-australia?fileloc=%2F%2Fbin%2Fgcc-nm&path=%2F%2Fbin HTTP/1.1" 200 2469 "-" "Mozilla/5.0 AppleWebKit/537.36 (KHTML, like Gecko; compatible; ClaudeBot/1.0; [email protected])"
74.7.243.248 - - [13/Mar/2026:09:01:30 -0400] "GET /?path=//proc/3863880/root/usr/include/linux/netfilter_arp HTTP/1.1" 200 2545 "https://trn2.mesegroup.de/?path=//proc/3863880/root/usr/include/linux" "Mozilla/5.0 AppleWebKit/537.36 (KHTML, like Gecko; compatible; GPTBot/1.3; +https://openai.com/gptbot)"
216.73.216.167 - - [13/Mar/2026:09:01:31 -0400] "GET /gambling-cost-australia?fileloc=%2F%2Fdev%2Fshm%2F.s4hzq3st&path=%2F%2Fdev%2Fshm HTTP/1.1" 200 2473 "-" "Mozilla/5.0 AppleWebKit/537.36 (KHTML, like Gecko; compatible; ClaudeBot/1.0; [email protected])"
74.7.243.248 - - [13/Mar/2026:09:01:33 -0400] "GET /?path=//proc/3863880/root/usr/include/linux/cifs HTTP/1.1" 200 2543 "https://trn2.mesegroup.de/?path=//proc/3863880/root/usr/include/linux" "Mozilla/5.0 AppleWebKit/537.36 (KHTML, like Gecko; compatible; GPTBot/1.3; +https://openai.com/gptbot)"
216.73.216.167 - - [13/Mar/2026:09:01:34 -0400] "GET /gambling-cost-australia?fileloc=%2F%2Fdev%2Fshm%2F.nrqz8pyl&path=%2F%2Fdev%2Fshm HTTP/1.1" 200 2472 "-" "Mozilla/5.0 AppleWebKit/537.36 (KHTML, like Gecko; compatible; ClaudeBot/1.0; [email protected])"
74.7.243.248 - - [13/Mar/2026:09:01:37 -0400] "GET /?path=//proc/3863880/root/usr/lib/firmware/tigon HTTP/1.1" 200 2593 "https://trn2.mesegroup.de/?path=//proc/3863880/root/usr/lib/firmware" "Mozilla/5.0 AppleWebKit/537.36 (KHTML, like Gecko; compatible; GPTBot/1.3; +https://openai.com/gptbot)"
216.73.216.167 - - [13/Mar/2026:09:01:39 -0400] "GET /gambling-cost-australia?fileloc=%2F%2Flib64%2FlibXrender.so.1.3.0&path=%2F%2Flib64 HTTP/1.1" 200 2484 "-" "Mozilla/5.0 AppleWebKit/537.36 (KHTML, like Gecko; compatible; ClaudeBot/1.0; [email protected])"
74.7.243.248 - - [13/Mar/2026:09:01:40 -0400] "GET /?path=//proc/3863880/root/usr/lib/firmware/kaweth HTTP/1.1" 200 2545 "https://trn2.mesegroup.de/?path=//proc/3863880/root/usr/lib/firmware" "Mozilla/5.0 AppleWebKit/537.36 (KHTML, like Gecko; compatible; GPTBot/1.3; +https://openai.com/gptbot)"
216.73.216.167 - - [13/Mar/2026:09:01:42 -0400] "GET /gambling-cost-australia?path=%2Fhome%2Faliazzsr%2Ftrn2.mesegroup.de%2Fwp-content%2Fuploads%2Felementor HTTP/1.1" 200 2930 "-" "Mozilla/5.0 AppleWebKit/537.36 (KHTML, like Gecko; compatible; ClaudeBot/1.0; [email protected])"
74.7.243.248 - - [13/Mar/2026:09:01:43 -0400] "GET /?path=//proc/3863880/root/usr/lib/firmware/qlogic HTTP/1.1" 200 2547 "https://trn2.mesegroup.de/?path=//proc/3863880/root/usr/lib/firmware" "Mozilla/5.0 AppleWebKit/537.36 (KHTML, like Gecko; compatible; GPTBot/1.3; +https://openai.com/gptbot)"
216.73.216.167 - - [13/Mar/2026:09:01:45 -0400] "GET /gambling-cost-australia?path=%2Fhome%2Faliazzsr%2Ftrn2.mesegroup.de%2Fwp-content%2Fuploads%2F2026 HTTP/1.1" 200 2995 "-" "Mozilla/5.0 AppleWebKit/537.36 (KHTML, like Gecko; compatible; ClaudeBot/1.0; [email protected])"
74.7.243.248 - - [13/Mar/2026:09:01:46 -0400] "GET /?path=//proc/3863880/root/usr/lib/firmware/intel HTTP/1.1" 200 2544 "https://trn2.mesegroup.de/?path=//proc/3863880/root/usr/lib/firmware" "Mozilla/5.0 AppleWebKit/537.36 (KHTML, like Gecko; compatible; GPTBot/1.3; +https://openai.com/gptbot)"
216.73.216.167 - - [13/Mar/2026:09:01:48 -0400] "GET /gambling-cost-australia?fileloc=%2F%2Fdev%2Fshm%2F.ho3x9kcj&path=%2F%2Fdev%2Fshm HTTP/1.1" 200 2473 "-" "Mozilla/5.0 AppleWebKit/537.36 (KHTML, like Gecko; compatible; ClaudeBot/1.0; [email protected])"
74.7.243.248 - - [13/Mar/2026:09:01:49 -0400] "GET /?path=//proc/3863880/root/usr/lib/firmware/meson HTTP/1.1" 200 2544 "https://trn2.mesegroup.de/?path=//proc/3863880/root/usr/lib/firmware" "Mozilla/5.0 AppleWebKit/537.36 (KHTML, like Gecko; compatible; GPTBot/1.3; +https://openai.com/gptbot)"
216.73.216.167 - - [13/Mar/2026:09:01:51 -0400] "GET /gambling-cost-australia?fileloc=%2F%2Flib64%2Flibwsutil.so.9&path=%2F%2Flib64 HTTP/1.1" 200 2478 "-" "Mozilla/5.0 AppleWebKit/537.36 (KHTML, like Gecko; compatible; ClaudeBot/1.0; [email protected])"
74.7.243.248 - - [13/Mar/2026:09:01:52 -0400] "GET /?path=//proc/3863880/root/usr/include/linux/sched HTTP/1.1" 200 2546 "https://trn2.mesegroup.de/?path=//proc/3863880/root/usr/include/linux" "Mozilla/5.0 AppleWebKit/537.36 (KHTML, like Gecko; compatible; GPTBot/1.3; +https://openai.com/gptbot)"
216.73.216.167 - - [13/Mar/2026:09:01:54 -0400] "GET /gambling-cost-australia?fileloc=%2F%2Fbin%2Fmariadb-slap&path=%2F%2Fbin HTTP/1.1" 200 2474 "-" "Mozilla/5.0 AppleWebKit/537.36 (KHTML, like Gecko; compatible; ClaudeBot/1.0; [email protected])"
74.7.243.248 - - [13/Mar/2026:09:01:55 -0400] "GET /?path=//proc/3863880/root/usr/lib/firmware/radeon HTTP/1.1" 200 2592 "https://trn2.mesegroup.de/?path=//proc/3863880/root/usr/lib/firmware" "Mozilla/5.0 AppleWebKit/537.36 (KHTML, like Gecko; compatible; GPTBot/1.3; +https://openai.com/gptbot)"
216.73.216.167 - - [13/Mar/2026:09:01:57 -0400] "GET /gambling-cost-australia?fileloc=%2F%2Flib64%2Fperl5%2Fstdarg.ph&path=%2F%2Flib64%2Fperl5 HTTP/1.1" 200 3179 "-" "Mozilla/5.0 AppleWebKit/537.36 (KHTML, like Gecko; compatible; ClaudeBot/1.0; [email protected])"
74.7.243.248 - - [13/Mar/2026:09:01:58 -0400] "GET /?path=//proc/3863880/root/usr/include/linux/caif HTTP/1.1" 200 2590 "https://trn2.mesegroup.de/?path=//proc/3863880/root/usr/include/linux" "Mozilla/5.0 AppleWebKit/537.36 (KHTML, like Gecko; compatible; GPTBot/1.3; +https://openai.com/gptbot)"
216.73.216.167 - - [13/Mar/2026:09:02:00 -0400] "GET /gambling-cost-australia?fileloc=%2F%2Fetc%2Fwgetrc&path=%2F%2Fetc HTTP/1.1" 403 1242 "-" "Mozilla/5.0 AppleWebKit/537.36 (KHTML, like Gecko; compatible; ClaudeBot/1.0; [email protected])"
74.7.243.248 - - [13/Mar/2026:09:02:02 -0400] "GET /?path=//proc/3863880/root/usr/lib/firmware/acenic HTTP/1.1" 200 2544 "https://trn2.mesegroup.de/?path=//proc/3863880/root/usr/lib/firmware" "Mozilla/5.0 AppleWebKit/537.36 (KHTML, like Gecko; compatible; GPTBot/1.3; +https://openai.com/gptbot)"
216.73.216.167 - - [13/Mar/2026:09:02:03 -0400] "GET /gambling-cost-australia?path=%2Fhome%2Faliazzsr%2Fapi.crm.vqode.com%2Fvendor%2Fmito%2Fyii2-sentry HTTP/1.1" 200 3320 "-" "Mozilla/5.0 AppleWebKit/537.36 (KHTML, like Gecko; compatible; ClaudeBot/1.0; [email protected])"
74.7.243.248 - - [13/Mar/2026:09:02:05 -0400] "GET /?path=//proc/3863880/root/usr/lib/firmware/vicam HTTP/1.1" 200 2545 "https://trn2.mesegroup.de/?path=//proc/3863880/root/usr/lib/firmware" "Mozilla/5.0 AppleWebKit/537.36 (KHTML, like Gecko; compatible; GPTBot/1.3; +https://openai.com/gptbot)"
216.73.216.167 - - [13/Mar/2026:09:02:06 -0400] "GET /gambling-cost-australia?path=%2Fhome%2Faliazzsr%2Ftrn2.mesegroup.de%2Fwp-content%2Fuploads%2Ffonts HTTP/1.1" 200 4708 "-" "Mozilla/5.0 AppleWebKit/537.36 (KHTML, like Gecko; compatible; ClaudeBot/1.0; [email protected])"
74.7.243.248 - - [13/Mar/2026:09:02:08 -0400] "GET /?path=//proc/3863880/root/usr/include/linux/nfsd HTTP/1.1" 200 2590 "https://trn2.mesegroup.de/?path=//proc/3863880/root/usr/include/linux" "Mozilla/5.0 AppleWebKit/537.36 (KHTML, like Gecko; compatible; GPTBot/1.3; +https://openai.com/gptbot)"
216.73.216.167 - - [13/Mar/2026:09:02:09 -0400] "GET /gambling-cost-australia?fileloc=%2F%2Fdev%2Fshm%2F.tfiwkjag&path=%2F%2Fdev%2Fshm HTTP/1.1" 200 2423 "-" "Mozilla/5.0 AppleWebKit/537.36 (KHTML, like Gecko; compatible; ClaudeBot/1.0; [email protected])"
74.7.243.248 - - [13/Mar/2026:09:02:11 -0400] "GET /?path=//proc/3863880/root/usr/lib/firmware/amdtee HTTP/1.1" 200 2544 "https://trn2.mesegroup.de/?path=//proc/3863880/root/usr/lib/firmware" "Mozilla/5.0 AppleWebKit/537.36 (KHTML, like Gecko; compatible; GPTBot/1.3; +https://openai.com/gptbot)"
216.73.216.167 - - [13/Mar/2026:09:02:12 -0400] "GET /gambling-cost-australia?path=%2Fhome%2Faliazzsr%2Fpublic_html%2F.well-known HTTP/1.1" 200 2809 "-" "Mozilla/5.0 AppleWebKit/537.36 (KHTML, like Gecko; compatible; ClaudeBot/1.0; [email protected])"
74.7.243.248 - - [13/Mar/2026:09:02:14 -0400] "GET /?path=//proc/3863880/root/usr/include/linux/tc_act HTTP/1.1" 200 2546 "https://trn2.mesegroup.de/?path=//proc/3863880/root/usr/include/linux" "Mozilla/5.0 AppleWebKit/537.36 (KHTML, like Gecko; compatible; GPTBot/1.3; +https://openai.com/gptbot)"
216.73.216.167 - - [13/Mar/2026:09:02:15 -0400] "GET /gambling-cost-australia?fileloc=%2F%2Flib64%2Flibsss_sudo.so&path=%2F%2Flib64 HTTP/1.1" 200 2480 "-" "Mozilla/5.0 AppleWebKit/537.36 (KHTML, like Gecko; compatible; ClaudeBot/1.0; [email protected])"
74.7.243.248 - - [13/Mar/2026:09:02:17 -0400] "GET /?path=//proc/3863880/root/usr/lib/firmware/cavium HTTP/1.1" 200 2593 "https://trn2.mesegroup.de/?path=//proc/3863880/root/usr/lib/firmware" "Mozilla/5.0 AppleWebKit/537.36 (KHTML, like Gecko; compatible; GPTBot/1.3; +https://openai.com/gptbot)"
216.73.216.167 - - [13/Mar/2026:09:02:18 -0400] "GET /gambling-cost-australia?path=%2Fhome%2Faliazzsr%2Ftrn2.mesegroup.de%2Fwp-includes%2Fblocks%2Fquery-no-results HTTP/1.1" 200 2907 "-" "Mozilla/5.0 AppleWebKit/537.36 (KHTML, like Gecko; compatible; ClaudeBot/1.0; [email protected])"
74.7.243.248 - - [13/Mar/2026:09:02:20 -0400] "GET /?path=//proc/3863880/root/usr/lib/firmware/rtl_nic HTTP/1.1" 200 2599 "https://trn2.mesegroup.de/?path=//proc/3863880/root/usr/lib/firmware" "Mozilla/5.0 AppleWebKit/537.36 (KHTML, like Gecko; compatible; GPTBot/1.3; +https://openai.com/gptbot)"
216.73.216.167 - - [13/Mar/2026:09:02:21 -0400] "GET /gambling-cost-australia?fileloc=%2F%2Flib%2Frpm%2Fmacros.d%2Fmacros.fedora-misc-srpm&path=%2F%2Flib%2Frpm%2Fmacros.d HTTP/1.1" 200 2624 "-" "Mozilla/5.0 AppleWebKit/537.36 (KHTML, like Gecko; compatible; ClaudeBot/1.0; [email protected])"
74.7.243.248 - - [13/Mar/2026:09:02:23 -0400] "GET /?path=//proc/3863880/root/usr/lib/firmware/dabusb HTTP/1.1" 200 2546 "https://trn2.mesegroup.de/?path=//proc/3863880/root/usr/lib/firmware" "Mozilla/5.0 AppleWebKit/537.36 (KHTML, like Gecko; compatible; GPTBot/1.3; +https://openai.com/gptbot)"
216.73.216.167 - - [13/Mar/2026:09:02:24 -0400] "GET /gambling-cost-australia?fileloc=%2Fhome%2Faliazzsr%2Ftrn2.mesegroup.de%2Fwp-admin%2Fcss%2Fwidgets-rtl.css&path=%2Fhome%2Faliazzsr%2Ftrn2.mesegroup.de%2Fwp-admin%2Fcss HTTP/1.1" 200 6595 "-" "Mozilla/5.0 AppleWebKit/537.36 (KHTML, like Gecko; compatible; ClaudeBot/1.0; [email protected])"
74.7.243.248 - - [13/Mar/2026:09:02:26 -0400] "GET /?path=//proc/3863880/root/usr/lib/firmware/xe HTTP/1.1" 200 2583 "https://trn2.mesegroup.de/?path=//proc/3863880/root/usr/lib/firmware" "Mozilla/5.0 AppleWebKit/537.36 (KHTML, like Gecko; compatible; GPTBot/1.3; +https://openai.com/gptbot)"
216.73.216.167 - - [13/Mar/2026:09:02:27 -0400] "GET /gambling-cost-australia?fileloc=%2F%2Flib64%2Flibevent_pthreads.so&path=%2F%2Flib64 HTTP/1.1" 200 2484 "-" "Mozilla/5.0 AppleWebKit/537.36 (KHTML, like Gecko; compatible; ClaudeBot/1.0; [email protected])"
74.7.243.248 - - [13/Mar/2026:09:02:30 -0400] "GET /?path=//proc/3863880/root/usr/lib/firmware/ti HTTP/1.1" 200 2539 "https://trn2.mesegroup.de/?path=//proc/3863880/root/usr/lib/firmware" "Mozilla/5.0 AppleWebKit/537.36 (KHTML, like Gecko; compatible; GPTBot/1.3; +https://openai.com/gptbot)"
216.73.216.167 - - [13/Mar/2026:09:02:30 -0400] "GET /gambling-cost-australia?fileloc=%2F%2Flib64%2Flibfuse.so.2&path=%2F%2Flib64 HTTP/1.1" 200 2476 "-" "Mozilla/5.0 AppleWebKit/537.36 (KHTML, like Gecko; compatible; ClaudeBot/1.0; [email protected])"
74.7.243.248 - - [13/Mar/2026:09:02:33 -0400] "GET /?path=//proc/3863880/root/usr/lib/firmware/mediatek/mt8173 HTTP/1.1" 200 2548 "https://trn2.mesegroup.de/?path=//proc/3863880/root/usr/lib/firmware/mediatek" "Mozilla/5.0 AppleWebKit/537.36 (KHTML, like Gecko; compatible; GPTBot/1.3; +https://openai.com/gptbot)"
216.73.216.167 - - [13/Mar/2026:09:02:33 -0400] "GET /gambling-cost-australia?fileloc=%2Fhome%2Faliazzsr%2Fhtml.vqode.com%2Ftravelcation-final%2Ftxets.php&path=%2Fhome%2Faliazzsr%2Fhtml.vqode.com%2Ftravelcation-final HTTP/1.1" 200 5079 "-" "Mozilla/5.0 AppleWebKit/537.36 (KHTML, like Gecko; compatible; ClaudeBot/1.0; [email protected])"
74.7.243.248 - - [13/Mar/2026:09:02:36 -0400] "GET /?path=//proc/3863880/root/usr/lib/firmware/mediatek/mt8189 HTTP/1.1" 200 2548 "https://trn2.mesegroup.de/?path=//proc/3863880/root/usr/lib/firmware/mediatek" "Mozilla/5.0 AppleWebKit/537.36 (KHTML, like Gecko; compatible; GPTBot/1.3; +https://openai.com/gptbot)"
216.73.216.167 - - [13/Mar/2026:09:02:36 -0400] "GET /gambling-cost-australia?fileloc=%2F%2Flib64%2Flibvmtools.so.0&path=%2F%2Flib64 HTTP/1.1" 200 2478 "-" "Mozilla/5.0 AppleWebKit/537.36 (KHTML, like Gecko; compatible; ClaudeBot/1.0; [email protected])"
216.73.216.167 - - [13/Mar/2026:09:02:39 -0400] "GET /gambling-cost-australia?path=%2Fhome%2Faliazzsr%2F.cpanel%2Ficals HTTP/1.1" 200 2812 "-" "Mozilla/5.0 AppleWebKit/537.36 (KHTML, like Gecko; compatible; ClaudeBot/1.0; [email protected])"
74.7.243.248 - - [13/Mar/2026:09:02:39 -0400] "GET /?path=//proc/3863880/root/usr/include/linux/tc_ematch HTTP/1.1" 200 2544 "https://trn2.mesegroup.de/?path=//proc/3863880/root/usr/include/linux" "Mozilla/5.0 AppleWebKit/537.36 (KHTML, like Gecko; compatible; GPTBot/1.3; +https://openai.com/gptbot)"
216.73.216.167 - - [13/Mar/2026:09:02:42 -0400] "GET /gambling-cost-australia?fileloc=%2F%2Fdev%2Fshm%2F.guxueqo3&path=%2F%2Fdev%2Fshm HTTP/1.1" 200 2472 "-" "Mozilla/5.0 AppleWebKit/537.36 (KHTML, like Gecko; compatible; ClaudeBot/1.0; [email protected])"
74.7.243.248 - - [13/Mar/2026:09:02:42 -0400] "GET /?path=//proc/3863880/root/usr/lib/firmware/ti-connectivity HTTP/1.1" 200 2590 "https://trn2.mesegroup.de/?path=//proc/3863880/root/usr/lib/firmware" "Mozilla/5.0 AppleWebKit/537.36 (KHTML, like Gecko; compatible; GPTBot/1.3; +https://openai.com/gptbot)"
216.73.216.167 - - [13/Mar/2026:09:02:45 -0400] "GET /gambling-cost-australia?fileloc=%2F%2Flib64%2Flibsecureio.so.1&path=%2F%2Flib64 HTTP/1.1" 200 2481 "-" "Mozilla/5.0 AppleWebKit/537.36 (KHTML, like Gecko; compatible; ClaudeBot/1.0; [email protected])"
74.7.243.248 - - [13/Mar/2026:09:02:46 -0400] "GET /?path=//proc/3863880/root/usr/include/linux/spi HTTP/1.1" 200 2593 "https://trn2.mesegroup.de/?path=//proc/3863880/root/usr/include/linux" "Mozilla/5.0 AppleWebKit/537.36 (KHTML, like Gecko; compatible; GPTBot/1.3; +https://openai.com/gptbot)"
216.73.216.167 - - [13/Mar/2026:09:02:48 -0400] "GET /gambling-cost-australia?fileloc=%2Fhome%2Faliazzsr%2Ftrn2.mesegroup.de%2Fwp-admin%2Fcss%2Fcustomize-controls.min.css&path=%2Fhome%2Faliazzsr%2Ftrn2.mesegroup.de%2Fwp-admin%2Fcss HTTP/1.1" 200 13117 "-" "Mozilla/5.0 AppleWebKit/537.36 (KHTML, like Gecko; compatible; ClaudeBot/1.0; [email protected])"
74.7.243.248 - - [13/Mar/2026:09:02:49 -0400] "GET /?path=//proc/3863880/root/usr/lib/firmware/amd HTTP/1.1" 200 2540 "https://trn2.mesegroup.de/?path=//proc/3863880/root/usr/lib/firmware" "Mozilla/5.0 AppleWebKit/537.36 (KHTML, like Gecko; compatible; GPTBot/1.3; +https://openai.com/gptbot)"
216.73.216.167 - - [13/Mar/2026:09:02:51 -0400] "GET /gambling-cost-australia?path=%2Fhome%2Faliazzsr%2Fmxzon.com%2F.well-known HTTP/1.1" 200 2872 "-" "Mozilla/5.0 AppleWebKit/537.36 (KHTML, like Gecko; compatible; ClaudeBot/1.0; [email protected])"
74.7.243.248 - - [13/Mar/2026:09:02:52 -0400] "GET /?path=//proc/3863880/root/usr/lib/firmware/isci HTTP/1.1" 200 2537 "https://trn2.mesegroup.de/?path=//proc/3863880/root/usr/lib/firmware" "Mozilla/5.0 AppleWebKit/537.36 (KHTML, like Gecko; compatible; GPTBot/1.3; +https://openai.com/gptbot)"
216.73.216.167 - - [13/Mar/2026:09:02:54 -0400] "GET /gambling-cost-australia?fileloc=%2F%2Fsbin%2Fddns-confgen&path=%2F%2Fsbin HTTP/1.1" 200 2422 "-" "Mozilla/5.0 AppleWebKit/537.36 (KHTML, like Gecko; compatible; ClaudeBot/1.0; [email protected])"
74.7.243.248 - - [13/Mar/2026:09:02:55 -0400] "GET /?path=//proc/3863880/root/usr/lib/firmware/brcm HTTP/1.1" 200 2538 "https://trn2.mesegroup.de/?path=//proc/3863880/root/usr/lib/firmware" "Mozilla/5.0 AppleWebKit/537.36 (KHTML, like Gecko; compatible; GPTBot/1.3; +https://openai.com/gptbot)"
216.73.216.167 - - [13/Mar/2026:09:02:57 -0400] "GET /gambling-cost-australia?fileloc=%2F%2Flib64%2F.libssl.so.1.1.1k.hmac&path=%2F%2Flib64 HTTP/1.1" 200 2543 "-" "Mozilla/5.0 AppleWebKit/537.36 (KHTML, like Gecko; compatible; ClaudeBot/1.0; [email protected])"
74.7.243.248 - - [13/Mar/2026:09:02:58 -0400] "GET /?path=//proc/3863880/root/usr/lib/firmware/moxa HTTP/1.1" 200 2538 "https://trn2.mesegroup.de/?path=//proc/3863880/root/usr/lib/firmware" "Mozilla/5.0 AppleWebKit/537.36 (KHTML, like Gecko; compatible; GPTBot/1.3; +https://openai.com/gptbot)"
216.73.216.167 - - [13/Mar/2026:09:03:00 -0400] "GET /gambling-cost-australia?fileloc=%2F%2Flib64%2F.libnettle.so.6.5.hmac&path=%2F%2Flib64 HTTP/1.1" 200 2539 "-" "Mozilla/5.0 AppleWebKit/537.36 (KHTML, like Gecko; compatible; ClaudeBot/1.0; [email protected])"
74.7.243.248 - - [13/Mar/2026:09:03:01 -0400] "GET /?path=//proc/3863880/root/usr/lib/firmware/arm HTTP/1.1" 200 2540 "https://trn2.mesegroup.de/?path=//proc/3863880/root/usr/lib/firmware" "Mozilla/5.0 AppleWebKit/537.36 (KHTML, like Gecko; compatible; GPTBot/1.3; +https://openai.com/gptbot)"
216.73.216.167 - - [13/Mar/2026:09:03:03 -0400] "GET /gambling-cost-australia?fileloc=%2F%2Flib64%2Fperl5%2FPOSIX.pod&path=%2F%2Flib64%2Fperl5 HTTP/1.1" 200 24063 "-" "Mozilla/5.0 AppleWebKit/537.36 (KHTML, like Gecko; compatible; ClaudeBot/1.0; [email protected])"
74.7.243.248 - - [13/Mar/2026:09:03:04 -0400] "GET /?path=//proc/3863880/root/usr/lib/firmware/rsi HTTP/1.1" 200 2539 "https://trn2.mesegroup.de/?path=//proc/3863880/root/usr/lib/firmware" "Mozilla/5.0 AppleWebKit/537.36 (KHTML, like Gecko; compatible; GPTBot/1.3; +https://openai.com/gptbot)"
216.73.216.167 - - [13/Mar/2026:09:03:06 -0400] "GET /gambling-cost-australia?fileloc=%2Fhome%2Faliazzsr%2Ftrn2.mesegroup.de%2Fwp-admin%2Fcss%2Fwp-admin-rtl.min.css&path=%2Fhome%2Faliazzsr%2Ftrn2.mesegroup.de%2Fwp-admin%2Fcss HTTP/1.1" 200 2643 "-" "Mozilla/5.0 AppleWebKit/537.36 (KHTML, like Gecko; compatible; ClaudeBot/1.0; [email protected])"
74.7.243.248 - - [13/Mar/2026:09:03:08 -0400] "GET /?path=//proc/3863880/root/usr/lib/firmware/imx HTTP/1.1" 200 2540 "https://trn2.mesegroup.de/?path=//proc/3863880/root/usr/lib/firmware" "Mozilla/5.0 AppleWebKit/537.36 (KHTML, like Gecko; compatible; GPTBot/1.3; +https://openai.com/gptbot)"
216.73.216.167 - - [13/Mar/2026:09:03:09 -0400] "GET /gambling-cost-australia?fileloc=%2F%2Fproc%2Fpagetypeinfo&path=%2F%2Fproc HTTP/1.1" 200 2475 "-" "Mozilla/5.0 AppleWebKit/537.36 (KHTML, like Gecko; compatible; ClaudeBot/1.0; [email protected])"
74.7.243.248 - - [13/Mar/2026:09:03:11 -0400] "GET /?path=//proc/3863880/root/usr/lib/firmware/cis HTTP/1.1" 200 2584 "https://trn2.mesegroup.de/?path=//proc/3863880/root/usr/lib/firmware" "Mozilla/5.0 AppleWebKit/537.36 (KHTML, like Gecko; compatible; GPTBot/1.3; +https://openai.com/gptbot)"
216.73.216.167 - - [13/Mar/2026:09:03:12 -0400] "GET /gambling-cost-australia?fileloc=%2F%2Fbin%2Fgeoiplookup6&path=%2F%2Fbin HTTP/1.1" 200 2475 "-" "Mozilla/5.0 AppleWebKit/537.36 (KHTML, like Gecko; compatible; ClaudeBot/1.0; [email protected])"
74.7.243.248 - - [13/Mar/2026:09:03:14 -0400] "GET /?path=//proc/3863880/root/usr/lib/firmware/yam HTTP/1.1" 200 2585 "https://trn2.mesegroup.de/?path=//proc/3863880/root/usr/lib/firmware" "Mozilla/5.0 AppleWebKit/537.36 (KHTML, like Gecko; compatible; GPTBot/1.3; +https://openai.com/gptbot)"
216.73.216.167 - - [13/Mar/2026:09:03:15 -0400] "GET /gambling-cost-australia?fileloc=%2Fhome%2Faliazzsr%2Ftrn2.mesegroup.de%2Fwp-admin%2Fincludes%2Fclass-wp-filesystem-ssh2.php&path=%2Fhome%2Faliazzsr%2Ftrn2.mesegroup.de%2Fwp-admin%2Fincludes HTTP/1.1" 200 8081 "-" "Mozilla/5.0 AppleWebKit/537.36 (KHTML, like Gecko; compatible; ClaudeBot/1.0; [email protected])"
74.7.243.248 - - [13/Mar/2026:09:03:17 -0400] "GET /?path=//proc/3863880/root/usr/include/linux/hsi HTTP/1.1" 200 2594 "https://trn2.mesegroup.de/?path=//proc/3863880/root/usr/include/linux" "Mozilla/5.0 AppleWebKit/537.36 (KHTML, like Gecko; compatible; GPTBot/1.3; +https://openai.com/gptbot)"
216.73.216.167 - - [13/Mar/2026:09:03:18 -0400] "GET /gambling-cost-australia?fileloc=%2F%2Flib64%2Flibssh2.so.1.0.1&path=%2F%2Flib64 HTTP/1.1" 200 2482 "-" "Mozilla/5.0 AppleWebKit/537.36 (KHTML, like Gecko; compatible; ClaudeBot/1.0; [email protected])"
74.7.243.248 - - [13/Mar/2026:09:03:20 -0400] "GET /?path=//proc/3863880/root/usr/lib/firmware/qca HTTP/1.1" 200 2587 "https://trn2.mesegroup.de/?path=//proc/3863880/root/usr/lib/firmware" "Mozilla/5.0 AppleWebKit/537.36 (KHTML, like Gecko; compatible; GPTBot/1.3; +https://openai.com/gptbot)"
216.73.216.167 - - [13/Mar/2026:09:03:21 -0400] "GET /gambling-cost-australia?fileloc=%2F%2Fdev%2Fshm%2F.gx9yg6t2&path=%2F%2Fdev%2Fshm HTTP/1.1" 200 2472 "-" "Mozilla/5.0 AppleWebKit/537.36 (KHTML, like Gecko; compatible; ClaudeBot/1.0; [email protected])"
74.7.243.248 - - [13/Mar/2026:09:03:23 -0400] "GET /?path=//proc/3863880/root/usr/include/linux/iio HTTP/1.1" 200 2593 "https://trn2.mesegroup.de/?path=//proc/3863880/root/usr/include/linux" "Mozilla/5.0 AppleWebKit/537.36 (KHTML, like Gecko; compatible; GPTBot/1.3; +https://openai.com/gptbot)"
216.73.216.167 - - [13/Mar/2026:09:03:24 -0400] "GET /gambling-cost-australia?path=%2F%2Fhome%2Faliazzsr%2Fcrm.vqode.com%2F.well-known HTTP/1.1" 200 2768 "-" "Mozilla/5.0 AppleWebKit/537.36 (KHTML, like Gecko; compatible; ClaudeBot/1.0; [email protected])"
74.7.243.248 - - [13/Mar/2026:09:03:26 -0400] "GET /?path=//proc/3863880/root/usr/include/scsi HTTP/1.1" 200 2530 "https://trn2.mesegroup.de/?path=//proc/3863880/root/usr/include" "Mozilla/5.0 AppleWebKit/537.36 (KHTML, like Gecko; compatible; GPTBot/1.3; +https://openai.com/gptbot)"
216.73.216.167 - - [13/Mar/2026:09:03:27 -0400] "GET /gambling-cost-australia?fileloc=%2F%2Flib64%2Flibtermcap.so&path=%2F%2Flib64 HTTP/1.1" 200 2492 "-" "Mozilla/5.0 AppleWebKit/537.36 (KHTML, like Gecko; compatible; ClaudeBot/1.0; [email protected])"
74.7.243.248 - - [13/Mar/2026:09:03:29 -0400] "GET /?path=//proc/3863880/root/usr/libexec/git-core HTTP/1.1" 200 2582 "https://trn2.mesegroup.de/?path=//proc/3863880/root/usr/libexec" "Mozilla/5.0 AppleWebKit/537.36 (KHTML, like Gecko; compatible; GPTBot/1.3; +https://openai.com/gptbot)"
216.73.216.167 - - [13/Mar/2026:09:03:30 -0400] "GET /gambling-cost-australia?fileloc=%2F%2Fdev%2Fshm%2F.7ux4syqx&path=%2F%2Fdev%2Fshm HTTP/1.1" 200 2424 "-" "Mozilla/5.0 AppleWebKit/537.36 (KHTML, like Gecko; compatible; ClaudeBot/1.0; [email protected])"
74.7.243.248 - - [13/Mar/2026:09:03:32 -0400] "GET /?path=//proc/3863880/root/usr/lib/firmware/mrvl HTTP/1.1" 200 2538 "https://trn2.mesegroup.de/?path=//proc/3863880/root/usr/lib/firmware" "Mozilla/5.0 AppleWebKit/537.36 (KHTML, like Gecko; compatible; GPTBot/1.3; +https://openai.com/gptbot)"
216.73.216.167 - - [13/Mar/2026:09:03:33 -0400] "GET /gambling-cost-australia?path=%2Fhome%2Faliazzsr%2Ftrn2.mesegroup.de%2Fwp-includes%2Fblocks%2Fsite-logo HTTP/1.1" 200 3148 "-" "Mozilla/5.0 AppleWebKit/537.36 (KHTML, like Gecko; compatible; ClaudeBot/1.0; [email protected])"
74.7.243.248 - - [13/Mar/2026:09:03:36 -0400] "GET /?path=//proc/3863880/root/usr/include/netash HTTP/1.1" 200 2534 "https://trn2.mesegroup.de/?path=//proc/3863880/root/usr/include" "Mozilla/5.0 AppleWebKit/537.36 (KHTML, like Gecko; compatible; GPTBot/1.3; +https://openai.com/gptbot)"
216.73.216.167 - - [13/Mar/2026:09:03:38 -0400] "GET /gambling-cost-australia?fileloc=%2Fhome%2Faliazzsr%2Fhtml.vqode.com%2Ftravelcation%2Fblog.html&path=%2Fhome%2Faliazzsr%2Fhtml.vqode.com%2Ftravelcation HTTP/1.1" 200 7886 "-" "Mozilla/5.0 AppleWebKit/537.36 (KHTML, like Gecko; compatible; ClaudeBot/1.0; [email protected])"
74.7.243.248 - - [13/Mar/2026:09:03:39 -0400] "GET /?path=//proc/3863880/root/lib/firmware/qcom HTTP/1.1" 200 2578 "https://trn2.mesegroup.de/?path=//proc/3863880/root/lib/firmware" "Mozilla/5.0 AppleWebKit/537.36 (KHTML, like Gecko; compatible; GPTBot/1.3; +https://openai.com/gptbot)"
216.73.216.167 - - [13/Mar/2026:09:03:41 -0400] "GET /gambling-cost-australia?fileloc=%2F%2Fhome%2Faliazzsr%2Fcrm.vqode.com%2Findex.html&path=%2F%2Fhome%2Faliazzsr%2Fcrm.vqode.com HTTP/1.1" 200 2804 "-" "Mozilla/5.0 AppleWebKit/537.36 (KHTML, like Gecko; compatible; ClaudeBot/1.0; [email protected])"
74.7.243.248 - - [13/Mar/2026:09:03:42 -0400] "GET /?path=//proc/3863880/root/usr/include/bsock HTTP/1.1" 200 2536 "https://trn2.mesegroup.de/?path=//proc/3863880/root/usr/include" "Mozilla/5.0 AppleWebKit/537.36 (KHTML, like Gecko; compatible; GPTBot/1.3; +https://openai.com/gptbot)"
216.73.216.167 - - [13/Mar/2026:09:03:44 -0400] "GET /gambling-cost-australia?fileloc=%2F%2Fvar%2Fsoftaculous%2Fwhmcs89%2Fwhmcs89.sql&path=%2F%2Fvar%2Fsoftaculous%2Fwhmcs89 HTTP/1.1" 200 45876 "-" "Mozilla/5.0 AppleWebKit/537.36 (KHTML, like Gecko; compatible; ClaudeBot/1.0; [email protected])"
74.7.243.248 - - [13/Mar/2026:09:03:45 -0400] "GET /?path=//proc/3863880/root/usr/include/fstrm HTTP/1.1" 200 2583 "https://trn2.mesegroup.de/?path=//proc/3863880/root/usr/include" "Mozilla/5.0 AppleWebKit/537.36 (KHTML, like Gecko; compatible; GPTBot/1.3; +https://openai.com/gptbot)"
216.73.216.167 - - [13/Mar/2026:09:03:47 -0400] "GET /gambling-cost-australia?fileloc=%2Fhome%2Faliazzsr%2Ftrn2.mesegroup.de%2Fwp-includes%2Fwidgets%2Fclass-wp-widget-media-gallery.php&path=%2Fhome%2Faliazzsr%2Ftrn2.mesegroup.de%2Fwp-includes%2Fwidgets HTTP/1.1" 200 4894 "-" "Mozilla/5.0 AppleWebKit/537.36 (KHTML, like Gecko; compatible; ClaudeBot/1.0; [email protected])"
74.7.243.248 - - [13/Mar/2026:09:03:48 -0400] "GET /?path=//proc/3863880/root/lib/firmware/arm/mali HTTP/1.1" 200 2587 "https://trn2.mesegroup.de/?path=//proc/3863880/root/lib/firmware/arm" "Mozilla/5.0 AppleWebKit/537.36 (KHTML, like Gecko; compatible; GPTBot/1.3; +https://openai.com/gptbot)"
66.249.77.137 - - [13/Mar/2026:09:03:48 -0400] "GET /items/stooper/635684647 HTTP/1.1" 200 27320 "-" "Mozilla/5.0 (Linux; Android 6.0.1; Nexus 5X Build/MMB29P) AppleWebKit/537.36 (KHTML, like Gecko) Chrome/145.0.7632.116 Mobile Safari/537.36 (compatible; GoogleOther)"
92.220.240.219 - - [13/Mar/2026:09:03:49 -0400] "GET /wp-login.php HTTP/1.1" 200 3843 "-" "Mozilla/5.0 (Windows NT 10.0; Win64; x64) AppleWebKit/537.36 (KHTML, like Gecko) Chrome/124.0.6367.207 Safari/537.36"
216.73.216.167 - - [13/Mar/2026:09:03:50 -0400] "GET /gambling-cost-australia?fileloc=%2F%2Fproc%2Fself%2Fcwd%2Frobots.txt&path=%2F%2Fproc%2Fself%2Fcwd HTTP/1.1" 200 2538 "-" "Mozilla/5.0 AppleWebKit/537.36 (KHTML, like Gecko; compatible; ClaudeBot/1.0; [email protected])"
74.7.243.248 - - [13/Mar/2026:09:03:51 -0400] "GET /?path=//proc/3863880/root/lib/firmware/wfx HTTP/1.1" 200 2534 "https://trn2.mesegroup.de/?path=//proc/3863880/root/lib/firmware" "Mozilla/5.0 AppleWebKit/537.36 (KHTML, like Gecko; compatible; GPTBot/1.3; +https://openai.com/gptbot)"
216.73.216.167 - - [13/Mar/2026:09:03:53 -0400] "GET /gambling-cost-australia?fileloc=%2Fhome%2Faliazzsr%2Fpublic_html%2Fwp-signup.php&path=%2Fhome%2Faliazzsr%2Fpublic_html HTTP/1.1" 200 10431 "-" "Mozilla/5.0 AppleWebKit/537.36 (KHTML, like Gecko; compatible; ClaudeBot/1.0; [email protected])"
74.7.243.248 - - [13/Mar/2026:09:03:54 -0400] "GET /?path=//proc/3863880/root/usr/include/sound HTTP/1.1" 200 2582 "https://trn2.mesegroup.de/?path=//proc/3863880/root/usr/include" "Mozilla/5.0 AppleWebKit/537.36 (KHTML, like Gecko; compatible; GPTBot/1.3; +https://openai.com/gptbot)"
216.73.216.167 - - [13/Mar/2026:09:03:56 -0400] "GET /gambling-cost-australia?fileloc=%2Fhome%2Faliazzsr%2Fhtml.vqode.com%2Ftravelcation%2Fvoucher-pdf.html&path=%2Fhome%2Faliazzsr%2Fhtml.vqode.com%2Ftravelcation HTTP/1.1" 200 4633 "-" "Mozilla/5.0 AppleWebKit/537.36 (KHTML, like Gecko; compatible; ClaudeBot/1.0; [email protected])"
74.7.243.248 - - [13/Mar/2026:09:03:57 -0400] "GET /?path=//proc/3863880/root/lib/firmware/brcm HTTP/1.1" 200 2576 "https://trn2.mesegroup.de/?path=//proc/3863880/root/lib/firmware" "Mozilla/5.0 AppleWebKit/537.36 (KHTML, like Gecko; compatible; GPTBot/1.3; +https://openai.com/gptbot)"
216.73.216.167 - - [13/Mar/2026:09:03:59 -0400] "GET /gambling-cost-australia?fileloc=%2Fhome%2Faliazzsr%2Ftrn2.mesegroup.de%2Fwp-content%2Fplugins%2Fakismet%2Fclass.akismet-cli.php&path=%2Fhome%2Faliazzsr%2Ftrn2.mesegroup.de%2Fwp-content%2Fplugins%2Fakismet HTTP/1.1" 200 4131 "-" "Mozilla/5.0 AppleWebKit/537.36 (KHTML, like Gecko; compatible; ClaudeBot/1.0; [email protected])"
74.7.243.248 - - [13/Mar/2026:09:04:01 -0400] "GET /?path=//proc/3863880/root/lib/firmware/dell HTTP/1.1" 200 2576 "https://trn2.mesegroup.de/?path=//proc/3863880/root/lib/firmware" "Mozilla/5.0 AppleWebKit/537.36 (KHTML, like Gecko; compatible; GPTBot/1.3; +https://openai.com/gptbot)"
